This is the mail archive of the
gcc-testresults@gcc.gnu.org
mailing list for the GCC project.
Results for 5.0.0 20141119 (experimental) [trunk revision 217745] (GCC) testsuite on hppa2.0w-hp-hpux11.11
- From: John David Anglin <dave at hiauly3 dot hia dot nrc dot ca>
- To: dave at hiauly3 dot hia dot nrc dot ca, gcc-testresults at gcc dot gnu dot org
- Date: Thu, 20 Nov 2014 13:36:32 -0500 (EST)
- Subject: Results for 5.0.0 20141119 (experimental) [trunk revision 217745] (GCC) testsuite on hppa2.0w-hp-hpux11.11
- Authentication-results: sourceware.org; auth=none
Native configuration is hppa2.0w-hp-hpux11.11
=== g++ tests ===
Running target unix
FAIL: g++.dg/abi/anon3.C -std=c++98 scan-assembler .weak(_definition)?[ \\t]_?_ZTI4Heya
FAIL: g++.dg/abi/anon3.C -std=c++98 scan-assembler .weak(_definition)?[ \\t]_?_ZTIN4Heya1AE
FAIL: g++.dg/abi/anon3.C -std=c++11 scan-assembler .weak(_definition)?[ \\t]_?_ZTI4Heya
FAIL: g++.dg/abi/anon3.C -std=c++11 scan-assembler .weak(_definition)?[ \\t]_?_ZTIN4Heya1AE
FAIL: g++.dg/abi/anon3.C -std=c++14 scan-assembler .weak(_definition)?[ \\t]_?_ZTI4Heya
FAIL: g++.dg/abi/anon3.C -std=c++14 scan-assembler .weak(_definition)?[ \\t]_?_ZTIN4Heya1AE
FAIL: g++.dg/abi/rtti3.C -std=c++98 scan-assembler .weak[ \\t]_?_ZTSPP1A
FAIL: g++.dg/abi/rtti3.C -std=c++11 scan-assembler .weak[ \\t]_?_ZTSPP1A
FAIL: g++.dg/abi/rtti3.C -std=c++14 scan-assembler .weak[ \\t]_?_ZTSPP1A
FAIL: g++.dg/ipa/ipa-icf-2.C -std=gnu++98 scan-ipa-dump icf "Semantic equality hit:"
FAIL: g++.dg/ipa/ipa-icf-2.C -std=gnu++98 scan-ipa-dump icf "Equal symbols: 1"
FAIL: g++.dg/ipa/ipa-icf-2.C -std=gnu++11 scan-ipa-dump icf "Semantic equality hit:"
FAIL: g++.dg/ipa/ipa-icf-2.C -std=gnu++11 scan-ipa-dump icf "Equal symbols: 1"
FAIL: g++.dg/ipa/ipa-icf-2.C -std=gnu++14 scan-ipa-dump icf "Semantic equality hit:"
FAIL: g++.dg/ipa/ipa-icf-2.C -std=gnu++14 scan-ipa-dump icf "Equal symbols: 1"
FAIL: g++.dg/ipa/ipa-icf-3.C -std=gnu++98 scan-ipa-dump icf "Semantic equality hit:.*bar.*->.*foo.*"
FAIL: g++.dg/ipa/ipa-icf-3.C -std=gnu++98 scan-ipa-dump icf "Semantic equality hit:.*nula.*->.*zero.*"
FAIL: g++.dg/ipa/ipa-icf-3.C -std=gnu++98 scan-ipa-dump icf "Equal symbols: 2"
FAIL: g++.dg/ipa/ipa-icf-3.C -std=gnu++11 scan-ipa-dump icf "Semantic equality hit:.*bar.*->.*foo.*"
FAIL: g++.dg/ipa/ipa-icf-3.C -std=gnu++11 scan-ipa-dump icf "Semantic equality hit:.*nula.*->.*zero.*"
FAIL: g++.dg/ipa/ipa-icf-3.C -std=gnu++11 scan-ipa-dump icf "Equal symbols: 2"
FAIL: g++.dg/ipa/ipa-icf-3.C -std=gnu++14 scan-ipa-dump icf "Semantic equality hit:.*bar.*->.*foo.*"
FAIL: g++.dg/ipa/ipa-icf-3.C -std=gnu++14 scan-ipa-dump icf "Semantic equality hit:.*nula.*->.*zero.*"
FAIL: g++.dg/ipa/ipa-icf-3.C -std=gnu++14 scan-ipa-dump icf "Equal symbols: 2"
FAIL: g++.dg/ipa/ipa-icf-4.C -std=gnu++98 scan-ipa-dump icf "Equal symbols: 6"
FAIL: g++.dg/ipa/ipa-icf-4.C -std=gnu++11 scan-ipa-dump icf "Equal symbols: 6"
FAIL: g++.dg/ipa/ipa-icf-4.C -std=gnu++14 scan-ipa-dump icf "Equal symbols: 6"
FAIL: g++.dg/ipa/pr63580.C -std=gnu++98 scan-ipa-dump icf "Equal symbols: 1"
FAIL: g++.dg/ipa/pr63580.C -std=gnu++11 scan-ipa-dump icf "Equal symbols: 1"
FAIL: g++.dg/ipa/pr63580.C -std=gnu++14 scan-ipa-dump icf "Equal symbols: 1"
FAIL: g++.dg/ipa/pr63595.C -std=gnu++98 scan-ipa-dump icf "Equal symbols: 1"
FAIL: g++.dg/ipa/pr63595.C -std=gnu++11 scan-ipa-dump icf "Equal symbols: 1"
FAIL: g++.dg/ipa/pr63595.C -std=gnu++14 scan-ipa-dump icf "Equal symbols: 1"
FAIL: c-c++-common/gomp/pr61486-1.c -std=gnu++98 (internal compiler error)
FAIL: c-c++-common/gomp/pr61486-1.c -std=gnu++98 (test for excess errors)
FAIL: c-c++-common/gomp/pr61486-1.c -std=gnu++11 (internal compiler error)
FAIL: c-c++-common/gomp/pr61486-1.c -std=gnu++11 (test for excess errors)
FAIL: c-c++-common/gomp/pr61486-1.c -std=gnu++14 (internal compiler error)
FAIL: c-c++-common/gomp/pr61486-1.c -std=gnu++14 (test for excess errors)
FAIL: c-c++-common/gomp/pr61486-2.c -std=gnu++98 (internal compiler error)
FAIL: c-c++-common/gomp/pr61486-2.c -std=gnu++98 (test for excess errors)
FAIL: c-c++-common/gomp/pr61486-2.c -std=gnu++11 (internal compiler error)
FAIL: c-c++-common/gomp/pr61486-2.c -std=gnu++11 (test for excess errors)
FAIL: c-c++-common/gomp/pr61486-2.c -std=gnu++14 (internal compiler error)
FAIL: c-c++-common/gomp/pr61486-2.c -std=gnu++14 (test for excess errors)
FAIL: c-c++-common/gomp/pr63249.c -std=gnu++98 (internal compiler error)
FAIL: c-c++-common/gomp/pr63249.c -std=gnu++98 (test for excess errors)
FAIL: c-c++-common/gomp/pr63249.c -std=gnu++11 (internal compiler error)
FAIL: c-c++-common/gomp/pr63249.c -std=gnu++11 (test for excess errors)
FAIL: c-c++-common/gomp/pr63249.c -std=gnu++14 (internal compiler error)
FAIL: c-c++-common/gomp/pr63249.c -std=gnu++14 (test for excess errors)
FAIL: g++.dg/gomp/pr63249.C -std=gnu++98 (internal compiler error)
FAIL: g++.dg/gomp/pr63249.C -std=gnu++98 (test for excess errors)
FAIL: g++.dg/gomp/pr63249.C -std=gnu++11 (internal compiler error)
FAIL: g++.dg/gomp/pr63249.C -std=gnu++11 (test for excess errors)
FAIL: g++.dg/gomp/pr63249.C -std=gnu++14 (internal compiler error)
FAIL: g++.dg/gomp/pr63249.C -std=gnu++14 (test for excess errors)
WARNING: program timed out.
FAIL: c-c++-common/torture/builtin-arith-overflow-14.c -O0 execution test
FAIL: c-c++-common/torture/builtin-arith-overflow-14.c -O2 execution test
FAIL: c-c++-common/torture/builtin-arith-overflow-18.c -O0 execution test
FAIL: c-c++-common/torture/builtin-arith-overflow-18.c -O2 execution test
FAIL: c-c++-common/torture/builtin-arith-overflow-3.c -O0 execution test
FAIL: c-c++-common/torture/builtin-arith-overflow-3.c -O2 execution test
=== g++ Summary ===
# of expected passes 73648
# of unexpected failures 63
# of expected failures 251
# of unsupported tests 3813
/test/gnu/gcc/objdir/gcc/testsuite/g++/../../xg++ version 5.0.0 20141119 (experimental) [trunk revision 217745] (GCC)
=== gcc tests ===
Running target unix
FAIL: gcc.dg/atomic/c11-atomic-exec-5.c -O0 execution test
FAIL: gcc.dg/atomic/c11-atomic-exec-5.c -O1 execution test
FAIL: gcc.dg/atomic/c11-atomic-exec-5.c -O2 execution test
FAIL: gcc.dg/atomic/c11-atomic-exec-5.c -O3 -fomit-frame-pointer execution test
FAIL: gcc.dg/atomic/c11-atomic-exec-5.c -O3 -fomit-frame-pointer -funroll-loops execution test
FAIL: gcc.dg/atomic/c11-atomic-exec-5.c -O3 -fomit-frame-pointer -funroll-all-loops -finline-functions execution test
FAIL: gcc.dg/atomic/c11-atomic-exec-5.c -O3 -g execution test
FAIL: gcc.dg/atomic/c11-atomic-exec-5.c -Os execution test
FAIL: gcc.dg/pr63914.c (test for excess errors)
FAIL: gcc.dg/pure-2.c detect pure candidate (test for warnings, line 9)
FAIL: gcc.dg/pure-2.c detect pure candidate (test for warnings, line 16)
FAIL: gcc.dg/pure-2.c detect pure candidate (test for warnings, line 54)
FAIL: gcc.dg/pure-2.c (test for excess errors)
FAIL: c-c++-common/gomp/pr61486-1.c (internal compiler error)
FAIL: c-c++-common/gomp/pr61486-1.c (test for excess errors)
FAIL: c-c++-common/gomp/pr61486-2.c (internal compiler error)
FAIL: c-c++-common/gomp/pr61486-2.c (test for excess errors)
FAIL: c-c++-common/gomp/pr63249.c (internal compiler error)
FAIL: c-c++-common/gomp/pr63249.c (test for excess errors)
WARNING: program timed out.
FAIL: gcc.dg/ipa/ipa-icf-1.c scan-ipa-dump icf "Semantic equality hit:x2->x1"
FAIL: gcc.dg/ipa/ipa-icf-1.c scan-ipa-dump icf "Equal symbols: 1"
FAIL: gcc.dg/ipa/ipa-icf-10.c scan-ipa-dump icf "Semantic equality hit:funkce->ferda"
FAIL: gcc.dg/ipa/ipa-icf-10.c scan-ipa-dump icf "Equal symbols: 1"
FAIL: gcc.dg/ipa/ipa-icf-11.c scan-ipa-dump icf "Semantic equality hit:f1->f0"
FAIL: gcc.dg/ipa/ipa-icf-11.c scan-ipa-dump icf "Equal symbols: 1"
FAIL: gcc.dg/ipa/ipa-icf-12.c scan-ipa-dump icf "Semantic equality hit:nsd->gcd"
FAIL: gcc.dg/ipa/ipa-icf-12.c scan-ipa-dump icf "Equal symbols: 1"
FAIL: gcc.dg/ipa/ipa-icf-13.c scan-ipa-dump icf "Semantic equality hit:s2->s1"
FAIL: gcc.dg/ipa/ipa-icf-13.c scan-ipa-dump icf "Semantic equality hit:nsd_different_result2->nsd_different_result"
FAIL: gcc.dg/ipa/ipa-icf-13.c scan-ipa-dump icf "Semantic equality hit:nsd->gcd"
FAIL: gcc.dg/ipa/ipa-icf-13.c scan-ipa-dump icf "Equal symbols: 3"
FAIL: gcc.dg/ipa/ipa-icf-16.c scan-ipa-dump icf "Semantic equality hit:bar->foo"
FAIL: gcc.dg/ipa/ipa-icf-16.c scan-ipa-dump icf "Equal symbols: 1"
FAIL: gcc.dg/ipa/ipa-icf-18.c scan-ipa-dump icf "Semantic equality hit:bar->foo"
FAIL: gcc.dg/ipa/ipa-icf-18.c scan-ipa-dump icf "Equal symbols: 1"
FAIL: gcc.dg/ipa/ipa-icf-2.c scan-ipa-dump icf "Semantic equality hit:f2->f1"
FAIL: gcc.dg/ipa/ipa-icf-2.c scan-ipa-dump icf "Equal symbols: 1"
FAIL: gcc.dg/ipa/ipa-icf-20.c scan-ipa-dump icf "Semantic equality hit:bar->foo"
FAIL: gcc.dg/ipa/ipa-icf-20.c scan-ipa-dump icf "Equal symbols: 1"
FAIL: gcc.dg/ipa/ipa-icf-23.c scan-ipa-dump icf "Semantic equality hit:bar->foo"
FAIL: gcc.dg/ipa/ipa-icf-23.c scan-ipa-dump icf "Equal symbols: 1"
FAIL: gcc.dg/ipa/ipa-icf-25.c scan-ipa-dump icf "Semantic equality hit:bar->foo"
FAIL: gcc.dg/ipa/ipa-icf-25.c scan-ipa-dump icf "Semantic equality hit:zap->zip"
FAIL: gcc.dg/ipa/ipa-icf-25.c scan-ipa-dump icf "Equal symbols: 2"
FAIL: gcc.dg/ipa/ipa-icf-26.c scan-ipa-dump icf "Semantic equality hit:bar->foo"
FAIL: gcc.dg/ipa/ipa-icf-26.c scan-ipa-dump icf "Semantic equality hit:remove->destroy"
FAIL: gcc.dg/ipa/ipa-icf-26.c scan-ipa-dump icf "Equal symbols: 2"
FAIL: gcc.dg/ipa/ipa-icf-27.c scan-ipa-dump icf "Semantic equality hit:remove->destroy"
FAIL: gcc.dg/ipa/ipa-icf-27.c scan-ipa-dump icf "Equal symbols: 1"
FAIL: gcc.dg/ipa/ipa-icf-28.c scan-ipa-dump icf "attribute values are different"
FAIL: gcc.dg/ipa/ipa-icf-3.c scan-ipa-dump icf "Semantic equality hit:bar->foo"
FAIL: gcc.dg/ipa/ipa-icf-3.c scan-ipa-dump icf "Equal symbols: 1"
FAIL: gcc.dg/ipa/ipa-icf-30.c scan-ipa-dump icf "Equal symbols: 1"
FAIL: gcc.dg/ipa/ipa-icf-5.c (test for excess errors)
UNRESOLVED: gcc.dg/ipa/ipa-icf-5.c scan-ipa-dump icf "Semantic equality hit:f2->f1"
UNRESOLVED: gcc.dg/ipa/ipa-icf-5.c scan-ipa-dump icf "Equal symbols: 1"
FAIL: gcc.dg/ipa/ipa-icf-7.c (test for excess errors)
UNRESOLVED: gcc.dg/ipa/ipa-icf-7.c scan-ipa-dump icf "Semantic equality hit:foo2->foo"
UNRESOLVED: gcc.dg/ipa/ipa-icf-7.c scan-ipa-dump icf "Equal symbols: 1"
FAIL: gcc.dg/ipa/ipa-icf-8.c scan-ipa-dump icf "Semantic equality hit:fce2->fce1"
FAIL: gcc.dg/ipa/ipa-icf-8.c scan-ipa-dump icf "Equal symbols: 1"
FAIL: gcc.dg/ipa/pr63595.c scan-ipa-dump icf "PHI results are different"
FAIL: c-c++-common/torture/builtin-arith-overflow-14.c -O0 execution test
FAIL: c-c++-common/torture/builtin-arith-overflow-14.c -O2 execution test
FAIL: c-c++-common/torture/builtin-arith-overflow-18.c -O0 execution test
FAIL: c-c++-common/torture/builtin-arith-overflow-18.c -O2 execution test
FAIL: c-c++-common/torture/builtin-arith-overflow-3.c -O0 execution test
FAIL: c-c++-common/torture/builtin-arith-overflow-3.c -O2 execution test
FAIL: gcc.dg/tree-prof/crossmodule-indircall-1a.c compilation, -fprofile-generate -D_PROFILE_GENERATE
UNRESOLVED: gcc.dg/tree-prof/crossmodule-indircall-1a.c execution, -fprofile-generate -D_PROFILE_GENERATE
UNRESOLVED: gcc.dg/tree-prof/crossmodule-indircall-1a.c compilation, -fprofile-use -D_PROFILE_USE
UNRESOLVED: gcc.dg/tree-prof/crossmodule-indircall-1a.c execution, -fprofile-use -D_PROFILE_USE
UNRESOLVED: gcc.dg/tree-prof/peel-1.c scan-rtl-dump loop2_unroll "Considering simply peeling loop"
FAIL: gcc.dg/tree-ssa/ivopts-lt-2.c scan-tree-dump-times ivopts "PHI <p_" 1
FAIL: gcc.dg/tree-ssa/ivopts-lt-2.c scan-tree-dump-times ivopts "p_[0-9]* <" 1
=== gcc Summary ===
# of expected passes 68460
# of unexpected failures 67
# of expected failures 115
# of unresolved testcases 8
# of unsupported tests 1826
/test/gnu/gcc/objdir/gcc/xgcc version 5.0.0 20141119 (experimental) [trunk revision 217745] (GCC)
=== gfortran tests ===
Running target unix
FAIL: gfortran.dg/coarray/alloc_comp_1.f90 -fcoarray=lib -O2 -lcaf_single (test for excess errors)
FAIL: gfortran.dg/coarray/alloc_comp_1.f90 -fcoarray=lib -O2 -lcaf_single execution test
FAIL: gfortran.dg/coarray/allocate_errgmsg.f90 -fcoarray=lib -O2 -lcaf_single (test for excess errors)
FAIL: gfortran.dg/coarray/allocate_errgmsg.f90 -fcoarray=lib -O2 -lcaf_single execution test
FAIL: gfortran.dg/coarray/atomic_1.f90 -fcoarray=lib -O2 -lcaf_single (test for excess errors)
FAIL: gfortran.dg/coarray/atomic_1.f90 -fcoarray=lib -O2 -lcaf_single execution test
FAIL: gfortran.dg/coarray/atomic_2.f90 -fcoarray=single -O2 (test for excess errors)
FAIL: gfortran.dg/coarray/atomic_2.f90 -fcoarray=single -O2 execution test
FAIL: gfortran.dg/coarray/atomic_2.f90 -fcoarray=lib -O2 -lcaf_single (test for excess errors)
FAIL: gfortran.dg/coarray/atomic_2.f90 -fcoarray=lib -O2 -lcaf_single execution test
FAIL: gfortran.dg/coarray/codimension.f90 -fcoarray=lib -O2 -lcaf_single (test for excess errors)
FAIL: gfortran.dg/coarray/codimension.f90 -fcoarray=lib -O2 -lcaf_single execution test
FAIL: gfortran.dg/coarray/coindexed_1.f90 -fcoarray=lib -O2 -lcaf_single (test for excess errors)
FAIL: gfortran.dg/coarray/coindexed_1.f90 -fcoarray=lib -O2 -lcaf_single execution test
FAIL: gfortran.dg/coarray/coindexed_3.f90 -fcoarray=lib -O2 -lcaf_single (test for excess errors)
FAIL: gfortran.dg/coarray/coindexed_3.f90 -fcoarray=lib -O2 -lcaf_single execution test
FAIL: gfortran.dg/coarray/collectives_1.f90 -fcoarray=lib -O2 -lcaf_single (test for excess errors)
FAIL: gfortran.dg/coarray/collectives_1.f90 -fcoarray=lib -O2 -lcaf_single execution test
FAIL: gfortran.dg/coarray/collectives_2.f90 -fcoarray=lib -O2 -lcaf_single (test for excess errors)
FAIL: gfortran.dg/coarray/collectives_2.f90 -fcoarray=lib -O2 -lcaf_single execution test
FAIL: gfortran.dg/coarray/collectives_3.f90 -fcoarray=lib -O2 -lcaf_single (test for excess errors)
FAIL: gfortran.dg/coarray/collectives_3.f90 -fcoarray=lib -O2 -lcaf_single execution test
FAIL: gfortran.dg/coarray/dummy_1.f90 -fcoarray=lib -O2 -lcaf_single (test for excess errors)
FAIL: gfortran.dg/coarray/dummy_1.f90 -fcoarray=lib -O2 -lcaf_single execution test
FAIL: gfortran.dg/coarray/get_array.f90 -fcoarray=lib -O2 -lcaf_single (test for excess errors)
FAIL: gfortran.dg/coarray/get_array.f90 -fcoarray=lib -O2 -lcaf_single execution test
FAIL: gfortran.dg/coarray/image_index_1.f90 -fcoarray=lib -O2 -lcaf_single (test for excess errors)
FAIL: gfortran.dg/coarray/image_index_1.f90 -fcoarray=lib -O2 -lcaf_single execution test
FAIL: gfortran.dg/coarray/image_index_2.f90 -fcoarray=lib -O2 -lcaf_single (test for excess errors)
FAIL: gfortran.dg/coarray/image_index_2.f90 -fcoarray=lib -O2 -lcaf_single execution test
FAIL: gfortran.dg/coarray/image_index_3.f90 -fcoarray=lib -O2 -lcaf_single (test for excess errors)
FAIL: gfortran.dg/coarray/image_index_3.f90 -fcoarray=lib -O2 -lcaf_single execution test
FAIL: gfortran.dg/coarray/lib_realloc_1.f90 -fcoarray=lib -O2 -lcaf_single (test for excess errors)
FAIL: gfortran.dg/coarray/lib_realloc_1.f90 -fcoarray=lib -O2 -lcaf_single execution test
FAIL: gfortran.dg/coarray/lock_1.f90 -fcoarray=lib -O2 -lcaf_single (test for excess errors)
FAIL: gfortran.dg/coarray/lock_1.f90 -fcoarray=lib -O2 -lcaf_single execution test
FAIL: gfortran.dg/coarray/move_alloc_1.f90 -fcoarray=lib -O2 -lcaf_single (test for excess errors)
FAIL: gfortran.dg/coarray/move_alloc_1.f90 -fcoarray=lib -O2 -lcaf_single execution test
FAIL: gfortran.dg/coarray/poly_run_1.f90 -fcoarray=lib -O2 -lcaf_single (test for excess errors)
FAIL: gfortran.dg/coarray/poly_run_1.f90 -fcoarray=lib -O2 -lcaf_single execution test
FAIL: gfortran.dg/coarray/poly_run_2.f90 -fcoarray=lib -O2 -lcaf_single (test for excess errors)
FAIL: gfortran.dg/coarray/poly_run_2.f90 -fcoarray=lib -O2 -lcaf_single execution test
FAIL: gfortran.dg/coarray/poly_run_3.f90 -fcoarray=lib -O2 -lcaf_single (test for excess errors)
FAIL: gfortran.dg/coarray/poly_run_3.f90 -fcoarray=lib -O2 -lcaf_single execution test
FAIL: gfortran.dg/coarray/registering_1.f90 -fcoarray=lib -O2 -lcaf_single (test for excess errors)
FAIL: gfortran.dg/coarray/registering_1.f90 -fcoarray=lib -O2 -lcaf_single execution test
FAIL: gfortran.dg/coarray/scalar_alloc_1.f90 -fcoarray=lib -O2 -lcaf_single (test for excess errors)
FAIL: gfortran.dg/coarray/scalar_alloc_1.f90 -fcoarray=lib -O2 -lcaf_single execution test
FAIL: gfortran.dg/coarray/scalar_alloc_2.f90 -fcoarray=lib -O2 -lcaf_single (test for excess errors)
FAIL: gfortran.dg/coarray/scalar_alloc_2.f90 -fcoarray=lib -O2 -lcaf_single execution test
FAIL: gfortran.dg/coarray/send_array.f90 -fcoarray=lib -O2 -lcaf_single (test for excess errors)
FAIL: gfortran.dg/coarray/send_array.f90 -fcoarray=lib -O2 -lcaf_single execution test
FAIL: gfortran.dg/coarray/sendget_array.f90 -fcoarray=lib -O2 -lcaf_single (test for excess errors)
FAIL: gfortran.dg/coarray/sendget_array.f90 -fcoarray=lib -O2 -lcaf_single execution test
FAIL: gfortran.dg/coarray/subobject_1.f90 -fcoarray=lib -O2 -lcaf_single (test for excess errors)
FAIL: gfortran.dg/coarray/subobject_1.f90 -fcoarray=lib -O2 -lcaf_single execution test
FAIL: gfortran.dg/coarray/sync_1.f90 -fcoarray=lib -O2 -lcaf_single (test for excess errors)
FAIL: gfortran.dg/coarray/sync_1.f90 -fcoarray=lib -O2 -lcaf_single execution test
FAIL: gfortran.dg/coarray/sync_3.f90 -fcoarray=lib -O2 -lcaf_single (test for excess errors)
FAIL: gfortran.dg/coarray/sync_3.f90 -fcoarray=lib -O2 -lcaf_single output pattern test, is remote_spawn failed, should match Fortran runtime error: Invalid image number -1 in SYNC IMAGES
FAIL: gfortran.dg/coarray/this_image_1.f90 -fcoarray=lib -O2 -lcaf_single (test for excess errors)
FAIL: gfortran.dg/coarray/this_image_1.f90 -fcoarray=lib -O2 -lcaf_single execution test
FAIL: gfortran.dg/coarray/this_image_2.f90 -fcoarray=lib -O2 -lcaf_single (test for excess errors)
FAIL: gfortran.dg/coarray/this_image_2.f90 -fcoarray=lib -O2 -lcaf_single execution test
FAIL: gfortran.dg/coarray_lib_comm_1.f90 -O0 (test for excess errors)
FAIL: gfortran.dg/coarray_lib_comm_1.f90 -O0 execution test
FAIL: gfortran.dg/coarray_lib_comm_1.f90 -O1 (test for excess errors)
FAIL: gfortran.dg/coarray_lib_comm_1.f90 -O1 execution test
FAIL: gfortran.dg/coarray_lib_comm_1.f90 -O2 (test for excess errors)
FAIL: gfortran.dg/coarray_lib_comm_1.f90 -O2 execution test
FAIL: gfortran.dg/coarray_lib_comm_1.f90 -O3 -fomit-frame-pointer (test for excess errors)
FAIL: gfortran.dg/coarray_lib_comm_1.f90 -O3 -fomit-frame-pointer execution test
FAIL: gfortran.dg/coarray_lib_comm_1.f90 -O3 -fomit-frame-pointer -funroll-loops (test for excess errors)
FAIL: gfortran.dg/coarray_lib_comm_1.f90 -O3 -fomit-frame-pointer -funroll-loops execution test
FAIL: gfortran.dg/coarray_lib_comm_1.f90 -O3 -fomit-frame-pointer -funroll-all-loops -finline-functions (test for excess errors)
FAIL: gfortran.dg/coarray_lib_comm_1.f90 -O3 -fomit-frame-pointer -funroll-all-loops -finline-functions execution test
FAIL: gfortran.dg/coarray_lib_comm_1.f90 -O3 -g (test for excess errors)
FAIL: gfortran.dg/coarray_lib_comm_1.f90 -O3 -g execution test
FAIL: gfortran.dg/coarray_lib_comm_1.f90 -Os (test for excess errors)
FAIL: gfortran.dg/coarray_lib_comm_1.f90 -Os execution test
FAIL: gfortran.dg/quad_2.f90 -O0 execution test
FAIL: gfortran.dg/quad_2.f90 -O1 execution test
FAIL: gfortran.dg/quad_2.f90 -O2 execution test
FAIL: gfortran.dg/quad_2.f90 -O3 -fomit-frame-pointer execution test
FAIL: gfortran.dg/quad_2.f90 -O3 -fomit-frame-pointer -funroll-loops execution test
FAIL: gfortran.dg/quad_2.f90 -O3 -fomit-frame-pointer -funroll-all-loops -finline-functions execution test
FAIL: gfortran.dg/quad_2.f90 -O3 -g execution test
FAIL: gfortran.dg/quad_2.f90 -Os execution test
FAIL: gfortran.dg/gomp/target1.f90 -O (internal compiler error)
FAIL: gfortran.dg/gomp/target1.f90 -O (test for excess errors)
FAIL: gfortran.dg/gomp/target2.f90 -O (internal compiler error)
FAIL: gfortran.dg/gomp/target2.f90 -O (test for excess errors)
FAIL: gfortran.dg/gomp/target3.f90 -O (internal compiler error)
FAIL: gfortran.dg/gomp/target3.f90 -O (test for excess errors)
=== gfortran Summary ===
# of expected passes 44829
# of unexpected failures 94
# of expected failures 51
# of unsupported tests 432
/test/gnu/gcc/objdir/gcc/testsuite/gfortran/../../gfortran version 5.0.0 20141119 (experimental) [trunk revision 217745] (GCC)
=== obj-c++ tests ===
Running target unix
=== obj-c++ Summary ===
# of expected passes 1405
# of expected failures 2
# of unsupported tests 69
/test/gnu/gcc/objdir/gcc/testsuite/obj-c++/../../xg++ version 5.0.0 20141119 (experimental) [trunk revision 217745] (GCC)
=== objc tests ===
Running target unix
=== objc Summary ===
# of expected passes 2928
# of unsupported tests 67
/test/gnu/gcc/objdir/gcc/xgcc version 5.0.0 20141119 (experimental) [trunk revision 217745] (GCC)
=== boehm-gc tests ===
Running target unix
=== boehm-gc Summary ===
# of expected passes 12
# of unsupported tests 1
=== libatomic tests ===
Running target unix
=== libatomic Summary ===
# of expected passes 44
# of unsupported tests 5
=== libffi tests ===
Running target unix
=== libffi Summary ===
# of expected passes 1819
# of unsupported tests 55
=== libgomp tests ===
Running target unix
FAIL: libgomp.c/examples-4/e.50.1.c (internal compiler error)
FAIL: libgomp.c/examples-4/e.50.1.c (test for excess errors)
UNRESOLVED: libgomp.c/examples-4/e.50.1.c compilation failed to produce executable
FAIL: libgomp.c/examples-4/e.50.2.c (internal compiler error)
FAIL: libgomp.c/examples-4/e.50.2.c (test for excess errors)
UNRESOLVED: libgomp.c/examples-4/e.50.2.c compilation failed to produce executable
FAIL: libgomp.c/examples-4/e.50.3.c (internal compiler error)
FAIL: libgomp.c/examples-4/e.50.3.c (test for excess errors)
UNRESOLVED: libgomp.c/examples-4/e.50.3.c compilation failed to produce executable
FAIL: libgomp.c/examples-4/e.50.4.c (internal compiler error)
FAIL: libgomp.c/examples-4/e.50.4.c (test for excess errors)
UNRESOLVED: libgomp.c/examples-4/e.50.4.c compilation failed to produce executable
FAIL: libgomp.c/examples-4/e.51.1.c (internal compiler error)
FAIL: libgomp.c/examples-4/e.51.1.c (test for excess errors)
UNRESOLVED: libgomp.c/examples-4/e.51.1.c compilation failed to produce executable
FAIL: libgomp.c/examples-4/e.51.2.c (internal compiler error)
FAIL: libgomp.c/examples-4/e.51.2.c (test for excess errors)
UNRESOLVED: libgomp.c/examples-4/e.51.2.c compilation failed to produce executable
FAIL: libgomp.c/examples-4/e.51.3.c (internal compiler error)
FAIL: libgomp.c/examples-4/e.51.3.c (test for excess errors)
UNRESOLVED: libgomp.c/examples-4/e.51.3.c compilation failed to produce executable
FAIL: libgomp.c/examples-4/e.51.4.c (internal compiler error)
FAIL: libgomp.c/examples-4/e.51.4.c (test for excess errors)
UNRESOLVED: libgomp.c/examples-4/e.51.4.c compilation failed to produce executable
FAIL: libgomp.c/examples-4/e.52.1.c (internal compiler error)
FAIL: libgomp.c/examples-4/e.52.1.c (test for excess errors)
UNRESOLVED: libgomp.c/examples-4/e.52.1.c compilation failed to produce executable
FAIL: libgomp.c/examples-4/e.52.2.c (internal compiler error)
FAIL: libgomp.c/examples-4/e.52.2.c (test for excess errors)
UNRESOLVED: libgomp.c/examples-4/e.52.2.c compilation failed to produce executable
FAIL: libgomp.c/examples-4/e.53.1.c (internal compiler error)
FAIL: libgomp.c/examples-4/e.53.1.c (test for excess errors)
UNRESOLVED: libgomp.c/examples-4/e.53.1.c compilation failed to produce executable
FAIL: libgomp.c/examples-4/e.53.3.c (internal compiler error)
FAIL: libgomp.c/examples-4/e.53.3.c (test for excess errors)
UNRESOLVED: libgomp.c/examples-4/e.53.3.c compilation failed to produce executable
FAIL: libgomp.c/examples-4/e.53.4.c (internal compiler error)
FAIL: libgomp.c/examples-4/e.53.4.c (test for excess errors)
UNRESOLVED: libgomp.c/examples-4/e.53.4.c compilation failed to produce executable
FAIL: libgomp.c/examples-4/e.53.5.c (internal compiler error)
FAIL: libgomp.c/examples-4/e.53.5.c (test for excess errors)
UNRESOLVED: libgomp.c/examples-4/e.53.5.c compilation failed to produce executable
FAIL: libgomp.c/examples-4/e.54.2.c (internal compiler error)
FAIL: libgomp.c/examples-4/e.54.2.c (test for excess errors)
UNRESOLVED: libgomp.c/examples-4/e.54.2.c compilation failed to produce executable
FAIL: libgomp.c/examples-4/e.54.3.c (internal compiler error)
FAIL: libgomp.c/examples-4/e.54.3.c (test for excess errors)
UNRESOLVED: libgomp.c/examples-4/e.54.3.c compilation failed to produce executable
FAIL: libgomp.c/examples-4/e.54.4.c (internal compiler error)
FAIL: libgomp.c/examples-4/e.54.4.c (test for excess errors)
UNRESOLVED: libgomp.c/examples-4/e.54.4.c compilation failed to produce executable
FAIL: libgomp.c/examples-4/e.54.5.c (internal compiler error)
FAIL: libgomp.c/examples-4/e.54.5.c (test for excess errors)
UNRESOLVED: libgomp.c/examples-4/e.54.5.c compilation failed to produce executable
FAIL: libgomp.c/examples-4/e.54.6.c (internal compiler error)
FAIL: libgomp.c/examples-4/e.54.6.c (test for excess errors)
UNRESOLVED: libgomp.c/examples-4/e.54.6.c compilation failed to produce executable
FAIL: libgomp.c/examples-4/e.55.1.c (internal compiler error)
FAIL: libgomp.c/examples-4/e.55.1.c (test for excess errors)
UNRESOLVED: libgomp.c/examples-4/e.55.1.c compilation failed to produce executable
FAIL: libgomp.c/examples-4/e.56.3.c (internal compiler error)
FAIL: libgomp.c/examples-4/e.56.3.c (test for excess errors)
UNRESOLVED: libgomp.c/examples-4/e.56.3.c compilation failed to produce executable
FAIL: libgomp.c/examples-4/e.56.4.c (internal compiler error)
FAIL: libgomp.c/examples-4/e.56.4.c (test for excess errors)
UNRESOLVED: libgomp.c/examples-4/e.56.4.c compilation failed to produce executable
FAIL: libgomp.c/for-3.c (internal compiler error)
FAIL: libgomp.c/for-3.c (test for excess errors)
UNRESOLVED: libgomp.c/for-3.c compilation failed to produce executable
FAIL: libgomp.c/target-1.c (internal compiler error)
FAIL: libgomp.c/target-1.c (test for excess errors)
UNRESOLVED: libgomp.c/target-1.c compilation failed to produce executable
FAIL: libgomp.c/target-2.c (internal compiler error)
FAIL: libgomp.c/target-2.c (test for excess errors)
UNRESOLVED: libgomp.c/target-2.c compilation failed to produce executable
FAIL: libgomp.c/target-3.c (internal compiler error)
FAIL: libgomp.c/target-3.c (test for excess errors)
UNRESOLVED: libgomp.c/target-3.c compilation failed to produce executable
FAIL: libgomp.c/target-4.c (internal compiler error)
FAIL: libgomp.c/target-4.c (test for excess errors)
UNRESOLVED: libgomp.c/target-4.c compilation failed to produce executable
FAIL: libgomp.c/target-5.c (internal compiler error)
FAIL: libgomp.c/target-5.c (test for excess errors)
UNRESOLVED: libgomp.c/target-5.c compilation failed to produce executable
FAIL: libgomp.c/target-6.c (internal compiler error)
FAIL: libgomp.c/target-6.c (test for excess errors)
UNRESOLVED: libgomp.c/target-6.c compilation failed to produce executable
FAIL: libgomp.c/target-7.c (internal compiler error)
FAIL: libgomp.c/target-7.c (test for excess errors)
UNRESOLVED: libgomp.c/target-7.c compilation failed to produce executable
FAIL: libgomp.c/target-8.c (internal compiler error)
FAIL: libgomp.c/target-8.c (test for excess errors)
UNRESOLVED: libgomp.c/target-8.c compilation failed to produce executable
FAIL: libgomp.c/thread-limit-2.c (internal compiler error)
FAIL: libgomp.c/thread-limit-2.c (test for excess errors)
UNRESOLVED: libgomp.c/thread-limit-2.c compilation failed to produce executable
FAIL: libgomp.c/thread-limit-3.c (internal compiler error)
FAIL: libgomp.c/thread-limit-3.c (test for excess errors)
UNRESOLVED: libgomp.c/thread-limit-3.c compilation failed to produce executable
FAIL: libgomp.c++/examples-4/e.51.5.C (internal compiler error)
FAIL: libgomp.c++/examples-4/e.51.5.C (test for excess errors)
UNRESOLVED: libgomp.c++/examples-4/e.51.5.C compilation failed to produce executable
FAIL: libgomp.c++/for-11.C (internal compiler error)
FAIL: libgomp.c++/for-11.C (test for excess errors)
UNRESOLVED: libgomp.c++/for-11.C compilation failed to produce executable
FAIL: libgomp.c++/pr63248.C (internal compiler error)
FAIL: libgomp.c++/pr63248.C (test for excess errors)
UNRESOLVED: libgomp.c++/pr63248.C compilation failed to produce executable
FAIL: libgomp.c++/target-1.C (internal compiler error)
FAIL: libgomp.c++/target-1.C (test for excess errors)
UNRESOLVED: libgomp.c++/target-1.C compilation failed to produce executable
FAIL: libgomp.c++/target-2.C (internal compiler error)
FAIL: libgomp.c++/target-2.C (test for excess errors)
UNRESOLVED: libgomp.c++/target-2.C compilation failed to produce executable
FAIL: libgomp.c++/target-3.C (internal compiler error)
FAIL: libgomp.c++/target-3.C (test for excess errors)
UNRESOLVED: libgomp.c++/target-3.C compilation failed to produce executable
FAIL: libgomp.fortran/examples-4/e.50.1.f90 -O0 (internal compiler error)
FAIL: libgomp.fortran/examples-4/e.50.1.f90 -O0 (test for excess errors)
UNRESOLVED: libgomp.fortran/examples-4/e.50.1.f90 -O0 compilation failed to produce executable
FAIL: libgomp.fortran/examples-4/e.50.1.f90 -O1 (internal compiler error)
FAIL: libgomp.fortran/examples-4/e.50.1.f90 -O1 (test for excess errors)
UNRESOLVED: libgomp.fortran/examples-4/e.50.1.f90 -O1 compilation failed to produce executable
FAIL: libgomp.fortran/examples-4/e.50.1.f90 -O2 (internal compiler error)
FAIL: libgomp.fortran/examples-4/e.50.1.f90 -O2 (test for excess errors)
UNRESOLVED: libgomp.fortran/examples-4/e.50.1.f90 -O2 compilation failed to produce executable
FAIL: libgomp.fortran/examples-4/e.50.1.f90 -O3 -fomit-frame-pointer (internal compiler error)
FAIL: libgomp.fortran/examples-4/e.50.1.f90 -O3 -fomit-frame-pointer (test for excess errors)
UNRESOLVED: libgomp.fortran/examples-4/e.50.1.f90 -O3 -fomit-frame-pointer compilation failed to produce executable
FAIL: libgomp.fortran/examples-4/e.50.1.f90 -O3 -fomit-frame-pointer -funroll-loops (internal compiler error)
FAIL: libgomp.fortran/examples-4/e.50.1.f90 -O3 -fomit-frame-pointer -funroll-loops (test for excess errors)
UNRESOLVED: libgomp.fortran/examples-4/e.50.1.f90 -O3 -fomit-frame-pointer -funroll-loops compilation failed to produce executable
FAIL: libgomp.fortran/examples-4/e.50.1.f90 -O3 -fomit-frame-pointer -funroll-all-loops -finline-functions (internal compiler error)
FAIL: libgomp.fortran/examples-4/e.50.1.f90 -O3 -fomit-frame-pointer -funroll-all-loops -finline-functions (test for excess errors)
UNRESOLVED: libgomp.fortran/examples-4/e.50.1.f90 -O3 -fomit-frame-pointer -funroll-all-loops -finline-functions compilation failed to produce executable
FAIL: libgomp.fortran/examples-4/e.50.1.f90 -O3 -g (internal compiler error)
FAIL: libgomp.fortran/examples-4/e.50.1.f90 -O3 -g (test for excess errors)
UNRESOLVED: libgomp.fortran/examples-4/e.50.1.f90 -O3 -g compilation failed to produce executable
FAIL: libgomp.fortran/examples-4/e.50.1.f90 -Os (internal compiler error)
FAIL: libgomp.fortran/examples-4/e.50.1.f90 -Os (test for excess errors)
UNRESOLVED: libgomp.fortran/examples-4/e.50.1.f90 -Os compilation failed to produce executable
FAIL: libgomp.fortran/examples-4/e.50.2.f90 -O0 (internal compiler error)
FAIL: libgomp.fortran/examples-4/e.50.2.f90 -O0 (test for excess errors)
UNRESOLVED: libgomp.fortran/examples-4/e.50.2.f90 -O0 compilation failed to produce executable
FAIL: libgomp.fortran/examples-4/e.50.2.f90 -O1 (internal compiler error)
FAIL: libgomp.fortran/examples-4/e.50.2.f90 -O1 (test for excess errors)
UNRESOLVED: libgomp.fortran/examples-4/e.50.2.f90 -O1 compilation failed to produce executable
FAIL: libgomp.fortran/examples-4/e.50.2.f90 -O2 (internal compiler error)
FAIL: libgomp.fortran/examples-4/e.50.2.f90 -O2 (test for excess errors)
UNRESOLVED: libgomp.fortran/examples-4/e.50.2.f90 -O2 compilation failed to produce executable
FAIL: libgomp.fortran/examples-4/e.50.2.f90 -O3 -fomit-frame-pointer (internal compiler error)
FAIL: libgomp.fortran/examples-4/e.50.2.f90 -O3 -fomit-frame-pointer (test for excess errors)
UNRESOLVED: libgomp.fortran/examples-4/e.50.2.f90 -O3 -fomit-frame-pointer compilation failed to produce executable
FAIL: libgomp.fortran/examples-4/e.50.2.f90 -O3 -fomit-frame-pointer -funroll-loops (internal compiler error)
FAIL: libgomp.fortran/examples-4/e.50.2.f90 -O3 -fomit-frame-pointer -funroll-loops (test for excess errors)
UNRESOLVED: libgomp.fortran/examples-4/e.50.2.f90 -O3 -fomit-frame-pointer -funroll-loops compilation failed to produce executable
FAIL: libgomp.fortran/examples-4/e.50.2.f90 -O3 -fomit-frame-pointer -funroll-all-loops -finline-functions (internal compiler error)
FAIL: libgomp.fortran/examples-4/e.50.2.f90 -O3 -fomit-frame-pointer -funroll-all-loops -finline-functions (test for excess errors)
UNRESOLVED: libgomp.fortran/examples-4/e.50.2.f90 -O3 -fomit-frame-pointer -funroll-all-loops -finline-functions compilation failed to produce executable
FAIL: libgomp.fortran/examples-4/e.50.2.f90 -O3 -g (internal compiler error)
FAIL: libgomp.fortran/examples-4/e.50.2.f90 -O3 -g (test for excess errors)
UNRESOLVED: libgomp.fortran/examples-4/e.50.2.f90 -O3 -g compilation failed to produce executable
FAIL: libgomp.fortran/examples-4/e.50.2.f90 -Os (internal compiler error)
FAIL: libgomp.fortran/examples-4/e.50.2.f90 -Os (test for excess errors)
UNRESOLVED: libgomp.fortran/examples-4/e.50.2.f90 -Os compilation failed to produce executable
FAIL: libgomp.fortran/examples-4/e.50.3.f90 -O0 (internal compiler error)
FAIL: libgomp.fortran/examples-4/e.50.3.f90 -O0 (test for excess errors)
UNRESOLVED: libgomp.fortran/examples-4/e.50.3.f90 -O0 compilation failed to produce executable
FAIL: libgomp.fortran/examples-4/e.50.3.f90 -O1 (internal compiler error)
FAIL: libgomp.fortran/examples-4/e.50.3.f90 -O1 (test for excess errors)
UNRESOLVED: libgomp.fortran/examples-4/e.50.3.f90 -O1 compilation failed to produce executable
FAIL: libgomp.fortran/examples-4/e.50.3.f90 -O2 (internal compiler error)
FAIL: libgomp.fortran/examples-4/e.50.3.f90 -O2 (test for excess errors)
UNRESOLVED: libgomp.fortran/examples-4/e.50.3.f90 -O2 compilation failed to produce executable
FAIL: libgomp.fortran/examples-4/e.50.3.f90 -O3 -fomit-frame-pointer (internal compiler error)
FAIL: libgomp.fortran/examples-4/e.50.3.f90 -O3 -fomit-frame-pointer (test for excess errors)
UNRESOLVED: libgomp.fortran/examples-4/e.50.3.f90 -O3 -fomit-frame-pointer compilation failed to produce executable
FAIL: libgomp.fortran/examples-4/e.50.3.f90 -O3 -fomit-frame-pointer -funroll-loops (internal compiler error)
FAIL: libgomp.fortran/examples-4/e.50.3.f90 -O3 -fomit-frame-pointer -funroll-loops (test for excess errors)
UNRESOLVED: libgomp.fortran/examples-4/e.50.3.f90 -O3 -fomit-frame-pointer -funroll-loops compilation failed to produce executable
FAIL: libgomp.fortran/examples-4/e.50.3.f90 -O3 -fomit-frame-pointer -funroll-all-loops -finline-functions (internal compiler error)
FAIL: libgomp.fortran/examples-4/e.50.3.f90 -O3 -fomit-frame-pointer -funroll-all-loops -finline-functions (test for excess errors)
UNRESOLVED: libgomp.fortran/examples-4/e.50.3.f90 -O3 -fomit-frame-pointer -funroll-all-loops -finline-functions compilation failed to produce executable
FAIL: libgomp.fortran/examples-4/e.50.3.f90 -O3 -g (internal compiler error)
FAIL: libgomp.fortran/examples-4/e.50.3.f90 -O3 -g (test for excess errors)
UNRESOLVED: libgomp.fortran/examples-4/e.50.3.f90 -O3 -g compilation failed to produce executable
FAIL: libgomp.fortran/examples-4/e.50.3.f90 -Os (internal compiler error)
FAIL: libgomp.fortran/examples-4/e.50.3.f90 -Os (test for excess errors)
UNRESOLVED: libgomp.fortran/examples-4/e.50.3.f90 -Os compilation failed to produce executable
FAIL: libgomp.fortran/examples-4/e.50.4.f90 -O0 (internal compiler error)
FAIL: libgomp.fortran/examples-4/e.50.4.f90 -O0 (test for excess errors)
UNRESOLVED: libgomp.fortran/examples-4/e.50.4.f90 -O0 compilation failed to produce executable
FAIL: libgomp.fortran/examples-4/e.50.4.f90 -O1 (internal compiler error)
FAIL: libgomp.fortran/examples-4/e.50.4.f90 -O1 (test for excess errors)
UNRESOLVED: libgomp.fortran/examples-4/e.50.4.f90 -O1 compilation failed to produce executable
FAIL: libgomp.fortran/examples-4/e.50.4.f90 -O2 (internal compiler error)
FAIL: libgomp.fortran/examples-4/e.50.4.f90 -O2 (test for excess errors)
UNRESOLVED: libgomp.fortran/examples-4/e.50.4.f90 -O2 compilation failed to produce executable
FAIL: libgomp.fortran/examples-4/e.50.4.f90 -O3 -fomit-frame-pointer (internal compiler error)
FAIL: libgomp.fortran/examples-4/e.50.4.f90 -O3 -fomit-frame-pointer (test for excess errors)
UNRESOLVED: libgomp.fortran/examples-4/e.50.4.f90 -O3 -fomit-frame-pointer compilation failed to produce executable
FAIL: libgomp.fortran/examples-4/e.50.4.f90 -O3 -fomit-frame-pointer -funroll-loops (internal compiler error)
FAIL: libgomp.fortran/examples-4/e.50.4.f90 -O3 -fomit-frame-pointer -funroll-loops (test for excess errors)
UNRESOLVED: libgomp.fortran/examples-4/e.50.4.f90 -O3 -fomit-frame-pointer -funroll-loops compilation failed to produce executable
FAIL: libgomp.fortran/examples-4/e.50.4.f90 -O3 -fomit-frame-pointer -funroll-all-loops -finline-functions (internal compiler error)
FAIL: libgomp.fortran/examples-4/e.50.4.f90 -O3 -fomit-frame-pointer -funroll-all-loops -finline-functions (test for excess errors)
UNRESOLVED: libgomp.fortran/examples-4/e.50.4.f90 -O3 -fomit-frame-pointer -funroll-all-loops -finline-functions compilation failed to produce executable
FAIL: libgomp.fortran/examples-4/e.50.4.f90 -O3 -g (internal compiler error)
FAIL: libgomp.fortran/examples-4/e.50.4.f90 -O3 -g (test for excess errors)
UNRESOLVED: libgomp.fortran/examples-4/e.50.4.f90 -O3 -g compilation failed to produce executable
FAIL: libgomp.fortran/examples-4/e.50.4.f90 -Os (internal compiler error)
FAIL: libgomp.fortran/examples-4/e.50.4.f90 -Os (test for excess errors)
UNRESOLVED: libgomp.fortran/examples-4/e.50.4.f90 -Os compilation failed to produce executable
FAIL: libgomp.fortran/examples-4/e.51.1.f90 -O0 (internal compiler error)
FAIL: libgomp.fortran/examples-4/e.51.1.f90 -O0 (test for excess errors)
UNRESOLVED: libgomp.fortran/examples-4/e.51.1.f90 -O0 compilation failed to produce executable
FAIL: libgomp.fortran/examples-4/e.51.1.f90 -O1 (internal compiler error)
FAIL: libgomp.fortran/examples-4/e.51.1.f90 -O1 (test for excess errors)
UNRESOLVED: libgomp.fortran/examples-4/e.51.1.f90 -O1 compilation failed to produce executable
FAIL: libgomp.fortran/examples-4/e.51.1.f90 -O2 (internal compiler error)
FAIL: libgomp.fortran/examples-4/e.51.1.f90 -O2 (test for excess errors)
UNRESOLVED: libgomp.fortran/examples-4/e.51.1.f90 -O2 compilation failed to produce executable
FAIL: libgomp.fortran/examples-4/e.51.1.f90 -O3 -fomit-frame-pointer (internal compiler error)
FAIL: libgomp.fortran/examples-4/e.51.1.f90 -O3 -fomit-frame-pointer (test for excess errors)
UNRESOLVED: libgomp.fortran/examples-4/e.51.1.f90 -O3 -fomit-frame-pointer compilation failed to produce executable
FAIL: libgomp.fortran/examples-4/e.51.1.f90 -O3 -fomit-frame-pointer -funroll-loops (internal compiler error)
FAIL: libgomp.fortran/examples-4/e.51.1.f90 -O3 -fomit-frame-pointer -funroll-loops (test for excess errors)
UNRESOLVED: libgomp.fortran/examples-4/e.51.1.f90 -O3 -fomit-frame-pointer -funroll-loops compilation failed to produce executable
FAIL: libgomp.fortran/examples-4/e.51.1.f90 -O3 -fomit-frame-pointer -funroll-all-loops -finline-functions (internal compiler error)
FAIL: libgomp.fortran/examples-4/e.51.1.f90 -O3 -fomit-frame-pointer -funroll-all-loops -finline-functions (test for excess errors)
UNRESOLVED: libgomp.fortran/examples-4/e.51.1.f90 -O3 -fomit-frame-pointer -funroll-all-loops -finline-functions compilation failed to produce executable
FAIL: libgomp.fortran/examples-4/e.51.1.f90 -O3 -g (internal compiler error)
FAIL: libgomp.fortran/examples-4/e.51.1.f90 -O3 -g (test for excess errors)
UNRESOLVED: libgomp.fortran/examples-4/e.51.1.f90 -O3 -g compilation failed to produce executable
FAIL: libgomp.fortran/examples-4/e.51.1.f90 -Os (internal compiler error)
FAIL: libgomp.fortran/examples-4/e.51.1.f90 -Os (test for excess errors)
UNRESOLVED: libgomp.fortran/examples-4/e.51.1.f90 -Os compilation failed to produce executable
FAIL: libgomp.fortran/examples-4/e.51.2.f90 -O0 (internal compiler error)
FAIL: libgomp.fortran/examples-4/e.51.2.f90 -O0 (test for excess errors)
UNRESOLVED: libgomp.fortran/examples-4/e.51.2.f90 -O0 compilation failed to produce executable
FAIL: libgomp.fortran/examples-4/e.51.2.f90 -O1 (internal compiler error)
FAIL: libgomp.fortran/examples-4/e.51.2.f90 -O1 (test for excess errors)
UNRESOLVED: libgomp.fortran/examples-4/e.51.2.f90 -O1 compilation failed to produce executable
FAIL: libgomp.fortran/examples-4/e.51.2.f90 -O2 (internal compiler error)
FAIL: libgomp.fortran/examples-4/e.51.2.f90 -O2 (test for excess errors)
UNRESOLVED: libgomp.fortran/examples-4/e.51.2.f90 -O2 compilation failed to produce executable
FAIL: libgomp.fortran/examples-4/e.51.2.f90 -O3 -fomit-frame-pointer (internal compiler error)
FAIL: libgomp.fortran/examples-4/e.51.2.f90 -O3 -fomit-frame-pointer (test for excess errors)
UNRESOLVED: libgomp.fortran/examples-4/e.51.2.f90 -O3 -fomit-frame-pointer compilation failed to produce executable
FAIL: libgomp.fortran/examples-4/e.51.2.f90 -O3 -fomit-frame-pointer -funroll-loops (internal compiler error)
FAIL: libgomp.fortran/examples-4/e.51.2.f90 -O3 -fomit-frame-pointer -funroll-loops (test for excess errors)
UNRESOLVED: libgomp.fortran/examples-4/e.51.2.f90 -O3 -fomit-frame-pointer -funroll-loops compilation failed to produce executable
FAIL: libgomp.fortran/examples-4/e.51.2.f90 -O3 -fomit-frame-pointer -funroll-all-loops -finline-functions (internal compiler error)
FAIL: libgomp.fortran/examples-4/e.51.2.f90 -O3 -fomit-frame-pointer -funroll-all-loops -finline-functions (test for excess errors)
UNRESOLVED: libgomp.fortran/examples-4/e.51.2.f90 -O3 -fomit-frame-pointer -funroll-all-loops -finline-functions compilation failed to produce executable
FAIL: libgomp.fortran/examples-4/e.51.2.f90 -O3 -g (internal compiler error)
FAIL: libgomp.fortran/examples-4/e.51.2.f90 -O3 -g (test for excess errors)
UNRESOLVED: libgomp.fortran/examples-4/e.51.2.f90 -O3 -g compilation failed to produce executable
FAIL: libgomp.fortran/examples-4/e.51.2.f90 -Os (internal compiler error)
FAIL: libgomp.fortran/examples-4/e.51.2.f90 -Os (test for excess errors)
UNRESOLVED: libgomp.fortran/examples-4/e.51.2.f90 -Os compilation failed to produce executable
FAIL: libgomp.fortran/examples-4/e.51.3.f90 -O0 (internal compiler error)
FAIL: libgomp.fortran/examples-4/e.51.3.f90 -O0 (test for excess errors)
UNRESOLVED: libgomp.fortran/examples-4/e.51.3.f90 -O0 compilation failed to produce executable
FAIL: libgomp.fortran/examples-4/e.51.3.f90 -O1 (internal compiler error)
FAIL: libgomp.fortran/examples-4/e.51.3.f90 -O1 (test for excess errors)
UNRESOLVED: libgomp.fortran/examples-4/e.51.3.f90 -O1 compilation failed to produce executable
FAIL: libgomp.fortran/examples-4/e.51.3.f90 -O2 (internal compiler error)
FAIL: libgomp.fortran/examples-4/e.51.3.f90 -O2 (test for excess errors)
UNRESOLVED: libgomp.fortran/examples-4/e.51.3.f90 -O2 compilation failed to produce executable
FAIL: libgomp.fortran/examples-4/e.51.3.f90 -O3 -fomit-frame-pointer (internal compiler error)
FAIL: libgomp.fortran/examples-4/e.51.3.f90 -O3 -fomit-frame-pointer (test for excess errors)
UNRESOLVED: libgomp.fortran/examples-4/e.51.3.f90 -O3 -fomit-frame-pointer compilation failed to produce executable
FAIL: libgomp.fortran/examples-4/e.51.3.f90 -O3 -fomit-frame-pointer -funroll-loops (internal compiler error)
FAIL: libgomp.fortran/examples-4/e.51.3.f90 -O3 -fomit-frame-pointer -funroll-loops (test for excess errors)
UNRESOLVED: libgomp.fortran/examples-4/e.51.3.f90 -O3 -fomit-frame-pointer -funroll-loops compilation failed to produce executable
FAIL: libgomp.fortran/examples-4/e.51.3.f90 -O3 -fomit-frame-pointer -funroll-all-loops -finline-functions (internal compiler error)
FAIL: libgomp.fortran/examples-4/e.51.3.f90 -O3 -fomit-frame-pointer -funroll-all-loops -finline-functions (test for excess errors)
UNRESOLVED: libgomp.fortran/examples-4/e.51.3.f90 -O3 -fomit-frame-pointer -funroll-all-loops -finline-functions compilation failed to produce executable
FAIL: libgomp.fortran/examples-4/e.51.3.f90 -O3 -g (internal compiler error)
FAIL: libgomp.fortran/examples-4/e.51.3.f90 -O3 -g (test for excess errors)
UNRESOLVED: libgomp.fortran/examples-4/e.51.3.f90 -O3 -g compilation failed to produce executable
FAIL: libgomp.fortran/examples-4/e.51.3.f90 -Os (internal compiler error)
FAIL: libgomp.fortran/examples-4/e.51.3.f90 -Os (test for excess errors)
UNRESOLVED: libgomp.fortran/examples-4/e.51.3.f90 -Os compilation failed to produce executable
FAIL: libgomp.fortran/examples-4/e.51.4.f90 -O0 (internal compiler error)
FAIL: libgomp.fortran/examples-4/e.51.4.f90 -O0 (test for excess errors)
UNRESOLVED: libgomp.fortran/examples-4/e.51.4.f90 -O0 compilation failed to produce executable
FAIL: libgomp.fortran/examples-4/e.51.4.f90 -O1 (internal compiler error)
FAIL: libgomp.fortran/examples-4/e.51.4.f90 -O1 (test for excess errors)
UNRESOLVED: libgomp.fortran/examples-4/e.51.4.f90 -O1 compilation failed to produce executable
FAIL: libgomp.fortran/examples-4/e.51.4.f90 -O2 (internal compiler error)
FAIL: libgomp.fortran/examples-4/e.51.4.f90 -O2 (test for excess errors)
UNRESOLVED: libgomp.fortran/examples-4/e.51.4.f90 -O2 compilation failed to produce executable
FAIL: libgomp.fortran/examples-4/e.51.4.f90 -O3 -fomit-frame-pointer (internal compiler error)
FAIL: libgomp.fortran/examples-4/e.51.4.f90 -O3 -fomit-frame-pointer (test for excess errors)
UNRESOLVED: libgomp.fortran/examples-4/e.51.4.f90 -O3 -fomit-frame-pointer compilation failed to produce executable
FAIL: libgomp.fortran/examples-4/e.51.4.f90 -O3 -fomit-frame-pointer -funroll-loops (internal compiler error)
FAIL: libgomp.fortran/examples-4/e.51.4.f90 -O3 -fomit-frame-pointer -funroll-loops (test for excess errors)
UNRESOLVED: libgomp.fortran/examples-4/e.51.4.f90 -O3 -fomit-frame-pointer -funroll-loops compilation failed to produce executable
FAIL: libgomp.fortran/examples-4/e.51.4.f90 -O3 -fomit-frame-pointer -funroll-all-loops -finline-functions (internal compiler error)
FAIL: libgomp.fortran/examples-4/e.51.4.f90 -O3 -fomit-frame-pointer -funroll-all-loops -finline-functions (test for excess errors)
UNRESOLVED: libgomp.fortran/examples-4/e.51.4.f90 -O3 -fomit-frame-pointer -funroll-all-loops -finline-functions compilation failed to produce executable
FAIL: libgomp.fortran/examples-4/e.51.4.f90 -O3 -g (internal compiler error)
FAIL: libgomp.fortran/examples-4/e.51.4.f90 -O3 -g (test for excess errors)
UNRESOLVED: libgomp.fortran/examples-4/e.51.4.f90 -O3 -g compilation failed to produce executable
FAIL: libgomp.fortran/examples-4/e.51.4.f90 -Os (internal compiler error)
FAIL: libgomp.fortran/examples-4/e.51.4.f90 -Os (test for excess errors)
UNRESOLVED: libgomp.fortran/examples-4/e.51.4.f90 -Os compilation failed to produce executable
FAIL: libgomp.fortran/examples-4/e.51.5.f90 -O0 (internal compiler error)
FAIL: libgomp.fortran/examples-4/e.51.5.f90 -O0 (test for excess errors)
UNRESOLVED: libgomp.fortran/examples-4/e.51.5.f90 -O0 compilation failed to produce executable
FAIL: libgomp.fortran/examples-4/e.51.5.f90 -O1 (internal compiler error)
FAIL: libgomp.fortran/examples-4/e.51.5.f90 -O1 (test for excess errors)
UNRESOLVED: libgomp.fortran/examples-4/e.51.5.f90 -O1 compilation failed to produce executable
FAIL: libgomp.fortran/examples-4/e.51.5.f90 -O2 (internal compiler error)
FAIL: libgomp.fortran/examples-4/e.51.5.f90 -O2 (test for excess errors)
UNRESOLVED: libgomp.fortran/examples-4/e.51.5.f90 -O2 compilation failed to produce executable
FAIL: libgomp.fortran/examples-4/e.51.5.f90 -O3 -fomit-frame-pointer (internal compiler error)
FAIL: libgomp.fortran/examples-4/e.51.5.f90 -O3 -fomit-frame-pointer (test for excess errors)
UNRESOLVED: libgomp.fortran/examples-4/e.51.5.f90 -O3 -fomit-frame-pointer compilation failed to produce executable
FAIL: libgomp.fortran/examples-4/e.51.5.f90 -O3 -fomit-frame-pointer -funroll-loops (internal compiler error)
FAIL: libgomp.fortran/examples-4/e.51.5.f90 -O3 -fomit-frame-pointer -funroll-loops (test for excess errors)
UNRESOLVED: libgomp.fortran/examples-4/e.51.5.f90 -O3 -fomit-frame-pointer -funroll-loops compilation failed to produce executable
FAIL: libgomp.fortran/examples-4/e.51.5.f90 -O3 -fomit-frame-pointer -funroll-all-loops -finline-functions (internal compiler error)
FAIL: libgomp.fortran/examples-4/e.51.5.f90 -O3 -fomit-frame-pointer -funroll-all-loops -finline-functions (test for excess errors)
UNRESOLVED: libgomp.fortran/examples-4/e.51.5.f90 -O3 -fomit-frame-pointer -funroll-all-loops -finline-functions compilation failed to produce executable
FAIL: libgomp.fortran/examples-4/e.51.5.f90 -O3 -g (internal compiler error)
FAIL: libgomp.fortran/examples-4/e.51.5.f90 -O3 -g (test for excess errors)
UNRESOLVED: libgomp.fortran/examples-4/e.51.5.f90 -O3 -g compilation failed to produce executable
FAIL: libgomp.fortran/examples-4/e.51.5.f90 -Os (internal compiler error)
FAIL: libgomp.fortran/examples-4/e.51.5.f90 -Os (test for excess errors)
UNRESOLVED: libgomp.fortran/examples-4/e.51.5.f90 -Os compilation failed to produce executable
FAIL: libgomp.fortran/examples-4/e.52.1.f90 -O0 (internal compiler error)
FAIL: libgomp.fortran/examples-4/e.52.1.f90 -O0 (test for excess errors)
UNRESOLVED: libgomp.fortran/examples-4/e.52.1.f90 -O0 compilation failed to produce executable
FAIL: libgomp.fortran/examples-4/e.52.1.f90 -O1 (internal compiler error)
FAIL: libgomp.fortran/examples-4/e.52.1.f90 -O1 (test for excess errors)
UNRESOLVED: libgomp.fortran/examples-4/e.52.1.f90 -O1 compilation failed to produce executable
FAIL: libgomp.fortran/examples-4/e.52.1.f90 -O2 (internal compiler error)
FAIL: libgomp.fortran/examples-4/e.52.1.f90 -O2 (test for excess errors)
UNRESOLVED: libgomp.fortran/examples-4/e.52.1.f90 -O2 compilation failed to produce executable
FAIL: libgomp.fortran/examples-4/e.52.1.f90 -O3 -fomit-frame-pointer (internal compiler error)
FAIL: libgomp.fortran/examples-4/e.52.1.f90 -O3 -fomit-frame-pointer (test for excess errors)
UNRESOLVED: libgomp.fortran/examples-4/e.52.1.f90 -O3 -fomit-frame-pointer compilation failed to produce executable
FAIL: libgomp.fortran/examples-4/e.52.1.f90 -O3 -fomit-frame-pointer -funroll-loops (internal compiler error)
FAIL: libgomp.fortran/examples-4/e.52.1.f90 -O3 -fomit-frame-pointer -funroll-loops (test for excess errors)
UNRESOLVED: libgomp.fortran/examples-4/e.52.1.f90 -O3 -fomit-frame-pointer -funroll-loops compilation failed to produce executable
FAIL: libgomp.fortran/examples-4/e.52.1.f90 -O3 -fomit-frame-pointer -funroll-all-loops -finline-functions (internal compiler error)
FAIL: libgomp.fortran/examples-4/e.52.1.f90 -O3 -fomit-frame-pointer -funroll-all-loops -finline-functions (test for excess errors)
UNRESOLVED: libgomp.fortran/examples-4/e.52.1.f90 -O3 -fomit-frame-pointer -funroll-all-loops -finline-functions compilation failed to produce executable
FAIL: libgomp.fortran/examples-4/e.52.1.f90 -O3 -g (internal compiler error)
FAIL: libgomp.fortran/examples-4/e.52.1.f90 -O3 -g (test for excess errors)
UNRESOLVED: libgomp.fortran/examples-4/e.52.1.f90 -O3 -g compilation failed to produce executable
FAIL: libgomp.fortran/examples-4/e.52.1.f90 -Os (internal compiler error)
FAIL: libgomp.fortran/examples-4/e.52.1.f90 -Os (test for excess errors)
UNRESOLVED: libgomp.fortran/examples-4/e.52.1.f90 -Os compilation failed to produce executable
FAIL: libgomp.fortran/examples-4/e.52.2.f90 -O0 (internal compiler error)
FAIL: libgomp.fortran/examples-4/e.52.2.f90 -O0 (test for excess errors)
UNRESOLVED: libgomp.fortran/examples-4/e.52.2.f90 -O0 compilation failed to produce executable
FAIL: libgomp.fortran/examples-4/e.52.2.f90 -O1 (internal compiler error)
FAIL: libgomp.fortran/examples-4/e.52.2.f90 -O1 (test for excess errors)
UNRESOLVED: libgomp.fortran/examples-4/e.52.2.f90 -O1 compilation failed to produce executable
FAIL: libgomp.fortran/examples-4/e.52.2.f90 -O2 (internal compiler error)
FAIL: libgomp.fortran/examples-4/e.52.2.f90 -O2 (test for excess errors)
UNRESOLVED: libgomp.fortran/examples-4/e.52.2.f90 -O2 compilation failed to produce executable
FAIL: libgomp.fortran/examples-4/e.52.2.f90 -O3 -fomit-frame-pointer (internal compiler error)
FAIL: libgomp.fortran/examples-4/e.52.2.f90 -O3 -fomit-frame-pointer (test for excess errors)
UNRESOLVED: libgomp.fortran/examples-4/e.52.2.f90 -O3 -fomit-frame-pointer compilation failed to produce executable
FAIL: libgomp.fortran/examples-4/e.52.2.f90 -O3 -fomit-frame-pointer -funroll-loops (internal compiler error)
FAIL: libgomp.fortran/examples-4/e.52.2.f90 -O3 -fomit-frame-pointer -funroll-loops (test for excess errors)
UNRESOLVED: libgomp.fortran/examples-4/e.52.2.f90 -O3 -fomit-frame-pointer -funroll-loops compilation failed to produce executable
FAIL: libgomp.fortran/examples-4/e.52.2.f90 -O3 -fomit-frame-pointer -funroll-all-loops -finline-functions (internal compiler error)
FAIL: libgomp.fortran/examples-4/e.52.2.f90 -O3 -fomit-frame-pointer -funroll-all-loops -finline-functions (test for excess errors)
UNRESOLVED: libgomp.fortran/examples-4/e.52.2.f90 -O3 -fomit-frame-pointer -funroll-all-loops -finline-functions compilation failed to produce executable
FAIL: libgomp.fortran/examples-4/e.52.2.f90 -O3 -g (internal compiler error)
FAIL: libgomp.fortran/examples-4/e.52.2.f90 -O3 -g (test for excess errors)
UNRESOLVED: libgomp.fortran/examples-4/e.52.2.f90 -O3 -g compilation failed to produce executable
FAIL: libgomp.fortran/examples-4/e.52.2.f90 -Os (internal compiler error)
FAIL: libgomp.fortran/examples-4/e.52.2.f90 -Os (test for excess errors)
UNRESOLVED: libgomp.fortran/examples-4/e.52.2.f90 -Os compilation failed to produce executable
FAIL: libgomp.fortran/examples-4/e.53.1.f90 -O0 (internal compiler error)
FAIL: libgomp.fortran/examples-4/e.53.1.f90 -O0 (test for excess errors)
UNRESOLVED: libgomp.fortran/examples-4/e.53.1.f90 -O0 compilation failed to produce executable
FAIL: libgomp.fortran/examples-4/e.53.1.f90 -O1 (internal compiler error)
FAIL: libgomp.fortran/examples-4/e.53.1.f90 -O1 (test for excess errors)
UNRESOLVED: libgomp.fortran/examples-4/e.53.1.f90 -O1 compilation failed to produce executable
FAIL: libgomp.fortran/examples-4/e.53.1.f90 -O2 (internal compiler error)
FAIL: libgomp.fortran/examples-4/e.53.1.f90 -O2 (test for excess errors)
UNRESOLVED: libgomp.fortran/examples-4/e.53.1.f90 -O2 compilation failed to produce executable
FAIL: libgomp.fortran/examples-4/e.53.1.f90 -O3 -fomit-frame-pointer (internal compiler error)
FAIL: libgomp.fortran/examples-4/e.53.1.f90 -O3 -fomit-frame-pointer (test for excess errors)
UNRESOLVED: libgomp.fortran/examples-4/e.53.1.f90 -O3 -fomit-frame-pointer compilation failed to produce executable
FAIL: libgomp.fortran/examples-4/e.53.1.f90 -O3 -fomit-frame-pointer -funroll-loops (internal compiler error)
FAIL: libgomp.fortran/examples-4/e.53.1.f90 -O3 -fomit-frame-pointer -funroll-loops (test for excess errors)
UNRESOLVED: libgomp.fortran/examples-4/e.53.1.f90 -O3 -fomit-frame-pointer -funroll-loops compilation failed to produce executable
FAIL: libgomp.fortran/examples-4/e.53.1.f90 -O3 -fomit-frame-pointer -funroll-all-loops -finline-functions (internal compiler error)
FAIL: libgomp.fortran/examples-4/e.53.1.f90 -O3 -fomit-frame-pointer -funroll-all-loops -finline-functions (test for excess errors)
UNRESOLVED: libgomp.fortran/examples-4/e.53.1.f90 -O3 -fomit-frame-pointer -funroll-all-loops -finline-functions compilation failed to produce executable
FAIL: libgomp.fortran/examples-4/e.53.1.f90 -O3 -g (internal compiler error)
FAIL: libgomp.fortran/examples-4/e.53.1.f90 -O3 -g (test for excess errors)
UNRESOLVED: libgomp.fortran/examples-4/e.53.1.f90 -O3 -g compilation failed to produce executable
FAIL: libgomp.fortran/examples-4/e.53.1.f90 -Os (internal compiler error)
FAIL: libgomp.fortran/examples-4/e.53.1.f90 -Os (test for excess errors)
UNRESOLVED: libgomp.fortran/examples-4/e.53.1.f90 -Os compilation failed to produce executable
FAIL: libgomp.fortran/examples-4/e.53.2.f90 -O0 (internal compiler error)
FAIL: libgomp.fortran/examples-4/e.53.2.f90 -O0 (test for excess errors)
UNRESOLVED: libgomp.fortran/examples-4/e.53.2.f90 -O0 compilation failed to produce executable
FAIL: libgomp.fortran/examples-4/e.53.2.f90 -O1 (internal compiler error)
FAIL: libgomp.fortran/examples-4/e.53.2.f90 -O1 (test for excess errors)
UNRESOLVED: libgomp.fortran/examples-4/e.53.2.f90 -O1 compilation failed to produce executable
FAIL: libgomp.fortran/examples-4/e.53.2.f90 -O2 (internal compiler error)
FAIL: libgomp.fortran/examples-4/e.53.2.f90 -O2 (test for excess errors)
UNRESOLVED: libgomp.fortran/examples-4/e.53.2.f90 -O2 compilation failed to produce executable
FAIL: libgomp.fortran/examples-4/e.53.2.f90 -O3 -fomit-frame-pointer (internal compiler error)
FAIL: libgomp.fortran/examples-4/e.53.2.f90 -O3 -fomit-frame-pointer (test for excess errors)
UNRESOLVED: libgomp.fortran/examples-4/e.53.2.f90 -O3 -fomit-frame-pointer compilation failed to produce executable
FAIL: libgomp.fortran/examples-4/e.53.2.f90 -O3 -fomit-frame-pointer -funroll-loops (internal compiler error)
FAIL: libgomp.fortran/examples-4/e.53.2.f90 -O3 -fomit-frame-pointer -funroll-loops (test for excess errors)
UNRESOLVED: libgomp.fortran/examples-4/e.53.2.f90 -O3 -fomit-frame-pointer -funroll-loops compilation failed to produce executable
FAIL: libgomp.fortran/examples-4/e.53.2.f90 -O3 -fomit-frame-pointer -funroll-all-loops -finline-functions (internal compiler error)
FAIL: libgomp.fortran/examples-4/e.53.2.f90 -O3 -fomit-frame-pointer -funroll-all-loops -finline-functions (test for excess errors)
UNRESOLVED: libgomp.fortran/examples-4/e.53.2.f90 -O3 -fomit-frame-pointer -funroll-all-loops -finline-functions compilation failed to produce executable
FAIL: libgomp.fortran/examples-4/e.53.2.f90 -O3 -g (internal compiler error)
FAIL: libgomp.fortran/examples-4/e.53.2.f90 -O3 -g (test for excess errors)
UNRESOLVED: libgomp.fortran/examples-4/e.53.2.f90 -O3 -g compilation failed to produce executable
FAIL: libgomp.fortran/examples-4/e.53.2.f90 -Os (internal compiler error)
FAIL: libgomp.fortran/examples-4/e.53.2.f90 -Os (test for excess errors)
UNRESOLVED: libgomp.fortran/examples-4/e.53.2.f90 -Os compilation failed to produce executable
FAIL: libgomp.fortran/examples-4/e.53.3.f90 -O0 (internal compiler error)
FAIL: libgomp.fortran/examples-4/e.53.3.f90 -O0 (test for excess errors)
UNRESOLVED: libgomp.fortran/examples-4/e.53.3.f90 -O0 compilation failed to produce executable
FAIL: libgomp.fortran/examples-4/e.53.3.f90 -O1 (internal compiler error)
FAIL: libgomp.fortran/examples-4/e.53.3.f90 -O1 (test for excess errors)
UNRESOLVED: libgomp.fortran/examples-4/e.53.3.f90 -O1 compilation failed to produce executable
FAIL: libgomp.fortran/examples-4/e.53.3.f90 -O2 (internal compiler error)
FAIL: libgomp.fortran/examples-4/e.53.3.f90 -O2 (test for excess errors)
UNRESOLVED: libgomp.fortran/examples-4/e.53.3.f90 -O2 compilation failed to produce executable
FAIL: libgomp.fortran/examples-4/e.53.3.f90 -O3 -fomit-frame-pointer (internal compiler error)
FAIL: libgomp.fortran/examples-4/e.53.3.f90 -O3 -fomit-frame-pointer (test for excess errors)
UNRESOLVED: libgomp.fortran/examples-4/e.53.3.f90 -O3 -fomit-frame-pointer compilation failed to produce executable
FAIL: libgomp.fortran/examples-4/e.53.3.f90 -O3 -fomit-frame-pointer -funroll-loops (internal compiler error)
FAIL: libgomp.fortran/examples-4/e.53.3.f90 -O3 -fomit-frame-pointer -funroll-loops (test for excess errors)
UNRESOLVED: libgomp.fortran/examples-4/e.53.3.f90 -O3 -fomit-frame-pointer -funroll-loops compilation failed to produce executable
FAIL: libgomp.fortran/examples-4/e.53.3.f90 -O3 -fomit-frame-pointer -funroll-all-loops -finline-functions (internal compiler error)
FAIL: libgomp.fortran/examples-4/e.53.3.f90 -O3 -fomit-frame-pointer -funroll-all-loops -finline-functions (test for excess errors)
UNRESOLVED: libgomp.fortran/examples-4/e.53.3.f90 -O3 -fomit-frame-pointer -funroll-all-loops -finline-functions compilation failed to produce executable
FAIL: libgomp.fortran/examples-4/e.53.3.f90 -O3 -g (internal compiler error)
FAIL: libgomp.fortran/examples-4/e.53.3.f90 -O3 -g (test for excess errors)
UNRESOLVED: libgomp.fortran/examples-4/e.53.3.f90 -O3 -g compilation failed to produce executable
FAIL: libgomp.fortran/examples-4/e.53.3.f90 -Os (internal compiler error)
FAIL: libgomp.fortran/examples-4/e.53.3.f90 -Os (test for excess errors)
UNRESOLVED: libgomp.fortran/examples-4/e.53.3.f90 -Os compilation failed to produce executable
FAIL: libgomp.fortran/examples-4/e.53.4.f90 -O0 (internal compiler error)
FAIL: libgomp.fortran/examples-4/e.53.4.f90 -O0 (test for excess errors)
UNRESOLVED: libgomp.fortran/examples-4/e.53.4.f90 -O0 compilation failed to produce executable
FAIL: libgomp.fortran/examples-4/e.53.4.f90 -O1 (internal compiler error)
FAIL: libgomp.fortran/examples-4/e.53.4.f90 -O1 (test for excess errors)
UNRESOLVED: libgomp.fortran/examples-4/e.53.4.f90 -O1 compilation failed to produce executable
FAIL: libgomp.fortran/examples-4/e.53.4.f90 -O2 (internal compiler error)
FAIL: libgomp.fortran/examples-4/e.53.4.f90 -O2 (test for excess errors)
UNRESOLVED: libgomp.fortran/examples-4/e.53.4.f90 -O2 compilation failed to produce executable
FAIL: libgomp.fortran/examples-4/e.53.4.f90 -O3 -fomit-frame-pointer (internal compiler error)
FAIL: libgomp.fortran/examples-4/e.53.4.f90 -O3 -fomit-frame-pointer (test for excess errors)
UNRESOLVED: libgomp.fortran/examples-4/e.53.4.f90 -O3 -fomit-frame-pointer compilation failed to produce executable
FAIL: libgomp.fortran/examples-4/e.53.4.f90 -O3 -fomit-frame-pointer -funroll-loops (internal compiler error)
FAIL: libgomp.fortran/examples-4/e.53.4.f90 -O3 -fomit-frame-pointer -funroll-loops (test for excess errors)
UNRESOLVED: libgomp.fortran/examples-4/e.53.4.f90 -O3 -fomit-frame-pointer -funroll-loops compilation failed to produce executable
FAIL: libgomp.fortran/examples-4/e.53.4.f90 -O3 -fomit-frame-pointer -funroll-all-loops -finline-functions (internal compiler error)
FAIL: libgomp.fortran/examples-4/e.53.4.f90 -O3 -fomit-frame-pointer -funroll-all-loops -finline-functions (test for excess errors)
UNRESOLVED: libgomp.fortran/examples-4/e.53.4.f90 -O3 -fomit-frame-pointer -funroll-all-loops -finline-functions compilation failed to produce executable
FAIL: libgomp.fortran/examples-4/e.53.4.f90 -O3 -g (internal compiler error)
FAIL: libgomp.fortran/examples-4/e.53.4.f90 -O3 -g (test for excess errors)
UNRESOLVED: libgomp.fortran/examples-4/e.53.4.f90 -O3 -g compilation failed to produce executable
FAIL: libgomp.fortran/examples-4/e.53.4.f90 -Os (internal compiler error)
FAIL: libgomp.fortran/examples-4/e.53.4.f90 -Os (test for excess errors)
UNRESOLVED: libgomp.fortran/examples-4/e.53.4.f90 -Os compilation failed to produce executable
FAIL: libgomp.fortran/examples-4/e.53.5.f90 -O0 (internal compiler error)
FAIL: libgomp.fortran/examples-4/e.53.5.f90 -O0 (test for excess errors)
UNRESOLVED: libgomp.fortran/examples-4/e.53.5.f90 -O0 compilation failed to produce executable
FAIL: libgomp.fortran/examples-4/e.53.5.f90 -O1 (internal compiler error)
FAIL: libgomp.fortran/examples-4/e.53.5.f90 -O1 (test for excess errors)
UNRESOLVED: libgomp.fortran/examples-4/e.53.5.f90 -O1 compilation failed to produce executable
FAIL: libgomp.fortran/examples-4/e.53.5.f90 -O2 (internal compiler error)
FAIL: libgomp.fortran/examples-4/e.53.5.f90 -O2 (test for excess errors)
UNRESOLVED: libgomp.fortran/examples-4/e.53.5.f90 -O2 compilation failed to produce executable
FAIL: libgomp.fortran/examples-4/e.53.5.f90 -O3 -fomit-frame-pointer (internal compiler error)
FAIL: libgomp.fortran/examples-4/e.53.5.f90 -O3 -fomit-frame-pointer (test for excess errors)
UNRESOLVED: libgomp.fortran/examples-4/e.53.5.f90 -O3 -fomit-frame-pointer compilation failed to produce executable
FAIL: libgomp.fortran/examples-4/e.53.5.f90 -O3 -fomit-frame-pointer -funroll-loops (internal compiler error)
FAIL: libgomp.fortran/examples-4/e.53.5.f90 -O3 -fomit-frame-pointer -funroll-loops (test for excess errors)
UNRESOLVED: libgomp.fortran/examples-4/e.53.5.f90 -O3 -fomit-frame-pointer -funroll-loops compilation failed to produce executable
FAIL: libgomp.fortran/examples-4/e.53.5.f90 -O3 -fomit-frame-pointer -funroll-all-loops -finline-functions (internal compiler error)
FAIL: libgomp.fortran/examples-4/e.53.5.f90 -O3 -fomit-frame-pointer -funroll-all-loops -finline-functions (test for excess errors)
UNRESOLVED: libgomp.fortran/examples-4/e.53.5.f90 -O3 -fomit-frame-pointer -funroll-all-loops -finline-functions compilation failed to produce executable
FAIL: libgomp.fortran/examples-4/e.53.5.f90 -O3 -g (internal compiler error)
FAIL: libgomp.fortran/examples-4/e.53.5.f90 -O3 -g (test for excess errors)
UNRESOLVED: libgomp.fortran/examples-4/e.53.5.f90 -O3 -g compilation failed to produce executable
FAIL: libgomp.fortran/examples-4/e.53.5.f90 -Os (internal compiler error)
FAIL: libgomp.fortran/examples-4/e.53.5.f90 -Os (test for excess errors)
UNRESOLVED: libgomp.fortran/examples-4/e.53.5.f90 -Os compilation failed to produce executable
FAIL: libgomp.fortran/examples-4/e.54.2.f90 -O0 (internal compiler error)
FAIL: libgomp.fortran/examples-4/e.54.2.f90 -O0 (test for excess errors)
UNRESOLVED: libgomp.fortran/examples-4/e.54.2.f90 -O0 compilation failed to produce executable
FAIL: libgomp.fortran/examples-4/e.54.2.f90 -O1 (internal compiler error)
FAIL: libgomp.fortran/examples-4/e.54.2.f90 -O1 (test for excess errors)
UNRESOLVED: libgomp.fortran/examples-4/e.54.2.f90 -O1 compilation failed to produce executable
FAIL: libgomp.fortran/examples-4/e.54.2.f90 -O2 (internal compiler error)
FAIL: libgomp.fortran/examples-4/e.54.2.f90 -O2 (test for excess errors)
UNRESOLVED: libgomp.fortran/examples-4/e.54.2.f90 -O2 compilation failed to produce executable
FAIL: libgomp.fortran/examples-4/e.54.2.f90 -O3 -fomit-frame-pointer (internal compiler error)
FAIL: libgomp.fortran/examples-4/e.54.2.f90 -O3 -fomit-frame-pointer (test for excess errors)
UNRESOLVED: libgomp.fortran/examples-4/e.54.2.f90 -O3 -fomit-frame-pointer compilation failed to produce executable
FAIL: libgomp.fortran/examples-4/e.54.2.f90 -O3 -fomit-frame-pointer -funroll-loops (internal compiler error)
FAIL: libgomp.fortran/examples-4/e.54.2.f90 -O3 -fomit-frame-pointer -funroll-loops (test for excess errors)
UNRESOLVED: libgomp.fortran/examples-4/e.54.2.f90 -O3 -fomit-frame-pointer -funroll-loops compilation failed to produce executable
FAIL: libgomp.fortran/examples-4/e.54.2.f90 -O3 -fomit-frame-pointer -funroll-all-loops -finline-functions (internal compiler error)
FAIL: libgomp.fortran/examples-4/e.54.2.f90 -O3 -fomit-frame-pointer -funroll-all-loops -finline-functions (test for excess errors)
UNRESOLVED: libgomp.fortran/examples-4/e.54.2.f90 -O3 -fomit-frame-pointer -funroll-all-loops -finline-functions compilation failed to produce executable
FAIL: libgomp.fortran/examples-4/e.54.2.f90 -O3 -g (internal compiler error)
FAIL: libgomp.fortran/examples-4/e.54.2.f90 -O3 -g (test for excess errors)
UNRESOLVED: libgomp.fortran/examples-4/e.54.2.f90 -O3 -g compilation failed to produce executable
FAIL: libgomp.fortran/examples-4/e.54.2.f90 -Os (internal compiler error)
FAIL: libgomp.fortran/examples-4/e.54.2.f90 -Os (test for excess errors)
UNRESOLVED: libgomp.fortran/examples-4/e.54.2.f90 -Os compilation failed to produce executable
FAIL: libgomp.fortran/examples-4/e.54.3.f90 -O0 (internal compiler error)
FAIL: libgomp.fortran/examples-4/e.54.3.f90 -O0 (test for excess errors)
UNRESOLVED: libgomp.fortran/examples-4/e.54.3.f90 -O0 compilation failed to produce executable
FAIL: libgomp.fortran/examples-4/e.54.3.f90 -O1 (internal compiler error)
FAIL: libgomp.fortran/examples-4/e.54.3.f90 -O1 (test for excess errors)
UNRESOLVED: libgomp.fortran/examples-4/e.54.3.f90 -O1 compilation failed to produce executable
FAIL: libgomp.fortran/examples-4/e.54.3.f90 -O2 (internal compiler error)
FAIL: libgomp.fortran/examples-4/e.54.3.f90 -O2 (test for excess errors)
UNRESOLVED: libgomp.fortran/examples-4/e.54.3.f90 -O2 compilation failed to produce executable
FAIL: libgomp.fortran/examples-4/e.54.3.f90 -O3 -fomit-frame-pointer (internal compiler error)
FAIL: libgomp.fortran/examples-4/e.54.3.f90 -O3 -fomit-frame-pointer (test for excess errors)
UNRESOLVED: libgomp.fortran/examples-4/e.54.3.f90 -O3 -fomit-frame-pointer compilation failed to produce executable
FAIL: libgomp.fortran/examples-4/e.54.3.f90 -O3 -fomit-frame-pointer -funroll-loops (internal compiler error)
FAIL: libgomp.fortran/examples-4/e.54.3.f90 -O3 -fomit-frame-pointer -funroll-loops (test for excess errors)
UNRESOLVED: libgomp.fortran/examples-4/e.54.3.f90 -O3 -fomit-frame-pointer -funroll-loops compilation failed to produce executable
FAIL: libgomp.fortran/examples-4/e.54.3.f90 -O3 -fomit-frame-pointer -funroll-all-loops -finline-functions (internal compiler error)
FAIL: libgomp.fortran/examples-4/e.54.3.f90 -O3 -fomit-frame-pointer -funroll-all-loops -finline-functions (test for excess errors)
UNRESOLVED: libgomp.fortran/examples-4/e.54.3.f90 -O3 -fomit-frame-pointer -funroll-all-loops -finline-functions compilation failed to produce executable
FAIL: libgomp.fortran/examples-4/e.54.3.f90 -O3 -g (internal compiler error)
FAIL: libgomp.fortran/examples-4/e.54.3.f90 -O3 -g (test for excess errors)
UNRESOLVED: libgomp.fortran/examples-4/e.54.3.f90 -O3 -g compilation failed to produce executable
FAIL: libgomp.fortran/examples-4/e.54.3.f90 -Os (internal compiler error)
FAIL: libgomp.fortran/examples-4/e.54.3.f90 -Os (test for excess errors)
UNRESOLVED: libgomp.fortran/examples-4/e.54.3.f90 -Os compilation failed to produce executable
FAIL: libgomp.fortran/examples-4/e.54.4.f90 -O0 (internal compiler error)
FAIL: libgomp.fortran/examples-4/e.54.4.f90 -O0 (test for excess errors)
UNRESOLVED: libgomp.fortran/examples-4/e.54.4.f90 -O0 compilation failed to produce executable
FAIL: libgomp.fortran/examples-4/e.54.4.f90 -O1 (internal compiler error)
FAIL: libgomp.fortran/examples-4/e.54.4.f90 -O1 (test for excess errors)
UNRESOLVED: libgomp.fortran/examples-4/e.54.4.f90 -O1 compilation failed to produce executable
FAIL: libgomp.fortran/examples-4/e.54.4.f90 -O2 (internal compiler error)
FAIL: libgomp.fortran/examples-4/e.54.4.f90 -O2 (test for excess errors)
UNRESOLVED: libgomp.fortran/examples-4/e.54.4.f90 -O2 compilation failed to produce executable
FAIL: libgomp.fortran/examples-4/e.54.4.f90 -O3 -fomit-frame-pointer (internal compiler error)
FAIL: libgomp.fortran/examples-4/e.54.4.f90 -O3 -fomit-frame-pointer (test for excess errors)
UNRESOLVED: libgomp.fortran/examples-4/e.54.4.f90 -O3 -fomit-frame-pointer compilation failed to produce executable
FAIL: libgomp.fortran/examples-4/e.54.4.f90 -O3 -fomit-frame-pointer -funroll-loops (internal compiler error)
FAIL: libgomp.fortran/examples-4/e.54.4.f90 -O3 -fomit-frame-pointer -funroll-loops (test for excess errors)
UNRESOLVED: libgomp.fortran/examples-4/e.54.4.f90 -O3 -fomit-frame-pointer -funroll-loops compilation failed to produce executable
FAIL: libgomp.fortran/examples-4/e.54.4.f90 -O3 -fomit-frame-pointer -funroll-all-loops -finline-functions (internal compiler error)
FAIL: libgomp.fortran/examples-4/e.54.4.f90 -O3 -fomit-frame-pointer -funroll-all-loops -finline-functions (test for excess errors)
UNRESOLVED: libgomp.fortran/examples-4/e.54.4.f90 -O3 -fomit-frame-pointer -funroll-all-loops -finline-functions compilation failed to produce executable
FAIL: libgomp.fortran/examples-4/e.54.4.f90 -O3 -g (internal compiler error)
FAIL: libgomp.fortran/examples-4/e.54.4.f90 -O3 -g (test for excess errors)
UNRESOLVED: libgomp.fortran/examples-4/e.54.4.f90 -O3 -g compilation failed to produce executable
FAIL: libgomp.fortran/examples-4/e.54.4.f90 -Os (internal compiler error)
FAIL: libgomp.fortran/examples-4/e.54.4.f90 -Os (test for excess errors)
UNRESOLVED: libgomp.fortran/examples-4/e.54.4.f90 -Os compilation failed to produce executable
FAIL: libgomp.fortran/examples-4/e.54.5.f90 -O0 (internal compiler error)
FAIL: libgomp.fortran/examples-4/e.54.5.f90 -O0 (test for excess errors)
UNRESOLVED: libgomp.fortran/examples-4/e.54.5.f90 -O0 compilation failed to produce executable
FAIL: libgomp.fortran/examples-4/e.54.5.f90 -O1 (internal compiler error)
FAIL: libgomp.fortran/examples-4/e.54.5.f90 -O1 (test for excess errors)
UNRESOLVED: libgomp.fortran/examples-4/e.54.5.f90 -O1 compilation failed to produce executable
FAIL: libgomp.fortran/examples-4/e.54.5.f90 -O2 (internal compiler error)
FAIL: libgomp.fortran/examples-4/e.54.5.f90 -O2 (test for excess errors)
UNRESOLVED: libgomp.fortran/examples-4/e.54.5.f90 -O2 compilation failed to produce executable
FAIL: libgomp.fortran/examples-4/e.54.5.f90 -O3 -fomit-frame-pointer (internal compiler error)
FAIL: libgomp.fortran/examples-4/e.54.5.f90 -O3 -fomit-frame-pointer (test for excess errors)
UNRESOLVED: libgomp.fortran/examples-4/e.54.5.f90 -O3 -fomit-frame-pointer compilation failed to produce executable
FAIL: libgomp.fortran/examples-4/e.54.5.f90 -O3 -fomit-frame-pointer -funroll-loops (internal compiler error)
FAIL: libgomp.fortran/examples-4/e.54.5.f90 -O3 -fomit-frame-pointer -funroll-loops (test for excess errors)
UNRESOLVED: libgomp.fortran/examples-4/e.54.5.f90 -O3 -fomit-frame-pointer -funroll-loops compilation failed to produce executable
FAIL: libgomp.fortran/examples-4/e.54.5.f90 -O3 -fomit-frame-pointer -funroll-all-loops -finline-functions (internal compiler error)
FAIL: libgomp.fortran/examples-4/e.54.5.f90 -O3 -fomit-frame-pointer -funroll-all-loops -finline-functions (test for excess errors)
UNRESOLVED: libgomp.fortran/examples-4/e.54.5.f90 -O3 -fomit-frame-pointer -funroll-all-loops -finline-functions compilation failed to produce executable
FAIL: libgomp.fortran/examples-4/e.54.5.f90 -O3 -g (internal compiler error)
FAIL: libgomp.fortran/examples-4/e.54.5.f90 -O3 -g (test for excess errors)
UNRESOLVED: libgomp.fortran/examples-4/e.54.5.f90 -O3 -g compilation failed to produce executable
FAIL: libgomp.fortran/examples-4/e.54.5.f90 -Os (internal compiler error)
FAIL: libgomp.fortran/examples-4/e.54.5.f90 -Os (test for excess errors)
UNRESOLVED: libgomp.fortran/examples-4/e.54.5.f90 -Os compilation failed to produce executable
FAIL: libgomp.fortran/examples-4/e.54.6.f90 -O0 (internal compiler error)
FAIL: libgomp.fortran/examples-4/e.54.6.f90 -O0 (test for excess errors)
UNRESOLVED: libgomp.fortran/examples-4/e.54.6.f90 -O0 compilation failed to produce executable
FAIL: libgomp.fortran/examples-4/e.54.6.f90 -O1 (internal compiler error)
FAIL: libgomp.fortran/examples-4/e.54.6.f90 -O1 (test for excess errors)
UNRESOLVED: libgomp.fortran/examples-4/e.54.6.f90 -O1 compilation failed to produce executable
FAIL: libgomp.fortran/examples-4/e.54.6.f90 -O2 (internal compiler error)
FAIL: libgomp.fortran/examples-4/e.54.6.f90 -O2 (test for excess errors)
UNRESOLVED: libgomp.fortran/examples-4/e.54.6.f90 -O2 compilation failed to produce executable
FAIL: libgomp.fortran/examples-4/e.54.6.f90 -O3 -fomit-frame-pointer (internal compiler error)
FAIL: libgomp.fortran/examples-4/e.54.6.f90 -O3 -fomit-frame-pointer (test for excess errors)
UNRESOLVED: libgomp.fortran/examples-4/e.54.6.f90 -O3 -fomit-frame-pointer compilation failed to produce executable
FAIL: libgomp.fortran/examples-4/e.54.6.f90 -O3 -fomit-frame-pointer -funroll-loops (internal compiler error)
FAIL: libgomp.fortran/examples-4/e.54.6.f90 -O3 -fomit-frame-pointer -funroll-loops (test for excess errors)
UNRESOLVED: libgomp.fortran/examples-4/e.54.6.f90 -O3 -fomit-frame-pointer -funroll-loops compilation failed to produce executable
FAIL: libgomp.fortran/examples-4/e.54.6.f90 -O3 -fomit-frame-pointer -funroll-all-loops -finline-functions (internal compiler error)
FAIL: libgomp.fortran/examples-4/e.54.6.f90 -O3 -fomit-frame-pointer -funroll-all-loops -finline-functions (test for excess errors)
UNRESOLVED: libgomp.fortran/examples-4/e.54.6.f90 -O3 -fomit-frame-pointer -funroll-all-loops -finline-functions compilation failed to produce executable
FAIL: libgomp.fortran/examples-4/e.54.6.f90 -O3 -g (internal compiler error)
FAIL: libgomp.fortran/examples-4/e.54.6.f90 -O3 -g (test for excess errors)
UNRESOLVED: libgomp.fortran/examples-4/e.54.6.f90 -O3 -g compilation failed to produce executable
FAIL: libgomp.fortran/examples-4/e.54.6.f90 -Os (internal compiler error)
FAIL: libgomp.fortran/examples-4/e.54.6.f90 -Os (test for excess errors)
UNRESOLVED: libgomp.fortran/examples-4/e.54.6.f90 -Os compilation failed to produce executable
FAIL: libgomp.fortran/examples-4/e.55.1.f90 -O0 (internal compiler error)
FAIL: libgomp.fortran/examples-4/e.55.1.f90 -O0 (test for excess errors)
UNRESOLVED: libgomp.fortran/examples-4/e.55.1.f90 -O0 compilation failed to produce executable
FAIL: libgomp.fortran/examples-4/e.55.1.f90 -O1 (internal compiler error)
FAIL: libgomp.fortran/examples-4/e.55.1.f90 -O1 (test for excess errors)
UNRESOLVED: libgomp.fortran/examples-4/e.55.1.f90 -O1 compilation failed to produce executable
FAIL: libgomp.fortran/examples-4/e.55.1.f90 -O2 (internal compiler error)
FAIL: libgomp.fortran/examples-4/e.55.1.f90 -O2 (test for excess errors)
UNRESOLVED: libgomp.fortran/examples-4/e.55.1.f90 -O2 compilation failed to produce executable
FAIL: libgomp.fortran/examples-4/e.55.1.f90 -O3 -fomit-frame-pointer (internal compiler error)
FAIL: libgomp.fortran/examples-4/e.55.1.f90 -O3 -fomit-frame-pointer (test for excess errors)
UNRESOLVED: libgomp.fortran/examples-4/e.55.1.f90 -O3 -fomit-frame-pointer compilation failed to produce executable
FAIL: libgomp.fortran/examples-4/e.55.1.f90 -O3 -fomit-frame-pointer -funroll-loops (internal compiler error)
FAIL: libgomp.fortran/examples-4/e.55.1.f90 -O3 -fomit-frame-pointer -funroll-loops (test for excess errors)
UNRESOLVED: libgomp.fortran/examples-4/e.55.1.f90 -O3 -fomit-frame-pointer -funroll-loops compilation failed to produce executable
FAIL: libgomp.fortran/examples-4/e.55.1.f90 -O3 -fomit-frame-pointer -funroll-all-loops -finline-functions (internal compiler error)
FAIL: libgomp.fortran/examples-4/e.55.1.f90 -O3 -fomit-frame-pointer -funroll-all-loops -finline-functions (test for excess errors)
UNRESOLVED: libgomp.fortran/examples-4/e.55.1.f90 -O3 -fomit-frame-pointer -funroll-all-loops -finline-functions compilation failed to produce executable
FAIL: libgomp.fortran/examples-4/e.55.1.f90 -O3 -g (internal compiler error)
FAIL: libgomp.fortran/examples-4/e.55.1.f90 -O3 -g (test for excess errors)
UNRESOLVED: libgomp.fortran/examples-4/e.55.1.f90 -O3 -g compilation failed to produce executable
FAIL: libgomp.fortran/examples-4/e.55.1.f90 -Os (internal compiler error)
FAIL: libgomp.fortran/examples-4/e.55.1.f90 -Os (test for excess errors)
UNRESOLVED: libgomp.fortran/examples-4/e.55.1.f90 -Os compilation failed to produce executable
FAIL: libgomp.fortran/examples-4/e.56.3.f90 -O0 (internal compiler error)
FAIL: libgomp.fortran/examples-4/e.56.3.f90 -O0 (test for excess errors)
UNRESOLVED: libgomp.fortran/examples-4/e.56.3.f90 -O0 compilation failed to produce executable
FAIL: libgomp.fortran/examples-4/e.56.3.f90 -O1 (internal compiler error)
FAIL: libgomp.fortran/examples-4/e.56.3.f90 -O1 (test for excess errors)
UNRESOLVED: libgomp.fortran/examples-4/e.56.3.f90 -O1 compilation failed to produce executable
FAIL: libgomp.fortran/examples-4/e.56.3.f90 -O2 (internal compiler error)
FAIL: libgomp.fortran/examples-4/e.56.3.f90 -O2 (test for excess errors)
UNRESOLVED: libgomp.fortran/examples-4/e.56.3.f90 -O2 compilation failed to produce executable
FAIL: libgomp.fortran/examples-4/e.56.3.f90 -O3 -fomit-frame-pointer (internal compiler error)
FAIL: libgomp.fortran/examples-4/e.56.3.f90 -O3 -fomit-frame-pointer (test for excess errors)
UNRESOLVED: libgomp.fortran/examples-4/e.56.3.f90 -O3 -fomit-frame-pointer compilation failed to produce executable
FAIL: libgomp.fortran/examples-4/e.56.3.f90 -O3 -fomit-frame-pointer -funroll-loops (internal compiler error)
FAIL: libgomp.fortran/examples-4/e.56.3.f90 -O3 -fomit-frame-pointer -funroll-loops (test for excess errors)
UNRESOLVED: libgomp.fortran/examples-4/e.56.3.f90 -O3 -fomit-frame-pointer -funroll-loops compilation failed to produce executable
FAIL: libgomp.fortran/examples-4/e.56.3.f90 -O3 -fomit-frame-pointer -funroll-all-loops -finline-functions (internal compiler error)
FAIL: libgomp.fortran/examples-4/e.56.3.f90 -O3 -fomit-frame-pointer -funroll-all-loops -finline-functions (test for excess errors)
UNRESOLVED: libgomp.fortran/examples-4/e.56.3.f90 -O3 -fomit-frame-pointer -funroll-all-loops -finline-functions compilation failed to produce executable
FAIL: libgomp.fortran/examples-4/e.56.3.f90 -O3 -g (internal compiler error)
FAIL: libgomp.fortran/examples-4/e.56.3.f90 -O3 -g (test for excess errors)
UNRESOLVED: libgomp.fortran/examples-4/e.56.3.f90 -O3 -g compilation failed to produce executable
FAIL: libgomp.fortran/examples-4/e.56.3.f90 -Os (internal compiler error)
FAIL: libgomp.fortran/examples-4/e.56.3.f90 -Os (test for excess errors)
UNRESOLVED: libgomp.fortran/examples-4/e.56.3.f90 -Os compilation failed to produce executable
FAIL: libgomp.fortran/examples-4/e.56.4.f90 -O0 (internal compiler error)
FAIL: libgomp.fortran/examples-4/e.56.4.f90 -O0 (test for excess errors)
UNRESOLVED: libgomp.fortran/examples-4/e.56.4.f90 -O0 compilation failed to produce executable
FAIL: libgomp.fortran/examples-4/e.56.4.f90 -O1 (internal compiler error)
FAIL: libgomp.fortran/examples-4/e.56.4.f90 -O1 (test for excess errors)
UNRESOLVED: libgomp.fortran/examples-4/e.56.4.f90 -O1 compilation failed to produce executable
FAIL: libgomp.fortran/examples-4/e.56.4.f90 -O2 (internal compiler error)
FAIL: libgomp.fortran/examples-4/e.56.4.f90 -O2 (test for excess errors)
UNRESOLVED: libgomp.fortran/examples-4/e.56.4.f90 -O2 compilation failed to produce executable
FAIL: libgomp.fortran/examples-4/e.56.4.f90 -O3 -fomit-frame-pointer (internal compiler error)
FAIL: libgomp.fortran/examples-4/e.56.4.f90 -O3 -fomit-frame-pointer (test for excess errors)
UNRESOLVED: libgomp.fortran/examples-4/e.56.4.f90 -O3 -fomit-frame-pointer compilation failed to produce executable
FAIL: libgomp.fortran/examples-4/e.56.4.f90 -O3 -fomit-frame-pointer -funroll-loops (internal compiler error)
FAIL: libgomp.fortran/examples-4/e.56.4.f90 -O3 -fomit-frame-pointer -funroll-loops (test for excess errors)
UNRESOLVED: libgomp.fortran/examples-4/e.56.4.f90 -O3 -fomit-frame-pointer -funroll-loops compilation failed to produce executable
FAIL: libgomp.fortran/examples-4/e.56.4.f90 -O3 -fomit-frame-pointer -funroll-all-loops -finline-functions (internal compiler error)
FAIL: libgomp.fortran/examples-4/e.56.4.f90 -O3 -fomit-frame-pointer -funroll-all-loops -finline-functions (test for excess errors)
UNRESOLVED: libgomp.fortran/examples-4/e.56.4.f90 -O3 -fomit-frame-pointer -funroll-all-loops -finline-functions compilation failed to produce executable
FAIL: libgomp.fortran/examples-4/e.56.4.f90 -O3 -g (internal compiler error)
FAIL: libgomp.fortran/examples-4/e.56.4.f90 -O3 -g (test for excess errors)
UNRESOLVED: libgomp.fortran/examples-4/e.56.4.f90 -O3 -g compilation failed to produce executable
FAIL: libgomp.fortran/examples-4/e.56.4.f90 -Os (internal compiler error)
FAIL: libgomp.fortran/examples-4/e.56.4.f90 -Os (test for excess errors)
UNRESOLVED: libgomp.fortran/examples-4/e.56.4.f90 -Os compilation failed to produce executable
FAIL: libgomp.fortran/nestedfn5.f90 -O0 (internal compiler error)
FAIL: libgomp.fortran/nestedfn5.f90 -O0 (test for excess errors)
UNRESOLVED: libgomp.fortran/nestedfn5.f90 -O0 compilation failed to produce executable
FAIL: libgomp.fortran/nestedfn5.f90 -O1 (internal compiler error)
FAIL: libgomp.fortran/nestedfn5.f90 -O1 (test for excess errors)
UNRESOLVED: libgomp.fortran/nestedfn5.f90 -O1 compilation failed to produce executable
FAIL: libgomp.fortran/nestedfn5.f90 -O2 (internal compiler error)
FAIL: libgomp.fortran/nestedfn5.f90 -O2 (test for excess errors)
UNRESOLVED: libgomp.fortran/nestedfn5.f90 -O2 compilation failed to produce executable
FAIL: libgomp.fortran/nestedfn5.f90 -O3 -fomit-frame-pointer (internal compiler error)
FAIL: libgomp.fortran/nestedfn5.f90 -O3 -fomit-frame-pointer (test for excess errors)
UNRESOLVED: libgomp.fortran/nestedfn5.f90 -O3 -fomit-frame-pointer compilation failed to produce executable
FAIL: libgomp.fortran/nestedfn5.f90 -O3 -fomit-frame-pointer -funroll-loops (internal compiler error)
FAIL: libgomp.fortran/nestedfn5.f90 -O3 -fomit-frame-pointer -funroll-loops (test for excess errors)
UNRESOLVED: libgomp.fortran/nestedfn5.f90 -O3 -fomit-frame-pointer -funroll-loops compilation failed to produce executable
FAIL: libgomp.fortran/nestedfn5.f90 -O3 -fomit-frame-pointer -funroll-all-loops -finline-functions (internal compiler error)
FAIL: libgomp.fortran/nestedfn5.f90 -O3 -fomit-frame-pointer -funroll-all-loops -finline-functions (test for excess errors)
UNRESOLVED: libgomp.fortran/nestedfn5.f90 -O3 -fomit-frame-pointer -funroll-all-loops -finline-functions compilation failed to produce executable
FAIL: libgomp.fortran/nestedfn5.f90 -O3 -g (internal compiler error)
FAIL: libgomp.fortran/nestedfn5.f90 -O3 -g (test for excess errors)
UNRESOLVED: libgomp.fortran/nestedfn5.f90 -O3 -g compilation failed to produce executable
FAIL: libgomp.fortran/nestedfn5.f90 -Os (internal compiler error)
FAIL: libgomp.fortran/nestedfn5.f90 -Os (test for excess errors)
UNRESOLVED: libgomp.fortran/nestedfn5.f90 -Os compilation failed to produce executable
FAIL: libgomp.fortran/target1.f90 -O0 (internal compiler error)
FAIL: libgomp.fortran/target1.f90 -O0 (test for excess errors)
UNRESOLVED: libgomp.fortran/target1.f90 -O0 compilation failed to produce executable
FAIL: libgomp.fortran/target1.f90 -O1 (internal compiler error)
FAIL: libgomp.fortran/target1.f90 -O1 (test for excess errors)
UNRESOLVED: libgomp.fortran/target1.f90 -O1 compilation failed to produce executable
FAIL: libgomp.fortran/target1.f90 -O2 (internal compiler error)
FAIL: libgomp.fortran/target1.f90 -O2 (test for excess errors)
UNRESOLVED: libgomp.fortran/target1.f90 -O2 compilation failed to produce executable
FAIL: libgomp.fortran/target1.f90 -O3 -fomit-frame-pointer (internal compiler error)
FAIL: libgomp.fortran/target1.f90 -O3 -fomit-frame-pointer (test for excess errors)
UNRESOLVED: libgomp.fortran/target1.f90 -O3 -fomit-frame-pointer compilation failed to produce executable
FAIL: libgomp.fortran/target1.f90 -O3 -fomit-frame-pointer -funroll-loops (internal compiler error)
FAIL: libgomp.fortran/target1.f90 -O3 -fomit-frame-pointer -funroll-loops (test for excess errors)
UNRESOLVED: libgomp.fortran/target1.f90 -O3 -fomit-frame-pointer -funroll-loops compilation failed to produce executable
FAIL: libgomp.fortran/target1.f90 -O3 -fomit-frame-pointer -funroll-all-loops -finline-functions (internal compiler error)
FAIL: libgomp.fortran/target1.f90 -O3 -fomit-frame-pointer -funroll-all-loops -finline-functions (test for excess errors)
UNRESOLVED: libgomp.fortran/target1.f90 -O3 -fomit-frame-pointer -funroll-all-loops -finline-functions compilation failed to produce executable
FAIL: libgomp.fortran/target1.f90 -O3 -g (internal compiler error)
FAIL: libgomp.fortran/target1.f90 -O3 -g (test for excess errors)
UNRESOLVED: libgomp.fortran/target1.f90 -O3 -g compilation failed to produce executable
FAIL: libgomp.fortran/target1.f90 -Os (internal compiler error)
FAIL: libgomp.fortran/target1.f90 -Os (test for excess errors)
UNRESOLVED: libgomp.fortran/target1.f90 -Os compilation failed to produce executable
FAIL: libgomp.fortran/target2.f90 -O0 (internal compiler error)
FAIL: libgomp.fortran/target2.f90 -O0 (test for excess errors)
UNRESOLVED: libgomp.fortran/target2.f90 -O0 compilation failed to produce executable
FAIL: libgomp.fortran/target2.f90 -O1 (internal compiler error)
FAIL: libgomp.fortran/target2.f90 -O1 (test for excess errors)
UNRESOLVED: libgomp.fortran/target2.f90 -O1 compilation failed to produce executable
FAIL: libgomp.fortran/target2.f90 -O2 (internal compiler error)
FAIL: libgomp.fortran/target2.f90 -O2 (test for excess errors)
UNRESOLVED: libgomp.fortran/target2.f90 -O2 compilation failed to produce executable
FAIL: libgomp.fortran/target2.f90 -O3 -fomit-frame-pointer (internal compiler error)
FAIL: libgomp.fortran/target2.f90 -O3 -fomit-frame-pointer (test for excess errors)
UNRESOLVED: libgomp.fortran/target2.f90 -O3 -fomit-frame-pointer compilation failed to produce executable
FAIL: libgomp.fortran/target2.f90 -O3 -fomit-frame-pointer -funroll-loops (internal compiler error)
FAIL: libgomp.fortran/target2.f90 -O3 -fomit-frame-pointer -funroll-loops (test for excess errors)
UNRESOLVED: libgomp.fortran/target2.f90 -O3 -fomit-frame-pointer -funroll-loops compilation failed to produce executable
FAIL: libgomp.fortran/target2.f90 -O3 -fomit-frame-pointer -funroll-all-loops -finline-functions (internal compiler error)
FAIL: libgomp.fortran/target2.f90 -O3 -fomit-frame-pointer -funroll-all-loops -finline-functions (test for excess errors)
UNRESOLVED: libgomp.fortran/target2.f90 -O3 -fomit-frame-pointer -funroll-all-loops -finline-functions compilation failed to produce executable
FAIL: libgomp.fortran/target2.f90 -O3 -g (internal compiler error)
FAIL: libgomp.fortran/target2.f90 -O3 -g (test for excess errors)
UNRESOLVED: libgomp.fortran/target2.f90 -O3 -g compilation failed to produce executable
FAIL: libgomp.fortran/target2.f90 -Os (internal compiler error)
FAIL: libgomp.fortran/target2.f90 -Os (test for excess errors)
UNRESOLVED: libgomp.fortran/target2.f90 -Os compilation failed to produce executable
FAIL: libgomp.fortran/target3.f90 -O0 (internal compiler error)
FAIL: libgomp.fortran/target3.f90 -O0 (test for excess errors)
UNRESOLVED: libgomp.fortran/target3.f90 -O0 compilation failed to produce executable
FAIL: libgomp.fortran/target3.f90 -O1 (internal compiler error)
FAIL: libgomp.fortran/target3.f90 -O1 (test for excess errors)
UNRESOLVED: libgomp.fortran/target3.f90 -O1 compilation failed to produce executable
FAIL: libgomp.fortran/target3.f90 -O2 (internal compiler error)
FAIL: libgomp.fortran/target3.f90 -O2 (test for excess errors)
UNRESOLVED: libgomp.fortran/target3.f90 -O2 compilation failed to produce executable
FAIL: libgomp.fortran/target3.f90 -O3 -fomit-frame-pointer (internal compiler error)
FAIL: libgomp.fortran/target3.f90 -O3 -fomit-frame-pointer (test for excess errors)
UNRESOLVED: libgomp.fortran/target3.f90 -O3 -fomit-frame-pointer compilation failed to produce executable
FAIL: libgomp.fortran/target3.f90 -O3 -fomit-frame-pointer -funroll-loops (internal compiler error)
FAIL: libgomp.fortran/target3.f90 -O3 -fomit-frame-pointer -funroll-loops (test for excess errors)
UNRESOLVED: libgomp.fortran/target3.f90 -O3 -fomit-frame-pointer -funroll-loops compilation failed to produce executable
FAIL: libgomp.fortran/target3.f90 -O3 -fomit-frame-pointer -funroll-all-loops -finline-functions (internal compiler error)
FAIL: libgomp.fortran/target3.f90 -O3 -fomit-frame-pointer -funroll-all-loops -finline-functions (test for excess errors)
UNRESOLVED: libgomp.fortran/target3.f90 -O3 -fomit-frame-pointer -funroll-all-loops -finline-functions compilation failed to produce executable
FAIL: libgomp.fortran/target3.f90 -O3 -g (internal compiler error)
FAIL: libgomp.fortran/target3.f90 -O3 -g (test for excess errors)
UNRESOLVED: libgomp.fortran/target3.f90 -O3 -g compilation failed to produce executable
FAIL: libgomp.fortran/target3.f90 -Os (internal compiler error)
FAIL: libgomp.fortran/target3.f90 -Os (test for excess errors)
UNRESOLVED: libgomp.fortran/target3.f90 -Os compilation failed to produce executable
FAIL: libgomp.fortran/target4.f90 -O0 (internal compiler error)
FAIL: libgomp.fortran/target4.f90 -O0 (test for excess errors)
UNRESOLVED: libgomp.fortran/target4.f90 -O0 compilation failed to produce executable
FAIL: libgomp.fortran/target4.f90 -O1 (internal compiler error)
FAIL: libgomp.fortran/target4.f90 -O1 (test for excess errors)
UNRESOLVED: libgomp.fortran/target4.f90 -O1 compilation failed to produce executable
FAIL: libgomp.fortran/target4.f90 -O2 (internal compiler error)
FAIL: libgomp.fortran/target4.f90 -O2 (test for excess errors)
UNRESOLVED: libgomp.fortran/target4.f90 -O2 compilation failed to produce executable
FAIL: libgomp.fortran/target4.f90 -O3 -fomit-frame-pointer (internal compiler error)
FAIL: libgomp.fortran/target4.f90 -O3 -fomit-frame-pointer (test for excess errors)
UNRESOLVED: libgomp.fortran/target4.f90 -O3 -fomit-frame-pointer compilation failed to produce executable
FAIL: libgomp.fortran/target4.f90 -O3 -fomit-frame-pointer -funroll-loops (internal compiler error)
FAIL: libgomp.fortran/target4.f90 -O3 -fomit-frame-pointer -funroll-loops (test for excess errors)
UNRESOLVED: libgomp.fortran/target4.f90 -O3 -fomit-frame-pointer -funroll-loops compilation failed to produce executable
FAIL: libgomp.fortran/target4.f90 -O3 -fomit-frame-pointer -funroll-all-loops -finline-functions (internal compiler error)
FAIL: libgomp.fortran/target4.f90 -O3 -fomit-frame-pointer -funroll-all-loops -finline-functions (test for excess errors)
UNRESOLVED: libgomp.fortran/target4.f90 -O3 -fomit-frame-pointer -funroll-all-loops -finline-functions compilation failed to produce executable
FAIL: libgomp.fortran/target4.f90 -O3 -g (internal compiler error)
FAIL: libgomp.fortran/target4.f90 -O3 -g (test for excess errors)
UNRESOLVED: libgomp.fortran/target4.f90 -O3 -g compilation failed to produce executable
FAIL: libgomp.fortran/target4.f90 -Os (internal compiler error)
FAIL: libgomp.fortran/target4.f90 -Os (test for excess errors)
UNRESOLVED: libgomp.fortran/target4.f90 -Os compilation failed to produce executable
FAIL: libgomp.fortran/target5.f90 -O (internal compiler error)
FAIL: libgomp.fortran/target5.f90 -O (test for excess errors)
FAIL: libgomp.fortran/target6.f90 -O0 (internal compiler error)
FAIL: libgomp.fortran/target6.f90 -O0 (test for excess errors)
UNRESOLVED: libgomp.fortran/target6.f90 -O0 compilation failed to produce executable
FAIL: libgomp.fortran/target6.f90 -O1 (internal compiler error)
FAIL: libgomp.fortran/target6.f90 -O1 (test for excess errors)
UNRESOLVED: libgomp.fortran/target6.f90 -O1 compilation failed to produce executable
FAIL: libgomp.fortran/target6.f90 -O2 (internal compiler error)
FAIL: libgomp.fortran/target6.f90 -O2 (test for excess errors)
UNRESOLVED: libgomp.fortran/target6.f90 -O2 compilation failed to produce executable
FAIL: libgomp.fortran/target6.f90 -O3 -fomit-frame-pointer (internal compiler error)
FAIL: libgomp.fortran/target6.f90 -O3 -fomit-frame-pointer (test for excess errors)
UNRESOLVED: libgomp.fortran/target6.f90 -O3 -fomit-frame-pointer compilation failed to produce executable
FAIL: libgomp.fortran/target6.f90 -O3 -fomit-frame-pointer -funroll-loops (internal compiler error)
FAIL: libgomp.fortran/target6.f90 -O3 -fomit-frame-pointer -funroll-loops (test for excess errors)
UNRESOLVED: libgomp.fortran/target6.f90 -O3 -fomit-frame-pointer -funroll-loops compilation failed to produce executable
FAIL: libgomp.fortran/target6.f90 -O3 -fomit-frame-pointer -funroll-all-loops -finline-functions (internal compiler error)
FAIL: libgomp.fortran/target6.f90 -O3 -fomit-frame-pointer -funroll-all-loops -finline-functions (test for excess errors)
UNRESOLVED: libgomp.fortran/target6.f90 -O3 -fomit-frame-pointer -funroll-all-loops -finline-functions compilation failed to produce executable
FAIL: libgomp.fortran/target6.f90 -O3 -g (internal compiler error)
FAIL: libgomp.fortran/target6.f90 -O3 -g (test for excess errors)
UNRESOLVED: libgomp.fortran/target6.f90 -O3 -g compilation failed to produce executable
FAIL: libgomp.fortran/target6.f90 -Os (internal compiler error)
FAIL: libgomp.fortran/target6.f90 -Os (test for excess errors)
UNRESOLVED: libgomp.fortran/target6.f90 -Os compilation failed to produce executable
FAIL: libgomp.fortran/target7.f90 -O0 (internal compiler error)
FAIL: libgomp.fortran/target7.f90 -O0 (test for excess errors)
UNRESOLVED: libgomp.fortran/target7.f90 -O0 compilation failed to produce executable
FAIL: libgomp.fortran/target7.f90 -O1 (internal compiler error)
FAIL: libgomp.fortran/target7.f90 -O1 (test for excess errors)
UNRESOLVED: libgomp.fortran/target7.f90 -O1 compilation failed to produce executable
FAIL: libgomp.fortran/target7.f90 -O2 (internal compiler error)
FAIL: libgomp.fortran/target7.f90 -O2 (test for excess errors)
UNRESOLVED: libgomp.fortran/target7.f90 -O2 compilation failed to produce executable
FAIL: libgomp.fortran/target7.f90 -O3 -fomit-frame-pointer (internal compiler error)
FAIL: libgomp.fortran/target7.f90 -O3 -fomit-frame-pointer (test for excess errors)
UNRESOLVED: libgomp.fortran/target7.f90 -O3 -fomit-frame-pointer compilation failed to produce executable
FAIL: libgomp.fortran/target7.f90 -O3 -fomit-frame-pointer -funroll-loops (internal compiler error)
FAIL: libgomp.fortran/target7.f90 -O3 -fomit-frame-pointer -funroll-loops (test for excess errors)
UNRESOLVED: libgomp.fortran/target7.f90 -O3 -fomit-frame-pointer -funroll-loops compilation failed to produce executable
FAIL: libgomp.fortran/target7.f90 -O3 -fomit-frame-pointer -funroll-all-loops -finline-functions (internal compiler error)
FAIL: libgomp.fortran/target7.f90 -O3 -fomit-frame-pointer -funroll-all-loops -finline-functions (test for excess errors)
UNRESOLVED: libgomp.fortran/target7.f90 -O3 -fomit-frame-pointer -funroll-all-loops -finline-functions compilation failed to produce executable
FAIL: libgomp.fortran/target7.f90 -O3 -g (internal compiler error)
FAIL: libgomp.fortran/target7.f90 -O3 -g (test for excess errors)
UNRESOLVED: libgomp.fortran/target7.f90 -O3 -g compilation failed to produce executable
FAIL: libgomp.fortran/target7.f90 -Os (internal compiler error)
FAIL: libgomp.fortran/target7.f90 -Os (test for excess errors)
UNRESOLVED: libgomp.fortran/target7.f90 -Os compilation failed to produce executable
FAIL: libgomp.fortran/target8.f90 -O0 (internal compiler error)
FAIL: libgomp.fortran/target8.f90 -O0 (test for excess errors)
UNRESOLVED: libgomp.fortran/target8.f90 -O0 compilation failed to produce executable
FAIL: libgomp.fortran/target8.f90 -O1 (internal compiler error)
FAIL: libgomp.fortran/target8.f90 -O1 (test for excess errors)
UNRESOLVED: libgomp.fortran/target8.f90 -O1 compilation failed to produce executable
FAIL: libgomp.fortran/target8.f90 -O2 (internal compiler error)
FAIL: libgomp.fortran/target8.f90 -O2 (test for excess errors)
UNRESOLVED: libgomp.fortran/target8.f90 -O2 compilation failed to produce executable
FAIL: libgomp.fortran/target8.f90 -O3 -fomit-frame-pointer (internal compiler error)
FAIL: libgomp.fortran/target8.f90 -O3 -fomit-frame-pointer (test for excess errors)
UNRESOLVED: libgomp.fortran/target8.f90 -O3 -fomit-frame-pointer compilation failed to produce executable
FAIL: libgomp.fortran/target8.f90 -O3 -fomit-frame-pointer -funroll-loops (internal compiler error)
FAIL: libgomp.fortran/target8.f90 -O3 -fomit-frame-pointer -funroll-loops (test for excess errors)
UNRESOLVED: libgomp.fortran/target8.f90 -O3 -fomit-frame-pointer -funroll-loops compilation failed to produce executable
FAIL: libgomp.fortran/target8.f90 -O3 -fomit-frame-pointer -funroll-all-loops -finline-functions (internal compiler error)
FAIL: libgomp.fortran/target8.f90 -O3 -fomit-frame-pointer -funroll-all-loops -finline-functions (test for excess errors)
UNRESOLVED: libgomp.fortran/target8.f90 -O3 -fomit-frame-pointer -funroll-all-loops -finline-functions compilation failed to produce executable
FAIL: libgomp.fortran/target8.f90 -O3 -g (internal compiler error)
FAIL: libgomp.fortran/target8.f90 -O3 -g (test for excess errors)
UNRESOLVED: libgomp.fortran/target8.f90 -O3 -g compilation failed to produce executable
FAIL: libgomp.fortran/target8.f90 -Os (internal compiler error)
FAIL: libgomp.fortran/target8.f90 -Os (test for excess errors)
UNRESOLVED: libgomp.fortran/target8.f90 -Os compilation failed to produce executable
=== libgomp Summary ===
# of expected passes 3019
# of unexpected failures 592
# of unresolved testcases 295
# of unsupported tests 109
=== libjava tests ===
Running target unix
FAIL: KeepInline output - source compiled test
FAIL: LargeFile execution - source compiled test
FAIL: LargeFile -findirect-dispatch execution - source compiled test
FAIL: LargeFile -O3 execution - source compiled test
FAIL: LargeFile -O3 -findirect-dispatch execution - source compiled test
=== libjava Summary ===
# of expected passes 2573
# of unexpected failures 5
# of expected failures 4
# of untested testcases 4
=== libstdc++ tests ===
Running target unix
=== libstdc++ Summary ===
# of expected passes 8526
# of expected failures 68
# of unsupported tests 958
Compiler version: 5.0.0 20141119 (experimental) [trunk revision 217745] (GCC)
Platform: hppa2.0w-hp-hpux11.11
configure flags:Test Run By dave on Wed Nov 19 15:12:30 2014