This is the mail archive of the
gcc-testresults@gcc.gnu.org
mailing list for the GCC project.
Results for 5.0.0 20141118 (experimental) [trunk revision 217689] (GCC) testsuite on i686-pc-linux-gnu
- From: ia32 at gnu-1 dot sc dot intel dot com (H.J. Lu (ia32))
- To: gcc-testresults at gcc dot gnu dot org
- Date: Tue, 18 Nov 2014 02:56:52 -0800
- Subject: Results for 5.0.0 20141118 (experimental) [trunk revision 217689] (GCC) testsuite on i686-pc-linux-gnu
- Authentication-results: sourceware.org; auth=none
Native configuration is i686-pc-linux-gnu
=== gcc tests ===
Running target unix
XPASS: gcc.dg/guality/example.c -O0 execution test
XPASS: gcc.dg/guality/example.c -O1 execution test
XPASS: gcc.dg/guality/guality.c -O0 execution test
XPASS: gcc.dg/guality/guality.c -O1 execution test
XPASS: gcc.dg/guality/guality.c -O2 execution test
XPASS: gcc.dg/guality/guality.c -O2 -flto -fno-use-linker-plugin -flto-partition=none execution test
XPASS: gcc.dg/guality/guality.c -O2 -flto -fuse-linker-plugin -fno-fat-lto-objects execution test
XPASS: gcc.dg/guality/guality.c -O3 -fomit-frame-pointer execution test
XPASS: gcc.dg/guality/guality.c -O3 -g execution test
XPASS: gcc.dg/guality/guality.c -Os execution test
XPASS: gcc.dg/guality/inline-params.c -O2 execution test
XPASS: gcc.dg/guality/inline-params.c -O2 -flto -fno-use-linker-plugin -flto-partition=none execution test
XPASS: gcc.dg/guality/inline-params.c -O3 -fomit-frame-pointer execution test
XPASS: gcc.dg/guality/inline-params.c -O3 -g execution test
XPASS: gcc.dg/guality/inline-params.c -Os execution test
XPASS: gcc.dg/guality/pr41353-1.c -O0 line 28 j == 28 + 37
XPASS: gcc.dg/guality/pr41353-1.c -Os line 28 j == 28 + 37
XPASS: gcc.dg/guality/pr41447-1.c -O0 execution test
XPASS: gcc.dg/guality/pr41447-1.c -O1 execution test
XPASS: gcc.dg/guality/pr41447-1.c -O2 -flto -fuse-linker-plugin -fno-fat-lto-objects execution test
XPASS: gcc.dg/guality/pr41447-1.c -Os execution test
XPASS: gcc.dg/guality/pr41616-1.c -O0 execution test
XPASS: gcc.dg/guality/pr41616-1.c -O1 execution test
XPASS: gcc.dg/guality/pr41616-1.c -O2 execution test
XPASS: gcc.dg/guality/pr41616-1.c -O2 -flto -fno-use-linker-plugin -flto-partition=none execution test
XPASS: gcc.dg/guality/pr41616-1.c -O3 -fomit-frame-pointer execution test
XPASS: gcc.dg/guality/pr41616-1.c -O3 -g execution test
XPASS: gcc.dg/guality/pr41616-1.c -Os execution test
FAIL: gcc.dg/guality/pr43479.c -O1 line 13 h == 9
FAIL: gcc.dg/guality/pr43479.c -O1 line 18 h == 9
FAIL: gcc.dg/guality/pr43479.c -O2 line 13 h == 9
FAIL: gcc.dg/guality/pr43479.c -O2 line 18 h == 9
FAIL: gcc.dg/guality/pr43479.c -O2 -flto -fno-use-linker-plugin -flto-partition=none line 13 h == 9
FAIL: gcc.dg/guality/pr43479.c -O2 -flto -fno-use-linker-plugin -flto-partition=none line 18 h == 9
FAIL: gcc.dg/guality/pr43479.c -O2 -flto -fuse-linker-plugin -fno-fat-lto-objects line 13 h == 9
FAIL: gcc.dg/guality/pr43479.c -O2 -flto -fuse-linker-plugin -fno-fat-lto-objects line 18 h == 9
FAIL: gcc.dg/guality/pr43479.c -O3 -fomit-frame-pointer line 13 h == 9
FAIL: gcc.dg/guality/pr43479.c -O3 -fomit-frame-pointer line 18 h == 9
FAIL: gcc.dg/guality/pr43479.c -O3 -g line 13 h == 9
FAIL: gcc.dg/guality/pr43479.c -O3 -g line 18 h == 9
FAIL: gcc.dg/guality/pr43479.c -Os line 13 h == 9
FAIL: gcc.dg/guality/pr43479.c -Os line 18 h == 9
FAIL: gcc.dg/guality/pr45882.c -O2 -flto -fuse-linker-plugin -fno-fat-lto-objects line 16 d == 112
FAIL: gcc.dg/guality/pr45882.c -O2 -flto -fuse-linker-plugin -fno-fat-lto-objects line 16 e == 142
FAIL: gcc.dg/guality/pr54200.c -O2 -flto -fuse-linker-plugin -fno-fat-lto-objects line 20 z == 3
FAIL: gcc.dg/guality/pr54519-1.c -O2 -flto -fno-use-linker-plugin -flto-partition=none line 20 y == 25
FAIL: gcc.dg/guality/pr54519-1.c -O2 -flto -fno-use-linker-plugin -flto-partition=none line 20 z == 6
FAIL: gcc.dg/guality/pr54519-1.c -O2 -flto -fno-use-linker-plugin -flto-partition=none line 23 y == 117
FAIL: gcc.dg/guality/pr54519-1.c -O2 -flto -fno-use-linker-plugin -flto-partition=none line 23 z == 8
FAIL: gcc.dg/guality/pr54519-2.c -O2 -flto -fno-use-linker-plugin -flto-partition=none line 17 y == 25
FAIL: gcc.dg/guality/pr54519-2.c -O2 -flto -fuse-linker-plugin -fno-fat-lto-objects line 17 y == 25
FAIL: gcc.dg/guality/pr54519-3.c -O2 -flto -fno-use-linker-plugin -flto-partition=none line 20 y == 25
FAIL: gcc.dg/guality/pr54519-3.c -O2 -flto -fno-use-linker-plugin -flto-partition=none line 20 z == 6
FAIL: gcc.dg/guality/pr54519-3.c -O2 -flto -fno-use-linker-plugin -flto-partition=none line 23 y == 117
FAIL: gcc.dg/guality/pr54519-3.c -O2 -flto -fno-use-linker-plugin -flto-partition=none line 23 z == 8
FAIL: gcc.dg/guality/pr54519-3.c -O2 -flto -fuse-linker-plugin -fno-fat-lto-objects line 20 y == 25
FAIL: gcc.dg/guality/pr54519-3.c -O2 -flto -fuse-linker-plugin -fno-fat-lto-objects line 20 z == 6
FAIL: gcc.dg/guality/pr54519-3.c -O2 -flto -fuse-linker-plugin -fno-fat-lto-objects line 23 y == 117
FAIL: gcc.dg/guality/pr54519-3.c -O2 -flto -fuse-linker-plugin -fno-fat-lto-objects line 23 z == 8
FAIL: gcc.dg/guality/pr54519-4.c -O2 -flto -fno-use-linker-plugin -flto-partition=none line 17 y == 25
FAIL: gcc.dg/guality/pr54519-4.c -O2 -flto -fuse-linker-plugin -fno-fat-lto-objects line 17 y == 25
FAIL: gcc.dg/guality/pr54519-5.c -O2 -flto -fno-use-linker-plugin -flto-partition=none line 17 y == 25
FAIL: gcc.dg/guality/pr54519-5.c -O2 -flto -fuse-linker-plugin -fno-fat-lto-objects line 17 y == 25
FAIL: gcc.dg/guality/pr54970.c -Os line 15 a[0] == 1
FAIL: gcc.dg/guality/pr54970.c -Os line 20 a[0] == 1
FAIL: gcc.dg/guality/pr54970.c -Os line 25 a[0] == 1
FAIL: gcc.dg/guality/pr54970.c -Os line 31 *p == 6
FAIL: gcc.dg/guality/pr54970.c -Os line 31 *q == 5
FAIL: gcc.dg/guality/pr54970.c -Os line 36 *p == 26
FAIL: gcc.dg/guality/pr54970.c -Os line 36 *q == 5
FAIL: gcc.dg/guality/pr54970.c -Os line 45 *p == 26
FAIL: gcc.dg/guality/pr54970.c -Os line 45 *q == 25
FAIL: gcc.dg/guality/pr54970.c -Os line 45 p[-1] == 25
FAIL: gcc.dg/guality/pr54970.c -Os line 45 p[-2] == 4
FAIL: gcc.dg/guality/pr54970.c -Os line 45 q[-1] == 4
FAIL: gcc.dg/guality/pr54970.c -Os line 45 q[1] == 26
FAIL: gcc.dg/guality/sra-1.c -O2 line 32 a[0] == 4
FAIL: gcc.dg/guality/sra-1.c -O2 line 43 a.i == 4
FAIL: gcc.dg/guality/sra-1.c -O2 -flto -fno-use-linker-plugin -flto-partition=none line 21 a.i == 4
FAIL: gcc.dg/guality/sra-1.c -O2 -flto -fno-use-linker-plugin -flto-partition=none line 43 a.i == 4
FAIL: gcc.dg/guality/sra-1.c -O2 -flto -fuse-linker-plugin -fno-fat-lto-objects line 21 a.i == 4
FAIL: gcc.dg/guality/sra-1.c -O3 -fomit-frame-pointer line 32 a[0] == 4
FAIL: gcc.dg/guality/sra-1.c -O3 -fomit-frame-pointer line 43 a.i == 4
FAIL: gcc.dg/guality/sra-1.c -O3 -g line 32 a[0] == 4
FAIL: gcc.dg/guality/sra-1.c -O3 -g line 43 a.i == 4
FAIL: gcc.dg/guality/sra-1.c -Os line 32 a[0] == 4
FAIL: gcc.dg/guality/sra-1.c -Os line 43 a.i == 4
FAIL: gcc.dg/guality/vla-2.c -O2 line 25 sizeof (a) == 6 * sizeof (int)
FAIL: gcc.dg/guality/vla-2.c -O2 -flto -fno-use-linker-plugin -flto-partition=none line 25 sizeof (a) == 6 * sizeof (int)
FAIL: gcc.dg/guality/vla-2.c -O2 -flto -fuse-linker-plugin -fno-fat-lto-objects line 25 sizeof (a) == 6 * sizeof (int)
FAIL: gcc.dg/guality/vla-2.c -O3 -fomit-frame-pointer line 25 sizeof (a) == 6 * sizeof (int)
FAIL: gcc.dg/guality/vla-2.c -O3 -g line 25 sizeof (a) == 6 * sizeof (int)
FAIL: gcc.dg/guality/vla-2.c -Os line 25 sizeof (a) == 6 * sizeof (int)
FAIL: gcc.dg/lto/pr55113 c_lto_pr55113_0.o assemble, -flto -fshort-double -O0 (internal compiler error)
UNRESOLVED: gcc.dg/lto/pr55113 c_lto_pr55113_0.o-c_lto_pr55113_0.o execute -flto -fshort-double -O0
UNRESOLVED: gcc.dg/lto/pr55113 c_lto_pr55113_0.o-c_lto_pr55113_0.o link -flto -fshort-double -O0
FAIL: gcc.dg/torture/fp-int-convert-float128-timode.c -O0 execution test
FAIL: gcc.dg/torture/fp-int-convert-float128-timode.c -O1 execution test
FAIL: gcc.dg/torture/fp-int-convert-float128-timode.c -O2 execution test
FAIL: gcc.dg/torture/fp-int-convert-float128-timode.c -O2 -flto -fno-use-linker-plugin -flto-partition=none execution test
FAIL: gcc.dg/torture/fp-int-convert-float128-timode.c -O2 -flto -fuse-linker-plugin -fno-fat-lto-objects execution test
FAIL: gcc.dg/torture/fp-int-convert-float128-timode.c -O3 -fomit-frame-pointer execution test
FAIL: gcc.dg/torture/fp-int-convert-float128-timode.c -O3 -g execution test
FAIL: gcc.dg/torture/fp-int-convert-float128-timode.c -Os execution test
FAIL: gcc.dg/torture/fp-int-convert-float128.c -O0 execution test
FAIL: gcc.dg/torture/fp-int-convert-float128.c -O1 execution test
FAIL: gcc.dg/torture/fp-int-convert-float128.c -O2 execution test
FAIL: gcc.dg/torture/fp-int-convert-float128.c -O2 -flto -fno-use-linker-plugin -flto-partition=none execution test
FAIL: gcc.dg/torture/fp-int-convert-float128.c -O2 -flto -fuse-linker-plugin -fno-fat-lto-objects execution test
FAIL: gcc.dg/torture/fp-int-convert-float128.c -O3 -fomit-frame-pointer execution test
FAIL: gcc.dg/torture/fp-int-convert-float128.c -O3 -g execution test
FAIL: gcc.dg/torture/fp-int-convert-float128.c -Os execution test
UNRESOLVED: gcc.dg/tree-prof/peel-1.c scan-rtl-dump loop2_unroll "Considering simply peeling loop"
FAIL: c-c++-common/ubsan/object-size-10.c -O2 execution test
FAIL: c-c++-common/ubsan/object-size-10.c -O2 -flto -fno-use-linker-plugin -flto-partition=none execution test
FAIL: gcc.dg/vect/costmodel/i386/costmodel-fast-math-vect-pr29925.c scan-tree-dump-times vect "vectorized 1 loops" 1
XPASS: gcc.target/i386/avx512vl-vmovdqa64-1.c scan-assembler-times vmovdqa64[ \\\\t]+[^\\n]*%xmm[0-9][^\\n^x^y]*\\\\( 2
FAIL: gcc.target/i386/pr49095.c scan-assembler-not test[lq]
=== gcc Summary ===
# of expected passes 113426
# of unexpected failures 86
# of unexpected successes 29
# of expected failures 269
# of unresolved testcases 3
# of unsupported tests 1672
/export/gnu/import/git/gcc-test-ia32/bld/gcc/xgcc version 5.0.0 20141118 (experimental) [trunk revision 217689] (GCC)
=== gfortran tests ===
Running target unix
FAIL: gfortran.dg/erf_3.F90 -O0 execution test
FAIL: gfortran.dg/erf_3.F90 -O1 execution test
FAIL: gfortran.dg/erf_3.F90 -O2 execution test
FAIL: gfortran.dg/erf_3.F90 -O3 -fomit-frame-pointer execution test
FAIL: gfortran.dg/erf_3.F90 -O3 -fomit-frame-pointer -funroll-all-loops -finline-functions execution test
FAIL: gfortran.dg/erf_3.F90 -O3 -fomit-frame-pointer -funroll-loops execution test
FAIL: gfortran.dg/erf_3.F90 -O3 -g execution test
FAIL: gfortran.dg/erf_3.F90 -Os execution test
=== gfortran Summary ===
# of expected passes 46473
# of unexpected failures 8
# of expected failures 42
# of unsupported tests 205
/export/gnu/import/git/gcc-test-ia32/bld/gcc/testsuite/gfortran/../../gfortran version 5.0.0 20141118 (experimental) [trunk revision 217689] (GCC)
=== g++ tests ===
Running target unix
FAIL: g++.dg/guality/pr55665.C -O2 line 23 p == 40
FAIL: g++.dg/guality/pr55665.C -O3 -fomit-frame-pointer line 23 p == 40
FAIL: g++.dg/guality/pr55665.C -O3 -g line 23 p == 40
XPASS: g++.dg/tls/thread_local-order2.C -std=c++11 execution test
XPASS: g++.dg/tls/thread_local-order2.C -std=c++14 execution test
FAIL: c-c++-common/ubsan/object-size-10.c -O2 -flto -fuse-linker-plugin -fno-fat-lto-objects execution test
=== g++ Summary ===
# of expected passes 88959
# of unexpected failures 4
# of unexpected successes 2
# of expected failures 248
# of unsupported tests 3179
/export/gnu/import/git/gcc-test-ia32/bld/gcc/testsuite/g++/../../xg++ version 5.0.0 20141118 (experimental) [trunk revision 217689] (GCC)
=== objc tests ===
Running target unix
=== objc Summary ===
# of expected passes 3004
# of expected failures 6
# of unsupported tests 74
/export/gnu/import/git/gcc-test-ia32/bld/gcc/xgcc version 5.0.0 20141118 (experimental) [trunk revision 217689] (GCC)
=== boehm-gc tests ===
Running target unix
=== boehm-gc Summary ===
# of expected passes 12
# of unsupported tests 1
=== libatomic tests ===
Running target unix
=== libatomic Summary ===
# of expected passes 44
# of unsupported tests 5
=== libffi tests ===
Running target unix
=== libffi Summary ===
# of expected passes 1819
# of unsupported tests 55
=== libgomp tests ===
Running target unix
FAIL: libgomp.c/examples-4/e.50.1.c (test for excess errors)
FAIL: libgomp.c/examples-4/e.50.2.c (test for excess errors)
FAIL: libgomp.c/examples-4/e.50.3.c (test for excess errors)
FAIL: libgomp.c/examples-4/e.50.4.c (test for excess errors)
FAIL: libgomp.c/examples-4/e.51.1.c (test for excess errors)
FAIL: libgomp.c/examples-4/e.51.2.c (test for excess errors)
FAIL: libgomp.c/examples-4/e.51.3.c (test for excess errors)
FAIL: libgomp.c/examples-4/e.51.4.c (test for excess errors)
FAIL: libgomp.c/examples-4/e.52.1.c (test for excess errors)
FAIL: libgomp.c/examples-4/e.52.2.c (test for excess errors)
FAIL: libgomp.c/examples-4/e.53.1.c (test for excess errors)
FAIL: libgomp.c/examples-4/e.53.3.c (test for excess errors)
FAIL: libgomp.c/examples-4/e.53.4.c (test for excess errors)
FAIL: libgomp.c/examples-4/e.53.5.c (test for excess errors)
FAIL: libgomp.c/examples-4/e.54.2.c (test for excess errors)
FAIL: libgomp.c/examples-4/e.54.3.c (test for excess errors)
FAIL: libgomp.c/examples-4/e.54.4.c (test for excess errors)
FAIL: libgomp.c/examples-4/e.54.5.c (test for excess errors)
FAIL: libgomp.c/examples-4/e.54.6.c (test for excess errors)
FAIL: libgomp.c/examples-4/e.55.1.c (test for excess errors)
FAIL: libgomp.c/examples-4/e.56.3.c (test for excess errors)
FAIL: libgomp.c/examples-4/e.56.4.c (test for excess errors)
FAIL: libgomp.c/for-3.c (test for excess errors)
FAIL: libgomp.c/target-1.c (test for excess errors)
FAIL: libgomp.c/target-2.c (test for excess errors)
FAIL: libgomp.c/target-3.c (test for excess errors)
FAIL: libgomp.c/target-4.c (test for excess errors)
FAIL: libgomp.c/target-5.c (test for excess errors)
FAIL: libgomp.c/target-6.c (test for excess errors)
FAIL: libgomp.c/target-7.c (test for excess errors)
FAIL: libgomp.c/target-8.c (test for excess errors)
FAIL: libgomp.c/thread-limit-2.c (test for excess errors)
FAIL: libgomp.c/thread-limit-3.c (test for excess errors)
FAIL: libgomp.c++/examples-4/e.51.5.C (test for excess errors)
FAIL: libgomp.c++/for-11.C (test for excess errors)
FAIL: libgomp.c++/pr63248.C (test for excess errors)
FAIL: libgomp.c++/target-1.C (test for excess errors)
FAIL: libgomp.c++/target-2.C (test for excess errors)
FAIL: libgomp.c++/target-3.C (test for excess errors)
FAIL: libgomp.fortran/examples-4/e.50.1.f90 -O0 (test for excess errors)
FAIL: libgomp.fortran/examples-4/e.50.1.f90 -O1 (test for excess errors)
FAIL: libgomp.fortran/examples-4/e.50.1.f90 -O2 (test for excess errors)
FAIL: libgomp.fortran/examples-4/e.50.1.f90 -O3 -fomit-frame-pointer (test for excess errors)
FAIL: libgomp.fortran/examples-4/e.50.1.f90 -O3 -fomit-frame-pointer -funroll-loops (test for excess errors)
FAIL: libgomp.fortran/examples-4/e.50.1.f90 -O3 -fomit-frame-pointer -funroll-all-loops -finline-functions (test for excess errors)
FAIL: libgomp.fortran/examples-4/e.50.1.f90 -O3 -g (test for excess errors)
FAIL: libgomp.fortran/examples-4/e.50.1.f90 -Os (test for excess errors)
FAIL: libgomp.fortran/examples-4/e.50.2.f90 -O0 (test for excess errors)
FAIL: libgomp.fortran/examples-4/e.50.2.f90 -O1 (test for excess errors)
FAIL: libgomp.fortran/examples-4/e.50.2.f90 -O2 (test for excess errors)
FAIL: libgomp.fortran/examples-4/e.50.2.f90 -O3 -fomit-frame-pointer (test for excess errors)
FAIL: libgomp.fortran/examples-4/e.50.2.f90 -O3 -fomit-frame-pointer -funroll-loops (test for excess errors)
FAIL: libgomp.fortran/examples-4/e.50.2.f90 -O3 -fomit-frame-pointer -funroll-all-loops -finline-functions (test for excess errors)
FAIL: libgomp.fortran/examples-4/e.50.2.f90 -O3 -g (test for excess errors)
FAIL: libgomp.fortran/examples-4/e.50.2.f90 -Os (test for excess errors)
FAIL: libgomp.fortran/examples-4/e.50.3.f90 -O0 (test for excess errors)
FAIL: libgomp.fortran/examples-4/e.50.3.f90 -O1 (test for excess errors)
FAIL: libgomp.fortran/examples-4/e.50.3.f90 -O2 (test for excess errors)
FAIL: libgomp.fortran/examples-4/e.50.3.f90 -O3 -fomit-frame-pointer (test for excess errors)
FAIL: libgomp.fortran/examples-4/e.50.3.f90 -O3 -fomit-frame-pointer -funroll-loops (test for excess errors)
FAIL: libgomp.fortran/examples-4/e.50.3.f90 -O3 -fomit-frame-pointer -funroll-all-loops -finline-functions (test for excess errors)
FAIL: libgomp.fortran/examples-4/e.50.3.f90 -O3 -g (test for excess errors)
FAIL: libgomp.fortran/examples-4/e.50.3.f90 -Os (test for excess errors)
FAIL: libgomp.fortran/examples-4/e.50.4.f90 -O0 (test for excess errors)
FAIL: libgomp.fortran/examples-4/e.50.4.f90 -O1 (test for excess errors)
FAIL: libgomp.fortran/examples-4/e.50.4.f90 -O2 (test for excess errors)
FAIL: libgomp.fortran/examples-4/e.50.4.f90 -O3 -fomit-frame-pointer (test for excess errors)
FAIL: libgomp.fortran/examples-4/e.50.4.f90 -O3 -fomit-frame-pointer -funroll-loops (test for excess errors)
FAIL: libgomp.fortran/examples-4/e.50.4.f90 -O3 -fomit-frame-pointer -funroll-all-loops -finline-functions (test for excess errors)
FAIL: libgomp.fortran/examples-4/e.50.4.f90 -O3 -g (test for excess errors)
FAIL: libgomp.fortran/examples-4/e.50.4.f90 -Os (test for excess errors)
FAIL: libgomp.fortran/examples-4/e.51.1.f90 -O0 (test for excess errors)
FAIL: libgomp.fortran/examples-4/e.51.1.f90 -O1 (test for excess errors)
FAIL: libgomp.fortran/examples-4/e.51.1.f90 -O2 (test for excess errors)
FAIL: libgomp.fortran/examples-4/e.51.1.f90 -O3 -fomit-frame-pointer (test for excess errors)
FAIL: libgomp.fortran/examples-4/e.51.1.f90 -O3 -fomit-frame-pointer -funroll-loops (test for excess errors)
FAIL: libgomp.fortran/examples-4/e.51.1.f90 -O3 -fomit-frame-pointer -funroll-all-loops -finline-functions (test for excess errors)
FAIL: libgomp.fortran/examples-4/e.51.1.f90 -O3 -g (test for excess errors)
FAIL: libgomp.fortran/examples-4/e.51.1.f90 -Os (test for excess errors)
FAIL: libgomp.fortran/examples-4/e.51.2.f90 -O0 (test for excess errors)
FAIL: libgomp.fortran/examples-4/e.51.2.f90 -O1 (test for excess errors)
FAIL: libgomp.fortran/examples-4/e.51.2.f90 -O2 (test for excess errors)
FAIL: libgomp.fortran/examples-4/e.51.2.f90 -O3 -fomit-frame-pointer (test for excess errors)
FAIL: libgomp.fortran/examples-4/e.51.2.f90 -O3 -fomit-frame-pointer -funroll-loops (test for excess errors)
FAIL: libgomp.fortran/examples-4/e.51.2.f90 -O3 -fomit-frame-pointer -funroll-all-loops -finline-functions (test for excess errors)
FAIL: libgomp.fortran/examples-4/e.51.2.f90 -O3 -g (test for excess errors)
FAIL: libgomp.fortran/examples-4/e.51.2.f90 -Os (test for excess errors)
FAIL: libgomp.fortran/examples-4/e.51.3.f90 -O0 (test for excess errors)
FAIL: libgomp.fortran/examples-4/e.51.3.f90 -O1 (test for excess errors)
FAIL: libgomp.fortran/examples-4/e.51.3.f90 -O2 (test for excess errors)
FAIL: libgomp.fortran/examples-4/e.51.3.f90 -O3 -fomit-frame-pointer (test for excess errors)
FAIL: libgomp.fortran/examples-4/e.51.3.f90 -O3 -fomit-frame-pointer -funroll-loops (test for excess errors)
FAIL: libgomp.fortran/examples-4/e.51.3.f90 -O3 -fomit-frame-pointer -funroll-all-loops -finline-functions (test for excess errors)
FAIL: libgomp.fortran/examples-4/e.51.3.f90 -O3 -g (test for excess errors)
FAIL: libgomp.fortran/examples-4/e.51.3.f90 -Os (test for excess errors)
FAIL: libgomp.fortran/examples-4/e.51.4.f90 -O0 (test for excess errors)
FAIL: libgomp.fortran/examples-4/e.51.4.f90 -O1 (test for excess errors)
FAIL: libgomp.fortran/examples-4/e.51.4.f90 -O2 (test for excess errors)
FAIL: libgomp.fortran/examples-4/e.51.4.f90 -O3 -fomit-frame-pointer (test for excess errors)
FAIL: libgomp.fortran/examples-4/e.51.4.f90 -O3 -fomit-frame-pointer -funroll-loops (test for excess errors)
FAIL: libgomp.fortran/examples-4/e.51.4.f90 -O3 -fomit-frame-pointer -funroll-all-loops -finline-functions (test for excess errors)
FAIL: libgomp.fortran/examples-4/e.51.4.f90 -O3 -g (test for excess errors)
FAIL: libgomp.fortran/examples-4/e.51.4.f90 -Os (test for excess errors)
FAIL: libgomp.fortran/examples-4/e.51.5.f90 -O0 (test for excess errors)
FAIL: libgomp.fortran/examples-4/e.51.5.f90 -O1 (test for excess errors)
FAIL: libgomp.fortran/examples-4/e.51.5.f90 -O2 (test for excess errors)
FAIL: libgomp.fortran/examples-4/e.51.5.f90 -O3 -fomit-frame-pointer (test for excess errors)
FAIL: libgomp.fortran/examples-4/e.51.5.f90 -O3 -fomit-frame-pointer -funroll-loops (test for excess errors)
FAIL: libgomp.fortran/examples-4/e.51.5.f90 -O3 -fomit-frame-pointer -funroll-all-loops -finline-functions (test for excess errors)
FAIL: libgomp.fortran/examples-4/e.51.5.f90 -O3 -g (test for excess errors)
FAIL: libgomp.fortran/examples-4/e.51.5.f90 -Os (test for excess errors)
FAIL: libgomp.fortran/examples-4/e.52.1.f90 -O0 (test for excess errors)
FAIL: libgomp.fortran/examples-4/e.52.1.f90 -O1 (test for excess errors)
FAIL: libgomp.fortran/examples-4/e.52.1.f90 -O2 (test for excess errors)
FAIL: libgomp.fortran/examples-4/e.52.1.f90 -O3 -fomit-frame-pointer (test for excess errors)
FAIL: libgomp.fortran/examples-4/e.52.1.f90 -O3 -fomit-frame-pointer -funroll-loops (test for excess errors)
FAIL: libgomp.fortran/examples-4/e.52.1.f90 -O3 -fomit-frame-pointer -funroll-all-loops -finline-functions (test for excess errors)
FAIL: libgomp.fortran/examples-4/e.52.1.f90 -O3 -g (test for excess errors)
FAIL: libgomp.fortran/examples-4/e.52.1.f90 -Os (test for excess errors)
FAIL: libgomp.fortran/examples-4/e.52.2.f90 -O0 (test for excess errors)
FAIL: libgomp.fortran/examples-4/e.52.2.f90 -O1 (test for excess errors)
FAIL: libgomp.fortran/examples-4/e.52.2.f90 -O2 (test for excess errors)
FAIL: libgomp.fortran/examples-4/e.52.2.f90 -O3 -fomit-frame-pointer (test for excess errors)
FAIL: libgomp.fortran/examples-4/e.52.2.f90 -O3 -fomit-frame-pointer -funroll-loops (test for excess errors)
FAIL: libgomp.fortran/examples-4/e.52.2.f90 -O3 -fomit-frame-pointer -funroll-all-loops -finline-functions (test for excess errors)
FAIL: libgomp.fortran/examples-4/e.52.2.f90 -O3 -g (test for excess errors)
FAIL: libgomp.fortran/examples-4/e.52.2.f90 -Os (test for excess errors)
FAIL: libgomp.fortran/examples-4/e.53.1.f90 -O0 (test for excess errors)
FAIL: libgomp.fortran/examples-4/e.53.1.f90 -O1 (test for excess errors)
FAIL: libgomp.fortran/examples-4/e.53.1.f90 -O2 (test for excess errors)
FAIL: libgomp.fortran/examples-4/e.53.1.f90 -O3 -fomit-frame-pointer (test for excess errors)
FAIL: libgomp.fortran/examples-4/e.53.1.f90 -O3 -fomit-frame-pointer -funroll-loops (test for excess errors)
FAIL: libgomp.fortran/examples-4/e.53.1.f90 -O3 -fomit-frame-pointer -funroll-all-loops -finline-functions (test for excess errors)
FAIL: libgomp.fortran/examples-4/e.53.1.f90 -O3 -g (test for excess errors)
FAIL: libgomp.fortran/examples-4/e.53.1.f90 -Os (test for excess errors)
FAIL: libgomp.fortran/examples-4/e.53.2.f90 -O0 (test for excess errors)
FAIL: libgomp.fortran/examples-4/e.53.2.f90 -O1 (test for excess errors)
FAIL: libgomp.fortran/examples-4/e.53.2.f90 -O2 (test for excess errors)
FAIL: libgomp.fortran/examples-4/e.53.2.f90 -O3 -fomit-frame-pointer (test for excess errors)
FAIL: libgomp.fortran/examples-4/e.53.2.f90 -O3 -fomit-frame-pointer -funroll-loops (test for excess errors)
FAIL: libgomp.fortran/examples-4/e.53.2.f90 -O3 -fomit-frame-pointer -funroll-all-loops -finline-functions (test for excess errors)
FAIL: libgomp.fortran/examples-4/e.53.2.f90 -O3 -g (test for excess errors)
FAIL: libgomp.fortran/examples-4/e.53.2.f90 -Os (test for excess errors)
FAIL: libgomp.fortran/examples-4/e.53.3.f90 -O0 (test for excess errors)
FAIL: libgomp.fortran/examples-4/e.53.3.f90 -O1 (test for excess errors)
FAIL: libgomp.fortran/examples-4/e.53.3.f90 -O2 (test for excess errors)
FAIL: libgomp.fortran/examples-4/e.53.3.f90 -O3 -fomit-frame-pointer (test for excess errors)
FAIL: libgomp.fortran/examples-4/e.53.3.f90 -O3 -fomit-frame-pointer -funroll-loops (test for excess errors)
FAIL: libgomp.fortran/examples-4/e.53.3.f90 -O3 -fomit-frame-pointer -funroll-all-loops -finline-functions (test for excess errors)
FAIL: libgomp.fortran/examples-4/e.53.3.f90 -O3 -g (test for excess errors)
FAIL: libgomp.fortran/examples-4/e.53.3.f90 -Os (test for excess errors)
FAIL: libgomp.fortran/examples-4/e.53.4.f90 -O0 (test for excess errors)
FAIL: libgomp.fortran/examples-4/e.53.4.f90 -O1 (test for excess errors)
FAIL: libgomp.fortran/examples-4/e.53.4.f90 -O2 (test for excess errors)
FAIL: libgomp.fortran/examples-4/e.53.4.f90 -O3 -fomit-frame-pointer (test for excess errors)
FAIL: libgomp.fortran/examples-4/e.53.4.f90 -O3 -fomit-frame-pointer -funroll-loops (test for excess errors)
FAIL: libgomp.fortran/examples-4/e.53.4.f90 -O3 -fomit-frame-pointer -funroll-all-loops -finline-functions (test for excess errors)
FAIL: libgomp.fortran/examples-4/e.53.4.f90 -O3 -g (test for excess errors)
FAIL: libgomp.fortran/examples-4/e.53.4.f90 -Os (test for excess errors)
FAIL: libgomp.fortran/examples-4/e.53.5.f90 -O0 (test for excess errors)
FAIL: libgomp.fortran/examples-4/e.53.5.f90 -O1 (test for excess errors)
FAIL: libgomp.fortran/examples-4/e.53.5.f90 -O2 (test for excess errors)
FAIL: libgomp.fortran/examples-4/e.53.5.f90 -O3 -fomit-frame-pointer (test for excess errors)
FAIL: libgomp.fortran/examples-4/e.53.5.f90 -O3 -fomit-frame-pointer -funroll-loops (test for excess errors)
FAIL: libgomp.fortran/examples-4/e.53.5.f90 -O3 -fomit-frame-pointer -funroll-all-loops -finline-functions (test for excess errors)
FAIL: libgomp.fortran/examples-4/e.53.5.f90 -O3 -g (test for excess errors)
FAIL: libgomp.fortran/examples-4/e.53.5.f90 -Os (test for excess errors)
FAIL: libgomp.fortran/examples-4/e.54.2.f90 -O0 (test for excess errors)
FAIL: libgomp.fortran/examples-4/e.54.2.f90 -O1 (test for excess errors)
FAIL: libgomp.fortran/examples-4/e.54.2.f90 -O2 (test for excess errors)
FAIL: libgomp.fortran/examples-4/e.54.2.f90 -O3 -fomit-frame-pointer (test for excess errors)
FAIL: libgomp.fortran/examples-4/e.54.2.f90 -O3 -fomit-frame-pointer -funroll-loops (test for excess errors)
FAIL: libgomp.fortran/examples-4/e.54.2.f90 -O3 -fomit-frame-pointer -funroll-all-loops -finline-functions (test for excess errors)
FAIL: libgomp.fortran/examples-4/e.54.2.f90 -O3 -g (test for excess errors)
FAIL: libgomp.fortran/examples-4/e.54.2.f90 -Os (test for excess errors)
FAIL: libgomp.fortran/examples-4/e.54.3.f90 -O0 (test for excess errors)
FAIL: libgomp.fortran/examples-4/e.54.3.f90 -O1 (test for excess errors)
FAIL: libgomp.fortran/examples-4/e.54.3.f90 -O2 (test for excess errors)
FAIL: libgomp.fortran/examples-4/e.54.3.f90 -O3 -fomit-frame-pointer (test for excess errors)
FAIL: libgomp.fortran/examples-4/e.54.3.f90 -O3 -fomit-frame-pointer -funroll-loops (test for excess errors)
FAIL: libgomp.fortran/examples-4/e.54.3.f90 -O3 -fomit-frame-pointer -funroll-all-loops -finline-functions (test for excess errors)
FAIL: libgomp.fortran/examples-4/e.54.3.f90 -O3 -g (test for excess errors)
FAIL: libgomp.fortran/examples-4/e.54.3.f90 -Os (test for excess errors)
FAIL: libgomp.fortran/examples-4/e.54.4.f90 -O0 (test for excess errors)
FAIL: libgomp.fortran/examples-4/e.54.4.f90 -O1 (test for excess errors)
FAIL: libgomp.fortran/examples-4/e.54.4.f90 -O2 (test for excess errors)
FAIL: libgomp.fortran/examples-4/e.54.4.f90 -O3 -fomit-frame-pointer (test for excess errors)
FAIL: libgomp.fortran/examples-4/e.54.4.f90 -O3 -fomit-frame-pointer -funroll-loops (test for excess errors)
FAIL: libgomp.fortran/examples-4/e.54.4.f90 -O3 -fomit-frame-pointer -funroll-all-loops -finline-functions (test for excess errors)
FAIL: libgomp.fortran/examples-4/e.54.4.f90 -O3 -g (test for excess errors)
FAIL: libgomp.fortran/examples-4/e.54.4.f90 -Os (test for excess errors)
FAIL: libgomp.fortran/examples-4/e.54.5.f90 -O0 (test for excess errors)
FAIL: libgomp.fortran/examples-4/e.54.5.f90 -O1 (test for excess errors)
FAIL: libgomp.fortran/examples-4/e.54.5.f90 -O2 (test for excess errors)
FAIL: libgomp.fortran/examples-4/e.54.5.f90 -O3 -fomit-frame-pointer (test for excess errors)
FAIL: libgomp.fortran/examples-4/e.54.5.f90 -O3 -fomit-frame-pointer -funroll-loops (test for excess errors)
FAIL: libgomp.fortran/examples-4/e.54.5.f90 -O3 -fomit-frame-pointer -funroll-all-loops -finline-functions (test for excess errors)
FAIL: libgomp.fortran/examples-4/e.54.5.f90 -O3 -g (test for excess errors)
FAIL: libgomp.fortran/examples-4/e.54.5.f90 -Os (test for excess errors)
FAIL: libgomp.fortran/examples-4/e.54.6.f90 -O0 (test for excess errors)
FAIL: libgomp.fortran/examples-4/e.54.6.f90 -O1 (test for excess errors)
FAIL: libgomp.fortran/examples-4/e.54.6.f90 -O2 (test for excess errors)
FAIL: libgomp.fortran/examples-4/e.54.6.f90 -O3 -fomit-frame-pointer (test for excess errors)
FAIL: libgomp.fortran/examples-4/e.54.6.f90 -O3 -fomit-frame-pointer -funroll-loops (test for excess errors)
FAIL: libgomp.fortran/examples-4/e.54.6.f90 -O3 -fomit-frame-pointer -funroll-all-loops -finline-functions (test for excess errors)
FAIL: libgomp.fortran/examples-4/e.54.6.f90 -O3 -g (test for excess errors)
FAIL: libgomp.fortran/examples-4/e.54.6.f90 -Os (test for excess errors)
FAIL: libgomp.fortran/examples-4/e.55.1.f90 -O0 (test for excess errors)
FAIL: libgomp.fortran/examples-4/e.55.1.f90 -O1 (test for excess errors)
FAIL: libgomp.fortran/examples-4/e.55.1.f90 -O2 (test for excess errors)
FAIL: libgomp.fortran/examples-4/e.55.1.f90 -O3 -fomit-frame-pointer (test for excess errors)
FAIL: libgomp.fortran/examples-4/e.55.1.f90 -O3 -fomit-frame-pointer -funroll-loops (test for excess errors)
FAIL: libgomp.fortran/examples-4/e.55.1.f90 -O3 -fomit-frame-pointer -funroll-all-loops -finline-functions (test for excess errors)
FAIL: libgomp.fortran/examples-4/e.55.1.f90 -O3 -g (test for excess errors)
FAIL: libgomp.fortran/examples-4/e.55.1.f90 -Os (test for excess errors)
FAIL: libgomp.fortran/examples-4/e.56.3.f90 -O0 (test for excess errors)
FAIL: libgomp.fortran/examples-4/e.56.3.f90 -O1 (test for excess errors)
FAIL: libgomp.fortran/examples-4/e.56.3.f90 -O2 (test for excess errors)
FAIL: libgomp.fortran/examples-4/e.56.3.f90 -O3 -fomit-frame-pointer (test for excess errors)
FAIL: libgomp.fortran/examples-4/e.56.3.f90 -O3 -fomit-frame-pointer -funroll-loops (test for excess errors)
FAIL: libgomp.fortran/examples-4/e.56.3.f90 -O3 -fomit-frame-pointer -funroll-all-loops -finline-functions (test for excess errors)
FAIL: libgomp.fortran/examples-4/e.56.3.f90 -O3 -g (test for excess errors)
FAIL: libgomp.fortran/examples-4/e.56.3.f90 -Os (test for excess errors)
FAIL: libgomp.fortran/examples-4/e.56.4.f90 -O0 (test for excess errors)
FAIL: libgomp.fortran/examples-4/e.56.4.f90 -O1 (test for excess errors)
FAIL: libgomp.fortran/examples-4/e.56.4.f90 -O2 (test for excess errors)
FAIL: libgomp.fortran/examples-4/e.56.4.f90 -O3 -fomit-frame-pointer (test for excess errors)
FAIL: libgomp.fortran/examples-4/e.56.4.f90 -O3 -fomit-frame-pointer -funroll-loops (test for excess errors)
FAIL: libgomp.fortran/examples-4/e.56.4.f90 -O3 -fomit-frame-pointer -funroll-all-loops -finline-functions (test for excess errors)
FAIL: libgomp.fortran/examples-4/e.56.4.f90 -O3 -g (test for excess errors)
FAIL: libgomp.fortran/examples-4/e.56.4.f90 -Os (test for excess errors)
FAIL: libgomp.fortran/nestedfn5.f90 -O0 (test for excess errors)
FAIL: libgomp.fortran/nestedfn5.f90 -O1 (test for excess errors)
FAIL: libgomp.fortran/nestedfn5.f90 -O2 (test for excess errors)
FAIL: libgomp.fortran/nestedfn5.f90 -O3 -fomit-frame-pointer (test for excess errors)
FAIL: libgomp.fortran/nestedfn5.f90 -O3 -fomit-frame-pointer -funroll-loops (test for excess errors)
FAIL: libgomp.fortran/nestedfn5.f90 -O3 -fomit-frame-pointer -funroll-all-loops -finline-functions (test for excess errors)
FAIL: libgomp.fortran/nestedfn5.f90 -O3 -g (test for excess errors)
FAIL: libgomp.fortran/nestedfn5.f90 -Os (test for excess errors)
FAIL: libgomp.fortran/target1.f90 -O0 (test for excess errors)
FAIL: libgomp.fortran/target1.f90 -O1 (test for excess errors)
FAIL: libgomp.fortran/target1.f90 -O2 (test for excess errors)
FAIL: libgomp.fortran/target1.f90 -O3 -fomit-frame-pointer (test for excess errors)
FAIL: libgomp.fortran/target1.f90 -O3 -fomit-frame-pointer -funroll-loops (test for excess errors)
FAIL: libgomp.fortran/target1.f90 -O3 -fomit-frame-pointer -funroll-all-loops -finline-functions (test for excess errors)
FAIL: libgomp.fortran/target1.f90 -O3 -g (test for excess errors)
FAIL: libgomp.fortran/target1.f90 -Os (test for excess errors)
FAIL: libgomp.fortran/target2.f90 -O0 (test for excess errors)
FAIL: libgomp.fortran/target2.f90 -O1 (test for excess errors)
FAIL: libgomp.fortran/target2.f90 -O2 (test for excess errors)
FAIL: libgomp.fortran/target2.f90 -O3 -fomit-frame-pointer (test for excess errors)
FAIL: libgomp.fortran/target2.f90 -O3 -fomit-frame-pointer -funroll-loops (test for excess errors)
FAIL: libgomp.fortran/target2.f90 -O3 -fomit-frame-pointer -funroll-all-loops -finline-functions (test for excess errors)
FAIL: libgomp.fortran/target2.f90 -O3 -g (test for excess errors)
FAIL: libgomp.fortran/target2.f90 -Os (test for excess errors)
FAIL: libgomp.fortran/target3.f90 -O0 (test for excess errors)
FAIL: libgomp.fortran/target3.f90 -O1 (test for excess errors)
FAIL: libgomp.fortran/target3.f90 -O2 (test for excess errors)
FAIL: libgomp.fortran/target3.f90 -O3 -fomit-frame-pointer (test for excess errors)
FAIL: libgomp.fortran/target3.f90 -O3 -fomit-frame-pointer -funroll-loops (test for excess errors)
FAIL: libgomp.fortran/target3.f90 -O3 -fomit-frame-pointer -funroll-all-loops -finline-functions (test for excess errors)
FAIL: libgomp.fortran/target3.f90 -O3 -g (test for excess errors)
FAIL: libgomp.fortran/target3.f90 -Os (test for excess errors)
FAIL: libgomp.fortran/target4.f90 -O0 (test for excess errors)
FAIL: libgomp.fortran/target4.f90 -O1 (test for excess errors)
FAIL: libgomp.fortran/target4.f90 -O2 (test for excess errors)
FAIL: libgomp.fortran/target4.f90 -O3 -fomit-frame-pointer (test for excess errors)
FAIL: libgomp.fortran/target4.f90 -O3 -fomit-frame-pointer -funroll-loops (test for excess errors)
FAIL: libgomp.fortran/target4.f90 -O3 -fomit-frame-pointer -funroll-all-loops -finline-functions (test for excess errors)
FAIL: libgomp.fortran/target4.f90 -O3 -g (test for excess errors)
FAIL: libgomp.fortran/target4.f90 -Os (test for excess errors)
FAIL: libgomp.fortran/target6.f90 -O0 (test for excess errors)
FAIL: libgomp.fortran/target6.f90 -O1 (test for excess errors)
FAIL: libgomp.fortran/target6.f90 -O2 (test for excess errors)
FAIL: libgomp.fortran/target6.f90 -O3 -fomit-frame-pointer (test for excess errors)
FAIL: libgomp.fortran/target6.f90 -O3 -fomit-frame-pointer -funroll-loops (test for excess errors)
FAIL: libgomp.fortran/target6.f90 -O3 -fomit-frame-pointer -funroll-all-loops -finline-functions (test for excess errors)
FAIL: libgomp.fortran/target6.f90 -O3 -g (test for excess errors)
FAIL: libgomp.fortran/target6.f90 -Os (test for excess errors)
FAIL: libgomp.fortran/target7.f90 -O0 (test for excess errors)
FAIL: libgomp.fortran/target7.f90 -O1 (test for excess errors)
FAIL: libgomp.fortran/target7.f90 -O2 (test for excess errors)
FAIL: libgomp.fortran/target7.f90 -O3 -fomit-frame-pointer (test for excess errors)
FAIL: libgomp.fortran/target7.f90 -O3 -fomit-frame-pointer -funroll-loops (test for excess errors)
FAIL: libgomp.fortran/target7.f90 -O3 -fomit-frame-pointer -funroll-all-loops -finline-functions (test for excess errors)
FAIL: libgomp.fortran/target7.f90 -O3 -g (test for excess errors)
FAIL: libgomp.fortran/target7.f90 -Os (test for excess errors)
FAIL: libgomp.fortran/target8.f90 -O0 (test for excess errors)
FAIL: libgomp.fortran/target8.f90 -O1 (test for excess errors)
FAIL: libgomp.fortran/target8.f90 -O2 (test for excess errors)
FAIL: libgomp.fortran/target8.f90 -O3 -fomit-frame-pointer (test for excess errors)
FAIL: libgomp.fortran/target8.f90 -O3 -fomit-frame-pointer -funroll-loops (test for excess errors)
FAIL: libgomp.fortran/target8.f90 -O3 -fomit-frame-pointer -funroll-all-loops -finline-functions (test for excess errors)
FAIL: libgomp.fortran/target8.f90 -O3 -g (test for excess errors)
FAIL: libgomp.fortran/target8.f90 -Os (test for excess errors)
=== libgomp Summary ===
# of expected passes 3367
# of unexpected failures 295
# of unsupported tests 83
=== libitm tests ===
Running target unix
=== libitm Summary ===
# of expected passes 26
# of expected failures 3
# of unsupported tests 1
=== libjava tests ===
Running target unix
=== libjava Summary ===
# of expected passes 2582
# of expected failures 4
=== libstdc++ tests ===
Running target unix
FAIL: libstdc++-abi/abi_check
FAIL: 18_support/numeric_limits/requirements/constexpr_functions.cc (test for excess errors)
FAIL: 28_regex/algorithms/regex_match/awk/cstring_01.cc (test for excess errors)
UNRESOLVED: 28_regex/algorithms/regex_match/awk/cstring_01.cc compilation failed to produce executable
FAIL: 28_regex/algorithms/regex_match/basic/empty_range.cc (test for excess errors)
UNRESOLVED: 28_regex/algorithms/regex_match/basic/empty_range.cc compilation failed to produce executable
FAIL: 28_regex/algorithms/regex_match/basic/string_01.cc (test for excess errors)
UNRESOLVED: 28_regex/algorithms/regex_match/basic/string_01.cc compilation failed to produce executable
FAIL: 28_regex/algorithms/regex_match/basic/string_range_00_03.cc (test for excess errors)
UNRESOLVED: 28_regex/algorithms/regex_match/basic/string_range_00_03.cc compilation failed to produce executable
FAIL: 28_regex/algorithms/regex_match/basic/string_range_01_03.cc (test for excess errors)
UNRESOLVED: 28_regex/algorithms/regex_match/basic/string_range_01_03.cc compilation failed to produce executable
FAIL: 28_regex/algorithms/regex_match/basic/string_range_02_03.cc (test for excess errors)
UNRESOLVED: 28_regex/algorithms/regex_match/basic/string_range_02_03.cc compilation failed to produce executable
FAIL: 28_regex/algorithms/regex_match/cstring_bracket_01.cc (test for excess errors)
UNRESOLVED: 28_regex/algorithms/regex_match/cstring_bracket_01.cc compilation failed to produce executable
FAIL: 28_regex/algorithms/regex_match/ecma/char/53622.cc (test for excess errors)
UNRESOLVED: 28_regex/algorithms/regex_match/ecma/char/53622.cc compilation failed to produce executable
FAIL: 28_regex/algorithms/regex_match/ecma/char/57173.cc (test for excess errors)
UNRESOLVED: 28_regex/algorithms/regex_match/ecma/char/57173.cc compilation failed to produce executable
FAIL: 28_regex/algorithms/regex_match/ecma/char/58576.cc (test for excess errors)
UNRESOLVED: 28_regex/algorithms/regex_match/ecma/char/58576.cc compilation failed to produce executable
FAIL: 28_regex/algorithms/regex_match/ecma/char/61601.cc (test for excess errors)
UNRESOLVED: 28_regex/algorithms/regex_match/ecma/char/61601.cc compilation failed to produce executable
FAIL: 28_regex/algorithms/regex_match/ecma/char/anymatcher.cc (test for excess errors)
UNRESOLVED: 28_regex/algorithms/regex_match/ecma/char/anymatcher.cc compilation failed to produce executable
FAIL: 28_regex/algorithms/regex_match/ecma/char/backref.cc (test for excess errors)
UNRESOLVED: 28_regex/algorithms/regex_match/ecma/char/backref.cc compilation failed to produce executable
FAIL: 28_regex/algorithms/regex_match/ecma/char/empty_range.cc (test for excess errors)
UNRESOLVED: 28_regex/algorithms/regex_match/ecma/char/empty_range.cc compilation failed to produce executable
FAIL: 28_regex/algorithms/regex_match/ecma/char/emptygroup.cc (test for excess errors)
UNRESOLVED: 28_regex/algorithms/regex_match/ecma/char/emptygroup.cc compilation failed to produce executable
FAIL: 28_regex/algorithms/regex_match/ecma/char/hex.cc (test for excess errors)
UNRESOLVED: 28_regex/algorithms/regex_match/ecma/char/hex.cc compilation failed to produce executable
FAIL: 28_regex/algorithms/regex_match/ecma/char/quoted_char.cc (test for excess errors)
UNRESOLVED: 28_regex/algorithms/regex_match/ecma/char/quoted_char.cc compilation failed to produce executable
FAIL: 28_regex/algorithms/regex_match/ecma/char/ungreedy.cc (test for excess errors)
UNRESOLVED: 28_regex/algorithms/regex_match/ecma/char/ungreedy.cc compilation failed to produce executable
FAIL: 28_regex/algorithms/regex_match/ecma/wchar_t/63199.cc (test for excess errors)
UNRESOLVED: 28_regex/algorithms/regex_match/ecma/wchar_t/63199.cc compilation failed to produce executable
FAIL: 28_regex/algorithms/regex_match/ecma/wchar_t/anymatcher.cc (test for excess errors)
UNRESOLVED: 28_regex/algorithms/regex_match/ecma/wchar_t/anymatcher.cc compilation failed to produce executable
FAIL: 28_regex/algorithms/regex_match/ecma/wchar_t/cjk_match.cc (test for excess errors)
UNRESOLVED: 28_regex/algorithms/regex_match/ecma/wchar_t/cjk_match.cc compilation failed to produce executable
FAIL: 28_regex/algorithms/regex_match/ecma/wchar_t/hex.cc (test for excess errors)
UNRESOLVED: 28_regex/algorithms/regex_match/ecma/wchar_t/hex.cc compilation failed to produce executable
FAIL: 28_regex/algorithms/regex_match/extended/cstring_plus.cc (test for excess errors)
UNRESOLVED: 28_regex/algorithms/regex_match/extended/cstring_plus.cc compilation failed to produce executable
FAIL: 28_regex/algorithms/regex_match/extended/cstring_questionmark.cc (test for excess errors)
UNRESOLVED: 28_regex/algorithms/regex_match/extended/cstring_questionmark.cc compilation failed to produce executable
FAIL: 28_regex/algorithms/regex_match/extended/cstring_range.cc (test for excess errors)
UNRESOLVED: 28_regex/algorithms/regex_match/extended/cstring_range.cc compilation failed to produce executable
FAIL: 28_regex/algorithms/regex_match/extended/string_any.cc (test for excess errors)
UNRESOLVED: 28_regex/algorithms/regex_match/extended/string_any.cc compilation failed to produce executable
FAIL: 28_regex/algorithms/regex_match/extended/string_range_00_03.cc (test for excess errors)
UNRESOLVED: 28_regex/algorithms/regex_match/extended/string_range_00_03.cc compilation failed to produce executable
FAIL: 28_regex/algorithms/regex_match/extended/string_range_01_03.cc (test for excess errors)
UNRESOLVED: 28_regex/algorithms/regex_match/extended/string_range_01_03.cc compilation failed to produce executable
FAIL: 28_regex/algorithms/regex_match/extended/string_range_02_03.cc (test for excess errors)
UNRESOLVED: 28_regex/algorithms/regex_match/extended/string_range_02_03.cc compilation failed to produce executable
FAIL: 28_regex/algorithms/regex_match/extended/wstring_locale.cc (test for excess errors)
UNRESOLVED: 28_regex/algorithms/regex_match/extended/wstring_locale.cc compilation failed to produce executable
FAIL: 28_regex/algorithms/regex_replace/char/51711.cc (test for excess errors)
FAIL: 28_regex/algorithms/regex_replace/char/basic_replace.cc (test for excess errors)
UNRESOLVED: 28_regex/algorithms/regex_replace/char/basic_replace.cc compilation failed to produce executable
FAIL: 28_regex/algorithms/regex_replace/char/dr2213.cc (test for excess errors)
UNRESOLVED: 28_regex/algorithms/regex_replace/char/dr2213.cc compilation failed to produce executable
FAIL: 28_regex/algorithms/regex_replace/wchar_t/51711.cc (test for excess errors)
FAIL: 28_regex/algorithms/regex_search/61424.cc (test for excess errors)
UNRESOLVED: 28_regex/algorithms/regex_search/61424.cc compilation failed to produce executable
FAIL: 28_regex/algorithms/regex_search/61720.cc (test for excess errors)
UNRESOLVED: 28_regex/algorithms/regex_search/61720.cc compilation failed to produce executable
FAIL: 28_regex/algorithms/regex_search/basic/string_01.cc (test for excess errors)
UNRESOLVED: 28_regex/algorithms/regex_search/basic/string_01.cc compilation failed to produce executable
FAIL: 28_regex/algorithms/regex_search/ecma/assertion.cc (test for excess errors)
UNRESOLVED: 28_regex/algorithms/regex_search/ecma/assertion.cc compilation failed to produce executable
FAIL: 28_regex/algorithms/regex_search/ecma/flags.cc (test for excess errors)
UNRESOLVED: 28_regex/algorithms/regex_search/ecma/flags.cc compilation failed to produce executable
FAIL: 28_regex/algorithms/regex_search/ecma/greedy.cc (test for excess errors)
UNRESOLVED: 28_regex/algorithms/regex_search/ecma/greedy.cc compilation failed to produce executable
FAIL: 28_regex/algorithms/regex_search/ecma/string_01.cc (test for excess errors)
UNRESOLVED: 28_regex/algorithms/regex_search/ecma/string_01.cc compilation failed to produce executable
FAIL: 28_regex/basic_regex/assign/char/cstring.cc (test for excess errors)
FAIL: 28_regex/basic_regex/assign/char/cstring_op.cc (test for excess errors)
FAIL: 28_regex/basic_regex/assign/char/moveable.cc (test for excess errors)
UNRESOLVED: 28_regex/basic_regex/assign/char/moveable.cc compilation failed to produce executable
FAIL: 28_regex/basic_regex/assign/char/pstring.cc (test for excess errors)
FAIL: 28_regex/basic_regex/assign/char/range.cc (test for excess errors)
FAIL: 28_regex/basic_regex/assign/char/string.cc (test for excess errors)
FAIL: 28_regex/basic_regex/assign/char/string_op.cc (test for excess errors)
FAIL: 28_regex/basic_regex/assign/wchar_t/cstring.cc (test for excess errors)
FAIL: 28_regex/basic_regex/assign/wchar_t/cstring_op.cc (test for excess errors)
FAIL: 28_regex/basic_regex/assign/wchar_t/pstring.cc (test for excess errors)
FAIL: 28_regex/basic_regex/assign/wchar_t/range.cc (test for excess errors)
FAIL: 28_regex/basic_regex/assign/wchar_t/string.cc (test for excess errors)
FAIL: 28_regex/basic_regex/assign/wchar_t/string_op.cc (test for excess errors)
FAIL: 28_regex/basic_regex/ctors/47724.cc (test for excess errors)
UNRESOLVED: 28_regex/basic_regex/ctors/47724.cc compilation failed to produce executable
FAIL: 28_regex/basic_regex/ctors/basic/cstring.cc (test for excess errors)
FAIL: 28_regex/basic_regex/ctors/basic/pstring_char.cc (test for excess errors)
UNRESOLVED: 28_regex/basic_regex/ctors/basic/pstring_char.cc compilation failed to produce executable
FAIL: 28_regex/basic_regex/ctors/basic/pstring_wchar_t.cc (test for excess errors)
UNRESOLVED: 28_regex/basic_regex/ctors/basic/pstring_wchar_t.cc compilation failed to produce executable
FAIL: 28_regex/basic_regex/ctors/basic/raw_string.cc (test for excess errors)
UNRESOLVED: 28_regex/basic_regex/ctors/basic/raw_string.cc compilation failed to produce executable
FAIL: 28_regex/basic_regex/ctors/basic/string_range_01_02_03.cc (test for excess errors)
UNRESOLVED: 28_regex/basic_regex/ctors/basic/string_range_01_02_03.cc compilation failed to produce executable
FAIL: 28_regex/basic_regex/ctors/char/cstring.cc (test for excess errors)
FAIL: 28_regex/basic_regex/ctors/char/cstring_awk.cc (test for excess errors)
FAIL: 28_regex/basic_regex/ctors/char/cstring_ecma.cc (test for excess errors)
FAIL: 28_regex/basic_regex/ctors/char/cstring_egrep.cc (test for excess errors)
FAIL: 28_regex/basic_regex/ctors/char/cstring_grep.cc (test for excess errors)
FAIL: 28_regex/basic_regex/ctors/char/range.cc (test for excess errors)
FAIL: 28_regex/basic_regex/ctors/copy_char.cc (test for excess errors)
UNRESOLVED: 28_regex/basic_regex/ctors/copy_char.cc compilation failed to produce executable
FAIL: 28_regex/basic_regex/ctors/extended/cstring.cc (test for excess errors)
UNRESOLVED: 28_regex/basic_regex/ctors/extended/cstring.cc compilation failed to produce executable
FAIL: 28_regex/basic_regex/ctors/extended/string_range_01_02_03.cc (test for excess errors)
UNRESOLVED: 28_regex/basic_regex/ctors/extended/string_range_01_02_03.cc compilation failed to produce executable
FAIL: 28_regex/basic_regex/ctors/move_char.cc (test for excess errors)
UNRESOLVED: 28_regex/basic_regex/ctors/move_char.cc compilation failed to produce executable
FAIL: 28_regex/basic_regex/ctors/string_char.cc (test for excess errors)
FAIL: 28_regex/basic_regex/ctors/string_wchar_t.cc (test for excess errors)
FAIL: 28_regex/basic_regex/ctors/wchar_t/cstring.cc (test for excess errors)
FAIL: 28_regex/basic_regex/ctors/wchar_t/range.cc (test for excess errors)
FAIL: 28_regex/basic_regex/multiple_quantifiers.cc (test for excess errors)
UNRESOLVED: 28_regex/basic_regex/multiple_quantifiers.cc compilation failed to produce executable
FAIL: 28_regex/constants/syntax_option_type.cc (test for excess errors)
UNRESOLVED: 28_regex/constants/syntax_option_type.cc compilation failed to produce executable
FAIL: 28_regex/init-list.cc (test for excess errors)
UNRESOLVED: 28_regex/init-list.cc compilation failed to produce executable
FAIL: 28_regex/iterators/regex_iterator/char/string_01.cc (test for excess errors)
UNRESOLVED: 28_regex/iterators/regex_iterator/char/string_01.cc compilation failed to produce executable
FAIL: 28_regex/iterators/regex_iterator/char/string_position_01.cc (test for excess errors)
UNRESOLVED: 28_regex/iterators/regex_iterator/char/string_position_01.cc compilation failed to produce executable
FAIL: 28_regex/iterators/regex_iterator/wchar_t/string_01.cc (test for excess errors)
UNRESOLVED: 28_regex/iterators/regex_iterator/wchar_t/string_01.cc compilation failed to produce executable
FAIL: 28_regex/iterators/regex_iterator/wchar_t/string_02.cc (test for excess errors)
UNRESOLVED: 28_regex/iterators/regex_iterator/wchar_t/string_02.cc compilation failed to produce executable
FAIL: 28_regex/iterators/regex_token_iterator/char/string_01.cc (test for excess errors)
UNRESOLVED: 28_regex/iterators/regex_token_iterator/char/string_01.cc compilation failed to produce executable
FAIL: 28_regex/iterators/regex_token_iterator/wchar_t/string_01.cc (test for excess errors)
UNRESOLVED: 28_regex/iterators/regex_token_iterator/wchar_t/string_01.cc compilation failed to produce executable
FAIL: 28_regex/iterators/regex_token_iterator/wchar_t/wstring_02.cc (test for excess errors)
UNRESOLVED: 28_regex/iterators/regex_token_iterator/wchar_t/wstring_02.cc compilation failed to produce executable
FAIL: 28_regex/match_results/format.cc (test for excess errors)
UNRESOLVED: 28_regex/match_results/format.cc compilation failed to produce executable
FAIL: 28_regex/traits/char/user_defined.cc (test for excess errors)
UNRESOLVED: 28_regex/traits/char/user_defined.cc compilation failed to produce executable
FAIL: 28_regex/traits/wchar_t/user_defined.cc (test for excess errors)
UNRESOLVED: 28_regex/traits/wchar_t/user_defined.cc compilation failed to produce executable
=== libstdc++ Summary ===
# of expected passes 10210
# of unexpected failures 89
# of expected failures 68
# of unresolved testcases 62
# of unsupported tests 225
Compiler version: 5.0.0 20141118 (experimental) [trunk revision 217689] (GCC)
Platform: i686-pc-linux-gnu
configure flags: --with-arch=core2 --with-cpu=slm --prefix=/usr/5.0.0 --enable-clocale=gnu --with-system-zlib --enable-shared --with-demangler-in-ld i686-linux --with-fpmath=sse --enable-languages=c,c++,fortran,java,lto,objc