This is the mail archive of the
gcc-testresults@gcc.gnu.org
mailing list for the GCC project.
Results for 5.0.0 20141112 (experimental) [trunk revision 217427] (GCC) testsuite on x86_64-unknown-linux-gnu
- From: intel64 at gnu-13 dot sc dot intel dot com (H.J. Lu (Intel64))
- To: gcc-testresults at gcc dot gnu dot org
- Date: Wed, 12 Nov 2014 10:33:47 -0800
- Subject: Results for 5.0.0 20141112 (experimental) [trunk revision 217427] (GCC) testsuite on x86_64-unknown-linux-gnu
- Authentication-results: sourceware.org; auth=none
Native configuration is x86_64-unknown-linux-gnu
=== gcc tests ===
Running target unix
XPASS: gcc.dg/guality/example.c -O0 execution test
XPASS: gcc.dg/guality/example.c -O1 execution test
XPASS: gcc.dg/guality/example.c -O2 execution test
XPASS: gcc.dg/guality/example.c -O2 -flto -fno-use-linker-plugin -flto-partition=none execution test
XPASS: gcc.dg/guality/guality.c -O0 execution test
XPASS: gcc.dg/guality/guality.c -O1 execution test
XPASS: gcc.dg/guality/guality.c -O2 execution test
XPASS: gcc.dg/guality/guality.c -O2 -flto -fno-use-linker-plugin -flto-partition=none execution test
XPASS: gcc.dg/guality/guality.c -O2 -flto -fuse-linker-plugin -fno-fat-lto-objects execution test
XPASS: gcc.dg/guality/guality.c -O3 -fomit-frame-pointer execution test
XPASS: gcc.dg/guality/guality.c -O3 -g execution test
XPASS: gcc.dg/guality/guality.c -Os execution test
XPASS: gcc.dg/guality/inline-params.c -O2 execution test
XPASS: gcc.dg/guality/inline-params.c -O2 -flto -fno-use-linker-plugin -flto-partition=none execution test
XPASS: gcc.dg/guality/inline-params.c -O3 -fomit-frame-pointer execution test
XPASS: gcc.dg/guality/inline-params.c -O3 -g execution test
XPASS: gcc.dg/guality/inline-params.c -Os execution test
XPASS: gcc.dg/guality/pr41353-1.c -O0 line 28 j == 28 + 37
XPASS: gcc.dg/guality/pr41447-1.c -O0 execution test
XPASS: gcc.dg/guality/pr41447-1.c -O1 execution test
XPASS: gcc.dg/guality/pr41447-1.c -O2 execution test
XPASS: gcc.dg/guality/pr41447-1.c -O2 -flto -fno-use-linker-plugin -flto-partition=none execution test
XPASS: gcc.dg/guality/pr41447-1.c -O2 -flto -fuse-linker-plugin -fno-fat-lto-objects execution test
XPASS: gcc.dg/guality/pr41447-1.c -O3 -fomit-frame-pointer execution test
XPASS: gcc.dg/guality/pr41447-1.c -O3 -g execution test
XPASS: gcc.dg/guality/pr41447-1.c -Os execution test
XPASS: gcc.dg/guality/pr41616-1.c -O0 execution test
XPASS: gcc.dg/guality/pr41616-1.c -O1 execution test
XPASS: gcc.dg/guality/pr41616-1.c -O2 execution test
XPASS: gcc.dg/guality/pr41616-1.c -O2 -flto -fno-use-linker-plugin -flto-partition=none execution test
XPASS: gcc.dg/guality/pr41616-1.c -O3 -fomit-frame-pointer execution test
XPASS: gcc.dg/guality/pr41616-1.c -O3 -g execution test
XPASS: gcc.dg/guality/pr41616-1.c -Os execution test
FAIL: gcc.dg/guality/pr43051-1.c -O2 line 35 v == 1
FAIL: gcc.dg/guality/pr43051-1.c -O2 line 36 e == &a[1]
FAIL: gcc.dg/guality/pr43051-1.c -O2 line 39 c == &a[0]
FAIL: gcc.dg/guality/pr43051-1.c -O2 line 40 v == 1
FAIL: gcc.dg/guality/pr43051-1.c -O2 line 41 e == &a[1]
FAIL: gcc.dg/guality/pr43051-1.c -O2 -flto -fno-use-linker-plugin -flto-partition=none line 35 v == 1
FAIL: gcc.dg/guality/pr43051-1.c -O2 -flto -fno-use-linker-plugin -flto-partition=none line 36 e == &a[1]
FAIL: gcc.dg/guality/pr43051-1.c -O2 -flto -fno-use-linker-plugin -flto-partition=none line 39 c == &a[0]
FAIL: gcc.dg/guality/pr43051-1.c -O2 -flto -fno-use-linker-plugin -flto-partition=none line 40 v == 1
FAIL: gcc.dg/guality/pr43051-1.c -O2 -flto -fno-use-linker-plugin -flto-partition=none line 41 e == &a[1]
FAIL: gcc.dg/guality/pr43051-1.c -O2 -flto -fuse-linker-plugin -fno-fat-lto-objects line 35 v == 1
FAIL: gcc.dg/guality/pr43051-1.c -O2 -flto -fuse-linker-plugin -fno-fat-lto-objects line 36 e == &a[1]
FAIL: gcc.dg/guality/pr43051-1.c -O2 -flto -fuse-linker-plugin -fno-fat-lto-objects line 39 c == &a[0]
FAIL: gcc.dg/guality/pr43051-1.c -O2 -flto -fuse-linker-plugin -fno-fat-lto-objects line 40 v == 1
FAIL: gcc.dg/guality/pr43051-1.c -O2 -flto -fuse-linker-plugin -fno-fat-lto-objects line 41 e == &a[1]
FAIL: gcc.dg/guality/pr43051-1.c -O3 -fomit-frame-pointer line 35 v == 1
FAIL: gcc.dg/guality/pr43051-1.c -O3 -fomit-frame-pointer line 36 e == &a[1]
FAIL: gcc.dg/guality/pr43051-1.c -O3 -fomit-frame-pointer line 39 c == &a[0]
FAIL: gcc.dg/guality/pr43051-1.c -O3 -fomit-frame-pointer line 40 v == 1
FAIL: gcc.dg/guality/pr43051-1.c -O3 -fomit-frame-pointer line 41 e == &a[1]
FAIL: gcc.dg/guality/pr43051-1.c -O3 -fomit-frame-pointer -funroll-all-loops -finline-functions line 35 v == 1
FAIL: gcc.dg/guality/pr43051-1.c -O3 -fomit-frame-pointer -funroll-all-loops -finline-functions line 36 e == &a[1]
FAIL: gcc.dg/guality/pr43051-1.c -O3 -fomit-frame-pointer -funroll-all-loops -finline-functions line 39 c == &a[0]
FAIL: gcc.dg/guality/pr43051-1.c -O3 -fomit-frame-pointer -funroll-all-loops -finline-functions line 40 v == 1
FAIL: gcc.dg/guality/pr43051-1.c -O3 -fomit-frame-pointer -funroll-all-loops -finline-functions line 41 e == &a[1]
FAIL: gcc.dg/guality/pr43051-1.c -O3 -fomit-frame-pointer -funroll-loops line 35 v == 1
FAIL: gcc.dg/guality/pr43051-1.c -O3 -fomit-frame-pointer -funroll-loops line 36 e == &a[1]
FAIL: gcc.dg/guality/pr43051-1.c -O3 -fomit-frame-pointer -funroll-loops line 39 c == &a[0]
FAIL: gcc.dg/guality/pr43051-1.c -O3 -fomit-frame-pointer -funroll-loops line 40 v == 1
FAIL: gcc.dg/guality/pr43051-1.c -O3 -fomit-frame-pointer -funroll-loops line 41 e == &a[1]
FAIL: gcc.dg/guality/pr43051-1.c -O3 -g line 35 v == 1
FAIL: gcc.dg/guality/pr43051-1.c -O3 -g line 36 e == &a[1]
FAIL: gcc.dg/guality/pr43051-1.c -O3 -g line 39 c == &a[0]
FAIL: gcc.dg/guality/pr43051-1.c -O3 -g line 40 v == 1
FAIL: gcc.dg/guality/pr43051-1.c -O3 -g line 41 e == &a[1]
FAIL: gcc.dg/guality/pr43051-1.c -Os line 35 v == 1
FAIL: gcc.dg/guality/pr43051-1.c -Os line 36 e == &a[1]
FAIL: gcc.dg/guality/pr43051-1.c -Os line 39 c == &a[0]
FAIL: gcc.dg/guality/pr43051-1.c -Os line 40 v == 1
FAIL: gcc.dg/guality/pr43051-1.c -Os line 41 e == &a[1]
FAIL: gcc.dg/guality/pr43177.c -O2 line 15 l == 10
FAIL: gcc.dg/guality/pr43177.c -O2 line 15 x == 7
FAIL: gcc.dg/guality/pr43177.c -O2 line 24 l == 10
FAIL: gcc.dg/guality/pr43177.c -O2 line 24 x == 7
FAIL: gcc.dg/guality/pr43177.c -O2 -flto -fno-use-linker-plugin -flto-partition=none line 15 l == 10
FAIL: gcc.dg/guality/pr43177.c -O2 -flto -fno-use-linker-plugin -flto-partition=none line 15 x == 7
FAIL: gcc.dg/guality/pr43177.c -O2 -flto -fno-use-linker-plugin -flto-partition=none line 24 l == 10
FAIL: gcc.dg/guality/pr43177.c -O2 -flto -fno-use-linker-plugin -flto-partition=none line 24 x == 7
FAIL: gcc.dg/guality/pr43177.c -O2 -flto -fuse-linker-plugin -fno-fat-lto-objects line 15 l == 10
FAIL: gcc.dg/guality/pr43177.c -O2 -flto -fuse-linker-plugin -fno-fat-lto-objects line 15 x == 7
FAIL: gcc.dg/guality/pr43177.c -O2 -flto -fuse-linker-plugin -fno-fat-lto-objects line 24 l == 10
FAIL: gcc.dg/guality/pr43177.c -O2 -flto -fuse-linker-plugin -fno-fat-lto-objects line 24 x == 7
FAIL: gcc.dg/guality/pr43177.c -O3 -fomit-frame-pointer line 15 l == 10
FAIL: gcc.dg/guality/pr43177.c -O3 -fomit-frame-pointer line 15 x == 7
FAIL: gcc.dg/guality/pr43177.c -O3 -fomit-frame-pointer line 24 l == 10
FAIL: gcc.dg/guality/pr43177.c -O3 -fomit-frame-pointer line 24 x == 7
FAIL: gcc.dg/guality/pr43177.c -O3 -g line 15 l == 10
FAIL: gcc.dg/guality/pr43177.c -O3 -g line 15 x == 7
FAIL: gcc.dg/guality/pr43177.c -O3 -g line 24 l == 10
FAIL: gcc.dg/guality/pr43177.c -O3 -g line 24 x == 7
FAIL: gcc.dg/guality/pr43177.c -Os line 15 l == 10
FAIL: gcc.dg/guality/pr43177.c -Os line 15 x == 7
FAIL: gcc.dg/guality/pr43177.c -Os line 24 l == 10
FAIL: gcc.dg/guality/pr43177.c -Os line 24 x == 7
FAIL: gcc.dg/guality/pr43479.c -O1 line 13 h == 9
FAIL: gcc.dg/guality/pr43479.c -O1 line 18 h == 9
FAIL: gcc.dg/guality/pr43479.c -O2 line 13 h == 9
FAIL: gcc.dg/guality/pr43479.c -O2 line 18 h == 9
FAIL: gcc.dg/guality/pr43479.c -O2 -flto -fno-use-linker-plugin -flto-partition=none line 13 h == 9
FAIL: gcc.dg/guality/pr43479.c -O2 -flto -fno-use-linker-plugin -flto-partition=none line 18 h == 9
FAIL: gcc.dg/guality/pr43479.c -O2 -flto -fuse-linker-plugin -fno-fat-lto-objects line 13 h == 9
FAIL: gcc.dg/guality/pr43479.c -O2 -flto -fuse-linker-plugin -fno-fat-lto-objects line 18 h == 9
FAIL: gcc.dg/guality/pr43479.c -O3 -fomit-frame-pointer line 13 h == 9
FAIL: gcc.dg/guality/pr43479.c -O3 -fomit-frame-pointer line 18 h == 9
FAIL: gcc.dg/guality/pr43479.c -O3 -g line 13 h == 9
FAIL: gcc.dg/guality/pr43479.c -O3 -g line 18 h == 9
FAIL: gcc.dg/guality/pr43479.c -Os line 13 h == 9
FAIL: gcc.dg/guality/pr43479.c -Os line 18 h == 9
FAIL: gcc.dg/guality/pr45003-2.c -O2 -flto -fuse-linker-plugin -fno-fat-lto-objects line 10 a == 0x8078
FAIL: gcc.dg/guality/pr45882.c -O2 -flto -fuse-linker-plugin -fno-fat-lto-objects line 16 d == 112
FAIL: gcc.dg/guality/pr45882.c -O2 -flto -fuse-linker-plugin -fno-fat-lto-objects line 16 e == 142
FAIL: gcc.dg/guality/pr54200.c -Os line 20 z == 3
FAIL: gcc.dg/guality/pr54519-1.c -O2 -flto -fno-use-linker-plugin -flto-partition=none line 20 y == 25
FAIL: gcc.dg/guality/pr54519-1.c -O2 -flto -fno-use-linker-plugin -flto-partition=none line 20 z == 6
FAIL: gcc.dg/guality/pr54519-1.c -O2 -flto -fno-use-linker-plugin -flto-partition=none line 23 y == 117
FAIL: gcc.dg/guality/pr54519-1.c -O2 -flto -fno-use-linker-plugin -flto-partition=none line 23 z == 8
FAIL: gcc.dg/guality/pr54519-2.c -O2 -flto -fno-use-linker-plugin -flto-partition=none line 17 y == 25
FAIL: gcc.dg/guality/pr54519-2.c -O2 -flto -fuse-linker-plugin -fno-fat-lto-objects line 17 y == 25
FAIL: gcc.dg/guality/pr54519-3.c -O2 -flto -fno-use-linker-plugin -flto-partition=none line 20 y == 25
FAIL: gcc.dg/guality/pr54519-3.c -O2 -flto -fno-use-linker-plugin -flto-partition=none line 20 z == 6
FAIL: gcc.dg/guality/pr54519-3.c -O2 -flto -fno-use-linker-plugin -flto-partition=none line 23 y == 117
FAIL: gcc.dg/guality/pr54519-3.c -O2 -flto -fno-use-linker-plugin -flto-partition=none line 23 z == 8
FAIL: gcc.dg/guality/pr54519-3.c -O2 -flto -fuse-linker-plugin -fno-fat-lto-objects line 20 x == 36
FAIL: gcc.dg/guality/pr54519-3.c -O2 -flto -fuse-linker-plugin -fno-fat-lto-objects line 20 y == 25
FAIL: gcc.dg/guality/pr54519-3.c -O2 -flto -fuse-linker-plugin -fno-fat-lto-objects line 20 z == 6
FAIL: gcc.dg/guality/pr54519-3.c -O2 -flto -fuse-linker-plugin -fno-fat-lto-objects line 23 x == 98
FAIL: gcc.dg/guality/pr54519-3.c -O2 -flto -fuse-linker-plugin -fno-fat-lto-objects line 23 y == 117
FAIL: gcc.dg/guality/pr54519-3.c -O2 -flto -fuse-linker-plugin -fno-fat-lto-objects line 23 z == 8
FAIL: gcc.dg/guality/pr54519-4.c -O2 -flto -fno-use-linker-plugin -flto-partition=none line 17 y == 25
FAIL: gcc.dg/guality/pr54519-4.c -O2 -flto -fuse-linker-plugin -fno-fat-lto-objects line 17 x == 6
FAIL: gcc.dg/guality/pr54519-4.c -O2 -flto -fuse-linker-plugin -fno-fat-lto-objects line 17 y == 25
FAIL: gcc.dg/guality/pr54519-5.c -O2 -flto -fno-use-linker-plugin -flto-partition=none line 17 y == 25
FAIL: gcc.dg/guality/pr54519-5.c -O2 -flto -fuse-linker-plugin -fno-fat-lto-objects line 17 y == 25
FAIL: gcc.dg/guality/sra-1.c -O2 line 43 a.i == 4
FAIL: gcc.dg/guality/sra-1.c -O2 line 43 a.j == 14
FAIL: gcc.dg/guality/sra-1.c -O2 -flto -fno-use-linker-plugin -flto-partition=none line 21 a.i == 4
FAIL: gcc.dg/guality/sra-1.c -O2 -flto -fno-use-linker-plugin -flto-partition=none line 21 a.j == 14
FAIL: gcc.dg/guality/sra-1.c -O2 -flto -fno-use-linker-plugin -flto-partition=none line 43 a.i == 4
FAIL: gcc.dg/guality/sra-1.c -O2 -flto -fno-use-linker-plugin -flto-partition=none line 43 a.j == 14
FAIL: gcc.dg/guality/sra-1.c -O2 -flto -fuse-linker-plugin -fno-fat-lto-objects line 21 a.i == 4
FAIL: gcc.dg/guality/sra-1.c -O2 -flto -fuse-linker-plugin -fno-fat-lto-objects line 43 a.i == 4
FAIL: gcc.dg/guality/sra-1.c -O3 -fomit-frame-pointer line 43 a.i == 4
FAIL: gcc.dg/guality/sra-1.c -O3 -fomit-frame-pointer line 43 a.j == 14
FAIL: gcc.dg/guality/sra-1.c -O3 -g line 43 a.i == 4
FAIL: gcc.dg/guality/sra-1.c -O3 -g line 43 a.j == 14
FAIL: gcc.dg/guality/sra-1.c -Os line 43 a.i == 4
FAIL: gcc.dg/guality/sra-1.c -Os line 43 a.j == 14
FAIL: gcc.dg/guality/vla-2.c -O2 line 25 sizeof (a) == 6 * sizeof (int)
FAIL: gcc.dg/guality/vla-2.c -O2 -flto -fno-use-linker-plugin -flto-partition=none line 25 sizeof (a) == 6 * sizeof (int)
FAIL: gcc.dg/guality/vla-2.c -O2 -flto -fuse-linker-plugin -fno-fat-lto-objects line 25 sizeof (a) == 6 * sizeof (int)
FAIL: gcc.dg/guality/vla-2.c -O3 -fomit-frame-pointer line 25 sizeof (a) == 6 * sizeof (int)
FAIL: gcc.dg/guality/vla-2.c -O3 -g line 25 sizeof (a) == 6 * sizeof (int)
FAIL: gcc.dg/guality/vla-2.c -Os line 25 sizeof (a) == 6 * sizeof (int)
UNRESOLVED: gcc.dg/tree-prof/peel-1.c scan-rtl-dump loop2_unroll "Considering simply peeling loop"
FAIL: c-c++-common/ubsan/object-size-1.c -O2 output pattern test, is c-c++-common/ubsan/object-size-1.c:16:7: runtime error: load of address 0x000001da0024 with insufficient space for an object of type 'char'
FAIL: c-c++-common/ubsan/object-size-1.c -O2 -flto -fno-use-linker-plugin -flto-partition=none output pattern test, is c-c++-common/ubsan/object-size-1.c:16:7: runtime error: load of address 0x000001d0e024 with insufficient space for an object of type 'char'
FAIL: c-c++-common/ubsan/object-size-1.c -O2 -flto -fuse-linker-plugin -fno-fat-lto-objects output pattern test, is c-c++-common/ubsan/object-size-1.c:16:7: runtime error: load of address 0x000001241024 with insufficient space for an object of type 'char'
FAIL: c-c++-common/ubsan/object-size-10.c -O2 output pattern test, is c-c++-common/ubsan/object-size-10.c:19:11: runtime error: index 128 out of bounds for type 'char [128]'
FAIL: c-c++-common/ubsan/object-size-10.c -O2 -flto -fno-use-linker-plugin -flto-partition=none output pattern test, is c-c++-common/ubsan/object-size-10.c:19:11: runtime error: index 128 out of bounds for type 'char [128]'
FAIL: c-c++-common/ubsan/object-size-10.c -O2 -flto -fuse-linker-plugin -fno-fat-lto-objects output pattern test, is c-c++-common/ubsan/object-size-10.c:19:11: runtime error: index 128 out of bounds for type 'char [128]'
FAIL: c-c++-common/ubsan/object-size-4.c -O2 output pattern test, is c-c++-common/ubsan/object-size-4.c:16:11: runtime error: load of address 0x00000244a018 with insufficient space for an object of type 'int'
FAIL: c-c++-common/ubsan/object-size-4.c -O2 -flto -fno-use-linker-plugin -flto-partition=none output pattern test, is c-c++-common/ubsan/object-size-4.c:16:11: runtime error: load of address 0x00000164a018 with insufficient space for an object of type 'int'
FAIL: c-c++-common/ubsan/object-size-4.c -O2 -flto -fuse-linker-plugin -fno-fat-lto-objects output pattern test, is c-c++-common/ubsan/object-size-4.c:16:11: runtime error: load of address 0x000000eac018 with insufficient space for an object of type 'int'
FAIL: c-c++-common/ubsan/object-size-5.c -O2 output pattern test, is c-c++-common/ubsan/object-size-5.c:18:10: runtime error: load of address 0x000000710024 with insufficient space for an object of type 'char'
FAIL: c-c++-common/ubsan/object-size-5.c -O2 -flto -fno-use-linker-plugin -flto-partition=none output pattern test, is c-c++-common/ubsan/object-size-5.c:18:10: runtime error: load of address 0x0000018ec024 with insufficient space for an object of type 'char'
FAIL: c-c++-common/ubsan/object-size-5.c -O2 -flto -fuse-linker-plugin -fno-fat-lto-objects output pattern test, is c-c++-common/ubsan/object-size-5.c:18:10: runtime error: load of address 0x000001c9e024 with insufficient space for an object of type 'char'
FAIL: c-c++-common/ubsan/object-size-7.c -O2 output pattern test, is c-c++-common/ubsan/object-size-7.c:15:5: runtime error: load of address 0x7fff770a9110 with insufficient space for an object of type 'struct S'
FAIL: c-c++-common/ubsan/object-size-7.c -O2 -flto -fno-use-linker-plugin -flto-partition=none output pattern test, is c-c++-common/ubsan/object-size-7.c:15:5: runtime error: load of address 0x7fff722ddab0 with insufficient space for an object of type 'struct S'
FAIL: c-c++-common/ubsan/object-size-7.c -O2 -flto -fuse-linker-plugin -fno-fat-lto-objects output pattern test, is c-c++-common/ubsan/object-size-7.c:15:5: runtime error: load of address 0x7fff7075a480 with insufficient space for an object of type 'struct S'
FAIL: c-c++-common/ubsan/object-size-8.c -O2 output pattern test, is c-c++-common/ubsan/object-size-8.c:12:10: runtime error: load of address 0x000001ffc014 with insufficient space for an object of type 'int'
FAIL: c-c++-common/ubsan/object-size-8.c -O2 -flto -fno-use-linker-plugin -flto-partition=none output pattern test, is c-c++-common/ubsan/object-size-8.c:12:10: runtime error: load of address 0x000000cde014 with insufficient space for an object of type 'int'
FAIL: c-c++-common/ubsan/object-size-8.c -O2 -flto -fuse-linker-plugin -fno-fat-lto-objects output pattern test, is c-c++-common/ubsan/object-size-8.c:12:10: runtime error: load of address 0x000000e24014 with insufficient space for an object of type 'int'
FAIL: c-c++-common/ubsan/object-size-9.c -O2 output pattern test, is c-c++-common/ubsan/object-size-9.c:21:10: runtime error: load of address 0x7fff00c5a11c with insufficient space for an object of type 'char'
FAIL: c-c++-common/ubsan/object-size-9.c -O2 -flto -fno-use-linker-plugin -flto-partition=none output pattern test, is c-c++-common/ubsan/object-size-9.c:21:10: runtime error: load of address 0x7fff3546ad1c with insufficient space for an object of type 'char'
FAIL: c-c++-common/ubsan/object-size-9.c -O2 -flto -fuse-linker-plugin -fno-fat-lto-objects output pattern test, is c-c++-common/ubsan/object-size-9.c:21:10: runtime error: load of address 0x7fff1e7cb38c with insufficient space for an object of type 'char'
FAIL: gcc.dg/ubsan/object-size-9.c -O2 output pattern test, is gcc.dg/ubsan/object-size-9.c:11:13: runtime error: load of address 0x000000600e1a with insufficient space for an object of type 'char'
FAIL: gcc.dg/ubsan/object-size-9.c -O2 -flto -fno-use-linker-plugin -flto-partition=none output pattern test, is gcc.dg/ubsan/object-size-9.c:11:13: runtime error: load of address 0x000000600e1a with insufficient space for an object of type 'char'
FAIL: gcc.dg/ubsan/object-size-9.c -O2 -flto -fuse-linker-plugin -fno-fat-lto-objects output pattern test, is gcc.dg/ubsan/object-size-9.c:11:13: runtime error: load of address 0x000000600d7a with insufficient space for an object of type 'char'
=== gcc Summary for unix ===
Running target unix/-m32
XPASS: gcc.dg/guality/example.c -O0 execution test
XPASS: gcc.dg/guality/example.c -O1 execution test
XPASS: gcc.dg/guality/guality.c -O0 execution test
XPASS: gcc.dg/guality/guality.c -O1 execution test
XPASS: gcc.dg/guality/guality.c -O2 execution test
XPASS: gcc.dg/guality/guality.c -O2 -flto -fno-use-linker-plugin -flto-partition=none execution test
XPASS: gcc.dg/guality/guality.c -O2 -flto -fuse-linker-plugin -fno-fat-lto-objects execution test
XPASS: gcc.dg/guality/guality.c -O3 -fomit-frame-pointer execution test
XPASS: gcc.dg/guality/guality.c -O3 -g execution test
XPASS: gcc.dg/guality/guality.c -Os execution test
XPASS: gcc.dg/guality/inline-params.c -O2 execution test
XPASS: gcc.dg/guality/inline-params.c -O2 -flto -fno-use-linker-plugin -flto-partition=none execution test
XPASS: gcc.dg/guality/inline-params.c -O3 -fomit-frame-pointer execution test
XPASS: gcc.dg/guality/inline-params.c -O3 -g execution test
XPASS: gcc.dg/guality/inline-params.c -Os execution test
XPASS: gcc.dg/guality/pr41353-1.c -O0 line 28 j == 28 + 37
XPASS: gcc.dg/guality/pr41353-1.c -Os line 28 j == 28 + 37
XPASS: gcc.dg/guality/pr41447-1.c -O0 execution test
XPASS: gcc.dg/guality/pr41447-1.c -O1 execution test
XPASS: gcc.dg/guality/pr41447-1.c -O2 -flto -fuse-linker-plugin -fno-fat-lto-objects execution test
XPASS: gcc.dg/guality/pr41447-1.c -Os execution test
XPASS: gcc.dg/guality/pr41616-1.c -O0 execution test
XPASS: gcc.dg/guality/pr41616-1.c -O1 execution test
XPASS: gcc.dg/guality/pr41616-1.c -O2 execution test
XPASS: gcc.dg/guality/pr41616-1.c -O2 -flto -fno-use-linker-plugin -flto-partition=none execution test
XPASS: gcc.dg/guality/pr41616-1.c -O3 -fomit-frame-pointer execution test
XPASS: gcc.dg/guality/pr41616-1.c -O3 -g execution test
XPASS: gcc.dg/guality/pr41616-1.c -Os execution test
FAIL: gcc.dg/guality/pr43479.c -O1 line 13 h == 9
FAIL: gcc.dg/guality/pr43479.c -O1 line 18 h == 9
FAIL: gcc.dg/guality/pr43479.c -O2 line 13 h == 9
FAIL: gcc.dg/guality/pr43479.c -O2 line 18 h == 9
FAIL: gcc.dg/guality/pr43479.c -O2 -flto -fno-use-linker-plugin -flto-partition=none line 13 h == 9
FAIL: gcc.dg/guality/pr43479.c -O2 -flto -fno-use-linker-plugin -flto-partition=none line 18 h == 9
FAIL: gcc.dg/guality/pr43479.c -O2 -flto -fuse-linker-plugin -fno-fat-lto-objects line 13 h == 9
FAIL: gcc.dg/guality/pr43479.c -O2 -flto -fuse-linker-plugin -fno-fat-lto-objects line 18 h == 9
FAIL: gcc.dg/guality/pr43479.c -O3 -fomit-frame-pointer line 13 h == 9
FAIL: gcc.dg/guality/pr43479.c -O3 -fomit-frame-pointer line 18 h == 9
FAIL: gcc.dg/guality/pr43479.c -O3 -g line 13 h == 9
FAIL: gcc.dg/guality/pr43479.c -O3 -g line 18 h == 9
FAIL: gcc.dg/guality/pr43479.c -Os line 13 h == 9
FAIL: gcc.dg/guality/pr43479.c -Os line 18 h == 9
FAIL: gcc.dg/guality/pr45882.c -O2 -flto -fuse-linker-plugin -fno-fat-lto-objects line 16 d == 112
FAIL: gcc.dg/guality/pr45882.c -O2 -flto -fuse-linker-plugin -fno-fat-lto-objects line 16 e == 142
FAIL: gcc.dg/guality/pr54200.c -O2 -flto -fuse-linker-plugin -fno-fat-lto-objects line 20 z == 3
FAIL: gcc.dg/guality/pr54519-1.c -O2 -flto -fno-use-linker-plugin -flto-partition=none line 20 y == 25
FAIL: gcc.dg/guality/pr54519-1.c -O2 -flto -fno-use-linker-plugin -flto-partition=none line 20 z == 6
FAIL: gcc.dg/guality/pr54519-1.c -O2 -flto -fno-use-linker-plugin -flto-partition=none line 23 y == 117
FAIL: gcc.dg/guality/pr54519-1.c -O2 -flto -fno-use-linker-plugin -flto-partition=none line 23 z == 8
FAIL: gcc.dg/guality/pr54519-2.c -O2 -flto -fno-use-linker-plugin -flto-partition=none line 17 y == 25
FAIL: gcc.dg/guality/pr54519-2.c -O2 -flto -fuse-linker-plugin -fno-fat-lto-objects line 17 y == 25
FAIL: gcc.dg/guality/pr54519-3.c -O2 -flto -fno-use-linker-plugin -flto-partition=none line 20 y == 25
FAIL: gcc.dg/guality/pr54519-3.c -O2 -flto -fno-use-linker-plugin -flto-partition=none line 20 z == 6
FAIL: gcc.dg/guality/pr54519-3.c -O2 -flto -fno-use-linker-plugin -flto-partition=none line 23 y == 117
FAIL: gcc.dg/guality/pr54519-3.c -O2 -flto -fno-use-linker-plugin -flto-partition=none line 23 z == 8
FAIL: gcc.dg/guality/pr54519-3.c -O2 -flto -fuse-linker-plugin -fno-fat-lto-objects line 20 y == 25
FAIL: gcc.dg/guality/pr54519-3.c -O2 -flto -fuse-linker-plugin -fno-fat-lto-objects line 20 z == 6
FAIL: gcc.dg/guality/pr54519-3.c -O2 -flto -fuse-linker-plugin -fno-fat-lto-objects line 23 y == 117
FAIL: gcc.dg/guality/pr54519-3.c -O2 -flto -fuse-linker-plugin -fno-fat-lto-objects line 23 z == 8
FAIL: gcc.dg/guality/pr54519-4.c -O2 -flto -fno-use-linker-plugin -flto-partition=none line 17 y == 25
FAIL: gcc.dg/guality/pr54519-4.c -O2 -flto -fuse-linker-plugin -fno-fat-lto-objects line 17 y == 25
FAIL: gcc.dg/guality/pr54519-5.c -O2 -flto -fno-use-linker-plugin -flto-partition=none line 17 y == 25
FAIL: gcc.dg/guality/pr54519-5.c -O2 -flto -fuse-linker-plugin -fno-fat-lto-objects line 17 y == 25
FAIL: gcc.dg/guality/pr54970.c -Os line 15 a[0] == 1
FAIL: gcc.dg/guality/pr54970.c -Os line 20 a[0] == 1
FAIL: gcc.dg/guality/pr54970.c -Os line 25 a[0] == 1
FAIL: gcc.dg/guality/pr54970.c -Os line 31 *p == 6
FAIL: gcc.dg/guality/pr54970.c -Os line 31 *q == 5
FAIL: gcc.dg/guality/pr54970.c -Os line 36 *p == 26
FAIL: gcc.dg/guality/pr54970.c -Os line 36 *q == 5
FAIL: gcc.dg/guality/pr54970.c -Os line 45 *p == 26
FAIL: gcc.dg/guality/pr54970.c -Os line 45 *q == 25
FAIL: gcc.dg/guality/pr54970.c -Os line 45 p[-1] == 25
FAIL: gcc.dg/guality/pr54970.c -Os line 45 p[-2] == 4
FAIL: gcc.dg/guality/pr54970.c -Os line 45 q[-1] == 4
FAIL: gcc.dg/guality/pr54970.c -Os line 45 q[1] == 26
FAIL: gcc.dg/guality/sra-1.c -O2 line 32 a[0] == 4
FAIL: gcc.dg/guality/sra-1.c -O2 line 43 a.i == 4
FAIL: gcc.dg/guality/sra-1.c -O2 -flto -fno-use-linker-plugin -flto-partition=none line 21 a.i == 4
FAIL: gcc.dg/guality/sra-1.c -O2 -flto -fno-use-linker-plugin -flto-partition=none line 43 a.i == 4
FAIL: gcc.dg/guality/sra-1.c -O2 -flto -fuse-linker-plugin -fno-fat-lto-objects line 21 a.i == 4
FAIL: gcc.dg/guality/sra-1.c -O3 -fomit-frame-pointer line 32 a[0] == 4
FAIL: gcc.dg/guality/sra-1.c -O3 -fomit-frame-pointer line 43 a.i == 4
FAIL: gcc.dg/guality/sra-1.c -O3 -g line 32 a[0] == 4
FAIL: gcc.dg/guality/sra-1.c -O3 -g line 43 a.i == 4
FAIL: gcc.dg/guality/sra-1.c -Os line 32 a[0] == 4
FAIL: gcc.dg/guality/sra-1.c -Os line 43 a.i == 4
FAIL: gcc.dg/guality/vla-2.c -O2 line 25 sizeof (a) == 6 * sizeof (int)
FAIL: gcc.dg/guality/vla-2.c -O2 -flto -fno-use-linker-plugin -flto-partition=none line 25 sizeof (a) == 6 * sizeof (int)
FAIL: gcc.dg/guality/vla-2.c -O2 -flto -fuse-linker-plugin -fno-fat-lto-objects line 25 sizeof (a) == 6 * sizeof (int)
FAIL: gcc.dg/guality/vla-2.c -O3 -fomit-frame-pointer line 25 sizeof (a) == 6 * sizeof (int)
FAIL: gcc.dg/guality/vla-2.c -O3 -g line 25 sizeof (a) == 6 * sizeof (int)
FAIL: gcc.dg/guality/vla-2.c -Os line 25 sizeof (a) == 6 * sizeof (int)
UNRESOLVED: gcc.dg/tree-prof/peel-1.c scan-rtl-dump loop2_unroll "Considering simply peeling loop"
FAIL: c-c++-common/ubsan/object-size-1.c -O2 output pattern test, is c-c++-common/ubsan/object-size-1.c:16:7: runtime error: load of address 0x081e501c with insufficient space for an object of type 'char'
FAIL: c-c++-common/ubsan/object-size-1.c -O2 -flto -fno-use-linker-plugin -flto-partition=none output pattern test, is c-c++-common/ubsan/object-size-1.c:16:7: runtime error: load of address 0x08b5c01c with insufficient space for an object of type 'char'
FAIL: c-c++-common/ubsan/object-size-1.c -O2 -flto -fuse-linker-plugin -fno-fat-lto-objects output pattern test, is c-c++-common/ubsan/object-size-1.c:16:7: runtime error: load of address 0x0861a01c with insufficient space for an object of type 'char'
FAIL: c-c++-common/ubsan/object-size-10.c -O2 output pattern test, is c-c++-common/ubsan/object-size-10.c:19:11: runtime error: index 128 out of bounds for type 'char [128]'
FAIL: c-c++-common/ubsan/object-size-10.c -O2 -flto -fno-use-linker-plugin -flto-partition=none output pattern test, is c-c++-common/ubsan/object-size-10.c:19:11: runtime error: index 128 out of bounds for type 'char [128]'
FAIL: c-c++-common/ubsan/object-size-10.c -O2 -flto -fuse-linker-plugin -fno-fat-lto-objects output pattern test, is c-c++-common/ubsan/object-size-10.c:19:11: runtime error: index 128 out of bounds for type 'char [128]'
FAIL: c-c++-common/ubsan/object-size-4.c -O2 output pattern test, is c-c++-common/ubsan/object-size-4.c:16:11: runtime error: load of address 0x09621010 with insufficient space for an object of type 'int'
FAIL: c-c++-common/ubsan/object-size-4.c -O2 -flto -fno-use-linker-plugin -flto-partition=none output pattern test, is c-c++-common/ubsan/object-size-4.c:16:11: runtime error: load of address 0x082ce010 with insufficient space for an object of type 'int'
FAIL: c-c++-common/ubsan/object-size-4.c -O2 -flto -fuse-linker-plugin -fno-fat-lto-objects output pattern test, is c-c++-common/ubsan/object-size-4.c:16:11: runtime error: load of address 0x090d3010 with insufficient space for an object of type 'int'
FAIL: c-c++-common/ubsan/object-size-5.c -O2 output pattern test, is c-c++-common/ubsan/object-size-5.c:18:10: runtime error: load of address 0x09aec01c with insufficient space for an object of type 'char'
FAIL: c-c++-common/ubsan/object-size-5.c -O2 -flto -fno-use-linker-plugin -flto-partition=none output pattern test, is c-c++-common/ubsan/object-size-5.c:18:10: runtime error: load of address 0x099a001c with insufficient space for an object of type 'char'
FAIL: c-c++-common/ubsan/object-size-5.c -O2 -flto -fuse-linker-plugin -fno-fat-lto-objects output pattern test, is c-c++-common/ubsan/object-size-5.c:18:10: runtime error: load of address 0x084ae01c with insufficient space for an object of type 'char'
FAIL: c-c++-common/ubsan/object-size-7.c -O2 output pattern test, is c-c++-common/ubsan/object-size-7.c:15:5: runtime error: load of address 0xff814270 with insufficient space for an object of type 'struct S'
FAIL: c-c++-common/ubsan/object-size-7.c -O2 -flto -fno-use-linker-plugin -flto-partition=none output pattern test, is c-c++-common/ubsan/object-size-7.c:15:5: runtime error: load of address 0xffd556f0 with insufficient space for an object of type 'struct S'
FAIL: c-c++-common/ubsan/object-size-7.c -O2 -flto -fuse-linker-plugin -fno-fat-lto-objects output pattern test, is c-c++-common/ubsan/object-size-7.c:15:5: runtime error: load of address 0xffe44510 with insufficient space for an object of type 'struct S'
FAIL: c-c++-common/ubsan/object-size-8.c -O2 output pattern test, is c-c++-common/ubsan/object-size-8.c:12:10: runtime error: load of address 0x0859200c with insufficient space for an object of type 'int'
FAIL: c-c++-common/ubsan/object-size-8.c -O2 -flto -fno-use-linker-plugin -flto-partition=none output pattern test, is c-c++-common/ubsan/object-size-8.c:12:10: runtime error: load of address 0x0876c00c with insufficient space for an object of type 'int'
FAIL: c-c++-common/ubsan/object-size-8.c -O2 -flto -fuse-linker-plugin -fno-fat-lto-objects output pattern test, is c-c++-common/ubsan/object-size-8.c:12:10: runtime error: load of address 0x0928500c with insufficient space for an object of type 'int'
FAIL: c-c++-common/ubsan/object-size-9.c -O2 output pattern test, is c-c++-common/ubsan/object-size-9.c:21:10: runtime error: load of address 0xffaa70a0 with insufficient space for an object of type 'char'
FAIL: c-c++-common/ubsan/object-size-9.c -O2 -flto -fno-use-linker-plugin -flto-partition=none output pattern test, is c-c++-common/ubsan/object-size-9.c:21:10: runtime error: load of address 0xffd441d0 with insufficient space for an object of type 'char'
FAIL: c-c++-common/ubsan/object-size-9.c -O2 -flto -fuse-linker-plugin -fno-fat-lto-objects output pattern test, is c-c++-common/ubsan/object-size-9.c:21:10: runtime error: load of address 0xffa70c10 with insufficient space for an object of type 'char'
FAIL: gcc.dg/ubsan/object-size-9.c -O2 output pattern test, is gcc.dg/ubsan/object-size-9.c:11:13: runtime error: load of address 0x08049a86 with insufficient space for an object of type 'char'
FAIL: gcc.dg/ubsan/object-size-9.c -O2 -flto -fno-use-linker-plugin -flto-partition=none output pattern test, is gcc.dg/ubsan/object-size-9.c:11:13: runtime error: load of address 0x08049a86 with insufficient space for an object of type 'char'
FAIL: gcc.dg/ubsan/object-size-9.c -O2 -flto -fuse-linker-plugin -fno-fat-lto-objects output pattern test, is gcc.dg/ubsan/object-size-9.c:11:13: runtime error: load of address 0x080499f2 with insufficient space for an object of type 'char'
FAIL: gcc.target/i386/pr49095.c scan-assembler-not test[lq]
=== gcc Summary for unix/-m32 ===
=== gcc Summary ===
/export/gnu/import/git/gcc-test-intel64/bld/gcc/xgcc version 5.0.0 20141112 (experimental) [trunk revision 217427] (GCC)
=== gfortran tests ===
Running target unix
=== gfortran Summary for unix ===
# of expected passes 4050
Running target unix/-m32
=== gfortran Summary for unix/-m32 ===
# of expected passes 4050
=== gfortran Summary ===
# of expected passes 8100
/export/gnu/import/git/gcc-test-intel64/bld/gcc/testsuite/gfortran/../../gfortran version 5.0.0 20141112 (experimental) [trunk revision 217427] (GCC)
=== g++ tests ===
Running target unix
FAIL: g++.dg/guality/pr55665.C -O2 line 23 p == 40
FAIL: g++.dg/guality/pr55665.C -O3 -fomit-frame-pointer line 23 p == 40
FAIL: g++.dg/guality/pr55665.C -O3 -g line 23 p == 40
XPASS: g++.dg/tls/thread_local-order2.C -std=c++11 execution test
XPASS: g++.dg/tls/thread_local-order2.C -std=c++14 execution test
FAIL: c-c++-common/ubsan/object-size-1.c -O2 output pattern test, is c-c++-common/ubsan/object-size-1.c:16:15: runtime error: load of address 0x000001f92024 with insufficient space for an object of type 'char'
FAIL: c-c++-common/ubsan/object-size-1.c -O2 -flto -fno-use-linker-plugin -flto-partition=none output pattern test, is c-c++-common/ubsan/object-size-1.c:16:15: runtime error: load of address 0x000001911024 with insufficient space for an object of type 'char'
FAIL: c-c++-common/ubsan/object-size-1.c -O2 -flto -fuse-linker-plugin -fno-fat-lto-objects output pattern test, is c-c++-common/ubsan/object-size-1.c:16:15: runtime error: load of address 0x0000015bd024 with insufficient space for an object of type 'char'
FAIL: c-c++-common/ubsan/object-size-10.c -O2 output pattern test, is c-c++-common/ubsan/object-size-10.c:19:19: runtime error: index 128 out of bounds for type 'char [128]'
FAIL: c-c++-common/ubsan/object-size-10.c -O2 -flto -fno-use-linker-plugin -flto-partition=none output pattern test, is c-c++-common/ubsan/object-size-10.c:19:19: runtime error: index 128 out of bounds for type 'char [128]'
FAIL: c-c++-common/ubsan/object-size-10.c -O2 -flto -fuse-linker-plugin -fno-fat-lto-objects output pattern test, is c-c++-common/ubsan/object-size-10.c:19:19: runtime error: index 128 out of bounds for type 'char [128]'
FAIL: c-c++-common/ubsan/object-size-4.c -O2 output pattern test, is c-c++-common/ubsan/object-size-4.c:16:13: runtime error: load of address 0x000002526018 with insufficient space for an object of type 'int'
FAIL: c-c++-common/ubsan/object-size-4.c -O2 -flto -fno-use-linker-plugin -flto-partition=none output pattern test, is c-c++-common/ubsan/object-size-4.c:16:13: runtime error: load of address 0x000001a9e018 with insufficient space for an object of type 'int'
FAIL: c-c++-common/ubsan/object-size-4.c -O2 -flto -fuse-linker-plugin -fno-fat-lto-objects output pattern test, is c-c++-common/ubsan/object-size-4.c:16:13: runtime error: load of address 0x0000025f9018 with insufficient space for an object of type 'int'
FAIL: c-c++-common/ubsan/object-size-5.c -O2 output pattern test, is c-c++-common/ubsan/object-size-5.c:18:12: runtime error: load of address 0x0000012fc024 with insufficient space for an object of type 'char'
FAIL: c-c++-common/ubsan/object-size-5.c -O2 -flto -fno-use-linker-plugin -flto-partition=none output pattern test, is c-c++-common/ubsan/object-size-5.c:18:12: runtime error: load of address 0x000001517024 with insufficient space for an object of type 'char'
FAIL: c-c++-common/ubsan/object-size-5.c -O2 -flto -fuse-linker-plugin -fno-fat-lto-objects output pattern test, is c-c++-common/ubsan/object-size-5.c:18:12: runtime error: load of address 0x000002316024 with insufficient space for an object of type 'char'
FAIL: c-c++-common/ubsan/object-size-7.c -O2 output pattern test, is c-c++-common/ubsan/object-size-7.c:15:11: runtime error: load of address 0x7fffe292d9a0 with insufficient space for an object of type 'const struct S'
FAIL: c-c++-common/ubsan/object-size-7.c -O2 -flto -fno-use-linker-plugin -flto-partition=none output pattern test, is c-c++-common/ubsan/object-size-7.c:15:11: runtime error: load of address 0x7fffa4a04630 with insufficient space for an object of type 'const struct S'
FAIL: c-c++-common/ubsan/object-size-7.c -O2 -flto -fuse-linker-plugin -fno-fat-lto-objects output pattern test, is c-c++-common/ubsan/object-size-7.c:15:11: runtime error: load of address 0x7ffffdf039c0 with insufficient space for an object of type 'const struct S'
FAIL: c-c++-common/ubsan/object-size-8.c -O2 output pattern test, is c-c++-common/ubsan/object-size-8.c:12:13: runtime error: load of address 0x0000021f0014 with insufficient space for an object of type 'int'
FAIL: c-c++-common/ubsan/object-size-8.c -O2 -flto -fno-use-linker-plugin -flto-partition=none output pattern test, is c-c++-common/ubsan/object-size-8.c:12:13: runtime error: load of address 0x000001ec6014 with insufficient space for an object of type 'int'
FAIL: c-c++-common/ubsan/object-size-8.c -O2 -flto -fuse-linker-plugin -fno-fat-lto-objects output pattern test, is c-c++-common/ubsan/object-size-8.c:12:13: runtime error: load of address 0x00000073b014 with insufficient space for an object of type 'int'
FAIL: c-c++-common/ubsan/object-size-9.c -O2 output pattern test, is c-c++-common/ubsan/object-size-9.c:21:11: runtime error: load of address 0x7fff5767bc3c with insufficient space for an object of type 'char'
FAIL: c-c++-common/ubsan/object-size-9.c -O2 -flto -fno-use-linker-plugin -flto-partition=none output pattern test, is c-c++-common/ubsan/object-size-9.c:21:11: runtime error: load of address 0x7fffe714aecc with insufficient space for an object of type 'char'
FAIL: c-c++-common/ubsan/object-size-9.c -O2 -flto -fuse-linker-plugin -fno-fat-lto-objects output pattern test, is c-c++-common/ubsan/object-size-9.c:21:11: runtime error: load of address 0x7fff007107bc with insufficient space for an object of type 'char'
=== g++ Summary for unix ===
# of expected passes 20206
# of expected failures 61
# of unsupported tests 74
Running target unix/-m32
FAIL: g++.dg/guality/pr55665.C -O2 line 23 p == 40
FAIL: g++.dg/guality/pr55665.C -O3 -fomit-frame-pointer line 23 p == 40
FAIL: g++.dg/guality/pr55665.C -O3 -g line 23 p == 40
XPASS: g++.dg/tls/thread_local-order2.C -std=c++11 execution test
XPASS: g++.dg/tls/thread_local-order2.C -std=c++14 execution test
FAIL: c-c++-common/ubsan/object-size-1.c -O2 output pattern test, is c-c++-common/ubsan/object-size-1.c:16:15: runtime error: load of address 0x09bc201c with insufficient space for an object of type 'char'
FAIL: c-c++-common/ubsan/object-size-1.c -O2 -flto -fno-use-linker-plugin -flto-partition=none output pattern test, is c-c++-common/ubsan/object-size-1.c:16:15: runtime error: load of address 0x0885301c with insufficient space for an object of type 'char'
FAIL: c-c++-common/ubsan/object-size-1.c -O2 -flto -fuse-linker-plugin -fno-fat-lto-objects output pattern test, is c-c++-common/ubsan/object-size-1.c:16:15: runtime error: load of address 0x099a201c with insufficient space for an object of type 'char'
FAIL: c-c++-common/ubsan/object-size-10.c -O2 output pattern test, is c-c++-common/ubsan/object-size-10.c:19:19: runtime error: index 128 out of bounds for type 'char [128]'
FAIL: c-c++-common/ubsan/object-size-10.c -O2 -flto -fno-use-linker-plugin -flto-partition=none output pattern test, is c-c++-common/ubsan/object-size-10.c:19:19: runtime error: index 128 out of bounds for type 'char [128]'
FAIL: c-c++-common/ubsan/object-size-10.c -O2 -flto -fuse-linker-plugin -fno-fat-lto-objects output pattern test, is c-c++-common/ubsan/object-size-10.c:19:19: runtime error: index 128 out of bounds for type 'char [128]'
FAIL: c-c++-common/ubsan/object-size-4.c -O2 output pattern test, is c-c++-common/ubsan/object-size-4.c:16:13: runtime error: load of address 0x08bd7010 with insufficient space for an object of type 'int'
FAIL: c-c++-common/ubsan/object-size-4.c -O2 -flto -fno-use-linker-plugin -flto-partition=none output pattern test, is c-c++-common/ubsan/object-size-4.c:16:13: runtime error: load of address 0x092d0010 with insufficient space for an object of type 'int'
FAIL: c-c++-common/ubsan/object-size-4.c -O2 -flto -fuse-linker-plugin -fno-fat-lto-objects output pattern test, is c-c++-common/ubsan/object-size-4.c:16:13: runtime error: load of address 0x0924e010 with insufficient space for an object of type 'int'
FAIL: c-c++-common/ubsan/object-size-5.c -O2 output pattern test, is c-c++-common/ubsan/object-size-5.c:18:12: runtime error: load of address 0x096a001c with insufficient space for an object of type 'char'
FAIL: c-c++-common/ubsan/object-size-5.c -O2 -flto -fno-use-linker-plugin -flto-partition=none output pattern test, is c-c++-common/ubsan/object-size-5.c:18:12: runtime error: load of address 0x0805201c with insufficient space for an object of type 'char'
FAIL: c-c++-common/ubsan/object-size-5.c -O2 -flto -fuse-linker-plugin -fno-fat-lto-objects output pattern test, is c-c++-common/ubsan/object-size-5.c:18:12: runtime error: load of address 0x0822c01c with insufficient space for an object of type 'char'
FAIL: c-c++-common/ubsan/object-size-7.c -O2 output pattern test, is c-c++-common/ubsan/object-size-7.c:15:11: runtime error: load of address 0xff8c54f0 with insufficient space for an object of type 'const struct S'
FAIL: c-c++-common/ubsan/object-size-7.c -O2 -flto -fno-use-linker-plugin -flto-partition=none output pattern test, is c-c++-common/ubsan/object-size-7.c:15:11: runtime error: load of address 0xffd60b60 with insufficient space for an object of type 'const struct S'
FAIL: c-c++-common/ubsan/object-size-7.c -O2 -flto -fuse-linker-plugin -fno-fat-lto-objects output pattern test, is c-c++-common/ubsan/object-size-7.c:15:11: runtime error: load of address 0xffe4f860 with insufficient space for an object of type 'const struct S'
FAIL: c-c++-common/ubsan/object-size-8.c -O2 output pattern test, is c-c++-common/ubsan/object-size-8.c:12:13: runtime error: load of address 0x09d3a00c with insufficient space for an object of type 'int'
FAIL: c-c++-common/ubsan/object-size-8.c -O2 -flto -fno-use-linker-plugin -flto-partition=none output pattern test, is c-c++-common/ubsan/object-size-8.c:12:13: runtime error: load of address 0x082fd00c with insufficient space for an object of type 'int'
FAIL: c-c++-common/ubsan/object-size-8.c -O2 -flto -fuse-linker-plugin -fno-fat-lto-objects output pattern test, is c-c++-common/ubsan/object-size-8.c:12:13: runtime error: load of address 0x0877a00c with insufficient space for an object of type 'int'
FAIL: c-c++-common/ubsan/object-size-9.c -O2 output pattern test, is c-c++-common/ubsan/object-size-9.c:21:11: runtime error: load of address 0xffc6bb80 with insufficient space for an object of type 'char'
FAIL: c-c++-common/ubsan/object-size-9.c -O2 -flto -fno-use-linker-plugin -flto-partition=none output pattern test, is c-c++-common/ubsan/object-size-9.c:21:11: runtime error: load of address 0xff8de7e0 with insufficient space for an object of type 'char'
FAIL: c-c++-common/ubsan/object-size-9.c -O2 -flto -fuse-linker-plugin -fno-fat-lto-objects output pattern test, is c-c++-common/ubsan/object-size-9.c:21:11: runtime error: load of address 0xffedc0f0 with insufficient space for an object of type 'char'
=== g++ Summary for unix/-m32 ===
# of expected passes 20347
# of expected failures 61
# of unsupported tests 44
=== g++ Summary ===
# of expected passes 40553
# of expected failures 122
# of unsupported tests 118
/export/gnu/import/git/gcc-test-intel64/bld/gcc/testsuite/g++/../../xg++ version 5.0.0 20141112 (experimental) [trunk revision 217427] (GCC)
=== objc tests ===
Running target unix
=== objc Summary for unix ===
# of expected passes 64
Running target unix/-m32
=== objc Summary for unix/-m32 ===
# of expected passes 64
=== objc Summary ===
# of expected passes 128
/export/gnu/import/git/gcc-test-intel64/bld/gcc/xgcc version 5.0.0 20141112 (experimental) [trunk revision 217427] (GCC)
=== boehm-gc tests ===
Running target unix/-m32
=== boehm-gc Summary for unix/-m32 ===
# of expected passes 4
Running target unix
=== boehm-gc Summary for unix ===
# of expected passes 4
=== boehm-gc Summary ===
# of expected passes 24
# of unsupported tests 2
=== libatomic tests ===
Running target unix/-m32
=== libatomic Summary for unix/-m32 ===
# of expected passes 44
# of unsupported tests 5
Running target unix
=== libatomic Summary for unix ===
# of expected passes 54
=== libatomic Summary ===
# of expected passes 98
# of unsupported tests 5
=== libffi tests ===
Running target unix/-m32
=== libffi Summary for unix/-m32 ===
# of expected passes 24
Running target unix
=== libffi Summary for unix ===
# of expected passes 24
=== libffi Summary ===
# of expected passes 3638
# of unsupported tests 110
=== libgomp tests ===
Running target unix/-m32
=== libgomp Summary for unix/-m32 ===
Running target unix
=== libgomp Summary for unix ===
=== libgomp Summary ===
# of expected passes 6464
# of unsupported tests 38
=== libitm tests ===
Running target unix/-m32
=== libitm Summary for unix/-m32 ===
# of expected passes 4
# of expected failures 1
# of unsupported tests 1
Running target unix
=== libitm Summary for unix ===
# of expected passes 4
# of expected failures 1
# of unsupported tests 1
=== libitm Summary ===
# of expected passes 52
# of expected failures 6
# of unsupported tests 2
=== libjava tests ===
Running target unix/-m32
=== libjava Summary for unix/-m32 ===
Running target unix
=== libjava Summary for unix ===
=== libjava Summary ===
# of expected passes 5164
# of expected failures 8
=== libstdc++ tests ===
Running target unix
XPASS: 26_numerics/headers/cmath/c_math.cc execution test
=== libstdc++ Summary for unix ===
# of unsupported tests 1
Running target unix/-m32
=== libstdc++ Summary for unix/-m32 ===
# of unsupported tests 1
=== libstdc++ Summary ===
# of unsupported tests 2
Compiler version: 5.0.0 20141112 (experimental) [trunk revision 217427] (GCC)
Platform: x86_64-unknown-linux-gnu
configure flags: --prefix=/usr/5.0.0 --enable-clocale=gnu --with-system-zlib --enable-shared --with-demangler-in-ld --with-fpmath=sse --enable-languages=c,c++,fortran,java,lto,objc