This is the mail archive of the
gcc-testresults@gcc.gnu.org
mailing list for the GCC project.
FW: Results for 5.0.0 20141110 (experimental) (GCC) testsuite on x86_64-unknown-linux-gnu
- From: "Pinski, Andrew" <Andrew dot Pinski at caviumnetworks dot com>
- To: "gcc-testresults at gcc dot gnu dot org" <gcc-testresults at gcc dot gnu dot org>
- Date: Mon, 10 Nov 2014 21:45:45 +0000
- Subject: FW: Results for 5.0.0 20141110 (experimental) (GCC) testsuite on x86_64-unknown-linux-gnu
- Authentication-results: sourceware.org; auth=none
- Auto-submitted: auto-generated
- References: <201411102145 dot sAALjcQa007559 at toolchainslave3 dot caveonetworks dot com>
________________________________________
From: jenkins
Sent: Monday, November 10, 2014 1:45:38 PM (UTC-08:00) Pacific Time (US & Canada)
To: apinski@cavium.com
Subject: Results for 5.0.0 20141110 (experimental) (GCC) testsuite on x86_64-unknown-linux-gnu
Native configuration is x86_64-unknown-linux-gnu
=== gcc tests ===
Running target unix//-m32
FAIL: gcc.dg/torture/tls/run-ld.c -O1 -pie -fPIE execution test
FAIL: gcc.dg/torture/tls/run-ld.c -O1 -pie -fpie execution test
FAIL: gcc.dg/torture/tls/run-ld.c -O2 -pie -fPIE execution test
FAIL: gcc.dg/torture/tls/run-ld.c -O2 -pie -fpie execution test
FAIL: gcc.dg/torture/tls/run-ld.c -O3 -fomit-frame-pointer -pie -fPIE execution test
FAIL: gcc.dg/torture/tls/run-ld.c -O3 -fomit-frame-pointer -pie -fpie execution test
FAIL: gcc.dg/torture/tls/run-ld.c -O3 -g -pie -fPIE execution test
FAIL: gcc.dg/torture/tls/run-ld.c -O3 -g -pie -fpie execution test
FAIL: gcc.dg/torture/tls/run-ld.c -Os -pie -fPIE execution test
FAIL: gcc.dg/torture/tls/run-ld.c -Os -pie -fpie execution test
UNRESOLVED: gcc.dg/tree-prof/peel-1.c scan-rtl-dump loop2_unroll "Considering simply peeling loop"
FAIL: gcc.target/i386/pr49095.c scan-assembler-not test[lq]
=== gcc Summary for unix//-m32 ===
# of expected passes 107571
# of unexpected failures 11
# of expected failures 251
# of unresolved testcases 1
# of unsupported tests 2596
Running target unix//-m64
UNRESOLVED: gcc.dg/tree-prof/peel-1.c scan-rtl-dump loop2_unroll "Considering simply peeling loop"
FAIL: gcc.target/i386/pr56114.c (test for excess errors)
=== gcc Summary for unix//-m64 ===
# of expected passes 108562
# of unexpected failures 1
# of expected failures 253
# of unresolved testcases 1
# of unsupported tests 2823
=== gcc Summary ===
# of expected passes 216133
# of unexpected failures 12
# of expected failures 504
# of unresolved testcases 2
# of unsupported tests 5419
/home/jenkins/workspace/GCCupstream/objdir/gcc/xgcc version 5.0.0 20141110 (experimental) (GCC)
=== gfortran tests ===
Running target unix//-m32
=== gfortran Summary for unix//-m32 ===
# of expected passes 46465
# of expected failures 38
# of unsupported tests 221
Running target unix//-m64
=== gfortran Summary for unix//-m64 ===
# of expected passes 46754
# of expected failures 38
# of unsupported tests 81
=== gfortran Summary ===
# of expected passes 93219
# of expected failures 76
# of unsupported tests 302
/home/jenkins/workspace/GCCupstream/objdir/gcc/testsuite/gfortran/../../gfortran version 5.0.0 20141110 (experimental) (GCC)
=== g++ tests ===
Running target unix//-m32
FAIL: g++.dg/ipa/devirt-42.C -std=gnu++11 scan-tree-dump-times optimized "return 2" 2
FAIL: g++.dg/ipa/devirt-42.C -std=gnu++14 scan-tree-dump-times optimized "return 2" 2
FAIL: g++.dg/ipa/devirt-42.C -std=gnu++98 scan-tree-dump-times optimized "return 2" 2
FAIL: g++.dg/other/anon5.C -std=gnu++11 (test for excess errors)
FAIL: g++.dg/other/anon5.C -std=gnu++14 (test for excess errors)
FAIL: g++.dg/other/anon5.C -std=gnu++98 (test for excess errors)
FAIL: g++.dg/other/pr59492.C -std=gnu++11 (test for excess errors)
FAIL: g++.dg/other/pr59492.C -std=gnu++14 (test for excess errors)
FAIL: g++.dg/other/pr59492.C -std=gnu++98 (test for excess errors)
=== g++ Summary for unix//-m32 ===
# of expected passes 88418
# of unexpected failures 9
# of expected failures 247
# of unsupported tests 3077
Running target unix//-m64
FAIL: g++.dg/ipa/devirt-42.C -std=gnu++11 scan-tree-dump-times optimized "return 2" 2
FAIL: g++.dg/ipa/devirt-42.C -std=gnu++14 scan-tree-dump-times optimized "return 2" 2
FAIL: g++.dg/ipa/devirt-42.C -std=gnu++98 scan-tree-dump-times optimized "return 2" 2
FAIL: g++.dg/other/anon5.C -std=gnu++11 (test for excess errors)
FAIL: g++.dg/other/anon5.C -std=gnu++14 (test for excess errors)
FAIL: g++.dg/other/anon5.C -std=gnu++98 (test for excess errors)
=== g++ Summary for unix//-m64 ===
# of expected passes 89919
# of unexpected failures 6
# of expected failures 247
# of unsupported tests 3348
=== g++ Summary ===
# of expected passes 178337
# of unexpected failures 15
# of expected failures 494
# of unsupported tests 6425
/home/jenkins/workspace/GCCupstream/objdir/gcc/testsuite/g++/../../xg++ version 5.0.0 20141110 (experimental) (GCC)
=== objc tests ===
Running target unix//-m32
=== objc Summary for unix//-m32 ===
# of expected passes 3004
# of expected failures 6
# of unsupported tests 74
Running target unix//-m64
=== objc Summary for unix//-m64 ===
# of expected passes 3004
# of expected failures 6
# of unsupported tests 74
=== objc Summary ===
# of expected passes 6008
# of expected failures 12
# of unsupported tests 148
/home/jenkins/workspace/GCCupstream/objdir/gcc/xgcc version 5.0.0 20141110 (experimental) (GCC)
=== boehm-gc tests ===
Running target unix//-m32
=== boehm-gc Summary for unix//-m32 ===
# of expected passes 12
# of unsupported tests 1
Running target unix//-m64
=== boehm-gc Summary for unix//-m64 ===
# of expected passes 12
# of unsupported tests 1
=== boehm-gc Summary ===
# of expected passes 24
# of unsupported tests 2
=== libatomic tests ===
Running target unix//-m32
=== libatomic Summary for unix//-m32 ===
# of expected passes 44
# of unsupported tests 5
Running target unix//-m64
=== libatomic Summary for unix//-m64 ===
# of expected passes 54
=== libatomic Summary ===
# of expected passes 98
# of unsupported tests 5
=== libffi tests ===
Running target unix//-m32
=== libffi Summary for unix//-m32 ===
# of expected passes 1819
# of unsupported tests 55
Running target unix//-m64
=== libffi Summary for unix//-m64 ===
# of expected passes 1819
# of unsupported tests 55
=== libffi Summary ===
# of expected passes 3638
# of unsupported tests 110
=== libgomp tests ===
Running target unix//-m32
=== libgomp Summary for unix//-m32 ===
# of expected passes 3200
# of unsupported tests 35
Running target unix//-m64
=== libgomp Summary for unix//-m64 ===
# of expected passes 3200
# of unsupported tests 35
=== libgomp Summary ===
# of expected passes 6400
# of unsupported tests 70
=== libitm tests ===
Running target unix//-m32
=== libitm Summary for unix//-m32 ===
# of expected passes 26
# of expected failures 3
# of unsupported tests 1
Running target unix//-m64
=== libitm Summary for unix//-m64 ===
# of expected passes 26
# of expected failures 3
# of unsupported tests 1
=== libitm Summary ===
# of expected passes 52
# of expected failures 6
# of unsupported tests 2
=== libjava tests ===
Running target unix//-m32
FAIL: Array_3 execution - source compiled test
FAIL: Array_3 -findirect-dispatch execution - source compiled test
FAIL: Array_3 -O3 -findirect-dispatch execution - source compiled test
FAIL: Divide_2 execution - source compiled test
FAIL: Divide_2 -findirect-dispatch execution - source compiled test
=== libjava Summary for unix//-m32 ===
# of expected passes 2572
# of unexpected failures 5
# of expected failures 4
# of untested testcases 5
Running target unix//-m64
FAIL: Array_3 execution - source compiled test
FAIL: Array_3 -findirect-dispatch execution - source compiled test
FAIL: Divide_2 execution - source compiled test
FAIL: Divide_2 -findirect-dispatch execution - source compiled test
=== libjava Summary for unix//-m64 ===
# of expected passes 2574
# of unexpected failures 4
# of expected failures 4
# of untested testcases 4
=== libjava Summary ===
# of expected passes 5146
# of unexpected failures 9
# of expected failures 8
# of untested testcases 9
=== libstdc++ tests ===
Running target unix//-m32
FAIL: 23_containers/deque/allocator/move_assign.cc execution test
FAIL: 23_containers/deque/requirements/dr438/assign_neg.cc (test for errors, line 1859)
FAIL: 23_containers/deque/requirements/dr438/assign_neg.cc (test for excess errors)
FAIL: 23_containers/deque/requirements/dr438/constructor_1_neg.cc (test for errors, line 1792)
FAIL: 23_containers/deque/requirements/dr438/constructor_1_neg.cc (test for excess errors)
FAIL: 23_containers/deque/requirements/dr438/constructor_2_neg.cc (test for errors, line 1792)
FAIL: 23_containers/deque/requirements/dr438/constructor_2_neg.cc (test for excess errors)
FAIL: 23_containers/deque/requirements/dr438/insert_neg.cc (test for errors, line 1943)
FAIL: 23_containers/deque/requirements/dr438/insert_neg.cc (test for excess errors)
=== libstdc++ Summary for unix//-m32 ===
# of expected passes 9573
# of unexpected failures 9
# of expected failures 68
# of unsupported tests 539
Running target unix//-m64
FAIL: 23_containers/deque/allocator/move_assign.cc execution test
FAIL: 23_containers/deque/requirements/dr438/assign_neg.cc (test for errors, line 1859)
FAIL: 23_containers/deque/requirements/dr438/assign_neg.cc (test for excess errors)
FAIL: 23_containers/deque/requirements/dr438/constructor_1_neg.cc (test for errors, line 1792)
FAIL: 23_containers/deque/requirements/dr438/constructor_1_neg.cc (test for excess errors)
FAIL: 23_containers/deque/requirements/dr438/constructor_2_neg.cc (test for errors, line 1792)
FAIL: 23_containers/deque/requirements/dr438/constructor_2_neg.cc (test for excess errors)
FAIL: 23_containers/deque/requirements/dr438/insert_neg.cc (test for errors, line 1943)
FAIL: 23_containers/deque/requirements/dr438/insert_neg.cc (test for excess errors)
=== libstdc++ Summary for unix//-m64 ===
# of expected passes 9565
# of unexpected failures 9
# of expected failures 68
# of unsupported tests 543
=== libstdc++ Summary ===
# of expected passes 19138
# of unexpected failures 18
# of expected failures 136
# of unsupported tests 1082
Compiler version: 5.0.0 20141110 (experimental) (GCC)
Platform: x86_64-unknown-linux-gnu
configure flags: --prefix=/home/jenkins/workspace/GCCupstream/objdir/install