This is the mail archive of the
gcc-testresults@gcc.gnu.org
mailing list for the GCC project.
Results for 5.0.0 20141031 (experimental) [trunk revision 216948] (GCC) testsuite on ia64-suse-linux-gnu
- From: Andreas Schwab <schwab at linux-m68k dot org>
- To: gcc-testresults at gcc dot gnu dot org
- Date: Fri, 31 Oct 2014 06:36:55 +0100
- Subject: Results for 5.0.0 20141031 (experimental) [trunk revision 216948] (GCC) testsuite on ia64-suse-linux-gnu
- Authentication-results: sourceware.org; auth=none
LAST_UPDATED: Fri Oct 31 03:01:32 UTC 2014 (revision 216948)
=== acats tests ===
=== acats Summary ===
# of expected passes 2320
# of unexpected failures 0
Native configuration is ia64-suse-linux-gnu
=== g++ tests ===
Running target unix
FAIL: g++.dg/ext/cleanup-10.C -std=gnu++11 execution test
FAIL: g++.dg/ext/cleanup-10.C -std=gnu++1y execution test
FAIL: g++.dg/ext/cleanup-10.C -std=gnu++98 execution test
FAIL: g++.dg/ext/cleanup-11.C -std=gnu++11 execution test
FAIL: g++.dg/ext/cleanup-11.C -std=gnu++1y execution test
FAIL: g++.dg/ext/cleanup-11.C -std=gnu++98 execution test
FAIL: g++.dg/inherit/covariant7.C -std=gnu++11 scan-tree-dump class "168 .*c6::_ZTv0_n32_NV2c62f2Ev"
FAIL: g++.dg/inherit/covariant7.C -std=gnu++11 scan-tree-dump class "48 .*c6::_ZTcv0_n32_v0_n24_NV2c62f2Ev"
FAIL: g++.dg/inherit/covariant7.C -std=gnu++11 scan-tree-dump class "56 .*c6::f2"
FAIL: g++.dg/inherit/covariant7.C -std=gnu++1y scan-tree-dump class "168 .*c6::_ZTv0_n32_NV2c62f2Ev"
FAIL: g++.dg/inherit/covariant7.C -std=gnu++1y scan-tree-dump class "48 .*c6::_ZTcv0_n32_v0_n24_NV2c62f2Ev"
FAIL: g++.dg/inherit/covariant7.C -std=gnu++1y scan-tree-dump class "56 .*c6::f2"
FAIL: g++.dg/inherit/covariant7.C -std=gnu++98 scan-tree-dump class "168 .*c6::_ZTv0_n32_NV2c62f2Ev"
FAIL: g++.dg/inherit/covariant7.C -std=gnu++98 scan-tree-dump class "48 .*c6::_ZTcv0_n32_v0_n24_NV2c62f2Ev"
FAIL: g++.dg/inherit/covariant7.C -std=gnu++98 scan-tree-dump class "56 .*c6::f2"
FAIL: g++.dg/ipa/devirt-24.C -std=gnu++11 scan-ipa-dump-times inline "Discovered a virtual call to a known target" 1
FAIL: g++.dg/ipa/devirt-24.C -std=gnu++1y scan-ipa-dump-times inline "Discovered a virtual call to a known target" 1
FAIL: g++.dg/ipa/devirt-24.C -std=gnu++98 scan-ipa-dump-times inline "Discovered a virtual call to a known target" 1
FAIL: g++.dg/ipa/devirt-40.C -std=gnu++11 scan-tree-dump fre2 "converting indirect call to function virtual UnicodeString"
FAIL: g++.dg/ipa/devirt-40.C -std=gnu++1y scan-tree-dump fre2 "converting indirect call to function virtual UnicodeString"
FAIL: g++.dg/ipa/devirt-40.C -std=gnu++98 scan-tree-dump fre2 "converting indirect call to function virtual UnicodeString"
FAIL: g++.dg/ipa/devirt-42.C -std=gnu++11 scan-tree-dump-times optimized "return 2" 2
FAIL: g++.dg/ipa/devirt-42.C -std=gnu++1y scan-tree-dump-times optimized "return 2" 2
FAIL: g++.dg/ipa/devirt-42.C -std=gnu++98 scan-tree-dump-times optimized "return 2" 2
FAIL: g++.dg/ipa/ipa-icf-4.C -std=gnu++11 scan-ipa-dump icf "Equal symbols: 6"
FAIL: g++.dg/ipa/ipa-icf-4.C -std=gnu++11 scan-ipa-dump icf "Varpool alias has been created"
FAIL: g++.dg/ipa/ipa-icf-4.C -std=gnu++1y scan-ipa-dump icf "Equal symbols: 6"
FAIL: g++.dg/ipa/ipa-icf-4.C -std=gnu++1y scan-ipa-dump icf "Varpool alias has been created"
FAIL: g++.dg/ipa/ipa-icf-4.C -std=gnu++98 scan-ipa-dump icf "Equal symbols: 6"
FAIL: g++.dg/ipa/ipa-icf-4.C -std=gnu++98 scan-ipa-dump icf "Varpool alias has been created"
FAIL: g++.dg/tree-ssa/pr45605.C -std=gnu++11 scan-tree-dump-times fre1 "D::Run \\\\(" 1
FAIL: g++.dg/tree-ssa/pr45605.C -std=gnu++1y scan-tree-dump-times fre1 "D::Run \\\\(" 1
FAIL: g++.dg/tree-ssa/pr45605.C -std=gnu++98 scan-tree-dump-times fre1 "D::Run \\\\(" 1
FAIL: g++.dg/tree-prof/pr35545.C scan-tree-dump-not optimized "OBJ_TYPE_REF"
=== g++ Summary ===
# of expected passes 80287
# of unexpected failures 34
# of expected failures 245
# of unsupported tests 3273
/usr/local/gcc/gcc-20141031/Build/gcc/testsuite/g++/../../xg++ version 5.0.0 20141031 (experimental) [trunk revision 216948] (GCC)
=== gcc tests ===
Running target unix
FAIL: gcc.dg/atomic/c11-atomic-exec-5.c -O0 execution test
FAIL: gcc.dg/atomic/c11-atomic-exec-5.c -O1 execution test
FAIL: gcc.dg/atomic/c11-atomic-exec-5.c -O2 execution test
FAIL: gcc.dg/atomic/c11-atomic-exec-5.c -O2 -flto -fno-use-linker-plugin -flto-partition=none execution test
FAIL: gcc.dg/atomic/c11-atomic-exec-5.c -O2 -flto -fuse-linker-plugin -fno-fat-lto-objects execution test
FAIL: gcc.dg/atomic/c11-atomic-exec-5.c -O3 -fomit-frame-pointer execution test
FAIL: gcc.dg/atomic/c11-atomic-exec-5.c -O3 -fomit-frame-pointer -funroll-all-loops -finline-functions execution test
FAIL: gcc.dg/atomic/c11-atomic-exec-5.c -O3 -fomit-frame-pointer -funroll-loops execution test
FAIL: gcc.dg/atomic/c11-atomic-exec-5.c -O3 -g execution test
FAIL: gcc.dg/atomic/c11-atomic-exec-5.c -Os execution test
FAIL: gcc.dg/cleanup-10.c execution test
FAIL: gcc.dg/cleanup-11.c execution test
UNRESOLVED: gcc.dg/superblock.c scan-rtl-dump-times sched2 "ADVANCING TO" 2
FAIL: gcc.dg/graphite/vect-pr43423.c scan-tree-dump-times vect "vectorized 2 loops" 1
FAIL: gcc.dg/guality/asm-1.c -O3 -fomit-frame-pointer line 14 f == 14
FAIL: gcc.dg/guality/asm-1.c -O3 -g line 14 f == 14
FAIL: gcc.dg/guality/csttest.c -O3 -fomit-frame-pointer line 29 a == (0x17ULL << 31)
FAIL: gcc.dg/guality/csttest.c -O3 -fomit-frame-pointer line 29 b == (0x7ULL << 33)
FAIL: gcc.dg/guality/csttest.c -O3 -fomit-frame-pointer line 29 c == (0x1ULL << 35)
FAIL: gcc.dg/guality/csttest.c -O3 -fomit-frame-pointer line 29 d == (0x17ULL << 15)
FAIL: gcc.dg/guality/csttest.c -O3 -fomit-frame-pointer line 29 e == (0x17ULL << 50)
FAIL: gcc.dg/guality/csttest.c -O3 -fomit-frame-pointer line 29 f == (0x37ULL << 31)
FAIL: gcc.dg/guality/csttest.c -O3 -fomit-frame-pointer line 29 g == (0x37ULL << 50)
FAIL: gcc.dg/guality/csttest.c -O3 -fomit-frame-pointer line 29 h == (0x1efULL << 33)
FAIL: gcc.dg/guality/csttest.c -O3 -fomit-frame-pointer line 29 i == (0x1efULL << 50)
FAIL: gcc.dg/guality/csttest.c -O3 -fomit-frame-pointer line 29 j == -(0x17ULL << 31)
FAIL: gcc.dg/guality/csttest.c -O3 -fomit-frame-pointer line 29 k == -(0x7ULL << 33)
FAIL: gcc.dg/guality/csttest.c -O3 -fomit-frame-pointer line 29 l == -(0x1ULL << 35)
FAIL: gcc.dg/guality/csttest.c -O3 -fomit-frame-pointer line 29 m == -(0x17ULL << 15)
FAIL: gcc.dg/guality/csttest.c -O3 -fomit-frame-pointer line 29 n == -(0x17ULL << 50)
FAIL: gcc.dg/guality/csttest.c -O3 -fomit-frame-pointer line 29 o == -(0x37ULL << 31)
FAIL: gcc.dg/guality/csttest.c -O3 -fomit-frame-pointer line 29 p == -(0x37ULL << 50)
FAIL: gcc.dg/guality/csttest.c -O3 -fomit-frame-pointer line 29 q == -(0x1efULL << 33)
FAIL: gcc.dg/guality/csttest.c -O3 -fomit-frame-pointer line 29 r == -(0x1efULL << 50)
FAIL: gcc.dg/guality/csttest.c -O3 -fomit-frame-pointer line 55 a == (0x17ULL << 31)
FAIL: gcc.dg/guality/csttest.c -O3 -fomit-frame-pointer line 55 b == (0x7ULL << 33)
FAIL: gcc.dg/guality/csttest.c -O3 -fomit-frame-pointer line 55 c == (0x1ULL << 35)
FAIL: gcc.dg/guality/csttest.c -O3 -fomit-frame-pointer line 55 d == (0x17ULL << 15)
FAIL: gcc.dg/guality/csttest.c -O3 -fomit-frame-pointer line 55 e == (0x17ULL << 50)
FAIL: gcc.dg/guality/csttest.c -O3 -fomit-frame-pointer line 55 f == (0x37ULL << 31)
FAIL: gcc.dg/guality/csttest.c -O3 -fomit-frame-pointer line 55 g == (0x37ULL << 50)
FAIL: gcc.dg/guality/csttest.c -O3 -fomit-frame-pointer line 55 h == (0x1efULL << 33)
FAIL: gcc.dg/guality/csttest.c -O3 -fomit-frame-pointer line 55 i == (0x1efULL << 50)
FAIL: gcc.dg/guality/csttest.c -O3 -fomit-frame-pointer line 55 j == -(0x17ULL << 31)
FAIL: gcc.dg/guality/csttest.c -O3 -fomit-frame-pointer line 55 k == -(0x7ULL << 33)
FAIL: gcc.dg/guality/csttest.c -O3 -fomit-frame-pointer line 55 l == -(0x1ULL << 35)
FAIL: gcc.dg/guality/csttest.c -O3 -fomit-frame-pointer line 55 m == -(0x17ULL << 15)
FAIL: gcc.dg/guality/csttest.c -O3 -fomit-frame-pointer line 55 n == -(0x17ULL << 50)
FAIL: gcc.dg/guality/csttest.c -O3 -fomit-frame-pointer line 55 o == -(0x37ULL << 31)
FAIL: gcc.dg/guality/csttest.c -O3 -fomit-frame-pointer line 55 p == -(0x37ULL << 50)
FAIL: gcc.dg/guality/csttest.c -O3 -fomit-frame-pointer line 55 q == -(0x1efULL << 33)
FAIL: gcc.dg/guality/csttest.c -O3 -fomit-frame-pointer line 55 r == -(0x1efULL << 50)
FAIL: gcc.dg/guality/csttest.c -O3 -g line 29 a == (0x17ULL << 31)
FAIL: gcc.dg/guality/csttest.c -O3 -g line 29 b == (0x7ULL << 33)
FAIL: gcc.dg/guality/csttest.c -O3 -g line 29 c == (0x1ULL << 35)
FAIL: gcc.dg/guality/csttest.c -O3 -g line 29 d == (0x17ULL << 15)
FAIL: gcc.dg/guality/csttest.c -O3 -g line 29 e == (0x17ULL << 50)
FAIL: gcc.dg/guality/csttest.c -O3 -g line 29 f == (0x37ULL << 31)
FAIL: gcc.dg/guality/csttest.c -O3 -g line 29 g == (0x37ULL << 50)
FAIL: gcc.dg/guality/csttest.c -O3 -g line 29 h == (0x1efULL << 33)
FAIL: gcc.dg/guality/csttest.c -O3 -g line 29 i == (0x1efULL << 50)
FAIL: gcc.dg/guality/csttest.c -O3 -g line 29 j == -(0x17ULL << 31)
FAIL: gcc.dg/guality/csttest.c -O3 -g line 29 k == -(0x7ULL << 33)
FAIL: gcc.dg/guality/csttest.c -O3 -g line 29 l == -(0x1ULL << 35)
FAIL: gcc.dg/guality/csttest.c -O3 -g line 29 m == -(0x17ULL << 15)
FAIL: gcc.dg/guality/csttest.c -O3 -g line 29 n == -(0x17ULL << 50)
FAIL: gcc.dg/guality/csttest.c -O3 -g line 29 o == -(0x37ULL << 31)
FAIL: gcc.dg/guality/csttest.c -O3 -g line 29 p == -(0x37ULL << 50)
FAIL: gcc.dg/guality/csttest.c -O3 -g line 29 q == -(0x1efULL << 33)
FAIL: gcc.dg/guality/csttest.c -O3 -g line 29 r == -(0x1efULL << 50)
FAIL: gcc.dg/guality/csttest.c -O3 -g line 55 a == (0x17ULL << 31)
FAIL: gcc.dg/guality/csttest.c -O3 -g line 55 b == (0x7ULL << 33)
FAIL: gcc.dg/guality/csttest.c -O3 -g line 55 c == (0x1ULL << 35)
FAIL: gcc.dg/guality/csttest.c -O3 -g line 55 d == (0x17ULL << 15)
FAIL: gcc.dg/guality/csttest.c -O3 -g line 55 e == (0x17ULL << 50)
FAIL: gcc.dg/guality/csttest.c -O3 -g line 55 f == (0x37ULL << 31)
FAIL: gcc.dg/guality/csttest.c -O3 -g line 55 g == (0x37ULL << 50)
FAIL: gcc.dg/guality/csttest.c -O3 -g line 55 h == (0x1efULL << 33)
FAIL: gcc.dg/guality/csttest.c -O3 -g line 55 i == (0x1efULL << 50)
FAIL: gcc.dg/guality/csttest.c -O3 -g line 55 j == -(0x17ULL << 31)
FAIL: gcc.dg/guality/csttest.c -O3 -g line 55 k == -(0x7ULL << 33)
FAIL: gcc.dg/guality/csttest.c -O3 -g line 55 l == -(0x1ULL << 35)
FAIL: gcc.dg/guality/csttest.c -O3 -g line 55 m == -(0x17ULL << 15)
FAIL: gcc.dg/guality/csttest.c -O3 -g line 55 n == -(0x17ULL << 50)
FAIL: gcc.dg/guality/csttest.c -O3 -g line 55 o == -(0x37ULL << 31)
FAIL: gcc.dg/guality/csttest.c -O3 -g line 55 p == -(0x37ULL << 50)
FAIL: gcc.dg/guality/csttest.c -O3 -g line 55 q == -(0x1efULL << 33)
FAIL: gcc.dg/guality/csttest.c -O3 -g line 55 r == -(0x1efULL << 50)
XPASS: gcc.dg/guality/example.c -O0 execution test
XPASS: gcc.dg/guality/example.c -O1 execution test
XPASS: gcc.dg/guality/guality.c -O0 execution test
XPASS: gcc.dg/guality/guality.c -O1 execution test
XPASS: gcc.dg/guality/guality.c -O2 execution test
XPASS: gcc.dg/guality/guality.c -O2 -flto -fno-use-linker-plugin -flto-partition=none execution test
XPASS: gcc.dg/guality/guality.c -O2 -flto -fuse-linker-plugin -fno-fat-lto-objects execution test
XPASS: gcc.dg/guality/guality.c -Os execution test
XPASS: gcc.dg/guality/inline-params.c -O2 execution test
XPASS: gcc.dg/guality/inline-params.c -O2 -flto -fno-use-linker-plugin -flto-partition=none execution test
XPASS: gcc.dg/guality/inline-params.c -Os execution test
FAIL: gcc.dg/guality/pr36728-1.c -O1 line 16 arg7 == 30
FAIL: gcc.dg/guality/pr36728-1.c -O1 line 18 arg7 == 30
FAIL: gcc.dg/guality/pr36728-1.c -O2 line 16 y == 2
FAIL: gcc.dg/guality/pr36728-1.c -O2 line 18 arg7 == 30
FAIL: gcc.dg/guality/pr36728-1.c -O2 -flto -fno-use-linker-plugin -flto-partition=none line 16 arg7 == 30
FAIL: gcc.dg/guality/pr36728-1.c -O2 -flto -fno-use-linker-plugin -flto-partition=none line 16 y == 2
FAIL: gcc.dg/guality/pr36728-1.c -O2 -flto -fno-use-linker-plugin -flto-partition=none line 18 arg7 == 30
FAIL: gcc.dg/guality/pr36728-1.c -O2 -flto -fuse-linker-plugin -fno-fat-lto-objects line 16 arg7 == 30
FAIL: gcc.dg/guality/pr36728-1.c -O2 -flto -fuse-linker-plugin -fno-fat-lto-objects line 16 y == 2
FAIL: gcc.dg/guality/pr36728-1.c -O2 -flto -fuse-linker-plugin -fno-fat-lto-objects line 18 arg7 == 30
FAIL: gcc.dg/guality/pr36728-1.c -O3 -fomit-frame-pointer line 16 arg7 == 30
FAIL: gcc.dg/guality/pr36728-1.c -O3 -fomit-frame-pointer line 16 y == 2
FAIL: gcc.dg/guality/pr36728-1.c -O3 -fomit-frame-pointer line 18 arg7 == 30
FAIL: gcc.dg/guality/pr36728-1.c -O3 -g line 16 arg7 == 30
FAIL: gcc.dg/guality/pr36728-1.c -O3 -g line 16 y == 2
FAIL: gcc.dg/guality/pr36728-1.c -O3 -g line 18 arg7 == 30
FAIL: gcc.dg/guality/pr36728-1.c -Os line 16 arg7 == 30
FAIL: gcc.dg/guality/pr36728-1.c -Os line 18 arg7 == 30
FAIL: gcc.dg/guality/pr36728-2.c -O2 line 16 y == 2
FAIL: gcc.dg/guality/pr36728-2.c -O2 -flto -fno-use-linker-plugin -flto-partition=none line 16 y == 2
FAIL: gcc.dg/guality/pr36728-2.c -O2 -flto -fuse-linker-plugin -fno-fat-lto-objects line 16 y == 2
FAIL: gcc.dg/guality/pr36728-2.c -O3 -fomit-frame-pointer line 16 y == 2
FAIL: gcc.dg/guality/pr36728-2.c -O3 -g line 16 y == 2
FAIL: gcc.dg/guality/pr36728-2.c -Os line 18 y == 2
FAIL: gcc.dg/guality/pr36728-3.c -O1 line 14 arg7 == 30
FAIL: gcc.dg/guality/pr36728-3.c -O1 line 16 arg7 == 30
FAIL: gcc.dg/guality/pr36728-3.c -O2 line 14 arg7 == 30
FAIL: gcc.dg/guality/pr36728-3.c -O2 line 16 arg7 == 30
FAIL: gcc.dg/guality/pr36728-3.c -O2 -flto -fno-use-linker-plugin -flto-partition=none line 14 arg7 == 30
FAIL: gcc.dg/guality/pr36728-3.c -O2 -flto -fno-use-linker-plugin -flto-partition=none line 16 arg7 == 30
FAIL: gcc.dg/guality/pr36728-3.c -O2 -flto -fuse-linker-plugin -fno-fat-lto-objects line 14 arg7 == 30
FAIL: gcc.dg/guality/pr36728-3.c -O2 -flto -fuse-linker-plugin -fno-fat-lto-objects line 16 arg7 == 30
FAIL: gcc.dg/guality/pr36728-3.c -O3 -fomit-frame-pointer line 14 arg7 == 30
FAIL: gcc.dg/guality/pr36728-3.c -O3 -fomit-frame-pointer line 16 arg7 == 30
FAIL: gcc.dg/guality/pr36728-3.c -O3 -g line 14 arg7 == 30
FAIL: gcc.dg/guality/pr36728-3.c -O3 -g line 16 arg7 == 30
FAIL: gcc.dg/guality/pr36728-3.c -Os line 14 arg7 == 30
FAIL: gcc.dg/guality/pr36728-3.c -Os line 16 arg7 == 30
XPASS: gcc.dg/guality/pr41353-1.c -O0 line 28 j == 28 + 37
FAIL: gcc.dg/guality/pr41353-1.c -O3 -fomit-frame-pointer line 17 vari1 == 2 * 17
FAIL: gcc.dg/guality/pr41353-1.c -O3 -fomit-frame-pointer line 17 vari2 == 3 * 17
FAIL: gcc.dg/guality/pr41353-1.c -O3 -fomit-frame-pointer line 17 vari3 == 2 * 17
FAIL: gcc.dg/guality/pr41353-1.c -O3 -fomit-frame-pointer line 17 vari4 == 3 * 17
FAIL: gcc.dg/guality/pr41353-1.c -O3 -fomit-frame-pointer line 17 vari5 == 4 * 17
FAIL: gcc.dg/guality/pr41353-1.c -O3 -fomit-frame-pointer line 17 vari6 == 5 * 17
FAIL: gcc.dg/guality/pr41353-1.c -O3 -fomit-frame-pointer line 28 i1 == 2 * 37
FAIL: gcc.dg/guality/pr41353-1.c -O3 -fomit-frame-pointer line 28 i2 == 3 * 37
FAIL: gcc.dg/guality/pr41353-1.c -O3 -fomit-frame-pointer line 39 i == 12
FAIL: gcc.dg/guality/pr41353-1.c -O3 -fomit-frame-pointer line 39 i1 == 2 * 12
FAIL: gcc.dg/guality/pr41353-1.c -O3 -fomit-frame-pointer line 39 i2 == 2 * 12
FAIL: gcc.dg/guality/pr41353-1.c -O3 -fomit-frame-pointer line 39 i3 == 3 * 12
FAIL: gcc.dg/guality/pr41353-1.c -O3 -g line 17 vari1 == 2 * 17
FAIL: gcc.dg/guality/pr41353-1.c -O3 -g line 17 vari2 == 3 * 17
FAIL: gcc.dg/guality/pr41353-1.c -O3 -g line 17 vari3 == 2 * 17
FAIL: gcc.dg/guality/pr41353-1.c -O3 -g line 17 vari4 == 3 * 17
FAIL: gcc.dg/guality/pr41353-1.c -O3 -g line 17 vari5 == 4 * 17
FAIL: gcc.dg/guality/pr41353-1.c -O3 -g line 17 vari6 == 5 * 17
FAIL: gcc.dg/guality/pr41353-1.c -O3 -g line 28 i1 == 2 * 37
FAIL: gcc.dg/guality/pr41353-1.c -O3 -g line 28 i2 == 3 * 37
FAIL: gcc.dg/guality/pr41353-1.c -O3 -g line 39 i == 12
FAIL: gcc.dg/guality/pr41353-1.c -O3 -g line 39 i1 == 2 * 12
FAIL: gcc.dg/guality/pr41353-1.c -O3 -g line 39 i2 == 2 * 12
FAIL: gcc.dg/guality/pr41353-1.c -O3 -g line 39 i3 == 3 * 12
FAIL: gcc.dg/guality/pr41353-2.c -O3 -fomit-frame-pointer line 13 vari1 == 2 * 17
FAIL: gcc.dg/guality/pr41353-2.c -O3 -fomit-frame-pointer line 13 vari2 == 3 * 17
FAIL: gcc.dg/guality/pr41353-2.c -O3 -g line 13 vari1 == 2 * 17
FAIL: gcc.dg/guality/pr41353-2.c -O3 -g line 13 vari2 == 3 * 17
FAIL: gcc.dg/guality/pr41404-1.c -O2 -flto -fno-use-linker-plugin -flto-partition=none line 10 *foo == 'f'
XPASS: gcc.dg/guality/pr41447-1.c -O0 execution test
XPASS: gcc.dg/guality/pr41616-1.c -O0 execution test
XPASS: gcc.dg/guality/pr41616-1.c -O1 execution test
XPASS: gcc.dg/guality/pr41616-1.c -O2 execution test
XPASS: gcc.dg/guality/pr41616-1.c -O2 -flto -fno-use-linker-plugin -flto-partition=none execution test
XPASS: gcc.dg/guality/pr41616-1.c -Os execution test
FAIL: gcc.dg/guality/pr43077-1.c -O0 line 19 vara == 1
FAIL: gcc.dg/guality/pr43077-1.c -O3 -fomit-frame-pointer line 11 vara == 0
FAIL: gcc.dg/guality/pr43077-1.c -O3 -fomit-frame-pointer line 19 vara == 1
FAIL: gcc.dg/guality/pr43077-1.c -O3 -fomit-frame-pointer line 42 a == 1
FAIL: gcc.dg/guality/pr43077-1.c -O3 -fomit-frame-pointer line 42 vara == 1
FAIL: gcc.dg/guality/pr43077-1.c -O3 -fomit-frame-pointer line 42 varb == 2
FAIL: gcc.dg/guality/pr43077-1.c -O3 -fomit-frame-pointer line 42 varc == 3
FAIL: gcc.dg/guality/pr43077-1.c -O3 -g line 11 vara == 0
FAIL: gcc.dg/guality/pr43077-1.c -O3 -g line 19 vara == 1
FAIL: gcc.dg/guality/pr43077-1.c -O3 -g line 42 a == 1
FAIL: gcc.dg/guality/pr43077-1.c -O3 -g line 42 vara == 1
FAIL: gcc.dg/guality/pr43077-1.c -O3 -g line 42 varb == 2
FAIL: gcc.dg/guality/pr43077-1.c -O3 -g line 42 varc == 3
FAIL: gcc.dg/guality/pr43177.c -O3 -fomit-frame-pointer line 15 x == 7
FAIL: gcc.dg/guality/pr43177.c -O3 -fomit-frame-pointer line 24 x == 7
FAIL: gcc.dg/guality/pr43177.c -O3 -g line 15 x == 7
FAIL: gcc.dg/guality/pr43177.c -O3 -g line 24 x == 7
FAIL: gcc.dg/guality/pr43329-1.c -O3 -fomit-frame-pointer line 12 argx == 25
FAIL: gcc.dg/guality/pr43329-1.c -O3 -fomit-frame-pointer line 12 varx == 25
FAIL: gcc.dg/guality/pr43329-1.c -O3 -g line 12 argx == 25
FAIL: gcc.dg/guality/pr43329-1.c -O3 -g line 12 varx == 25
FAIL: gcc.dg/guality/pr43479.c -O1 line 13 h == 9
FAIL: gcc.dg/guality/pr43479.c -O1 line 18 h == 9
FAIL: gcc.dg/guality/pr43479.c -O2 line 13 h == 9
FAIL: gcc.dg/guality/pr43479.c -O2 line 18 h == 9
FAIL: gcc.dg/guality/pr43479.c -O2 -flto -fno-use-linker-plugin -flto-partition=none line 13 h == 9
FAIL: gcc.dg/guality/pr43479.c -O2 -flto -fno-use-linker-plugin -flto-partition=none line 18 h == 9
FAIL: gcc.dg/guality/pr43479.c -O2 -flto -fuse-linker-plugin -fno-fat-lto-objects line 13 h == 9
FAIL: gcc.dg/guality/pr43479.c -O2 -flto -fuse-linker-plugin -fno-fat-lto-objects line 18 h == 9
FAIL: gcc.dg/guality/pr43479.c -O3 -fomit-frame-pointer line 13 h == 9
FAIL: gcc.dg/guality/pr43479.c -O3 -fomit-frame-pointer line 18 h == 9
FAIL: gcc.dg/guality/pr43479.c -O3 -g line 13 h == 9
FAIL: gcc.dg/guality/pr43479.c -O3 -g line 18 h == 9
FAIL: gcc.dg/guality/pr43479.c -Os line 13 h == 9
FAIL: gcc.dg/guality/pr43479.c -Os line 18 h == 9
FAIL: gcc.dg/guality/pr43593.c -O3 -fomit-frame-pointer line 16 j == &i
FAIL: gcc.dg/guality/pr43593.c -O3 -g line 16 j == &i
FAIL: gcc.dg/guality/pr45882.c -O2 -flto -fuse-linker-plugin -fno-fat-lto-objects line 16 d == 112
FAIL: gcc.dg/guality/pr45882.c -O2 -flto -fuse-linker-plugin -fno-fat-lto-objects line 16 e == 142
FAIL: gcc.dg/guality/pr45882.c -O3 -fomit-frame-pointer line 16 b == 7
FAIL: gcc.dg/guality/pr45882.c -O3 -fomit-frame-pointer line 16 c == 11
FAIL: gcc.dg/guality/pr45882.c -O3 -fomit-frame-pointer line 16 d == 112
FAIL: gcc.dg/guality/pr45882.c -O3 -fomit-frame-pointer line 16 e == 142
FAIL: gcc.dg/guality/pr45882.c -O3 -g line 16 b == 7
FAIL: gcc.dg/guality/pr45882.c -O3 -g line 16 c == 11
FAIL: gcc.dg/guality/pr45882.c -O3 -g line 16 d == 112
FAIL: gcc.dg/guality/pr45882.c -O3 -g line 16 e == 142
FAIL: gcc.dg/guality/pr48437.c -O1 line 14 i == 0
FAIL: gcc.dg/guality/pr48437.c -O2 line 14 i == 0
FAIL: gcc.dg/guality/pr48437.c -O2 -flto -fno-use-linker-plugin -flto-partition=none line 14 i == 0
FAIL: gcc.dg/guality/pr48437.c -O2 -flto -fuse-linker-plugin -fno-fat-lto-objects line 14 i == 0
FAIL: gcc.dg/guality/pr48437.c -O3 -fomit-frame-pointer line 14 i == 0
FAIL: gcc.dg/guality/pr48437.c -O3 -fomit-frame-pointer -funroll-all-loops -finline-functions line 14 i == 0
FAIL: gcc.dg/guality/pr48437.c -O3 -fomit-frame-pointer -funroll-loops line 14 i == 0
FAIL: gcc.dg/guality/pr48437.c -O3 -g line 14 i == 0
FAIL: gcc.dg/guality/pr48437.c -Os line 14 i == 0
FAIL: gcc.dg/guality/pr54200.c -Os line 20 z == 3
FAIL: gcc.dg/guality/pr54519-1.c -O2 -flto -fno-use-linker-plugin -flto-partition=none line 20 y == 25
FAIL: gcc.dg/guality/pr54519-1.c -O2 -flto -fno-use-linker-plugin -flto-partition=none line 20 z == 6
FAIL: gcc.dg/guality/pr54519-1.c -O2 -flto -fno-use-linker-plugin -flto-partition=none line 23 y == 117
FAIL: gcc.dg/guality/pr54519-1.c -O2 -flto -fno-use-linker-plugin -flto-partition=none line 23 z == 8
FAIL: gcc.dg/guality/pr54519-1.c -O3 -fomit-frame-pointer line 20 x == 36
FAIL: gcc.dg/guality/pr54519-1.c -O3 -fomit-frame-pointer line 20 y == 25
FAIL: gcc.dg/guality/pr54519-1.c -O3 -fomit-frame-pointer line 20 z == 6
FAIL: gcc.dg/guality/pr54519-1.c -O3 -g line 20 x == 36
FAIL: gcc.dg/guality/pr54519-1.c -O3 -g line 20 y == 25
FAIL: gcc.dg/guality/pr54519-1.c -O3 -g line 20 z == 6
FAIL: gcc.dg/guality/pr54519-2.c -O2 -flto -fno-use-linker-plugin -flto-partition=none line 17 y == 25
FAIL: gcc.dg/guality/pr54519-2.c -O2 -flto -fuse-linker-plugin -fno-fat-lto-objects line 17 y == 25
FAIL: gcc.dg/guality/pr54519-2.c -O3 -fomit-frame-pointer line 17 x == 6
FAIL: gcc.dg/guality/pr54519-2.c -O3 -fomit-frame-pointer line 17 y == 25
FAIL: gcc.dg/guality/pr54519-2.c -O3 -fomit-frame-pointer line 22 y == 68
FAIL: gcc.dg/guality/pr54519-2.c -O3 -g line 17 x == 6
FAIL: gcc.dg/guality/pr54519-2.c -O3 -g line 17 y == 25
FAIL: gcc.dg/guality/pr54519-2.c -O3 -g line 22 y == 68
FAIL: gcc.dg/guality/pr54519-3.c -O2 -flto -fno-use-linker-plugin -flto-partition=none line 20 y == 25
FAIL: gcc.dg/guality/pr54519-3.c -O2 -flto -fno-use-linker-plugin -flto-partition=none line 20 z == 6
FAIL: gcc.dg/guality/pr54519-3.c -O2 -flto -fno-use-linker-plugin -flto-partition=none line 23 y == 117
FAIL: gcc.dg/guality/pr54519-3.c -O2 -flto -fno-use-linker-plugin -flto-partition=none line 23 z == 8
FAIL: gcc.dg/guality/pr54519-3.c -O2 -flto -fuse-linker-plugin -fno-fat-lto-objects line 20 y == 25
FAIL: gcc.dg/guality/pr54519-3.c -O2 -flto -fuse-linker-plugin -fno-fat-lto-objects line 20 z == 6
FAIL: gcc.dg/guality/pr54519-3.c -O2 -flto -fuse-linker-plugin -fno-fat-lto-objects line 23 y == 117
FAIL: gcc.dg/guality/pr54519-3.c -O2 -flto -fuse-linker-plugin -fno-fat-lto-objects line 23 z == 8
FAIL: gcc.dg/guality/pr54519-3.c -O3 -fomit-frame-pointer line 20 x == 36
FAIL: gcc.dg/guality/pr54519-3.c -O3 -fomit-frame-pointer line 20 y == 25
FAIL: gcc.dg/guality/pr54519-3.c -O3 -fomit-frame-pointer line 20 z == 6
FAIL: gcc.dg/guality/pr54519-3.c -O3 -fomit-frame-pointer line 23 x == 98
FAIL: gcc.dg/guality/pr54519-3.c -O3 -fomit-frame-pointer line 23 y == 117
FAIL: gcc.dg/guality/pr54519-3.c -O3 -fomit-frame-pointer line 23 z == 8
FAIL: gcc.dg/guality/pr54519-3.c -O3 -g line 20 x == 36
FAIL: gcc.dg/guality/pr54519-3.c -O3 -g line 20 y == 25
FAIL: gcc.dg/guality/pr54519-3.c -O3 -g line 20 z == 6
FAIL: gcc.dg/guality/pr54519-3.c -O3 -g line 23 x == 98
FAIL: gcc.dg/guality/pr54519-3.c -O3 -g line 23 y == 117
FAIL: gcc.dg/guality/pr54519-3.c -O3 -g line 23 z == 8
FAIL: gcc.dg/guality/pr54519-4.c -O2 -flto -fno-use-linker-plugin -flto-partition=none line 17 y == 25
FAIL: gcc.dg/guality/pr54519-4.c -O2 -flto -fuse-linker-plugin -fno-fat-lto-objects line 17 y == 25
FAIL: gcc.dg/guality/pr54519-4.c -O3 -fomit-frame-pointer line 17 x == 6
FAIL: gcc.dg/guality/pr54519-4.c -O3 -fomit-frame-pointer line 17 y == 25
FAIL: gcc.dg/guality/pr54519-4.c -O3 -fomit-frame-pointer line 22 y == 68
FAIL: gcc.dg/guality/pr54519-4.c -O3 -g line 17 x == 6
FAIL: gcc.dg/guality/pr54519-4.c -O3 -g line 17 y == 25
FAIL: gcc.dg/guality/pr54519-4.c -O3 -g line 22 y == 68
FAIL: gcc.dg/guality/pr54519-5.c -O2 -flto -fno-use-linker-plugin -flto-partition=none line 17 y == 25
FAIL: gcc.dg/guality/pr54519-5.c -O2 -flto -fuse-linker-plugin -fno-fat-lto-objects line 17 y == 25
FAIL: gcc.dg/guality/pr54519-5.c -O3 -fomit-frame-pointer line 17 x == 6
FAIL: gcc.dg/guality/pr54519-5.c -O3 -fomit-frame-pointer line 17 y == 25
FAIL: gcc.dg/guality/pr54519-5.c -O3 -fomit-frame-pointer line 22 y == 68
FAIL: gcc.dg/guality/pr54519-5.c -O3 -g line 17 x == 6
FAIL: gcc.dg/guality/pr54519-5.c -O3 -g line 17 y == 25
FAIL: gcc.dg/guality/pr54519-5.c -O3 -g line 22 y == 68
FAIL: gcc.dg/guality/pr54519-6.c -O1 line 11 x == 2
FAIL: gcc.dg/guality/pr54519-6.c -O1 line 11 y == 0
FAIL: gcc.dg/guality/pr54519-6.c -O2 -flto -fno-use-linker-plugin -flto-partition=none line 11 x == 2
FAIL: gcc.dg/guality/pr54519-6.c -O2 -flto -fno-use-linker-plugin -flto-partition=none line 11 y == 0
FAIL: gcc.dg/guality/pr54519-6.c -O2 -flto -fuse-linker-plugin -fno-fat-lto-objects line 11 x == 2
FAIL: gcc.dg/guality/pr54519-6.c -O2 -flto -fuse-linker-plugin -fno-fat-lto-objects line 11 y == 0
FAIL: gcc.dg/guality/pr54519-6.c -O3 -fomit-frame-pointer line 11 x == 2
FAIL: gcc.dg/guality/pr54519-6.c -O3 -fomit-frame-pointer line 11 y == 0
FAIL: gcc.dg/guality/pr54519-6.c -O3 -g line 11 x == 2
FAIL: gcc.dg/guality/pr54519-6.c -O3 -g line 11 y == 0
FAIL: gcc.dg/guality/pr54551.c -O3 -fomit-frame-pointer line 18 a == 4
FAIL: gcc.dg/guality/pr54551.c -O3 -g line 18 a == 4
FAIL: gcc.dg/guality/pr54693-2.c -O3 -fomit-frame-pointer line 21 i == v + 1
FAIL: gcc.dg/guality/pr54693-2.c -O3 -fomit-frame-pointer line 21 x == 10 - i
FAIL: gcc.dg/guality/pr54693-2.c -O3 -fomit-frame-pointer -funroll-loops line 21 i == v + 1
FAIL: gcc.dg/guality/pr54693-2.c -O3 -fomit-frame-pointer -funroll-loops line 21 x == 10 - i
FAIL: gcc.dg/guality/pr54693-2.c -O3 -g line 21 i == v + 1
FAIL: gcc.dg/guality/pr54693-2.c -O3 -g line 21 x == 10 - i
FAIL: gcc.dg/guality/pr54693.c -O1 line 22 i == c - 48
FAIL: gcc.dg/guality/pr54693.c -O2 line 22 i == c - 48
FAIL: gcc.dg/guality/pr54693.c -O2 -flto -fno-use-linker-plugin -flto-partition=none line 22 i == c - 48
FAIL: gcc.dg/guality/pr54693.c -O2 -flto -fuse-linker-plugin -fno-fat-lto-objects line 22 i == c - 48
FAIL: gcc.dg/guality/pr54796.c -O1 line 17 b == 6
FAIL: gcc.dg/guality/pr54796.c -O2 line 17 b == 6
FAIL: gcc.dg/guality/pr54796.c -O2 -flto -fno-use-linker-plugin -flto-partition=none line 17 b == 6
FAIL: gcc.dg/guality/pr54796.c -O2 -flto -fuse-linker-plugin -fno-fat-lto-objects line 17 b == 6
FAIL: gcc.dg/guality/pr54796.c -O3 -fomit-frame-pointer line 17 b == 6
FAIL: gcc.dg/guality/pr54796.c -O3 -fomit-frame-pointer line 17 c == 5
FAIL: gcc.dg/guality/pr54796.c -O3 -g line 17 b == 6
FAIL: gcc.dg/guality/pr54796.c -O3 -g line 17 c == 5
FAIL: gcc.dg/guality/pr54796.c -Os line 17 b == 6
FAIL: gcc.dg/guality/pr54970.c -O2 -flto -fno-use-linker-plugin -flto-partition=none line 15 a[2] == 3
FAIL: gcc.dg/guality/pr54970.c -O2 -flto -fuse-linker-plugin -fno-fat-lto-objects line 15 a[2] == 3
FAIL: gcc.dg/guality/pr54970.c -Os line 15 a[0] == 1
FAIL: gcc.dg/guality/pr54970.c -Os line 20 a[0] == 1
FAIL: gcc.dg/guality/pr54970.c -Os line 25 a[0] == 1
FAIL: gcc.dg/guality/pr56154-1.c -O2 -flto -fno-use-linker-plugin -flto-partition=none line pr56154-1.c:20 x.a == 6
FAIL: gcc.dg/guality/pr56154-1.c -O2 -flto -fuse-linker-plugin -fno-fat-lto-objects line pr56154-1.c:20 x.a == 6
FAIL: gcc.dg/guality/pr56154-2.c -O3 -fomit-frame-pointer line pr56154-2.c:30 x == 28
FAIL: gcc.dg/guality/pr56154-2.c -O3 -g line pr56154-2.c:30 x == 28
FAIL: gcc.dg/guality/pr56154-3.c -O3 -fomit-frame-pointer line pr56154-3.c:22 x == 28
FAIL: gcc.dg/guality/pr56154-3.c -O3 -g line pr56154-3.c:22 x == 28
FAIL: gcc.dg/guality/pr56154-4.c -O3 -fomit-frame-pointer line pr56154-4.c:25 x == 28
FAIL: gcc.dg/guality/pr56154-4.c -O3 -g line pr56154-4.c:25 x == 28
FAIL: gcc.dg/guality/pr58791-3.c -O3 -fomit-frame-pointer line pr58791-3.c:19 f == 5
FAIL: gcc.dg/guality/pr58791-3.c -O3 -fomit-frame-pointer line pr58791-3.c:19 g == 24
FAIL: gcc.dg/guality/pr58791-3.c -O3 -fomit-frame-pointer line pr58791-3.c:19 h == 9
FAIL: gcc.dg/guality/pr58791-3.c -O3 -fomit-frame-pointer line pr58791-3.c:19 i == 15
FAIL: gcc.dg/guality/pr58791-3.c -O3 -fomit-frame-pointer line pr58791-3.c:19 j == 6
FAIL: gcc.dg/guality/pr58791-3.c -O3 -fomit-frame-pointer line pr58791-3.c:19 k == 25
FAIL: gcc.dg/guality/pr58791-3.c -O3 -fomit-frame-pointer line pr58791-3.c:19 l == 10
FAIL: gcc.dg/guality/pr58791-3.c -O3 -fomit-frame-pointer line pr58791-3.c:19 m == 16
FAIL: gcc.dg/guality/pr58791-3.c -O3 -g line pr58791-3.c:19 f == 5
FAIL: gcc.dg/guality/pr58791-3.c -O3 -g line pr58791-3.c:19 g == 24
FAIL: gcc.dg/guality/pr58791-3.c -O3 -g line pr58791-3.c:19 h == 9
FAIL: gcc.dg/guality/pr58791-3.c -O3 -g line pr58791-3.c:19 i == 15
FAIL: gcc.dg/guality/pr58791-3.c -O3 -g line pr58791-3.c:19 j == 6
FAIL: gcc.dg/guality/pr58791-3.c -O3 -g line pr58791-3.c:19 k == 25
FAIL: gcc.dg/guality/pr58791-3.c -O3 -g line pr58791-3.c:19 l == 10
FAIL: gcc.dg/guality/pr58791-3.c -O3 -g line pr58791-3.c:19 m == 16
FAIL: gcc.dg/guality/pr58791-5.c -O3 -fomit-frame-pointer line pr58791-5.c:20 b1 == 9
FAIL: gcc.dg/guality/pr58791-5.c -O3 -fomit-frame-pointer line pr58791-5.c:20 b2 == 73
FAIL: gcc.dg/guality/pr58791-5.c -O3 -fomit-frame-pointer line pr58791-5.c:20 b3 == 585
FAIL: gcc.dg/guality/pr58791-5.c -O3 -fomit-frame-pointer line pr58791-5.c:20 b4 == 4681
FAIL: gcc.dg/guality/pr58791-5.c -O3 -fomit-frame-pointer line pr58791-5.c:20 e == 0
FAIL: gcc.dg/guality/pr58791-5.c -O3 -g line pr58791-5.c:20 b1 == 9
FAIL: gcc.dg/guality/pr58791-5.c -O3 -g line pr58791-5.c:20 b2 == 73
FAIL: gcc.dg/guality/pr58791-5.c -O3 -g line pr58791-5.c:20 b3 == 585
FAIL: gcc.dg/guality/pr58791-5.c -O3 -g line pr58791-5.c:20 b4 == 4681
FAIL: gcc.dg/guality/pr58791-5.c -O3 -g line pr58791-5.c:20 e == 0
FAIL: gcc.dg/guality/pr59776.c -O3 -fomit-frame-pointer line pr59776.c:17 s1.f == 5.0
FAIL: gcc.dg/guality/pr59776.c -O3 -fomit-frame-pointer line pr59776.c:17 s1.g == 6.0
FAIL: gcc.dg/guality/pr59776.c -O3 -fomit-frame-pointer line pr59776.c:17 s2.f == 0.0
FAIL: gcc.dg/guality/pr59776.c -O3 -fomit-frame-pointer line pr59776.c:17 s2.g == 6.0
FAIL: gcc.dg/guality/pr59776.c -O3 -fomit-frame-pointer line pr59776.c:20 s1.f == 5.0
FAIL: gcc.dg/guality/pr59776.c -O3 -fomit-frame-pointer line pr59776.c:20 s1.g == 6.0
FAIL: gcc.dg/guality/pr59776.c -O3 -fomit-frame-pointer line pr59776.c:20 s2.f == 5.0
FAIL: gcc.dg/guality/pr59776.c -O3 -fomit-frame-pointer line pr59776.c:20 s2.g == 6.0
FAIL: gcc.dg/guality/pr59776.c -O3 -g line pr59776.c:17 s1.f == 5.0
FAIL: gcc.dg/guality/pr59776.c -O3 -g line pr59776.c:17 s1.g == 6.0
FAIL: gcc.dg/guality/pr59776.c -O3 -g line pr59776.c:17 s2.f == 0.0
FAIL: gcc.dg/guality/pr59776.c -O3 -g line pr59776.c:17 s2.g == 6.0
FAIL: gcc.dg/guality/pr59776.c -O3 -g line pr59776.c:20 s1.f == 5.0
FAIL: gcc.dg/guality/pr59776.c -O3 -g line pr59776.c:20 s1.g == 6.0
FAIL: gcc.dg/guality/pr59776.c -O3 -g line pr59776.c:20 s2.f == 5.0
FAIL: gcc.dg/guality/pr59776.c -O3 -g line pr59776.c:20 s2.g == 6.0
FAIL: gcc.dg/guality/sra-1.c -O2 line 43 a.j == 14
FAIL: gcc.dg/guality/sra-1.c -O2 -flto -fno-use-linker-plugin -flto-partition=none line 43 a.i == 4
FAIL: gcc.dg/guality/sra-1.c -O2 -flto -fno-use-linker-plugin -flto-partition=none line 43 a.j == 14
FAIL: gcc.dg/guality/sra-1.c -O2 -flto -fuse-linker-plugin -fno-fat-lto-objects line 43 a.i == 4
FAIL: gcc.dg/guality/sra-1.c -O2 -flto -fuse-linker-plugin -fno-fat-lto-objects line 43 a.j == 14
FAIL: gcc.dg/guality/sra-1.c -O3 -fomit-frame-pointer line 32 a[1] == 14
FAIL: gcc.dg/guality/sra-1.c -O3 -fomit-frame-pointer line 43 a.i == 4
FAIL: gcc.dg/guality/sra-1.c -O3 -fomit-frame-pointer line 43 a.j == 14
FAIL: gcc.dg/guality/sra-1.c -O3 -g line 32 a[1] == 14
FAIL: gcc.dg/guality/sra-1.c -O3 -g line 43 a.i == 4
FAIL: gcc.dg/guality/sra-1.c -O3 -g line 43 a.j == 14
FAIL: gcc.dg/guality/sra-1.c -Os line 43 a.j == 14
FAIL: gcc.dg/guality/vla-1.c -O3 -fomit-frame-pointer line 17 sizeof (a) == 6
FAIL: gcc.dg/guality/vla-1.c -O3 -fomit-frame-pointer line 24 sizeof (a) == 17 * sizeof (short)
FAIL: gcc.dg/guality/vla-1.c -O3 -g line 17 sizeof (a) == 6
FAIL: gcc.dg/guality/vla-1.c -O3 -g line 24 sizeof (a) == 17 * sizeof (short)
FAIL: gcc.dg/guality/vla-2.c -O3 -fomit-frame-pointer line 16 sizeof (a) == 5 * sizeof (int)
FAIL: gcc.dg/guality/vla-2.c -O3 -fomit-frame-pointer line 25 sizeof (a) == 6 * sizeof (int)
FAIL: gcc.dg/guality/vla-2.c -O3 -g line 16 sizeof (a) == 5 * sizeof (int)
FAIL: gcc.dg/guality/vla-2.c -O3 -g line 25 sizeof (a) == 6 * sizeof (int)
FAIL: gcc.dg/simulate-thread/atomic-other-short.c -O3 -g thread simulation test
UNRESOLVED: gcc.dg/tree-prof/peel-1.c scan-rtl-dump loop2_unroll "Considering simply peeling loop"
XPASS: gcc.dg/tree-ssa/20040204-1.c scan-tree-dump-times optimized "link_error" 0
XPASS: gcc.dg/tree-ssa/loop-1.c scan-assembler-times foo 5
FAIL: gcc.dg/tree-ssa/loop-31.c scan-tree-dump-times optimized " \\\\+ 2;" 2
XPASS: gcc.dg/vect/if-cvt-stores-vect-ifcvt-18.c scan-tree-dump-times vect "vectorized 1 loops" 1
XPASS: gcc.dg/vect/no-scevccp-outer-21.c scan-tree-dump-times vect "OUTER LOOP VECTORIZED." 1
XPASS: gcc.dg/vect/pr33804.c -flto -ffat-lto-objects scan-tree-dump-times vect "vectorized 1 loops" 1
XPASS: gcc.dg/vect/pr33804.c -flto -ffat-lto-objects scan-tree-dump-times vect "vectorizing stmts using SLP" 1
XPASS: gcc.dg/vect/pr33804.c scan-tree-dump-times vect "vectorized 1 loops" 1
XPASS: gcc.dg/vect/pr33804.c scan-tree-dump-times vect "vectorizing stmts using SLP" 1
XPASS: gcc.dg/vect/pr33953.c -flto -ffat-lto-objects scan-tree-dump-times vect "vectorized 1 loops" 1
XPASS: gcc.dg/vect/pr33953.c -flto -ffat-lto-objects scan-tree-dump-times vect "vectorizing stmts using SLP" 1
XPASS: gcc.dg/vect/pr33953.c scan-tree-dump-times vect "vectorized 1 loops" 1
XPASS: gcc.dg/vect/pr33953.c scan-tree-dump-times vect "vectorizing stmts using SLP" 1
FAIL: gcc.dg/vect/pr37539.c (internal compiler error)
FAIL: gcc.dg/vect/pr37539.c (test for excess errors)
FAIL: gcc.dg/vect/pr37539.c -flto -ffat-lto-objects scan-tree-dump-times vect "vectorized 1 loops" 2
FAIL: gcc.dg/vect/pr37539.c -flto -ffat-lto-objects (internal compiler error)
FAIL: gcc.dg/vect/pr37539.c -flto -ffat-lto-objects (test for excess errors)
UNRESOLVED: gcc.dg/vect/pr37539.c -flto -ffat-lto-objects compilation failed to produce executable
UNRESOLVED: gcc.dg/vect/pr37539.c compilation failed to produce executable
FAIL: gcc.dg/vect/pr37539.c scan-tree-dump-times vect "vectorized 1 loops" 2
FAIL: gcc.dg/vect/pr57705.c -flto -ffat-lto-objects scan-tree-dump-times vect "vectorized 1 loop" 2
FAIL: gcc.dg/vect/pr57705.c scan-tree-dump-times vect "vectorized 1 loop" 2
XPASS: gcc.dg/vect/pr58508.c -flto -ffat-lto-objects scan-tree-dump-times vect "hoist" 3
XPASS: gcc.dg/vect/pr58508.c scan-tree-dump-times vect "hoist" 3
FAIL: gcc.dg/vect/slp-perm-9.c -flto -ffat-lto-objects scan-tree-dump-times vect "vectorizing stmts using SLP" 0
FAIL: gcc.dg/vect/slp-perm-9.c scan-tree-dump-times vect "vectorizing stmts using SLP" 0
FAIL: gcc.dg/vect/vec-scal-opt.c scan-tree-dump-times veclower21 ">> k.[0-9_]*" 1
FAIL: gcc.dg/vect/vec-scal-opt1.c scan-tree-dump-times veclower21 ">> 2" 1
FAIL: gcc.dg/vect/vec-scal-opt2.c scan-tree-dump-times veclower21 ">> 2" 1
FAIL: gcc.dg/vect/vect-33.c -flto -ffat-lto-objects scan-tree-dump-times vect "Alignment of access forced using versioning" 1
FAIL: gcc.dg/vect/vect-33.c scan-tree-dump-times vect "Alignment of access forced using versioning" 1
XPASS: gcc.dg/vect/vect-35-big-array.c -flto -ffat-lto-objects scan-tree-dump-times vect "vectorized 2 loops" 1
XPASS: gcc.dg/vect/vect-35-big-array.c scan-tree-dump-times vect "vectorized 2 loops" 1
XPASS: gcc.dg/vect/vect-35.c -flto -ffat-lto-objects scan-tree-dump-times vect "vectorized 2 loops" 1
XPASS: gcc.dg/vect/vect-35.c scan-tree-dump-times vect "vectorized 2 loops" 1
FAIL: gcc.dg/vect/vect-93.c -flto -ffat-lto-objects scan-tree-dump-times vect "vectorized 1 loops" 1
FAIL: gcc.dg/vect/vect-93.c scan-tree-dump-times vect "vectorized 1 loops" 1
XPASS: gcc.dg/vect/vect-outer-5.c -flto -ffat-lto-objects scan-tree-dump vect "zero step in outer loop."
XPASS: gcc.dg/vect/vect-outer-5.c scan-tree-dump vect "zero step in outer loop."
FAIL: gcc.dg/vect/vect-strided-a-u8-i2-gap.c (internal compiler error)
FAIL: gcc.dg/vect/vect-strided-a-u8-i2-gap.c (test for excess errors)
FAIL: gcc.dg/vect/vect-strided-a-u8-i2-gap.c -flto -ffat-lto-objects (internal compiler error)
FAIL: gcc.dg/vect/vect-strided-a-u8-i2-gap.c -flto -ffat-lto-objects (test for excess errors)
UNRESOLVED: gcc.dg/vect/vect-strided-a-u8-i2-gap.c -flto -ffat-lto-objects compilation failed to produce executable
UNRESOLVED: gcc.dg/vect/vect-strided-a-u8-i2-gap.c compilation failed to produce executable
FAIL: gcc.dg/vect/vect-strided-a-u8-i8-gap7-big-array.c (internal compiler error)
FAIL: gcc.dg/vect/vect-strided-a-u8-i8-gap7-big-array.c (test for excess errors)
FAIL: gcc.dg/vect/vect-strided-a-u8-i8-gap7-big-array.c -flto -ffat-lto-objects (internal compiler error)
FAIL: gcc.dg/vect/vect-strided-a-u8-i8-gap7-big-array.c -flto -ffat-lto-objects (test for excess errors)
UNRESOLVED: gcc.dg/vect/vect-strided-a-u8-i8-gap7-big-array.c -flto -ffat-lto-objects compilation failed to produce executable
UNRESOLVED: gcc.dg/vect/vect-strided-a-u8-i8-gap7-big-array.c compilation failed to produce executable
FAIL: gcc.dg/vect/vect-strided-a-u8-i8-gap7.c (internal compiler error)
FAIL: gcc.dg/vect/vect-strided-a-u8-i8-gap7.c (test for excess errors)
FAIL: gcc.dg/vect/vect-strided-a-u8-i8-gap7.c -flto -ffat-lto-objects (internal compiler error)
FAIL: gcc.dg/vect/vect-strided-a-u8-i8-gap7.c -flto -ffat-lto-objects (test for excess errors)
UNRESOLVED: gcc.dg/vect/vect-strided-a-u8-i8-gap7.c -flto -ffat-lto-objects compilation failed to produce executable
UNRESOLVED: gcc.dg/vect/vect-strided-a-u8-i8-gap7.c compilation failed to produce executable
FAIL: gcc.dg/vect/vect-strided-u8-i2-gap.c (internal compiler error)
FAIL: gcc.dg/vect/vect-strided-u8-i2-gap.c (test for excess errors)
FAIL: gcc.dg/vect/vect-strided-u8-i2-gap.c -flto -ffat-lto-objects (internal compiler error)
FAIL: gcc.dg/vect/vect-strided-u8-i2-gap.c -flto -ffat-lto-objects (test for excess errors)
UNRESOLVED: gcc.dg/vect/vect-strided-u8-i2-gap.c -flto -ffat-lto-objects compilation failed to produce executable
UNRESOLVED: gcc.dg/vect/vect-strided-u8-i2-gap.c compilation failed to produce executable
FAIL: gcc.dg/vect/vect-strided-u8-i8-gap4-big-array.c (internal compiler error)
FAIL: gcc.dg/vect/vect-strided-u8-i8-gap4-big-array.c (test for excess errors)
FAIL: gcc.dg/vect/vect-strided-u8-i8-gap4-big-array.c -flto -ffat-lto-objects (internal compiler error)
FAIL: gcc.dg/vect/vect-strided-u8-i8-gap4-big-array.c -flto -ffat-lto-objects (test for excess errors)
UNRESOLVED: gcc.dg/vect/vect-strided-u8-i8-gap4-big-array.c -flto -ffat-lto-objects compilation failed to produce executable
UNRESOLVED: gcc.dg/vect/vect-strided-u8-i8-gap4-big-array.c compilation failed to produce executable
FAIL: gcc.dg/vect/vect-strided-u8-i8-gap4-unknown.c (internal compiler error)
FAIL: gcc.dg/vect/vect-strided-u8-i8-gap4-unknown.c (test for excess errors)
FAIL: gcc.dg/vect/vect-strided-u8-i8-gap4-unknown.c -flto -ffat-lto-objects (internal compiler error)
FAIL: gcc.dg/vect/vect-strided-u8-i8-gap4-unknown.c -flto -ffat-lto-objects (test for excess errors)
UNRESOLVED: gcc.dg/vect/vect-strided-u8-i8-gap4-unknown.c -flto -ffat-lto-objects compilation failed to produce executable
UNRESOLVED: gcc.dg/vect/vect-strided-u8-i8-gap4-unknown.c compilation failed to produce executable
FAIL: gcc.dg/vect/vect-strided-u8-i8-gap4.c (internal compiler error)
FAIL: gcc.dg/vect/vect-strided-u8-i8-gap4.c (test for excess errors)
FAIL: gcc.dg/vect/vect-strided-u8-i8-gap4.c -flto -ffat-lto-objects (internal compiler error)
FAIL: gcc.dg/vect/vect-strided-u8-i8-gap4.c -flto -ffat-lto-objects (test for excess errors)
UNRESOLVED: gcc.dg/vect/vect-strided-u8-i8-gap4.c -flto -ffat-lto-objects compilation failed to produce executable
UNRESOLVED: gcc.dg/vect/vect-strided-u8-i8-gap4.c compilation failed to produce executable
FAIL: gcc.dg/vect/vect-strided-u8-i8-gap7-big-array.c (internal compiler error)
FAIL: gcc.dg/vect/vect-strided-u8-i8-gap7-big-array.c (test for excess errors)
FAIL: gcc.dg/vect/vect-strided-u8-i8-gap7-big-array.c -flto -ffat-lto-objects (internal compiler error)
FAIL: gcc.dg/vect/vect-strided-u8-i8-gap7-big-array.c -flto -ffat-lto-objects (test for excess errors)
UNRESOLVED: gcc.dg/vect/vect-strided-u8-i8-gap7-big-array.c -flto -ffat-lto-objects compilation failed to produce executable
UNRESOLVED: gcc.dg/vect/vect-strided-u8-i8-gap7-big-array.c compilation failed to produce executable
FAIL: gcc.dg/vect/vect-strided-u8-i8-gap7.c (internal compiler error)
FAIL: gcc.dg/vect/vect-strided-u8-i8-gap7.c (test for excess errors)
FAIL: gcc.dg/vect/vect-strided-u8-i8-gap7.c -flto -ffat-lto-objects (internal compiler error)
FAIL: gcc.dg/vect/vect-strided-u8-i8-gap7.c -flto -ffat-lto-objects (test for excess errors)
UNRESOLVED: gcc.dg/vect/vect-strided-u8-i8-gap7.c -flto -ffat-lto-objects compilation failed to produce executable
UNRESOLVED: gcc.dg/vect/vect-strided-u8-i8-gap7.c compilation failed to produce executable
FAIL: gcc.dg/vect/vect-strided-u8-i8.c (internal compiler error)
FAIL: gcc.dg/vect/vect-strided-u8-i8.c (test for excess errors)
FAIL: gcc.dg/vect/vect-strided-u8-i8.c -flto -ffat-lto-objects (internal compiler error)
FAIL: gcc.dg/vect/vect-strided-u8-i8.c -flto -ffat-lto-objects (test for excess errors)
UNRESOLVED: gcc.dg/vect/vect-strided-u8-i8.c -flto -ffat-lto-objects compilation failed to produce executable
UNRESOLVED: gcc.dg/vect/vect-strided-u8-i8.c compilation failed to produce executable
FAIL: gcc.target/ia64/small-addr-1.c (test for excess errors)
=== gcc Summary ===
# of expected passes 90592
# of unexpected failures 431
# of unexpected successes 38
# of expected failures 373
# of unresolved testcases 24
# of unsupported tests 1810
/usr/local/gcc/gcc-20141031/Build/gcc/xgcc version 5.0.0 20141031 (experimental) [trunk revision 216948] (GCC)
=== gfortran tests ===
Running target unix
FAIL: gfortran.dg/coarray_collectives_14.f90 -O (test for errors, line 55)
FAIL: gfortran.dg/coarray_collectives_14.f90 -O (test for errors, line 57)
FAIL: gfortran.dg/coarray_collectives_14.f90 -O (test for errors, line 59)
FAIL: gfortran.dg/coarray_collectives_14.f90 -O (test for errors, line 61)
FAIL: gfortran.dg/coarray_collectives_14.f90 -O (test for errors, line 63)
FAIL: gfortran.dg/coarray_collectives_14.f90 -O (test for errors, line 65)
FAIL: gfortran.dg/coarray_collectives_14.f90 -O (test for errors, line 67)
FAIL: gfortran.dg/coarray_collectives_14.f90 -O (test for errors, line 69)
FAIL: gfortran.dg/coarray_collectives_14.f90 -O (test for errors, line 71)
FAIL: gfortran.dg/coarray_collectives_14.f90 -O (test for errors, line 73)
FAIL: gfortran.dg/coarray_collectives_14.f90 -O (test for errors, line 75)
FAIL: gfortran.dg/coarray_collectives_14.f90 -O (test for errors, line 77)
FAIL: gfortran.dg/coarray_collectives_14.f90 -O (test for errors, line 79)
FAIL: gfortran.dg/coarray_collectives_14.f90 -O (test for errors, line 81)
FAIL: gfortran.dg/coarray_collectives_14.f90 -O (test for errors, line 83)
FAIL: gfortran.dg/coarray_collectives_14.f90 -O (test for errors, line 87)
FAIL: gfortran.dg/coarray_collectives_14.f90 -O (test for errors, line 89)
FAIL: gfortran.dg/coarray_collectives_14.f90 -O (test for excess errors)
FAIL: gfortran.dg/graphite/pr42393.f90 -O (test for excess errors)
WARNING: program timed out.
FAIL: gfortran.dg/vect/pr32380.f -O scan-tree-dump-times vect "vectorized 1 loops" 1
=== gfortran Summary ===
# of expected passes 46750
# of unexpected failures 20
# of expected failures 60
# of unsupported tests 70
/usr/local/gcc/gcc-20141031/Build/gcc/testsuite/gfortran/../../gfortran version 5.0.0 20141031 (experimental) [trunk revision 216948] (GCC)
=== gnat tests ===
Running target unix
=== gnat Summary ===
# of expected passes 1247
# of expected failures 20
# of unsupported tests 14
/usr/local/gcc/gcc-20141031/Build/gcc/gnatmake version 5.0.0 20141031 (experimental) [trunk revision 216948]
=== obj-c++ tests ===
Running target unix
=== obj-c++ Summary ===
# of expected passes 1439
# of expected failures 10
# of unsupported tests 86
/usr/local/gcc/gcc-20141031/Build/gcc/testsuite/obj-c++/../../xg++ version 5.0.0 20141031 (experimental) [trunk revision 216948] (GCC)
=== objc tests ===
Running target unix
=== objc Summary ===
# of expected passes 3008
# of unsupported tests 75
/usr/local/gcc/gcc-20141031/Build/gcc/xgcc version 5.0.0 20141031 (experimental) [trunk revision 216948] (GCC)
=== boehm-gc tests ===
Running target unix
=== boehm-gc Summary ===
# of expected passes 12
# of unsupported tests 1
=== libatomic tests ===
Running target unix
=== libatomic Summary ===
# of expected passes 54
=== libffi tests ===
Running target unix
FAIL: libffi.call/cls_double_va.c -O0 -W -Wall output pattern test, is 7.0
FAIL: libffi.call/cls_longdouble_va.c -O0 -W -Wall output pattern test, is 7.0
FAIL: libffi.call/cls_double_va.c -O2 output pattern test, is 7.0
FAIL: libffi.call/cls_longdouble_va.c -O2 output pattern test, is 7.0
FAIL: libffi.call/cls_double_va.c -O3 output pattern test, is 7.0
FAIL: libffi.call/cls_longdouble_va.c -O3 output pattern test, is 7.0
FAIL: libffi.call/cls_double_va.c -Os output pattern test, is 7.0
FAIL: libffi.call/cls_longdouble_va.c -Os output pattern test, is 7.0
FAIL: libffi.call/cls_double_va.c -O2 -fomit-frame-pointer output pattern test, is 7.0
FAIL: libffi.call/cls_longdouble_va.c -O2 -fomit-frame-pointer output pattern test, is 7.0
=== libffi Summary ===
# of expected passes 1809
# of unexpected failures 10
# of unsupported tests 55
=== libgomp tests ===
Running target unix
=== libgomp Summary ===
# of expected passes 3249
# of unsupported tests 35
=== libjava tests ===
Running target unix
FAIL: getlocalvartable output
FAIL: Throw_3 -O3 output - source compiled test
FAIL: Throw_3 -O3 -findirect-dispatch output - source compiled test
=== libjava Summary ===
# of expected passes 2579
# of unexpected failures 3
# of expected failures 4
=== libstdc++ tests ===
Running target unix
FAIL: libstdc++-prettyprinters/debug.cc print lst
FAIL: libstdc++-prettyprinters/debug.cc print mp
FAIL: libstdc++-prettyprinters/debug.cc print sp
FAIL: libstdc++-prettyprinters/libfundts.cc print ab
FAIL: libstdc++-prettyprinters/libfundts.cc print ai
FAIL: libstdc++-prettyprinters/libfundts.cc print am
FAIL: libstdc++-prettyprinters/libfundts.cc print ap
FAIL: libstdc++-prettyprinters/libfundts.cc print as
FAIL: libstdc++-prettyprinters/libfundts.cc print as2
FAIL: libstdc++-prettyprinters/libfundts.cc print om
FAIL: libstdc++-prettyprinters/libfundts.cc print os
=== libstdc++ Summary ===
# of expected passes 10031
# of unexpected failures 11
# of expected failures 68
# of unsupported tests 253
Compiler version: 5.0.0 20141031 (experimental) [trunk revision 216948] (GCC)
Platform: ia64-suse-linux-gnu
configure flags: --prefix=/usr --build=ia64-suse-linux --host=ia64-suse-linux --enable-checking=release --enable-shared --with-system-zlib CFLAGS='-O2 -g' CXXFLAGS='-O2 -g'