This is the mail archive of the
gcc-testresults@gcc.gnu.org
mailing list for the GCC project.
Results for 4.9.2 20141020 (prerelease) [gcc-4_9-branch revision 216454] (GCC) testsuite on alpha-unknown-linux-gnu
- From: uros at gcc13 dot fsffrance dot org
- To: gcc-testresults at gcc dot gnu dot org
- Date: Mon, 20 Oct 2014 22:40:59 +0200
- Subject: Results for 4.9.2 20141020 (prerelease) [gcc-4_9-branch revision 216454] (GCC) testsuite on alpha-unknown-linux-gnu
- Authentication-results: sourceware.org; auth=none
LAST_UPDATED: Mon Oct 20 09:24:54 UTC 2014 (revision 216454)
Native configuration is alpha-unknown-linux-gnu
=== boehm-gc tests ===
Running target unix
=== boehm-gc Summary ===
# of expected passes 12
# of unsupported tests 1
=== libatomic tests ===
Running target unix
=== libatomic Summary ===
# of expected passes 54
=== libffi tests ===
Running target unix
=== libffi Summary ===
# of expected passes 1819
# of unsupported tests 55
=== libgo tests ===
Running target unix
FAIL: time
FAIL: text/template/parse
=== libgo Summary ===
# of expected passes 120
# of unexpected failures 2
/space/uros/gcc-build-49-nobwx/./gcc/gccgo version 4.9.2 20141020 (prerelease) [gcc-4_9-branch revision 216454] (GCC)
=== libgomp tests ===
Running target unix
=== libgomp Summary ===
# of expected passes 3196
# of unsupported tests 36
=== libitm tests ===
Running target unix
=== libitm Summary ===
# of expected passes 26
# of expected failures 3
# of unsupported tests 1
=== libjava tests ===
Running target unix
=== libjava Summary ===
# of expected passes 2582
# of expected failures 4
=== libstdc++ tests ===
Running target unix
=== libstdc++ Summary ===
# of expected passes 9271
# of expected failures 41
# of unsupported tests 534
=== gcc tests ===
Running target unix
XPASS: gcc.dg/guality/example.c -O0 execution test
XPASS: gcc.dg/guality/guality.c -O0 execution test
XPASS: gcc.dg/guality/guality.c -O1 execution test
XPASS: gcc.dg/guality/guality.c -O2 -flto -fuse-linker-plugin -fno-fat-lto-objects execution test
XPASS: gcc.dg/guality/inline-params.c -O2 execution test
XPASS: gcc.dg/guality/inline-params.c -O3 -fomit-frame-pointer execution test
XPASS: gcc.dg/guality/inline-params.c -O3 -g execution test
XPASS: gcc.dg/guality/inline-params.c -Os execution test
XPASS: gcc.dg/guality/inline-params.c -O2 -flto -fno-use-linker-plugin -flto-partition=none execution test
FAIL: gcc.dg/guality/pr36728-1.c -O1 line 16 arg7 == 30
FAIL: gcc.dg/guality/pr36728-1.c -O1 line 18 arg7 == 30
FAIL: gcc.dg/guality/pr36728-1.c -O2 line 16 arg7 == 30
FAIL: gcc.dg/guality/pr36728-1.c -O2 line 16 y == 2
FAIL: gcc.dg/guality/pr36728-1.c -O2 line 18 arg7 == 30
FAIL: gcc.dg/guality/pr36728-1.c -O3 -fomit-frame-pointer line 16 arg7 == 30
FAIL: gcc.dg/guality/pr36728-1.c -O3 -fomit-frame-pointer line 16 y == 2
FAIL: gcc.dg/guality/pr36728-1.c -O3 -fomit-frame-pointer line 18 arg7 == 30
FAIL: gcc.dg/guality/pr36728-1.c -O3 -g line 16 arg7 == 30
FAIL: gcc.dg/guality/pr36728-1.c -O3 -g line 16 y == 2
FAIL: gcc.dg/guality/pr36728-1.c -O3 -g line 18 arg7 == 30
FAIL: gcc.dg/guality/pr36728-1.c -Os line 16 arg7 == 30
FAIL: gcc.dg/guality/pr36728-1.c -Os line 16 y == 2
FAIL: gcc.dg/guality/pr36728-1.c -Os line 18 arg7 == 30
FAIL: gcc.dg/guality/pr36728-1.c -O2 -flto -fno-use-linker-plugin -flto-partition=none line 16 arg7 == 30
FAIL: gcc.dg/guality/pr36728-1.c -O2 -flto -fno-use-linker-plugin -flto-partition=none line 16 y == 2
FAIL: gcc.dg/guality/pr36728-1.c -O2 -flto -fno-use-linker-plugin -flto-partition=none line 18 arg7 == 30
FAIL: gcc.dg/guality/pr36728-1.c -O2 -flto -fuse-linker-plugin -fno-fat-lto-objects line 16 arg7 == 30
FAIL: gcc.dg/guality/pr36728-1.c -O2 -flto -fuse-linker-plugin -fno-fat-lto-objects line 18 arg7 == 30
FAIL: gcc.dg/guality/pr36728-2.c -O2 line 18 *x == (char) 25
FAIL: gcc.dg/guality/pr36728-2.c -O3 -fomit-frame-pointer line 18 *x == (char) 25
FAIL: gcc.dg/guality/pr36728-2.c -O3 -g line 18 *x == (char) 25
FAIL: gcc.dg/guality/pr36728-2.c -O2 -flto -fno-use-linker-plugin -flto-partition=none line 18 *x == (char) 25
FAIL: gcc.dg/guality/pr36728-3.c -O1 line 14 arg7 == 30
FAIL: gcc.dg/guality/pr36728-3.c -O1 line 16 arg7 == 30
FAIL: gcc.dg/guality/pr36728-3.c -O2 line 14 arg7 == 30
FAIL: gcc.dg/guality/pr36728-3.c -O2 line 16 arg7 == 30
FAIL: gcc.dg/guality/pr36728-3.c -O3 -fomit-frame-pointer line 14 arg7 == 30
FAIL: gcc.dg/guality/pr36728-3.c -O3 -fomit-frame-pointer line 16 arg7 == 30
FAIL: gcc.dg/guality/pr36728-3.c -O3 -g line 14 arg7 == 30
FAIL: gcc.dg/guality/pr36728-3.c -O3 -g line 16 arg7 == 30
FAIL: gcc.dg/guality/pr36728-3.c -Os line 14 arg7 == 30
FAIL: gcc.dg/guality/pr36728-3.c -Os line 16 arg7 == 30
FAIL: gcc.dg/guality/pr36728-3.c -O2 -flto -fno-use-linker-plugin -flto-partition=none line 14 arg7 == 30
FAIL: gcc.dg/guality/pr36728-3.c -O2 -flto -fno-use-linker-plugin -flto-partition=none line 16 arg7 == 30
FAIL: gcc.dg/guality/pr36728-3.c -O2 -flto -fuse-linker-plugin -fno-fat-lto-objects line 14 arg7 == 30
FAIL: gcc.dg/guality/pr36728-3.c -O2 -flto -fuse-linker-plugin -fno-fat-lto-objects line 16 arg7 == 30
XPASS: gcc.dg/guality/pr41353-1.c -O0 line 28 j == 28 + 37
XPASS: gcc.dg/guality/pr41353-1.c -O2 -flto -fno-use-linker-plugin -flto-partition=none line 28 j == 28 + 37
XPASS: gcc.dg/guality/pr41353-1.c -O2 -flto -fuse-linker-plugin -fno-fat-lto-objects line 28 j == 28 + 37
FAIL: gcc.dg/guality/pr41404-1.c -O2 -flto -fno-use-linker-plugin -flto-partition=none line 10 *foo == 'f'
XPASS: gcc.dg/guality/pr41447-1.c -O0 execution test
XPASS: gcc.dg/guality/pr41447-1.c -O1 execution test
XPASS: gcc.dg/guality/pr41447-1.c -O2 execution test
XPASS: gcc.dg/guality/pr41447-1.c -O3 -fomit-frame-pointer execution test
XPASS: gcc.dg/guality/pr41447-1.c -O3 -g execution test
XPASS: gcc.dg/guality/pr41447-1.c -Os execution test
XPASS: gcc.dg/guality/pr41447-1.c -O2 -flto -fno-use-linker-plugin -flto-partition=none execution test
XPASS: gcc.dg/guality/pr41447-1.c -O2 -flto -fuse-linker-plugin -fno-fat-lto-objects execution test
XPASS: gcc.dg/guality/pr41616-1.c -O0 execution test
XPASS: gcc.dg/guality/pr41616-1.c -O1 execution test
XPASS: gcc.dg/guality/pr41616-1.c -O2 execution test
XPASS: gcc.dg/guality/pr41616-1.c -O3 -fomit-frame-pointer execution test
XPASS: gcc.dg/guality/pr41616-1.c -O3 -g execution test
XPASS: gcc.dg/guality/pr41616-1.c -O2 -flto -fno-use-linker-plugin -flto-partition=none execution test
FAIL: gcc.dg/guality/pr43051-1.c -O1 line 40 v == 1
FAIL: gcc.dg/guality/pr43051-1.c -O2 line 40 v == 1
FAIL: gcc.dg/guality/pr43051-1.c -O3 -fomit-frame-pointer line 35 v == 1
FAIL: gcc.dg/guality/pr43051-1.c -O3 -fomit-frame-pointer line 40 v == 1
FAIL: gcc.dg/guality/pr43051-1.c -O3 -fomit-frame-pointer -funroll-loops line 35 v == 1
FAIL: gcc.dg/guality/pr43051-1.c -O3 -fomit-frame-pointer -funroll-loops line 40 v == 1
FAIL: gcc.dg/guality/pr43051-1.c -O3 -fomit-frame-pointer -funroll-all-loops -finline-functions line 35 v == 1
FAIL: gcc.dg/guality/pr43051-1.c -O3 -fomit-frame-pointer -funroll-all-loops -finline-functions line 40 v == 1
FAIL: gcc.dg/guality/pr43051-1.c -O3 -g line 35 v == 1
FAIL: gcc.dg/guality/pr43051-1.c -O3 -g line 40 v == 1
FAIL: gcc.dg/guality/pr43051-1.c -Os line 40 v == 1
FAIL: gcc.dg/guality/pr43051-1.c -O2 -flto -fno-use-linker-plugin -flto-partition=none line 40 v == 1
FAIL: gcc.dg/guality/pr43051-1.c -O2 -flto -fuse-linker-plugin -fno-fat-lto-objects line 40 v == 1
FAIL: gcc.dg/guality/pr43177.c -O1 line 24 x == 7
FAIL: gcc.dg/guality/pr43177.c -O2 line 24 x == 7
FAIL: gcc.dg/guality/pr43177.c -O3 -fomit-frame-pointer line 24 x == 7
FAIL: gcc.dg/guality/pr43177.c -O3 -g line 24 x == 7
FAIL: gcc.dg/guality/pr43177.c -Os line 24 x == 7
FAIL: gcc.dg/guality/pr43177.c -O2 -flto -fno-use-linker-plugin -flto-partition=none line 24 x == 7
FAIL: gcc.dg/guality/pr43177.c -O2 -flto -fuse-linker-plugin -fno-fat-lto-objects line 24 x == 7
FAIL: gcc.dg/guality/pr45882.c -O1 line 16 b == 7
FAIL: gcc.dg/guality/pr45882.c -O1 line 16 c == 11
FAIL: gcc.dg/guality/pr45882.c -O1 line 16 d == 112
FAIL: gcc.dg/guality/pr45882.c -O1 line 16 e == 142
FAIL: gcc.dg/guality/pr45882.c -O2 line 16 b == 7
FAIL: gcc.dg/guality/pr45882.c -O2 line 16 c == 11
FAIL: gcc.dg/guality/pr45882.c -O2 line 16 d == 112
FAIL: gcc.dg/guality/pr45882.c -O2 line 16 e == 142
FAIL: gcc.dg/guality/pr45882.c -O3 -fomit-frame-pointer line 16 b == 7
FAIL: gcc.dg/guality/pr45882.c -O3 -fomit-frame-pointer line 16 c == 11
FAIL: gcc.dg/guality/pr45882.c -O3 -fomit-frame-pointer line 16 d == 112
FAIL: gcc.dg/guality/pr45882.c -O3 -fomit-frame-pointer line 16 e == 142
FAIL: gcc.dg/guality/pr45882.c -O3 -g line 16 b == 7
FAIL: gcc.dg/guality/pr45882.c -O3 -g line 16 c == 11
FAIL: gcc.dg/guality/pr45882.c -O3 -g line 16 d == 112
FAIL: gcc.dg/guality/pr45882.c -O3 -g line 16 e == 142
FAIL: gcc.dg/guality/pr45882.c -Os line 16 b == 7
FAIL: gcc.dg/guality/pr45882.c -Os line 16 c == 11
FAIL: gcc.dg/guality/pr45882.c -Os line 16 d == 112
FAIL: gcc.dg/guality/pr45882.c -Os line 16 e == 142
FAIL: gcc.dg/guality/pr45882.c -O2 -flto -fno-use-linker-plugin -flto-partition=none line 16 b == 7
FAIL: gcc.dg/guality/pr45882.c -O2 -flto -fno-use-linker-plugin -flto-partition=none line 16 c == 11
FAIL: gcc.dg/guality/pr45882.c -O2 -flto -fno-use-linker-plugin -flto-partition=none line 16 d == 112
FAIL: gcc.dg/guality/pr45882.c -O2 -flto -fno-use-linker-plugin -flto-partition=none line 16 e == 142
FAIL: gcc.dg/guality/pr45882.c -O2 -flto -fuse-linker-plugin -fno-fat-lto-objects line 16 b == 7
FAIL: gcc.dg/guality/pr45882.c -O2 -flto -fuse-linker-plugin -fno-fat-lto-objects line 16 c == 11
FAIL: gcc.dg/guality/pr45882.c -O2 -flto -fuse-linker-plugin -fno-fat-lto-objects line 16 d == 112
FAIL: gcc.dg/guality/pr45882.c -O2 -flto -fuse-linker-plugin -fno-fat-lto-objects line 16 e == 142
FAIL: gcc.dg/guality/pr48437.c -O2 -flto -fno-use-linker-plugin -flto-partition=none line 14 i == 0
FAIL: gcc.dg/guality/pr48437.c -O2 -flto -fuse-linker-plugin -fno-fat-lto-objects line 14 i == 0
FAIL: gcc.dg/guality/pr54519-1.c -O1 line 20 x == 36
FAIL: gcc.dg/guality/pr54519-1.c -O1 line 20 y == 25
FAIL: gcc.dg/guality/pr54519-1.c -O1 line 20 z == 6
FAIL: gcc.dg/guality/pr54519-1.c -O1 line 23 x == 98
FAIL: gcc.dg/guality/pr54519-1.c -O1 line 23 y == 117
FAIL: gcc.dg/guality/pr54519-1.c -O1 line 23 z == 8
FAIL: gcc.dg/guality/pr54519-1.c -O2 line 20 x == 36
FAIL: gcc.dg/guality/pr54519-1.c -O2 line 20 y == 25
FAIL: gcc.dg/guality/pr54519-1.c -O2 line 20 z == 6
FAIL: gcc.dg/guality/pr54519-1.c -O2 line 23 x == 98
FAIL: gcc.dg/guality/pr54519-1.c -O2 line 23 y == 117
FAIL: gcc.dg/guality/pr54519-1.c -O2 line 23 z == 8
FAIL: gcc.dg/guality/pr54519-1.c -O3 -fomit-frame-pointer line 23 x == 98
FAIL: gcc.dg/guality/pr54519-1.c -O3 -fomit-frame-pointer line 23 y == 117
FAIL: gcc.dg/guality/pr54519-1.c -O3 -g line 23 x == 98
FAIL: gcc.dg/guality/pr54519-1.c -O3 -g line 23 y == 117
FAIL: gcc.dg/guality/pr54519-1.c -Os line 20 x == 36
FAIL: gcc.dg/guality/pr54519-1.c -Os line 20 y == 25
FAIL: gcc.dg/guality/pr54519-1.c -Os line 20 z == 6
FAIL: gcc.dg/guality/pr54519-1.c -Os line 23 x == 98
FAIL: gcc.dg/guality/pr54519-1.c -Os line 23 y == 117
FAIL: gcc.dg/guality/pr54519-1.c -Os line 23 z == 8
FAIL: gcc.dg/guality/pr54519-1.c -O2 -flto -fno-use-linker-plugin -flto-partition=none line 20 x == 36
FAIL: gcc.dg/guality/pr54519-1.c -O2 -flto -fno-use-linker-plugin -flto-partition=none line 20 y == 25
FAIL: gcc.dg/guality/pr54519-1.c -O2 -flto -fno-use-linker-plugin -flto-partition=none line 20 z == 6
FAIL: gcc.dg/guality/pr54519-1.c -O2 -flto -fno-use-linker-plugin -flto-partition=none line 23 x == 98
FAIL: gcc.dg/guality/pr54519-1.c -O2 -flto -fno-use-linker-plugin -flto-partition=none line 23 y == 117
FAIL: gcc.dg/guality/pr54519-1.c -O2 -flto -fno-use-linker-plugin -flto-partition=none line 23 z == 8
FAIL: gcc.dg/guality/pr54519-1.c -O2 -flto -fuse-linker-plugin -fno-fat-lto-objects line 20 x == 36
FAIL: gcc.dg/guality/pr54519-1.c -O2 -flto -fuse-linker-plugin -fno-fat-lto-objects line 20 y == 25
FAIL: gcc.dg/guality/pr54519-1.c -O2 -flto -fuse-linker-plugin -fno-fat-lto-objects line 23 x == 98
FAIL: gcc.dg/guality/pr54519-1.c -O2 -flto -fuse-linker-plugin -fno-fat-lto-objects line 23 y == 117
FAIL: gcc.dg/guality/pr54519-2.c -O1 line 17 x == 6
FAIL: gcc.dg/guality/pr54519-2.c -O1 line 17 y == 25
FAIL: gcc.dg/guality/pr54519-2.c -O2 line 17 x == 6
FAIL: gcc.dg/guality/pr54519-2.c -O2 line 17 y == 25
FAIL: gcc.dg/guality/pr54519-2.c -Os line 17 x == 6
FAIL: gcc.dg/guality/pr54519-2.c -Os line 17 y == 25
FAIL: gcc.dg/guality/pr54519-2.c -O2 -flto -fno-use-linker-plugin -flto-partition=none line 17 x == 6
FAIL: gcc.dg/guality/pr54519-2.c -O2 -flto -fno-use-linker-plugin -flto-partition=none line 17 y == 25
FAIL: gcc.dg/guality/pr54519-2.c -O2 -flto -fuse-linker-plugin -fno-fat-lto-objects line 17 y == 25
FAIL: gcc.dg/guality/pr54519-3.c -O1 line 20 x == 36
FAIL: gcc.dg/guality/pr54519-3.c -O1 line 20 y == 25
FAIL: gcc.dg/guality/pr54519-3.c -O1 line 20 z == 6
FAIL: gcc.dg/guality/pr54519-3.c -O1 line 23 x == 98
FAIL: gcc.dg/guality/pr54519-3.c -O1 line 23 y == 117
FAIL: gcc.dg/guality/pr54519-3.c -O1 line 23 z == 8
FAIL: gcc.dg/guality/pr54519-3.c -O2 line 20 z == 6
FAIL: gcc.dg/guality/pr54519-3.c -O2 line 23 z == 8
FAIL: gcc.dg/guality/pr54519-3.c -O3 -fomit-frame-pointer line 20 z == 6
FAIL: gcc.dg/guality/pr54519-3.c -O3 -fomit-frame-pointer line 23 z == 8
FAIL: gcc.dg/guality/pr54519-3.c -O3 -g line 20 z == 6
FAIL: gcc.dg/guality/pr54519-3.c -O3 -g line 23 z == 8
FAIL: gcc.dg/guality/pr54519-3.c -Os line 20 z == 6
FAIL: gcc.dg/guality/pr54519-3.c -Os line 23 z == 8
FAIL: gcc.dg/guality/pr54519-3.c -O2 -flto -fno-use-linker-plugin -flto-partition=none line 20 y == 25
FAIL: gcc.dg/guality/pr54519-3.c -O2 -flto -fno-use-linker-plugin -flto-partition=none line 20 z == 6
FAIL: gcc.dg/guality/pr54519-3.c -O2 -flto -fno-use-linker-plugin -flto-partition=none line 23 y == 117
FAIL: gcc.dg/guality/pr54519-3.c -O2 -flto -fno-use-linker-plugin -flto-partition=none line 23 z == 8
FAIL: gcc.dg/guality/pr54519-3.c -O2 -flto -fuse-linker-plugin -fno-fat-lto-objects line 20 y == 25
FAIL: gcc.dg/guality/pr54519-3.c -O2 -flto -fuse-linker-plugin -fno-fat-lto-objects line 20 z == 6
FAIL: gcc.dg/guality/pr54519-3.c -O2 -flto -fuse-linker-plugin -fno-fat-lto-objects line 23 y == 117
FAIL: gcc.dg/guality/pr54519-3.c -O2 -flto -fuse-linker-plugin -fno-fat-lto-objects line 23 z == 8
FAIL: gcc.dg/guality/pr54519-4.c -O1 line 17 x == 6
FAIL: gcc.dg/guality/pr54519-4.c -O1 line 17 y == 25
FAIL: gcc.dg/guality/pr54519-4.c -O2 line 17 y == 25
FAIL: gcc.dg/guality/pr54519-4.c -O3 -fomit-frame-pointer line 17 y == 25
FAIL: gcc.dg/guality/pr54519-4.c -O3 -g line 17 y == 25
FAIL: gcc.dg/guality/pr54519-4.c -Os line 17 y == 25
FAIL: gcc.dg/guality/pr54519-4.c -O2 -flto -fno-use-linker-plugin -flto-partition=none line 17 y == 25
FAIL: gcc.dg/guality/pr54519-4.c -O2 -flto -fuse-linker-plugin -fno-fat-lto-objects line 17 y == 25
FAIL: gcc.dg/guality/pr54519-5.c -O1 line 17 x == 6
FAIL: gcc.dg/guality/pr54519-5.c -O1 line 17 y == 25
FAIL: gcc.dg/guality/pr54519-5.c -O2 line 17 x == 6
FAIL: gcc.dg/guality/pr54519-5.c -O2 line 17 y == 25
FAIL: gcc.dg/guality/pr54519-5.c -O3 -fomit-frame-pointer line 17 y == 25
FAIL: gcc.dg/guality/pr54519-5.c -O3 -g line 17 y == 25
FAIL: gcc.dg/guality/pr54519-5.c -Os line 17 x == 6
FAIL: gcc.dg/guality/pr54519-5.c -Os line 17 y == 25
FAIL: gcc.dg/guality/pr54519-5.c -O2 -flto -fno-use-linker-plugin -flto-partition=none line 17 x == 6
FAIL: gcc.dg/guality/pr54519-5.c -O2 -flto -fno-use-linker-plugin -flto-partition=none line 17 y == 25
FAIL: gcc.dg/guality/pr54519-5.c -O2 -flto -fuse-linker-plugin -fno-fat-lto-objects line 17 y == 25
FAIL: gcc.dg/guality/pr54551.c -O1 line 18 a == 4
FAIL: gcc.dg/guality/pr54551.c -O1 line 18 z == 3
FAIL: gcc.dg/guality/pr54551.c -O2 line 18 a == 4
FAIL: gcc.dg/guality/pr54551.c -O2 line 18 z == 3
FAIL: gcc.dg/guality/pr54551.c -O3 -fomit-frame-pointer line 18 a == 4
FAIL: gcc.dg/guality/pr54551.c -O3 -fomit-frame-pointer line 18 z == 3
FAIL: gcc.dg/guality/pr54551.c -O3 -g line 18 a == 4
FAIL: gcc.dg/guality/pr54551.c -O3 -g line 18 z == 3
FAIL: gcc.dg/guality/pr54551.c -Os line 18 a == 4
FAIL: gcc.dg/guality/pr54551.c -Os line 18 z == 3
FAIL: gcc.dg/guality/pr54551.c -O2 -flto -fno-use-linker-plugin -flto-partition=none line 18 a == 4
FAIL: gcc.dg/guality/pr54551.c -O2 -flto -fno-use-linker-plugin -flto-partition=none line 18 z == 3
FAIL: gcc.dg/guality/pr54693-2.c -O3 -fomit-frame-pointer -funroll-all-loops -finline-functions line 21 i == v + 1
FAIL: gcc.dg/guality/pr54796.c -O1 line 17 a == 5
FAIL: gcc.dg/guality/pr54796.c -O1 line 17 b == 6
FAIL: gcc.dg/guality/pr54796.c -O1 line 17 c == 5
FAIL: gcc.dg/guality/pr54796.c -O2 line 17 a == 5
FAIL: gcc.dg/guality/pr54796.c -O2 line 17 b == 6
FAIL: gcc.dg/guality/pr54796.c -O2 line 17 c == 5
FAIL: gcc.dg/guality/pr54796.c -O3 -fomit-frame-pointer line 17 a == 5
FAIL: gcc.dg/guality/pr54796.c -O3 -fomit-frame-pointer line 17 b == 6
FAIL: gcc.dg/guality/pr54796.c -O3 -fomit-frame-pointer line 17 c == 5
FAIL: gcc.dg/guality/pr54796.c -O3 -g line 17 a == 5
FAIL: gcc.dg/guality/pr54796.c -O3 -g line 17 b == 6
FAIL: gcc.dg/guality/pr54796.c -O3 -g line 17 c == 5
FAIL: gcc.dg/guality/pr54796.c -Os line 17 a == 5
FAIL: gcc.dg/guality/pr54796.c -Os line 17 b == 6
FAIL: gcc.dg/guality/pr54796.c -Os line 17 c == 5
FAIL: gcc.dg/guality/pr54796.c -O2 -flto -fno-use-linker-plugin -flto-partition=none line 17 a == 5
FAIL: gcc.dg/guality/pr54796.c -O2 -flto -fno-use-linker-plugin -flto-partition=none line 17 b == 6
FAIL: gcc.dg/guality/pr54796.c -O2 -flto -fno-use-linker-plugin -flto-partition=none line 17 c == 5
FAIL: gcc.dg/guality/pr54796.c -O2 -flto -fuse-linker-plugin -fno-fat-lto-objects line 17 a == 5
FAIL: gcc.dg/guality/pr54796.c -O2 -flto -fuse-linker-plugin -fno-fat-lto-objects line 17 b == 6
FAIL: gcc.dg/guality/pr54796.c -O2 -flto -fuse-linker-plugin -fno-fat-lto-objects line 17 c == 5
FAIL: gcc.dg/guality/pr54970.c -O1 line 15 a[0] == 1
FAIL: gcc.dg/guality/pr54970.c -O1 line 20 a[0] == 1
FAIL: gcc.dg/guality/pr54970.c -O1 line 25 a[0] == 1
FAIL: gcc.dg/guality/pr54970.c -O1 line 31 *p == 6
FAIL: gcc.dg/guality/pr54970.c -O1 line 31 *q == 5
FAIL: gcc.dg/guality/pr54970.c -O1 line 36 *p == 26
FAIL: gcc.dg/guality/pr54970.c -O1 line 36 *q == 5
FAIL: gcc.dg/guality/pr54970.c -O1 line 45 *p == 26
FAIL: gcc.dg/guality/pr54970.c -O1 line 45 p[-1] == 25
FAIL: gcc.dg/guality/pr54970.c -O1 line 45 p[-2] == 4
FAIL: gcc.dg/guality/pr54970.c -O1 line 45 q[-1] == 4
FAIL: gcc.dg/guality/pr54970.c -O1 line 45 q[1] == 26
FAIL: gcc.dg/guality/pr54970.c -O1 line 45 *q == 25
FAIL: gcc.dg/guality/pr54970.c -O2 line 15 a[0] == 1
FAIL: gcc.dg/guality/pr54970.c -O2 line 20 a[0] == 1
FAIL: gcc.dg/guality/pr54970.c -O2 line 25 a[0] == 1
FAIL: gcc.dg/guality/pr54970.c -O2 line 31 *p == 6
FAIL: gcc.dg/guality/pr54970.c -O2 line 31 *q == 5
FAIL: gcc.dg/guality/pr54970.c -O2 line 36 *p == 26
FAIL: gcc.dg/guality/pr54970.c -O2 line 36 *q == 5
FAIL: gcc.dg/guality/pr54970.c -O2 line 45 *p == 26
FAIL: gcc.dg/guality/pr54970.c -O2 line 45 p[-1] == 25
FAIL: gcc.dg/guality/pr54970.c -O2 line 45 p[-2] == 4
FAIL: gcc.dg/guality/pr54970.c -O2 line 45 q[-1] == 4
FAIL: gcc.dg/guality/pr54970.c -O2 line 45 q[1] == 26
FAIL: gcc.dg/guality/pr54970.c -O2 line 45 *q == 25
FAIL: gcc.dg/guality/pr54970.c -O3 -fomit-frame-pointer line 15 a[0] == 1
FAIL: gcc.dg/guality/pr54970.c -O3 -fomit-frame-pointer line 20 a[0] == 1
FAIL: gcc.dg/guality/pr54970.c -O3 -fomit-frame-pointer line 25 a[0] == 1
FAIL: gcc.dg/guality/pr54970.c -O3 -fomit-frame-pointer line 31 *p == 6
FAIL: gcc.dg/guality/pr54970.c -O3 -fomit-frame-pointer line 31 *q == 5
FAIL: gcc.dg/guality/pr54970.c -O3 -fomit-frame-pointer line 36 *p == 26
FAIL: gcc.dg/guality/pr54970.c -O3 -fomit-frame-pointer line 36 *q == 5
FAIL: gcc.dg/guality/pr54970.c -O3 -fomit-frame-pointer line 45 *p == 26
FAIL: gcc.dg/guality/pr54970.c -O3 -fomit-frame-pointer line 45 p[-1] == 25
FAIL: gcc.dg/guality/pr54970.c -O3 -fomit-frame-pointer line 45 p[-2] == 4
FAIL: gcc.dg/guality/pr54970.c -O3 -fomit-frame-pointer line 45 q[-1] == 4
FAIL: gcc.dg/guality/pr54970.c -O3 -fomit-frame-pointer line 45 q[1] == 26
FAIL: gcc.dg/guality/pr54970.c -O3 -fomit-frame-pointer line 45 *q == 25
FAIL: gcc.dg/guality/pr54970.c -O3 -g line 15 a[0] == 1
FAIL: gcc.dg/guality/pr54970.c -O3 -g line 20 a[0] == 1
FAIL: gcc.dg/guality/pr54970.c -O3 -g line 25 a[0] == 1
FAIL: gcc.dg/guality/pr54970.c -O3 -g line 31 *p == 6
FAIL: gcc.dg/guality/pr54970.c -O3 -g line 31 *q == 5
FAIL: gcc.dg/guality/pr54970.c -O3 -g line 36 *p == 26
FAIL: gcc.dg/guality/pr54970.c -O3 -g line 36 *q == 5
FAIL: gcc.dg/guality/pr54970.c -O3 -g line 45 *p == 26
FAIL: gcc.dg/guality/pr54970.c -O3 -g line 45 p[-1] == 25
FAIL: gcc.dg/guality/pr54970.c -O3 -g line 45 p[-2] == 4
FAIL: gcc.dg/guality/pr54970.c -O3 -g line 45 q[-1] == 4
FAIL: gcc.dg/guality/pr54970.c -O3 -g line 45 q[1] == 26
FAIL: gcc.dg/guality/pr54970.c -O3 -g line 45 *q == 25
FAIL: gcc.dg/guality/pr54970.c -Os line 15 a[0] == 1
FAIL: gcc.dg/guality/pr54970.c -Os line 20 a[0] == 1
FAIL: gcc.dg/guality/pr54970.c -Os line 25 a[0] == 1
FAIL: gcc.dg/guality/pr54970.c -Os line 31 *p == 6
FAIL: gcc.dg/guality/pr54970.c -Os line 31 *q == 5
FAIL: gcc.dg/guality/pr54970.c -Os line 36 *p == 26
FAIL: gcc.dg/guality/pr54970.c -Os line 36 *q == 5
FAIL: gcc.dg/guality/pr54970.c -Os line 45 *p == 26
FAIL: gcc.dg/guality/pr54970.c -Os line 45 p[-1] == 25
FAIL: gcc.dg/guality/pr54970.c -Os line 45 p[-2] == 4
FAIL: gcc.dg/guality/pr54970.c -Os line 45 q[-1] == 4
FAIL: gcc.dg/guality/pr54970.c -Os line 45 q[1] == 26
FAIL: gcc.dg/guality/pr54970.c -Os line 45 *q == 25
FAIL: gcc.dg/guality/pr54970.c -O2 -flto -fno-use-linker-plugin -flto-partition=none line 15 a[0] == 1
FAIL: gcc.dg/guality/pr54970.c -O2 -flto -fno-use-linker-plugin -flto-partition=none line 15 a[2] == 3
FAIL: gcc.dg/guality/pr54970.c -O2 -flto -fno-use-linker-plugin -flto-partition=none line 15 *p == 3
FAIL: gcc.dg/guality/pr54970.c -O2 -flto -fno-use-linker-plugin -flto-partition=none line 20 a[0] == 1
FAIL: gcc.dg/guality/pr54970.c -O2 -flto -fno-use-linker-plugin -flto-partition=none line 25 a[0] == 1
FAIL: gcc.dg/guality/pr54970.c -O2 -flto -fno-use-linker-plugin -flto-partition=none line 31 *p == 6
FAIL: gcc.dg/guality/pr54970.c -O2 -flto -fno-use-linker-plugin -flto-partition=none line 31 *q == 5
FAIL: gcc.dg/guality/pr54970.c -O2 -flto -fno-use-linker-plugin -flto-partition=none line 36 *p == 26
FAIL: gcc.dg/guality/pr54970.c -O2 -flto -fno-use-linker-plugin -flto-partition=none line 36 *q == 5
FAIL: gcc.dg/guality/pr54970.c -O2 -flto -fno-use-linker-plugin -flto-partition=none line 45 *p == 26
FAIL: gcc.dg/guality/pr54970.c -O2 -flto -fno-use-linker-plugin -flto-partition=none line 45 p[-1] == 25
FAIL: gcc.dg/guality/pr54970.c -O2 -flto -fno-use-linker-plugin -flto-partition=none line 45 p[-2] == 4
FAIL: gcc.dg/guality/pr54970.c -O2 -flto -fno-use-linker-plugin -flto-partition=none line 45 q[-1] == 4
FAIL: gcc.dg/guality/pr54970.c -O2 -flto -fno-use-linker-plugin -flto-partition=none line 45 q[1] == 26
FAIL: gcc.dg/guality/pr54970.c -O2 -flto -fno-use-linker-plugin -flto-partition=none line 45 *q == 25
FAIL: gcc.dg/guality/pr54970.c -O2 -flto -fuse-linker-plugin -fno-fat-lto-objects line 15 a[0] == 1
FAIL: gcc.dg/guality/pr54970.c -O2 -flto -fuse-linker-plugin -fno-fat-lto-objects line 15 a[2] == 3
FAIL: gcc.dg/guality/pr54970.c -O2 -flto -fuse-linker-plugin -fno-fat-lto-objects line 15 *p == 3
FAIL: gcc.dg/guality/pr54970.c -O2 -flto -fuse-linker-plugin -fno-fat-lto-objects line 20 a[0] == 1
FAIL: gcc.dg/guality/pr54970.c -O2 -flto -fuse-linker-plugin -fno-fat-lto-objects line 25 a[0] == 1
FAIL: gcc.dg/guality/pr54970.c -O2 -flto -fuse-linker-plugin -fno-fat-lto-objects line 31 *p == 6
FAIL: gcc.dg/guality/pr54970.c -O2 -flto -fuse-linker-plugin -fno-fat-lto-objects line 31 *q == 5
FAIL: gcc.dg/guality/pr54970.c -O2 -flto -fuse-linker-plugin -fno-fat-lto-objects line 36 *p == 26
FAIL: gcc.dg/guality/pr54970.c -O2 -flto -fuse-linker-plugin -fno-fat-lto-objects line 36 *q == 5
FAIL: gcc.dg/guality/pr54970.c -O2 -flto -fuse-linker-plugin -fno-fat-lto-objects line 45 *p == 26
FAIL: gcc.dg/guality/pr54970.c -O2 -flto -fuse-linker-plugin -fno-fat-lto-objects line 45 p[-1] == 25
FAIL: gcc.dg/guality/pr54970.c -O2 -flto -fuse-linker-plugin -fno-fat-lto-objects line 45 p[-2] == 4
FAIL: gcc.dg/guality/pr54970.c -O2 -flto -fuse-linker-plugin -fno-fat-lto-objects line 45 q[-1] == 4
FAIL: gcc.dg/guality/pr54970.c -O2 -flto -fuse-linker-plugin -fno-fat-lto-objects line 45 q[1] == 26
FAIL: gcc.dg/guality/pr54970.c -O2 -flto -fuse-linker-plugin -fno-fat-lto-objects line 45 *q == 25
FAIL: gcc.dg/guality/pr58791-5.c -O1 line pr58791-5.c:20 b4 == 4681
FAIL: gcc.dg/guality/pr58791-5.c -O1 line pr58791-5.c:20 b3 == 585
FAIL: gcc.dg/guality/pr58791-5.c -O1 line pr58791-5.c:20 b2 == 73
FAIL: gcc.dg/guality/pr58791-5.c -O1 line pr58791-5.c:20 b1 == 9
FAIL: gcc.dg/guality/pr58791-5.c -O2 line pr58791-5.c:20 b4 == 4681
FAIL: gcc.dg/guality/pr58791-5.c -O2 line pr58791-5.c:20 b3 == 585
FAIL: gcc.dg/guality/pr58791-5.c -O2 line pr58791-5.c:20 b2 == 73
FAIL: gcc.dg/guality/pr58791-5.c -O2 line pr58791-5.c:20 b1 == 9
FAIL: gcc.dg/guality/pr58791-5.c -O3 -fomit-frame-pointer line pr58791-5.c:20 b4 == 4681
FAIL: gcc.dg/guality/pr58791-5.c -O3 -fomit-frame-pointer line pr58791-5.c:20 b3 == 585
FAIL: gcc.dg/guality/pr58791-5.c -O3 -fomit-frame-pointer line pr58791-5.c:20 b2 == 73
FAIL: gcc.dg/guality/pr58791-5.c -O3 -fomit-frame-pointer line pr58791-5.c:20 b1 == 9
FAIL: gcc.dg/guality/pr58791-5.c -O3 -g line pr58791-5.c:20 b4 == 4681
FAIL: gcc.dg/guality/pr58791-5.c -O3 -g line pr58791-5.c:20 b3 == 585
FAIL: gcc.dg/guality/pr58791-5.c -O3 -g line pr58791-5.c:20 b2 == 73
FAIL: gcc.dg/guality/pr58791-5.c -O3 -g line pr58791-5.c:20 b1 == 9
FAIL: gcc.dg/guality/pr58791-5.c -Os line pr58791-5.c:20 b4 == 4681
FAIL: gcc.dg/guality/pr58791-5.c -Os line pr58791-5.c:20 b3 == 585
FAIL: gcc.dg/guality/pr58791-5.c -Os line pr58791-5.c:20 b2 == 73
FAIL: gcc.dg/guality/pr58791-5.c -Os line pr58791-5.c:20 b1 == 9
FAIL: gcc.dg/guality/pr58791-5.c -O2 -flto -fno-use-linker-plugin -flto-partition=none line pr58791-5.c:20 b4 == 4681
FAIL: gcc.dg/guality/pr58791-5.c -O2 -flto -fno-use-linker-plugin -flto-partition=none line pr58791-5.c:20 b3 == 585
FAIL: gcc.dg/guality/pr58791-5.c -O2 -flto -fno-use-linker-plugin -flto-partition=none line pr58791-5.c:20 b2 == 73
FAIL: gcc.dg/guality/pr58791-5.c -O2 -flto -fno-use-linker-plugin -flto-partition=none line pr58791-5.c:20 b1 == 9
FAIL: gcc.dg/guality/pr58791-5.c -O2 -flto -fuse-linker-plugin -fno-fat-lto-objects line pr58791-5.c:20 b4 == 4681
FAIL: gcc.dg/guality/pr58791-5.c -O2 -flto -fuse-linker-plugin -fno-fat-lto-objects line pr58791-5.c:20 b3 == 585
FAIL: gcc.dg/guality/pr58791-5.c -O2 -flto -fuse-linker-plugin -fno-fat-lto-objects line pr58791-5.c:20 b2 == 73
FAIL: gcc.dg/guality/pr58791-5.c -O2 -flto -fuse-linker-plugin -fno-fat-lto-objects line pr58791-5.c:20 b1 == 9
FAIL: gcc.dg/guality/sra-1.c -O1 line 43 a.i == 4
FAIL: gcc.dg/guality/sra-1.c -O2 line 43 a.i == 4
FAIL: gcc.dg/guality/sra-1.c -O3 -fomit-frame-pointer line 43 a.i == 4
FAIL: gcc.dg/guality/sra-1.c -O3 -g line 43 a.i == 4
FAIL: gcc.dg/guality/sra-1.c -Os line 43 a.i == 4
FAIL: gcc.dg/guality/sra-1.c -O2 -flto -fno-use-linker-plugin -flto-partition=none line 43 a.i == 4
FAIL: gcc.dg/guality/sra-1.c -O2 -flto -fuse-linker-plugin -fno-fat-lto-objects line 43 a.i == 4
FAIL: gcc.dg/guality/vla-1.c -O1 line 17 sizeof (a) == 6
FAIL: gcc.dg/guality/vla-1.c -O2 line 17 sizeof (a) == 6
FAIL: gcc.dg/guality/vla-1.c -O3 -fomit-frame-pointer line 17 sizeof (a) == 6
FAIL: gcc.dg/guality/vla-1.c -O3 -g line 17 sizeof (a) == 6
FAIL: gcc.dg/guality/vla-1.c -Os line 17 sizeof (a) == 6
FAIL: gcc.dg/guality/vla-1.c -O2 -flto -fno-use-linker-plugin -flto-partition=none line 17 sizeof (a) == 6
FAIL: gcc.dg/guality/vla-1.c -O2 -flto -fuse-linker-plugin -fno-fat-lto-objects line 17 sizeof (a) == 6
FAIL: gcc.dg/simulate-thread/subfields.c -O0 -g thread simulation test
FAIL: c-c++-common/simulate-thread/bitfields-1.c -O0 -g thread simulation test
FAIL: c-c++-common/simulate-thread/bitfields-2.c -O0 -g thread simulation test
FAIL: c-c++-common/simulate-thread/bitfields-2.c -O2 -g thread simulation test
FAIL: c-c++-common/simulate-thread/bitfields-2.c -O3 -g thread simulation test
FAIL: c-c++-common/simulate-thread/bitfields-3.c -O0 -g thread simulation test
FAIL: c-c++-common/simulate-thread/bitfields-4.c -O0 -g thread simulation test
FAIL: c-c++-common/simulate-thread/bitfields-4.c -O2 -g thread simulation test
FAIL: c-c++-common/simulate-thread/bitfields-4.c -O3 -g thread simulation test
FAIL: gcc.dg/tree-ssa/pr42585.c scan-tree-dump-times optimized "struct _fat_ptr _ans" 0
FAIL: gcc.dg/tree-ssa/pr42585.c scan-tree-dump-times optimized "struct _fat_ptr _T2" 0
=== gcc Summary ===
# of expected passes 87326
# of unexpected failures 352
# of unexpected successes 26
# of expected failures 130
# of unsupported tests 1520
/space/uros/gcc-build-49-nobwx/gcc/xgcc version 4.9.2 20141020 (prerelease) [gcc-4_9-branch revision 216454] (GCC)
=== gfortran tests ===
Running target unix
FAIL: gfortran.dg/assumed_rank_1.f90 -O0 (test for excess errors)
UNRESOLVED: gfortran.dg/assumed_rank_1.f90 -O0 compilation failed to produce executable
FAIL: gfortran.dg/assumed_rank_1.f90 -O1 (test for excess errors)
UNRESOLVED: gfortran.dg/assumed_rank_1.f90 -O1 compilation failed to produce executable
FAIL: gfortran.dg/assumed_rank_1.f90 -O2 (test for excess errors)
UNRESOLVED: gfortran.dg/assumed_rank_1.f90 -O2 compilation failed to produce executable
FAIL: gfortran.dg/assumed_rank_1.f90 -O3 -fomit-frame-pointer (test for excess errors)
UNRESOLVED: gfortran.dg/assumed_rank_1.f90 -O3 -fomit-frame-pointer compilation failed to produce executable
FAIL: gfortran.dg/assumed_rank_1.f90 -O3 -fomit-frame-pointer -funroll-loops (test for excess errors)
UNRESOLVED: gfortran.dg/assumed_rank_1.f90 -O3 -fomit-frame-pointer -funroll-loops compilation failed to produce executable
FAIL: gfortran.dg/assumed_rank_1.f90 -O3 -fomit-frame-pointer -funroll-all-loops -finline-functions (test for excess errors)
UNRESOLVED: gfortran.dg/assumed_rank_1.f90 -O3 -fomit-frame-pointer -funroll-all-loops -finline-functions compilation failed to produce executable
FAIL: gfortran.dg/assumed_rank_1.f90 -O3 -g (test for excess errors)
UNRESOLVED: gfortran.dg/assumed_rank_1.f90 -O3 -g compilation failed to produce executable
FAIL: gfortran.dg/assumed_rank_1.f90 -Os (test for excess errors)
UNRESOLVED: gfortran.dg/assumed_rank_1.f90 -Os compilation failed to produce executable
FAIL: gfortran.dg/assumed_rank_10.f90 -O0 (test for excess errors)
UNRESOLVED: gfortran.dg/assumed_rank_10.f90 -O0 compilation failed to produce executable
UNRESOLVED: gfortran.dg/assumed_rank_10.f90 -O0 scan-tree-dump-times original "iip = .integer.kind=4. .. desc.[0-9]+.data;" 1
UNRESOLVED: gfortran.dg/assumed_rank_10.f90 -O0 scan-tree-dump-times original "iia = .integer.kind=4. .. desc.[0-9]+.data;" 1
UNRESOLVED: gfortran.dg/assumed_rank_10.f90 -O0 scan-tree-dump-times original "jjp = .struct t .. desc.[0-9]+.data;" 1
UNRESOLVED: gfortran.dg/assumed_rank_10.f90 -O0 scan-tree-dump-times original "jja = .struct t .. desc.[0-9]+.data;" 1
FAIL: gfortran.dg/assumed_rank_10.f90 -O1 (test for excess errors)
UNRESOLVED: gfortran.dg/assumed_rank_10.f90 -O1 compilation failed to produce executable
UNRESOLVED: gfortran.dg/assumed_rank_10.f90 -O1 scan-tree-dump-times original "iip = .integer.kind=4. .. desc.[0-9]+.data;" 1
UNRESOLVED: gfortran.dg/assumed_rank_10.f90 -O1 scan-tree-dump-times original "iia = .integer.kind=4. .. desc.[0-9]+.data;" 1
UNRESOLVED: gfortran.dg/assumed_rank_10.f90 -O1 scan-tree-dump-times original "jjp = .struct t .. desc.[0-9]+.data;" 1
UNRESOLVED: gfortran.dg/assumed_rank_10.f90 -O1 scan-tree-dump-times original "jja = .struct t .. desc.[0-9]+.data;" 1
FAIL: gfortran.dg/assumed_rank_10.f90 -O2 (test for excess errors)
UNRESOLVED: gfortran.dg/assumed_rank_10.f90 -O2 compilation failed to produce executable
UNRESOLVED: gfortran.dg/assumed_rank_10.f90 -O2 scan-tree-dump-times original "iip = .integer.kind=4. .. desc.[0-9]+.data;" 1
UNRESOLVED: gfortran.dg/assumed_rank_10.f90 -O2 scan-tree-dump-times original "iia = .integer.kind=4. .. desc.[0-9]+.data;" 1
UNRESOLVED: gfortran.dg/assumed_rank_10.f90 -O2 scan-tree-dump-times original "jjp = .struct t .. desc.[0-9]+.data;" 1
UNRESOLVED: gfortran.dg/assumed_rank_10.f90 -O2 scan-tree-dump-times original "jja = .struct t .. desc.[0-9]+.data;" 1
FAIL: gfortran.dg/assumed_rank_10.f90 -O3 -fomit-frame-pointer (test for excess errors)
UNRESOLVED: gfortran.dg/assumed_rank_10.f90 -O3 -fomit-frame-pointer compilation failed to produce executable
UNRESOLVED: gfortran.dg/assumed_rank_10.f90 -O3 -fomit-frame-pointer scan-tree-dump-times original "iip = .integer.kind=4. .. desc.[0-9]+.data;" 1
UNRESOLVED: gfortran.dg/assumed_rank_10.f90 -O3 -fomit-frame-pointer scan-tree-dump-times original "iia = .integer.kind=4. .. desc.[0-9]+.data;" 1
UNRESOLVED: gfortran.dg/assumed_rank_10.f90 -O3 -fomit-frame-pointer scan-tree-dump-times original "jjp = .struct t .. desc.[0-9]+.data;" 1
UNRESOLVED: gfortran.dg/assumed_rank_10.f90 -O3 -fomit-frame-pointer scan-tree-dump-times original "jja = .struct t .. desc.[0-9]+.data;" 1
FAIL: gfortran.dg/assumed_rank_10.f90 -O3 -fomit-frame-pointer -funroll-loops (test for excess errors)
UNRESOLVED: gfortran.dg/assumed_rank_10.f90 -O3 -fomit-frame-pointer -funroll-loops compilation failed to produce executable
UNRESOLVED: gfortran.dg/assumed_rank_10.f90 -O3 -fomit-frame-pointer -funroll-loops scan-tree-dump-times original "iip = .integer.kind=4. .. desc.[0-9]+.data;" 1
UNRESOLVED: gfortran.dg/assumed_rank_10.f90 -O3 -fomit-frame-pointer -funroll-loops scan-tree-dump-times original "iia = .integer.kind=4. .. desc.[0-9]+.data;" 1
UNRESOLVED: gfortran.dg/assumed_rank_10.f90 -O3 -fomit-frame-pointer -funroll-loops scan-tree-dump-times original "jjp = .struct t .. desc.[0-9]+.data;" 1
UNRESOLVED: gfortran.dg/assumed_rank_10.f90 -O3 -fomit-frame-pointer -funroll-loops scan-tree-dump-times original "jja = .struct t .. desc.[0-9]+.data;" 1
FAIL: gfortran.dg/assumed_rank_10.f90 -O3 -fomit-frame-pointer -funroll-all-loops -finline-functions (test for excess errors)
UNRESOLVED: gfortran.dg/assumed_rank_10.f90 -O3 -fomit-frame-pointer -funroll-all-loops -finline-functions compilation failed to produce executable
UNRESOLVED: gfortran.dg/assumed_rank_10.f90 -O3 -fomit-frame-pointer -funroll-all-loops -finline-functions scan-tree-dump-times original "iip = .integer.kind=4. .. desc.[0-9]+.data;" 1
UNRESOLVED: gfortran.dg/assumed_rank_10.f90 -O3 -fomit-frame-pointer -funroll-all-loops -finline-functions scan-tree-dump-times original "iia = .integer.kind=4. .. desc.[0-9]+.data;" 1
UNRESOLVED: gfortran.dg/assumed_rank_10.f90 -O3 -fomit-frame-pointer -funroll-all-loops -finline-functions scan-tree-dump-times original "jjp = .struct t .. desc.[0-9]+.data;" 1
UNRESOLVED: gfortran.dg/assumed_rank_10.f90 -O3 -fomit-frame-pointer -funroll-all-loops -finline-functions scan-tree-dump-times original "jja = .struct t .. desc.[0-9]+.data;" 1
FAIL: gfortran.dg/assumed_rank_10.f90 -O3 -g (test for excess errors)
UNRESOLVED: gfortran.dg/assumed_rank_10.f90 -O3 -g compilation failed to produce executable
UNRESOLVED: gfortran.dg/assumed_rank_10.f90 -O3 -g scan-tree-dump-times original "iip = .integer.kind=4. .. desc.[0-9]+.data;" 1
UNRESOLVED: gfortran.dg/assumed_rank_10.f90 -O3 -g scan-tree-dump-times original "iia = .integer.kind=4. .. desc.[0-9]+.data;" 1
UNRESOLVED: gfortran.dg/assumed_rank_10.f90 -O3 -g scan-tree-dump-times original "jjp = .struct t .. desc.[0-9]+.data;" 1
UNRESOLVED: gfortran.dg/assumed_rank_10.f90 -O3 -g scan-tree-dump-times original "jja = .struct t .. desc.[0-9]+.data;" 1
FAIL: gfortran.dg/assumed_rank_10.f90 -Os (test for excess errors)
UNRESOLVED: gfortran.dg/assumed_rank_10.f90 -Os compilation failed to produce executable
UNRESOLVED: gfortran.dg/assumed_rank_10.f90 -Os scan-tree-dump-times original "iip = .integer.kind=4. .. desc.[0-9]+.data;" 1
UNRESOLVED: gfortran.dg/assumed_rank_10.f90 -Os scan-tree-dump-times original "iia = .integer.kind=4. .. desc.[0-9]+.data;" 1
UNRESOLVED: gfortran.dg/assumed_rank_10.f90 -Os scan-tree-dump-times original "jjp = .struct t .. desc.[0-9]+.data;" 1
UNRESOLVED: gfortran.dg/assumed_rank_10.f90 -Os scan-tree-dump-times original "jja = .struct t .. desc.[0-9]+.data;" 1
FAIL: gfortran.dg/assumed_rank_2.f90 -O0 (test for excess errors)
UNRESOLVED: gfortran.dg/assumed_rank_2.f90 -O0 compilation failed to produce executable
FAIL: gfortran.dg/assumed_rank_2.f90 -O1 (test for excess errors)
UNRESOLVED: gfortran.dg/assumed_rank_2.f90 -O1 compilation failed to produce executable
FAIL: gfortran.dg/assumed_rank_2.f90 -O2 (test for excess errors)
UNRESOLVED: gfortran.dg/assumed_rank_2.f90 -O2 compilation failed to produce executable
FAIL: gfortran.dg/assumed_rank_2.f90 -O3 -fomit-frame-pointer (test for excess errors)
UNRESOLVED: gfortran.dg/assumed_rank_2.f90 -O3 -fomit-frame-pointer compilation failed to produce executable
FAIL: gfortran.dg/assumed_rank_2.f90 -O3 -fomit-frame-pointer -funroll-loops (test for excess errors)
UNRESOLVED: gfortran.dg/assumed_rank_2.f90 -O3 -fomit-frame-pointer -funroll-loops compilation failed to produce executable
FAIL: gfortran.dg/assumed_rank_2.f90 -O3 -fomit-frame-pointer -funroll-all-loops -finline-functions (test for excess errors)
UNRESOLVED: gfortran.dg/assumed_rank_2.f90 -O3 -fomit-frame-pointer -funroll-all-loops -finline-functions compilation failed to produce executable
FAIL: gfortran.dg/assumed_rank_2.f90 -O3 -g (test for excess errors)
UNRESOLVED: gfortran.dg/assumed_rank_2.f90 -O3 -g compilation failed to produce executable
FAIL: gfortran.dg/assumed_rank_2.f90 -Os (test for excess errors)
UNRESOLVED: gfortran.dg/assumed_rank_2.f90 -Os compilation failed to produce executable
FAIL: gfortran.dg/assumed_rank_3.f90 -O0 (test for excess errors)
UNRESOLVED: gfortran.dg/assumed_rank_3.f90 -O0 compilation failed to produce executable
FAIL: gfortran.dg/assumed_rank_3.f90 -O1 (test for excess errors)
UNRESOLVED: gfortran.dg/assumed_rank_3.f90 -O1 compilation failed to produce executable
FAIL: gfortran.dg/assumed_rank_3.f90 -O2 (test for excess errors)
UNRESOLVED: gfortran.dg/assumed_rank_3.f90 -O2 compilation failed to produce executable
FAIL: gfortran.dg/assumed_rank_3.f90 -O3 -fomit-frame-pointer (test for excess errors)
UNRESOLVED: gfortran.dg/assumed_rank_3.f90 -O3 -fomit-frame-pointer compilation failed to produce executable
FAIL: gfortran.dg/assumed_rank_3.f90 -O3 -fomit-frame-pointer -funroll-loops (test for excess errors)
UNRESOLVED: gfortran.dg/assumed_rank_3.f90 -O3 -fomit-frame-pointer -funroll-loops compilation failed to produce executable
FAIL: gfortran.dg/assumed_rank_3.f90 -O3 -fomit-frame-pointer -funroll-all-loops -finline-functions (test for excess errors)
UNRESOLVED: gfortran.dg/assumed_rank_3.f90 -O3 -fomit-frame-pointer -funroll-all-loops -finline-functions compilation failed to produce executable
FAIL: gfortran.dg/assumed_rank_3.f90 -O3 -g (test for excess errors)
UNRESOLVED: gfortran.dg/assumed_rank_3.f90 -O3 -g compilation failed to produce executable
FAIL: gfortran.dg/assumed_rank_3.f90 -Os (test for excess errors)
UNRESOLVED: gfortran.dg/assumed_rank_3.f90 -Os compilation failed to produce executable
FAIL: gfortran.dg/assumed_rank_4.f90 -O (test for errors, line 29)
FAIL: gfortran.dg/assumed_rank_4.f90 -O (test for errors, line 30)
FAIL: gfortran.dg/assumed_rank_4.f90 -O (test for errors, line 31)
FAIL: gfortran.dg/assumed_rank_4.f90 -O (test for errors, line 40)
FAIL: gfortran.dg/assumed_rank_4.f90 -O (test for excess errors)
FAIL: gfortran.dg/assumed_rank_6.f90 -O (test for errors, line 26)
FAIL: gfortran.dg/assumed_rank_6.f90 -O (test for excess errors)
FAIL: gfortran.dg/assumed_rank_7.f90 -O0 (test for excess errors)
UNRESOLVED: gfortran.dg/assumed_rank_7.f90 -O0 compilation failed to produce executable
FAIL: gfortran.dg/assumed_rank_7.f90 -O1 (test for excess errors)
UNRESOLVED: gfortran.dg/assumed_rank_7.f90 -O1 compilation failed to produce executable
FAIL: gfortran.dg/assumed_rank_7.f90 -O2 (test for excess errors)
UNRESOLVED: gfortran.dg/assumed_rank_7.f90 -O2 compilation failed to produce executable
FAIL: gfortran.dg/assumed_rank_7.f90 -O3 -fomit-frame-pointer (test for excess errors)
UNRESOLVED: gfortran.dg/assumed_rank_7.f90 -O3 -fomit-frame-pointer compilation failed to produce executable
FAIL: gfortran.dg/assumed_rank_7.f90 -O3 -fomit-frame-pointer -funroll-loops (test for excess errors)
UNRESOLVED: gfortran.dg/assumed_rank_7.f90 -O3 -fomit-frame-pointer -funroll-loops compilation failed to produce executable
FAIL: gfortran.dg/assumed_rank_7.f90 -O3 -fomit-frame-pointer -funroll-all-loops -finline-functions (test for excess errors)
UNRESOLVED: gfortran.dg/assumed_rank_7.f90 -O3 -fomit-frame-pointer -funroll-all-loops -finline-functions compilation failed to produce executable
FAIL: gfortran.dg/assumed_rank_7.f90 -O3 -g (test for excess errors)
UNRESOLVED: gfortran.dg/assumed_rank_7.f90 -O3 -g compilation failed to produce executable
FAIL: gfortran.dg/assumed_rank_7.f90 -Os (test for excess errors)
UNRESOLVED: gfortran.dg/assumed_rank_7.f90 -Os compilation failed to produce executable
FAIL: gfortran.dg/assumed_rank_8.f90 -O0 (test for excess errors)
UNRESOLVED: gfortran.dg/assumed_rank_8.f90 -O0 compilation failed to produce executable
FAIL: gfortran.dg/assumed_rank_8.f90 -O1 (test for excess errors)
UNRESOLVED: gfortran.dg/assumed_rank_8.f90 -O1 compilation failed to produce executable
FAIL: gfortran.dg/assumed_rank_8.f90 -O2 (test for excess errors)
UNRESOLVED: gfortran.dg/assumed_rank_8.f90 -O2 compilation failed to produce executable
FAIL: gfortran.dg/assumed_rank_8.f90 -O3 -fomit-frame-pointer (test for excess errors)
UNRESOLVED: gfortran.dg/assumed_rank_8.f90 -O3 -fomit-frame-pointer compilation failed to produce executable
FAIL: gfortran.dg/assumed_rank_8.f90 -O3 -fomit-frame-pointer -funroll-loops (test for excess errors)
UNRESOLVED: gfortran.dg/assumed_rank_8.f90 -O3 -fomit-frame-pointer -funroll-loops compilation failed to produce executable
FAIL: gfortran.dg/assumed_rank_8.f90 -O3 -fomit-frame-pointer -funroll-all-loops -finline-functions (test for excess errors)
UNRESOLVED: gfortran.dg/assumed_rank_8.f90 -O3 -fomit-frame-pointer -funroll-all-loops -finline-functions compilation failed to produce executable
FAIL: gfortran.dg/assumed_rank_8.f90 -O3 -g (test for excess errors)
UNRESOLVED: gfortran.dg/assumed_rank_8.f90 -O3 -g compilation failed to produce executable
FAIL: gfortran.dg/assumed_rank_8.f90 -Os (test for excess errors)
UNRESOLVED: gfortran.dg/assumed_rank_8.f90 -Os compilation failed to produce executable
FAIL: gfortran.dg/assumed_rank_9.f90 -O0 (test for excess errors)
UNRESOLVED: gfortran.dg/assumed_rank_9.f90 -O0 compilation failed to produce executable
FAIL: gfortran.dg/assumed_rank_9.f90 -O1 (test for excess errors)
UNRESOLVED: gfortran.dg/assumed_rank_9.f90 -O1 compilation failed to produce executable
FAIL: gfortran.dg/assumed_rank_9.f90 -O2 (test for excess errors)
UNRESOLVED: gfortran.dg/assumed_rank_9.f90 -O2 compilation failed to produce executable
FAIL: gfortran.dg/assumed_rank_9.f90 -O3 -fomit-frame-pointer (test for excess errors)
UNRESOLVED: gfortran.dg/assumed_rank_9.f90 -O3 -fomit-frame-pointer compilation failed to produce executable
FAIL: gfortran.dg/assumed_rank_9.f90 -O3 -fomit-frame-pointer -funroll-loops (test for excess errors)
UNRESOLVED: gfortran.dg/assumed_rank_9.f90 -O3 -fomit-frame-pointer -funroll-loops compilation failed to produce executable
FAIL: gfortran.dg/assumed_rank_9.f90 -O3 -fomit-frame-pointer -funroll-all-loops -finline-functions (test for excess errors)
UNRESOLVED: gfortran.dg/assumed_rank_9.f90 -O3 -fomit-frame-pointer -funroll-all-loops -finline-functions compilation failed to produce executable
FAIL: gfortran.dg/assumed_rank_9.f90 -O3 -g (test for excess errors)
UNRESOLVED: gfortran.dg/assumed_rank_9.f90 -O3 -g compilation failed to produce executable
FAIL: gfortran.dg/assumed_rank_9.f90 -Os (test for excess errors)
UNRESOLVED: gfortran.dg/assumed_rank_9.f90 -Os compilation failed to produce executable
FAIL: gfortran.dg/assumed_rank_bounds_1.f90 -O0 (test for excess errors)
UNRESOLVED: gfortran.dg/assumed_rank_bounds_1.f90 -O0 compilation failed to produce executable
FAIL: gfortran.dg/assumed_rank_bounds_1.f90 -O1 (test for excess errors)
UNRESOLVED: gfortran.dg/assumed_rank_bounds_1.f90 -O1 compilation failed to produce executable
FAIL: gfortran.dg/assumed_rank_bounds_1.f90 -O2 (test for excess errors)
UNRESOLVED: gfortran.dg/assumed_rank_bounds_1.f90 -O2 compilation failed to produce executable
FAIL: gfortran.dg/assumed_rank_bounds_1.f90 -O3 -fomit-frame-pointer (test for excess errors)
UNRESOLVED: gfortran.dg/assumed_rank_bounds_1.f90 -O3 -fomit-frame-pointer compilation failed to produce executable
FAIL: gfortran.dg/assumed_rank_bounds_1.f90 -O3 -fomit-frame-pointer -funroll-loops (test for excess errors)
UNRESOLVED: gfortran.dg/assumed_rank_bounds_1.f90 -O3 -fomit-frame-pointer -funroll-loops compilation failed to produce executable
FAIL: gfortran.dg/assumed_rank_bounds_1.f90 -O3 -fomit-frame-pointer -funroll-all-loops -finline-functions (test for excess errors)
UNRESOLVED: gfortran.dg/assumed_rank_bounds_1.f90 -O3 -fomit-frame-pointer -funroll-all-loops -finline-functions compilation failed to produce executable
FAIL: gfortran.dg/assumed_rank_bounds_1.f90 -O3 -g (test for excess errors)
UNRESOLVED: gfortran.dg/assumed_rank_bounds_1.f90 -O3 -g compilation failed to produce executable
FAIL: gfortran.dg/assumed_rank_bounds_1.f90 -Os (test for excess errors)
UNRESOLVED: gfortran.dg/assumed_rank_bounds_1.f90 -Os compilation failed to produce executable
FAIL: gfortran.dg/assumed_rank_bounds_2.f90 -O0 (test for excess errors)
UNRESOLVED: gfortran.dg/assumed_rank_bounds_2.f90 -O0 compilation failed to produce executable
FAIL: gfortran.dg/assumed_rank_bounds_2.f90 -O1 (test for excess errors)
UNRESOLVED: gfortran.dg/assumed_rank_bounds_2.f90 -O1 compilation failed to produce executable
FAIL: gfortran.dg/assumed_rank_bounds_2.f90 -O2 (test for excess errors)
UNRESOLVED: gfortran.dg/assumed_rank_bounds_2.f90 -O2 compilation failed to produce executable
FAIL: gfortran.dg/assumed_rank_bounds_2.f90 -O3 -fomit-frame-pointer (test for excess errors)
UNRESOLVED: gfortran.dg/assumed_rank_bounds_2.f90 -O3 -fomit-frame-pointer compilation failed to produce executable
FAIL: gfortran.dg/assumed_rank_bounds_2.f90 -O3 -fomit-frame-pointer -funroll-loops (test for excess errors)
UNRESOLVED: gfortran.dg/assumed_rank_bounds_2.f90 -O3 -fomit-frame-pointer -funroll-loops compilation failed to produce executable
FAIL: gfortran.dg/assumed_rank_bounds_2.f90 -O3 -fomit-frame-pointer -funroll-all-loops -finline-functions (test for excess errors)
UNRESOLVED: gfortran.dg/assumed_rank_bounds_2.f90 -O3 -fomit-frame-pointer -funroll-all-loops -finline-functions compilation failed to produce executable
FAIL: gfortran.dg/assumed_rank_bounds_2.f90 -O3 -g (test for excess errors)
UNRESOLVED: gfortran.dg/assumed_rank_bounds_2.f90 -O3 -g compilation failed to produce executable
FAIL: gfortran.dg/assumed_rank_bounds_2.f90 -Os (test for excess errors)
UNRESOLVED: gfortran.dg/assumed_rank_bounds_2.f90 -Os compilation failed to produce executable
FAIL: gfortran.dg/assumed_type_1.f90 -O (test for excess errors)
FAIL: gfortran.dg/assumed_type_2.f90 -O0 (test for excess errors)
UNRESOLVED: gfortran.dg/assumed_type_2.f90 -O0 compilation failed to produce executable
UNRESOLVED: gfortran.dg/assumed_type_2.f90 -O0 scan-tree-dump-times original "sub_scalar .0B," 2
UNRESOLVED: gfortran.dg/assumed_type_2.f90 -O0 scan-tree-dump-times original "sub_scalar .scalar_real_alloc," 2
UNRESOLVED: gfortran.dg/assumed_type_2.f90 -O0 scan-tree-dump-times original "sub_scalar .scalar_char_ptr," 2
UNRESOLVED: gfortran.dg/assumed_type_2.f90 -O0 scan-tree-dump-times original "sub_scalar .scalar_t2_alloc," 2
UNRESOLVED: gfortran.dg/assumed_type_2.f90 -O0 scan-tree-dump-times original "sub_scalar .scalar_t3_ptr" 2
UNRESOLVED: gfortran.dg/assumed_type_2.f90 -O0 scan-tree-dump-times original "sub_scalar .&scalar_int," 1
UNRESOLVED: gfortran.dg/assumed_type_2.f90 -O0 scan-tree-dump-times original "sub_scalar .&scalar_t1," 1
UNRESOLVED: gfortran.dg/assumed_type_2.f90 -O0 scan-tree-dump-times original "sub_scalar .&array_int.1.," 1
UNRESOLVED: gfortran.dg/assumed_type_2.f90 -O0 scan-tree-dump-times original "sub_scalar .&scalar_t1," 1
UNRESOLVED: gfortran.dg/assumed_type_2.f90 -O0 scan-tree-dump-times original "sub_scalar .&\\\\(.\\\\(real.kind=4..0:. . restrict\\\\) array_real_alloc.data" 1
UNRESOLVED: gfortran.dg/assumed_type_2.f90 -O0 scan-tree-dump-times original "sub_scalar .&\\\\(.\\\\(character.kind=1..0:..1:1. .\\\\) array_char_ptr.data" 1
UNRESOLVED: gfortran.dg/assumed_type_2.f90 -O0 scan-tree-dump-times original "sub_scalar .&\\\\(.\\\\(struct t2.0:. . restrict\\\\) array_t2_alloc.data" 1
UNRESOLVED: gfortran.dg/assumed_type_2.f90 -O0 scan-tree-dump-times original "sub_scalar .&\\\\(.\\\\(struct t3.0:. .\\\\) array_t3_ptr.data" 1
UNRESOLVED: gfortran.dg/assumed_type_2.f90 -O0 scan-tree-dump-times original "sub_scalar .\\\\(struct t1 .\\\\) array_class_t1_alloc._data.data" 1
UNRESOLVED: gfortran.dg/assumed_type_2.f90 -O0 scan-tree-dump-times original "sub_scalar .\\\\(struct t1 .\\\\) array_class_t1_ptr._data.dat" 1
UNRESOLVED: gfortran.dg/assumed_type_2.f90 -O0 scan-tree-dump-times original "sub_array_assumed \\\\(D" 3
UNRESOLVED: gfortran.dg/assumed_type_2.f90 -O0 scan-tree-dump-times original " = _gfortran_internal_pack \\\\(&parm" 1
UNRESOLVED: gfortran.dg/assumed_type_2.f90 -O0 scan-tree-dump-times original "sub_array_assumed \\\\(&array_int\\\\)" 1
UNRESOLVED: gfortran.dg/assumed_type_2.f90 -O0 scan-tree-dump-times original "sub_array_assumed \\\\(\\\\(real\\\\(kind=4\\\\).0:. . restrict\\\\) array_real_alloc.data" 1
UNRESOLVED: gfortran.dg/assumed_type_2.f90 -O0 scan-tree-dump-times original " = _gfortran_internal_pack \\\\(&array_char_ptr\\\\);" 1
UNRESOLVED: gfortran.dg/assumed_type_2.f90 -O0 scan-tree-dump-times original "\\\\.data = \\\\(void .\\\\) &array_t1.0.;" 1
UNRESOLVED: gfortran.dg/assumed_type_2.f90 -O0 scan-tree-dump-times original "sub_array_assumed \\\\(\\\\(struct t1.0:. .\\\\) parm" 1
UNRESOLVED: gfortran.dg/assumed_type_2.f90 -O0 scan-tree-dump-times original "sub_array_assumed \\\\(\\\\(struct t2.0:. . restrict\\\\) array_t2_alloc.data\\\\);" 1
UNRESOLVED: gfortran.dg/assumed_type_2.f90 -O0 scan-tree-dump-times original "sub_array_assumed \\\\(\\\\(struct t1.0:. . restrict\\\\) array_class_t1_alloc._data.data\\\\);" 1
UNRESOLVED: gfortran.dg/assumed_type_2.f90 -O0 scan-tree-dump-times original "sub_array_assumed \\\\(\\\\(struct t1.0:. .\\\\) array_class_t1_ptr._data.data\\\\);" 1
UNRESOLVED: gfortran.dg/assumed_type_2.f90 -O0 scan-tree-dump-times original "sub_array_shape \\\\(&array_real_alloc," 1
UNRESOLVED: gfortran.dg/assumed_type_2.f90 -O0 scan-tree-dump-times original "sub_array_shape \\\\(&array_char_ptr," 1
UNRESOLVED: gfortran.dg/assumed_type_2.f90 -O0 scan-tree-dump-times original "sub_array_shape \\\\(&array_t2_alloc," 1
UNRESOLVED: gfortran.dg/assumed_type_2.f90 -O0 scan-tree-dump-times original "sub_array_shape \\\\(&array_t3_ptr," 1
UNRESOLVED: gfortran.dg/assumed_type_2.f90 -O0 scan-tree-dump-times original "sub_array_shape \\\\(&array_class_t1_alloc._data," 1
UNRESOLVED: gfortran.dg/assumed_type_2.f90 -O0 scan-tree-dump-times original "sub_array_shape \\\\(&array_class_t1_ptr._data," 1
FAIL: gfortran.dg/assumed_type_2.f90 -O1 (test for excess errors)
UNRESOLVED: gfortran.dg/assumed_type_2.f90 -O1 compilation failed to produce executable
UNRESOLVED: gfortran.dg/assumed_type_2.f90 -O1 scan-tree-dump-times original "sub_scalar .0B," 2
UNRESOLVED: gfortran.dg/assumed_type_2.f90 -O1 scan-tree-dump-times original "sub_scalar .scalar_real_alloc," 2
UNRESOLVED: gfortran.dg/assumed_type_2.f90 -O1 scan-tree-dump-times original "sub_scalar .scalar_char_ptr," 2
UNRESOLVED: gfortran.dg/assumed_type_2.f90 -O1 scan-tree-dump-times original "sub_scalar .scalar_t2_alloc," 2
UNRESOLVED: gfortran.dg/assumed_type_2.f90 -O1 scan-tree-dump-times original "sub_scalar .scalar_t3_ptr" 2
UNRESOLVED: gfortran.dg/assumed_type_2.f90 -O1 scan-tree-dump-times original "sub_scalar .&scalar_int," 1
UNRESOLVED: gfortran.dg/assumed_type_2.f90 -O1 scan-tree-dump-times original "sub_scalar .&scalar_t1," 1
UNRESOLVED: gfortran.dg/assumed_type_2.f90 -O1 scan-tree-dump-times original "sub_scalar .&array_int.1.," 1
UNRESOLVED: gfortran.dg/assumed_type_2.f90 -O1 scan-tree-dump-times original "sub_scalar .&scalar_t1," 1
UNRESOLVED: gfortran.dg/assumed_type_2.f90 -O1 scan-tree-dump-times original "sub_scalar .&\\\\(.\\\\(real.kind=4..0:. . restrict\\\\) array_real_alloc.data" 1
UNRESOLVED: gfortran.dg/assumed_type_2.f90 -O1 scan-tree-dump-times original "sub_scalar .&\\\\(.\\\\(character.kind=1..0:..1:1. .\\\\) array_char_ptr.data" 1
UNRESOLVED: gfortran.dg/assumed_type_2.f90 -O1 scan-tree-dump-times original "sub_scalar .&\\\\(.\\\\(struct t2.0:. . restrict\\\\) array_t2_alloc.data" 1
UNRESOLVED: gfortran.dg/assumed_type_2.f90 -O1 scan-tree-dump-times original "sub_scalar .&\\\\(.\\\\(struct t3.0:. .\\\\) array_t3_ptr.data" 1
UNRESOLVED: gfortran.dg/assumed_type_2.f90 -O1 scan-tree-dump-times original "sub_scalar .\\\\(struct t1 .\\\\) array_class_t1_alloc._data.data" 1
UNRESOLVED: gfortran.dg/assumed_type_2.f90 -O1 scan-tree-dump-times original "sub_scalar .\\\\(struct t1 .\\\\) array_class_t1_ptr._data.dat" 1
UNRESOLVED: gfortran.dg/assumed_type_2.f90 -O1 scan-tree-dump-times original "sub_array_assumed \\\\(D" 3
UNRESOLVED: gfortran.dg/assumed_type_2.f90 -O1 scan-tree-dump-times original " = _gfortran_internal_pack \\\\(&parm" 1
UNRESOLVED: gfortran.dg/assumed_type_2.f90 -O1 scan-tree-dump-times original "sub_array_assumed \\\\(&array_int\\\\)" 1
UNRESOLVED: gfortran.dg/assumed_type_2.f90 -O1 scan-tree-dump-times original "sub_array_assumed \\\\(\\\\(real\\\\(kind=4\\\\).0:. . restrict\\\\) array_real_alloc.data" 1
UNRESOLVED: gfortran.dg/assumed_type_2.f90 -O1 scan-tree-dump-times original " = _gfortran_internal_pack \\\\(&array_char_ptr\\\\);" 1
UNRESOLVED: gfortran.dg/assumed_type_2.f90 -O1 scan-tree-dump-times original "\\\\.data = \\\\(void .\\\\) &array_t1.0.;" 1
UNRESOLVED: gfortran.dg/assumed_type_2.f90 -O1 scan-tree-dump-times original "sub_array_assumed \\\\(\\\\(struct t1.0:. .\\\\) parm" 1
UNRESOLVED: gfortran.dg/assumed_type_2.f90 -O1 scan-tree-dump-times original "sub_array_assumed \\\\(\\\\(struct t2.0:. . restrict\\\\) array_t2_alloc.data\\\\);" 1
UNRESOLVED: gfortran.dg/assumed_type_2.f90 -O1 scan-tree-dump-times original "sub_array_assumed \\\\(\\\\(struct t1.0:. . restrict\\\\) array_class_t1_alloc._data.data\\\\);" 1
UNRESOLVED: gfortran.dg/assumed_type_2.f90 -O1 scan-tree-dump-times original "sub_array_assumed \\\\(\\\\(struct t1.0:. .\\\\) array_class_t1_ptr._data.data\\\\);" 1
UNRESOLVED: gfortran.dg/assumed_type_2.f90 -O1 scan-tree-dump-times original "sub_array_shape \\\\(&array_real_alloc," 1
UNRESOLVED: gfortran.dg/assumed_type_2.f90 -O1 scan-tree-dump-times original "sub_array_shape \\\\(&array_char_ptr," 1
UNRESOLVED: gfortran.dg/assumed_type_2.f90 -O1 scan-tree-dump-times original "sub_array_shape \\\\(&array_t2_alloc," 1
UNRESOLVED: gfortran.dg/assumed_type_2.f90 -O1 scan-tree-dump-times original "sub_array_shape \\\\(&array_t3_ptr," 1
UNRESOLVED: gfortran.dg/assumed_type_2.f90 -O1 scan-tree-dump-times original "sub_array_shape \\\\(&array_class_t1_alloc._data," 1
UNRESOLVED: gfortran.dg/assumed_type_2.f90 -O1 scan-tree-dump-times original "sub_array_shape \\\\(&array_class_t1_ptr._data," 1
FAIL: gfortran.dg/assumed_type_2.f90 -O2 (test for excess errors)
UNRESOLVED: gfortran.dg/assumed_type_2.f90 -O2 compilation failed to produce executable
UNRESOLVED: gfortran.dg/assumed_type_2.f90 -O2 scan-tree-dump-times original "sub_scalar .0B," 2
UNRESOLVED: gfortran.dg/assumed_type_2.f90 -O2 scan-tree-dump-times original "sub_scalar .scalar_real_alloc," 2
UNRESOLVED: gfortran.dg/assumed_type_2.f90 -O2 scan-tree-dump-times original "sub_scalar .scalar_char_ptr," 2
UNRESOLVED: gfortran.dg/assumed_type_2.f90 -O2 scan-tree-dump-times original "sub_scalar .scalar_t2_alloc," 2
UNRESOLVED: gfortran.dg/assumed_type_2.f90 -O2 scan-tree-dump-times original "sub_scalar .scalar_t3_ptr" 2
UNRESOLVED: gfortran.dg/assumed_type_2.f90 -O2 scan-tree-dump-times original "sub_scalar .&scalar_int," 1
UNRESOLVED: gfortran.dg/assumed_type_2.f90 -O2 scan-tree-dump-times original "sub_scalar .&scalar_t1," 1
UNRESOLVED: gfortran.dg/assumed_type_2.f90 -O2 scan-tree-dump-times original "sub_scalar .&array_int.1.," 1
UNRESOLVED: gfortran.dg/assumed_type_2.f90 -O2 scan-tree-dump-times original "sub_scalar .&scalar_t1," 1
UNRESOLVED: gfortran.dg/assumed_type_2.f90 -O2 scan-tree-dump-times original "sub_scalar .&\\\\(.\\\\(real.kind=4..0:. . restrict\\\\) array_real_alloc.data" 1
UNRESOLVED: gfortran.dg/assumed_type_2.f90 -O2 scan-tree-dump-times original "sub_scalar .&\\\\(.\\\\(character.kind=1..0:..1:1. .\\\\) array_char_ptr.data" 1
UNRESOLVED: gfortran.dg/assumed_type_2.f90 -O2 scan-tree-dump-times original "sub_scalar .&\\\\(.\\\\(struct t2.0:. . restrict\\\\) array_t2_alloc.data" 1
UNRESOLVED: gfortran.dg/assumed_type_2.f90 -O2 scan-tree-dump-times original "sub_scalar .&\\\\(.\\\\(struct t3.0:. .\\\\) array_t3_ptr.data" 1
UNRESOLVED: gfortran.dg/assumed_type_2.f90 -O2 scan-tree-dump-times original "sub_scalar .\\\\(struct t1 .\\\\) array_class_t1_alloc._data.data" 1
UNRESOLVED: gfortran.dg/assumed_type_2.f90 -O2 scan-tree-dump-times original "sub_scalar .\\\\(struct t1 .\\\\) array_class_t1_ptr._data.dat" 1
UNRESOLVED: gfortran.dg/assumed_type_2.f90 -O2 scan-tree-dump-times original "sub_array_assumed \\\\(D" 3
UNRESOLVED: gfortran.dg/assumed_type_2.f90 -O2 scan-tree-dump-times original " = _gfortran_internal_pack \\\\(&parm" 1
UNRESOLVED: gfortran.dg/assumed_type_2.f90 -O2 scan-tree-dump-times original "sub_array_assumed \\\\(&array_int\\\\)" 1
UNRESOLVED: gfortran.dg/assumed_type_2.f90 -O2 scan-tree-dump-times original "sub_array_assumed \\\\(\\\\(real\\\\(kind=4\\\\).0:. . restrict\\\\) array_real_alloc.data" 1
UNRESOLVED: gfortran.dg/assumed_type_2.f90 -O2 scan-tree-dump-times original " = _gfortran_internal_pack \\\\(&array_char_ptr\\\\);" 1
UNRESOLVED: gfortran.dg/assumed_type_2.f90 -O2 scan-tree-dump-times original "\\\\.data = \\\\(void .\\\\) &array_t1.0.;" 1
UNRESOLVED: gfortran.dg/assumed_type_2.f90 -O2 scan-tree-dump-times original "sub_array_assumed \\\\(\\\\(struct t1.0:. .\\\\) parm" 1
UNRESOLVED: gfortran.dg/assumed_type_2.f90 -O2 scan-tree-dump-times original "sub_array_assumed \\\\(\\\\(struct t2.0:. . restrict\\\\) array_t2_alloc.data\\\\);" 1
UNRESOLVED: gfortran.dg/assumed_type_2.f90 -O2 scan-tree-dump-times original "sub_array_assumed \\\\(\\\\(struct t1.0:. . restrict\\\\) array_class_t1_alloc._data.data\\\\);" 1
UNRESOLVED: gfortran.dg/assumed_type_2.f90 -O2 scan-tree-dump-times original "sub_array_assumed \\\\(\\\\(struct t1.0:. .\\\\) array_class_t1_ptr._data.data\\\\);" 1
UNRESOLVED: gfortran.dg/assumed_type_2.f90 -O2 scan-tree-dump-times original "sub_array_shape \\\\(&array_real_alloc," 1
UNRESOLVED: gfortran.dg/assumed_type_2.f90 -O2 scan-tree-dump-times original "sub_array_shape \\\\(&array_char_ptr," 1
UNRESOLVED: gfortran.dg/assumed_type_2.f90 -O2 scan-tree-dump-times original "sub_array_shape \\\\(&array_t2_alloc," 1
UNRESOLVED: gfortran.dg/assumed_type_2.f90 -O2 scan-tree-dump-times original "sub_array_shape \\\\(&array_t3_ptr," 1
UNRESOLVED: gfortran.dg/assumed_type_2.f90 -O2 scan-tree-dump-times original "sub_array_shape \\\\(&array_class_t1_alloc._data," 1
UNRESOLVED: gfortran.dg/assumed_type_2.f90 -O2 scan-tree-dump-times original "sub_array_shape \\\\(&array_class_t1_ptr._data," 1
FAIL: gfortran.dg/assumed_type_2.f90 -O3 -fomit-frame-pointer (test for excess errors)
UNRESOLVED: gfortran.dg/assumed_type_2.f90 -O3 -fomit-frame-pointer compilation failed to produce executable
UNRESOLVED: gfortran.dg/assumed_type_2.f90 -O3 -fomit-frame-pointer scan-tree-dump-times original "sub_scalar .0B," 2
UNRESOLVED: gfortran.dg/assumed_type_2.f90 -O3 -fomit-frame-pointer scan-tree-dump-times original "sub_scalar .scalar_real_alloc," 2
UNRESOLVED: gfortran.dg/assumed_type_2.f90 -O3 -fomit-frame-pointer scan-tree-dump-times original "sub_scalar .scalar_char_ptr," 2
UNRESOLVED: gfortran.dg/assumed_type_2.f90 -O3 -fomit-frame-pointer scan-tree-dump-times original "sub_scalar .scalar_t2_alloc," 2
UNRESOLVED: gfortran.dg/assumed_type_2.f90 -O3 -fomit-frame-pointer scan-tree-dump-times original "sub_scalar .scalar_t3_ptr" 2
UNRESOLVED: gfortran.dg/assumed_type_2.f90 -O3 -fomit-frame-pointer scan-tree-dump-times original "sub_scalar .&scalar_int," 1
UNRESOLVED: gfortran.dg/assumed_type_2.f90 -O3 -fomit-frame-pointer scan-tree-dump-times original "sub_scalar .&scalar_t1," 1
UNRESOLVED: gfortran.dg/assumed_type_2.f90 -O3 -fomit-frame-pointer scan-tree-dump-times original "sub_scalar .&array_int.1.," 1
UNRESOLVED: gfortran.dg/assumed_type_2.f90 -O3 -fomit-frame-pointer scan-tree-dump-times original "sub_scalar .&scalar_t1," 1
UNRESOLVED: gfortran.dg/assumed_type_2.f90 -O3 -fomit-frame-pointer scan-tree-dump-times original "sub_scalar .&\\\\(.\\\\(real.kind=4..0:. . restrict\\\\) array_real_alloc.data" 1
UNRESOLVED: gfortran.dg/assumed_type_2.f90 -O3 -fomit-frame-pointer scan-tree-dump-times original "sub_scalar .&\\\\(.\\\\(character.kind=1..0:..1:1. .\\\\) array_char_ptr.data" 1
UNRESOLVED: gfortran.dg/assumed_type_2.f90 -O3 -fomit-frame-pointer scan-tree-dump-times original "sub_scalar .&\\\\(.\\\\(struct t2.0:. . restrict\\\\) array_t2_alloc.data" 1
UNRESOLVED: gfortran.dg/assumed_type_2.f90 -O3 -fomit-frame-pointer scan-tree-dump-times original "sub_scalar .&\\\\(.\\\\(struct t3.0:. .\\\\) array_t3_ptr.data" 1
UNRESOLVED: gfortran.dg/assumed_type_2.f90 -O3 -fomit-frame-pointer scan-tree-dump-times original "sub_scalar .\\\\(struct t1 .\\\\) array_class_t1_alloc._data.data" 1
UNRESOLVED: gfortran.dg/assumed_type_2.f90 -O3 -fomit-frame-pointer scan-tree-dump-times original "sub_scalar .\\\\(struct t1 .\\\\) array_class_t1_ptr._data.dat" 1
UNRESOLVED: gfortran.dg/assumed_type_2.f90 -O3 -fomit-frame-pointer scan-tree-dump-times original "sub_array_assumed \\\\(D" 3
UNRESOLVED: gfortran.dg/assumed_type_2.f90 -O3 -fomit-frame-pointer scan-tree-dump-times original " = _gfortran_internal_pack \\\\(&parm" 1
UNRESOLVED: gfortran.dg/assumed_type_2.f90 -O3 -fomit-frame-pointer scan-tree-dump-times original "sub_array_assumed \\\\(&array_int\\\\)" 1
UNRESOLVED: gfortran.dg/assumed_type_2.f90 -O3 -fomit-frame-pointer scan-tree-dump-times original "sub_array_assumed \\\\(\\\\(real\\\\(kind=4\\\\).0:. . restrict\\\\) array_real_alloc.data" 1
UNRESOLVED: gfortran.dg/assumed_type_2.f90 -O3 -fomit-frame-pointer scan-tree-dump-times original " = _gfortran_internal_pack \\\\(&array_char_ptr\\\\);" 1
UNRESOLVED: gfortran.dg/assumed_type_2.f90 -O3 -fomit-frame-pointer scan-tree-dump-times original "\\\\.data = \\\\(void .\\\\) &array_t1.0.;" 1
UNRESOLVED: gfortran.dg/assumed_type_2.f90 -O3 -fomit-frame-pointer scan-tree-dump-times original "sub_array_assumed \\\\(\\\\(struct t1.0:. .\\\\) parm" 1
UNRESOLVED: gfortran.dg/assumed_type_2.f90 -O3 -fomit-frame-pointer scan-tree-dump-times original "sub_array_assumed \\\\(\\\\(struct t2.0:. . restrict\\\\) array_t2_alloc.data\\\\);" 1
UNRESOLVED: gfortran.dg/assumed_type_2.f90 -O3 -fomit-frame-pointer scan-tree-dump-times original "sub_array_assumed \\\\(\\\\(struct t1.0:. . restrict\\\\) array_class_t1_alloc._data.data\\\\);" 1
UNRESOLVED: gfortran.dg/assumed_type_2.f90 -O3 -fomit-frame-pointer scan-tree-dump-times original "sub_array_assumed \\\\(\\\\(struct t1.0:. .\\\\) array_class_t1_ptr._data.data\\\\);" 1
UNRESOLVED: gfortran.dg/assumed_type_2.f90 -O3 -fomit-frame-pointer scan-tree-dump-times original "sub_array_shape \\\\(&array_real_alloc," 1
UNRESOLVED: gfortran.dg/assumed_type_2.f90 -O3 -fomit-frame-pointer scan-tree-dump-times original "sub_array_shape \\\\(&array_char_ptr," 1
UNRESOLVED: gfortran.dg/assumed_type_2.f90 -O3 -fomit-frame-pointer scan-tree-dump-times original "sub_array_shape \\\\(&array_t2_alloc," 1
UNRESOLVED: gfortran.dg/assumed_type_2.f90 -O3 -fomit-frame-pointer scan-tree-dump-times original "sub_array_shape \\\\(&array_t3_ptr," 1
UNRESOLVED: gfortran.dg/assumed_type_2.f90 -O3 -fomit-frame-pointer scan-tree-dump-times original "sub_array_shape \\\\(&array_class_t1_alloc._data," 1
UNRESOLVED: gfortran.dg/assumed_type_2.f90 -O3 -fomit-frame-pointer scan-tree-dump-times original "sub_array_shape \\\\(&array_class_t1_ptr._data," 1
FAIL: gfortran.dg/assumed_type_2.f90 -O3 -fomit-frame-pointer -funroll-loops (test for excess errors)
UNRESOLVED: gfortran.dg/assumed_type_2.f90 -O3 -fomit-frame-pointer -funroll-loops compilation failed to produce executable
UNRESOLVED: gfortran.dg/assumed_type_2.f90 -O3 -fomit-frame-pointer -funroll-loops scan-tree-dump-times original "sub_scalar .0B," 2
UNRESOLVED: gfortran.dg/assumed_type_2.f90 -O3 -fomit-frame-pointer -funroll-loops scan-tree-dump-times original "sub_scalar .scalar_real_alloc," 2
UNRESOLVED: gfortran.dg/assumed_type_2.f90 -O3 -fomit-frame-pointer -funroll-loops scan-tree-dump-times original "sub_scalar .scalar_char_ptr," 2
UNRESOLVED: gfortran.dg/assumed_type_2.f90 -O3 -fomit-frame-pointer -funroll-loops scan-tree-dump-times original "sub_scalar .scalar_t2_alloc," 2
UNRESOLVED: gfortran.dg/assumed_type_2.f90 -O3 -fomit-frame-pointer -funroll-loops scan-tree-dump-times original "sub_scalar .scalar_t3_ptr" 2
UNRESOLVED: gfortran.dg/assumed_type_2.f90 -O3 -fomit-frame-pointer -funroll-loops scan-tree-dump-times original "sub_scalar .&scalar_int," 1
UNRESOLVED: gfortran.dg/assumed_type_2.f90 -O3 -fomit-frame-pointer -funroll-loops scan-tree-dump-times original "sub_scalar .&scalar_t1," 1
UNRESOLVED: gfortran.dg/assumed_type_2.f90 -O3 -fomit-frame-pointer -funroll-loops scan-tree-dump-times original "sub_scalar .&array_int.1.," 1
UNRESOLVED: gfortran.dg/assumed_type_2.f90 -O3 -fomit-frame-pointer -funroll-loops scan-tree-dump-times original "sub_scalar .&scalar_t1," 1
UNRESOLVED: gfortran.dg/assumed_type_2.f90 -O3 -fomit-frame-pointer -funroll-loops scan-tree-dump-times original "sub_scalar .&\\\\(.\\\\(real.kind=4..0:. . restrict\\\\) array_real_alloc.data" 1
UNRESOLVED: gfortran.dg/assumed_type_2.f90 -O3 -fomit-frame-pointer -funroll-loops scan-tree-dump-times original "sub_scalar .&\\\\(.\\\\(character.kind=1..0:..1:1. .\\\\) array_char_ptr.data" 1
UNRESOLVED: gfortran.dg/assumed_type_2.f90 -O3 -fomit-frame-pointer -funroll-loops scan-tree-dump-times original "sub_scalar .&\\\\(.\\\\(struct t2.0:. . restrict\\\\) array_t2_alloc.data" 1
UNRESOLVED: gfortran.dg/assumed_type_2.f90 -O3 -fomit-frame-pointer -funroll-loops scan-tree-dump-times original "sub_scalar .&\\\\(.\\\\(struct t3.0:. .\\\\) array_t3_ptr.data" 1
UNRESOLVED: gfortran.dg/assumed_type_2.f90 -O3 -fomit-frame-pointer -funroll-loops scan-tree-dump-times original "sub_scalar .\\\\(struct t1 .\\\\) array_class_t1_alloc._data.data" 1
UNRESOLVED: gfortran.dg/assumed_type_2.f90 -O3 -fomit-frame-pointer -funroll-loops scan-tree-dump-times original "sub_scalar .\\\\(struct t1 .\\\\) array_class_t1_ptr._data.dat" 1
UNRESOLVED: gfortran.dg/assumed_type_2.f90 -O3 -fomit-frame-pointer -funroll-loops scan-tree-dump-times original "sub_array_assumed \\\\(D" 3
UNRESOLVED: gfortran.dg/assumed_type_2.f90 -O3 -fomit-frame-pointer -funroll-loops scan-tree-dump-times original " = _gfortran_internal_pack \\\\(&parm" 1
UNRESOLVED: gfortran.dg/assumed_type_2.f90 -O3 -fomit-frame-pointer -funroll-loops scan-tree-dump-times original "sub_array_assumed \\\\(&array_int\\\\)" 1
UNRESOLVED: gfortran.dg/assumed_type_2.f90 -O3 -fomit-frame-pointer -funroll-loops scan-tree-dump-times original "sub_array_assumed \\\\(\\\\(real\\\\(kind=4\\\\).0:. . restrict\\\\) array_real_alloc.data" 1
UNRESOLVED: gfortran.dg/assumed_type_2.f90 -O3 -fomit-frame-pointer -funroll-loops scan-tree-dump-times original " = _gfortran_internal_pack \\\\(&array_char_ptr\\\\);" 1
UNRESOLVED: gfortran.dg/assumed_type_2.f90 -O3 -fomit-frame-pointer -funroll-loops scan-tree-dump-times original "\\\\.data = \\\\(void .\\\\) &array_t1.0.;" 1
UNRESOLVED: gfortran.dg/assumed_type_2.f90 -O3 -fomit-frame-pointer -funroll-loops scan-tree-dump-times original "sub_array_assumed \\\\(\\\\(struct t1.0:. .\\\\) parm" 1
UNRESOLVED: gfortran.dg/assumed_type_2.f90 -O3 -fomit-frame-pointer -funroll-loops scan-tree-dump-times original "sub_array_assumed \\\\(\\\\(struct t2.0:. . restrict\\\\) array_t2_alloc.data\\\\);" 1
UNRESOLVED: gfortran.dg/assumed_type_2.f90 -O3 -fomit-frame-pointer -funroll-loops scan-tree-dump-times original "sub_array_assumed \\\\(\\\\(struct t1.0:. . restrict\\\\) array_class_t1_alloc._data.data\\\\);" 1
UNRESOLVED: gfortran.dg/assumed_type_2.f90 -O3 -fomit-frame-pointer -funroll-loops scan-tree-dump-times original "sub_array_assumed \\\\(\\\\(struct t1.0:. .\\\\) array_class_t1_ptr._data.data\\\\);" 1
UNRESOLVED: gfortran.dg/assumed_type_2.f90 -O3 -fomit-frame-pointer -funroll-loops scan-tree-dump-times original "sub_array_shape \\\\(&array_real_alloc," 1
UNRESOLVED: gfortran.dg/assumed_type_2.f90 -O3 -fomit-frame-pointer -funroll-loops scan-tree-dump-times original "sub_array_shape \\\\(&array_char_ptr," 1
UNRESOLVED: gfortran.dg/assumed_type_2.f90 -O3 -fomit-frame-pointer -funroll-loops scan-tree-dump-times original "sub_array_shape \\\\(&array_t2_alloc," 1
UNRESOLVED: gfortran.dg/assumed_type_2.f90 -O3 -fomit-frame-pointer -funroll-loops scan-tree-dump-times original "sub_array_shape \\\\(&array_t3_ptr," 1
UNRESOLVED: gfortran.dg/assumed_type_2.f90 -O3 -fomit-frame-pointer -funroll-loops scan-tree-dump-times original "sub_array_shape \\\\(&array_class_t1_alloc._data," 1
UNRESOLVED: gfortran.dg/assumed_type_2.f90 -O3 -fomit-frame-pointer -funroll-loops scan-tree-dump-times original "sub_array_shape \\\\(&array_class_t1_ptr._data," 1
FAIL: gfortran.dg/assumed_type_2.f90 -O3 -fomit-frame-pointer -funroll-all-loops -finline-functions (test for excess errors)
UNRESOLVED: gfortran.dg/assumed_type_2.f90 -O3 -fomit-frame-pointer -funroll-all-loops -finline-functions compilation failed to produce executable
UNRESOLVED: gfortran.dg/assumed_type_2.f90 -O3 -fomit-frame-pointer -funroll-all-loops -finline-functions scan-tree-dump-times original "sub_scalar .0B," 2
UNRESOLVED: gfortran.dg/assumed_type_2.f90 -O3 -fomit-frame-pointer -funroll-all-loops -finline-functions scan-tree-dump-times original "sub_scalar .scalar_real_alloc," 2
UNRESOLVED: gfortran.dg/assumed_type_2.f90 -O3 -fomit-frame-pointer -funroll-all-loops -finline-functions scan-tree-dump-times original "sub_scalar .scalar_char_ptr," 2
UNRESOLVED: gfortran.dg/assumed_type_2.f90 -O3 -fomit-frame-pointer -funroll-all-loops -finline-functions scan-tree-dump-times original "sub_scalar .scalar_t2_alloc," 2
UNRESOLVED: gfortran.dg/assumed_type_2.f90 -O3 -fomit-frame-pointer -funroll-all-loops -finline-functions scan-tree-dump-times original "sub_scalar .scalar_t3_ptr" 2
UNRESOLVED: gfortran.dg/assumed_type_2.f90 -O3 -fomit-frame-pointer -funroll-all-loops -finline-functions scan-tree-dump-times original "sub_scalar .&scalar_int," 1
UNRESOLVED: gfortran.dg/assumed_type_2.f90 -O3 -fomit-frame-pointer -funroll-all-loops -finline-functions scan-tree-dump-times original "sub_scalar .&scalar_t1," 1
UNRESOLVED: gfortran.dg/assumed_type_2.f90 -O3 -fomit-frame-pointer -funroll-all-loops -finline-functions scan-tree-dump-times original "sub_scalar .&array_int.1.," 1
UNRESOLVED: gfortran.dg/assumed_type_2.f90 -O3 -fomit-frame-pointer -funroll-all-loops -finline-functions scan-tree-dump-times original "sub_scalar .&scalar_t1," 1
UNRESOLVED: gfortran.dg/assumed_type_2.f90 -O3 -fomit-frame-pointer -funroll-all-loops -finline-functions scan-tree-dump-times original "sub_scalar .&\\\\(.\\\\(real.kind=4..0:. . restrict\\\\) array_real_alloc.data" 1
UNRESOLVED: gfortran.dg/assumed_type_2.f90 -O3 -fomit-frame-pointer -funroll-all-loops -finline-functions scan-tree-dump-times original "sub_scalar .&\\\\(.\\\\(character.kind=1..0:..1:1. .\\\\) array_char_ptr.data" 1
UNRESOLVED: gfortran.dg/assumed_type_2.f90 -O3 -fomit-frame-pointer -funroll-all-loops -finline-functions scan-tree-dump-times original "sub_scalar .&\\\\(.\\\\(struct t2.0:. . restrict\\\\) array_t2_alloc.data" 1
UNRESOLVED: gfortran.dg/assumed_type_2.f90 -O3 -fomit-frame-pointer -funroll-all-loops -finline-functions scan-tree-dump-times original "sub_scalar .&\\\\(.\\\\(struct t3.0:. .\\\\) array_t3_ptr.data" 1
UNRESOLVED: gfortran.dg/assumed_type_2.f90 -O3 -fomit-frame-pointer -funroll-all-loops -finline-functions scan-tree-dump-times original "sub_scalar .\\\\(struct t1 .\\\\) array_class_t1_alloc._data.data" 1
UNRESOLVED: gfortran.dg/assumed_type_2.f90 -O3 -fomit-frame-pointer -funroll-all-loops -finline-functions scan-tree-dump-times original "sub_scalar .\\\\(struct t1 .\\\\) array_class_t1_ptr._data.dat" 1
UNRESOLVED: gfortran.dg/assumed_type_2.f90 -O3 -fomit-frame-pointer -funroll-all-loops -finline-functions scan-tree-dump-times original "sub_array_assumed \\\\(D" 3
UNRESOLVED: gfortran.dg/assumed_type_2.f90 -O3 -fomit-frame-pointer -funroll-all-loops -finline-functions scan-tree-dump-times original " = _gfortran_internal_pack \\\\(&parm" 1
UNRESOLVED: gfortran.dg/assumed_type_2.f90 -O3 -fomit-frame-pointer -funroll-all-loops -finline-functions scan-tree-dump-times original "sub_array_assumed \\\\(&array_int\\\\)" 1
UNRESOLVED: gfortran.dg/assumed_type_2.f90 -O3 -fomit-frame-pointer -funroll-all-loops -finline-functions scan-tree-dump-times original "sub_array_assumed \\\\(\\\\(real\\\\(kind=4\\\\).0:. . restrict\\\\) array_real_alloc.data" 1
UNRESOLVED: gfortran.dg/assumed_type_2.f90 -O3 -fomit-frame-pointer -funroll-all-loops -finline-functions scan-tree-dump-times original " = _gfortran_internal_pack \\\\(&array_char_ptr\\\\);" 1
UNRESOLVED: gfortran.dg/assumed_type_2.f90 -O3 -fomit-frame-pointer -funroll-all-loops -finline-functions scan-tree-dump-times original "\\\\.data = \\\\(void .\\\\) &array_t1.0.;" 1
UNRESOLVED: gfortran.dg/assumed_type_2.f90 -O3 -fomit-frame-pointer -funroll-all-loops -finline-functions scan-tree-dump-times original "sub_array_assumed \\\\(\\\\(struct t1.0:. .\\\\) parm" 1
UNRESOLVED: gfortran.dg/assumed_type_2.f90 -O3 -fomit-frame-pointer -funroll-all-loops -finline-functions scan-tree-dump-times original "sub_array_assumed \\\\(\\\\(struct t2.0:. . restrict\\\\) array_t2_alloc.data\\\\);" 1
UNRESOLVED: gfortran.dg/assumed_type_2.f90 -O3 -fomit-frame-pointer -funroll-all-loops -finline-functions scan-tree-dump-times original "sub_array_assumed \\\\(\\\\(struct t1.0:. . restrict\\\\) array_class_t1_alloc._data.data\\\\);" 1
UNRESOLVED: gfortran.dg/assumed_type_2.f90 -O3 -fomit-frame-pointer -funroll-all-loops -finline-functions scan-tree-dump-times original "sub_array_assumed \\\\(\\\\(struct t1.0:. .\\\\) array_class_t1_ptr._data.data\\\\);" 1
UNRESOLVED: gfortran.dg/assumed_type_2.f90 -O3 -fomit-frame-pointer -funroll-all-loops -finline-functions scan-tree-dump-times original "sub_array_shape \\\\(&array_real_alloc," 1
UNRESOLVED: gfortran.dg/assumed_type_2.f90 -O3 -fomit-frame-pointer -funroll-all-loops -finline-functions scan-tree-dump-times original "sub_array_shape \\\\(&array_char_ptr," 1
UNRESOLVED: gfortran.dg/assumed_type_2.f90 -O3 -fomit-frame-pointer -funroll-all-loops -finline-functions scan-tree-dump-times original "sub_array_shape \\\\(&array_t2_alloc," 1
UNRESOLVED: gfortran.dg/assumed_type_2.f90 -O3 -fomit-frame-pointer -funroll-all-loops -finline-functions scan-tree-dump-times original "sub_array_shape \\\\(&array_t3_ptr," 1
UNRESOLVED: gfortran.dg/assumed_type_2.f90 -O3 -fomit-frame-pointer -funroll-all-loops -finline-functions scan-tree-dump-times original "sub_array_shape \\\\(&array_class_t1_alloc._data," 1
UNRESOLVED: gfortran.dg/assumed_type_2.f90 -O3 -fomit-frame-pointer -funroll-all-loops -finline-functions scan-tree-dump-times original "sub_array_shape \\\\(&array_class_t1_ptr._data," 1
FAIL: gfortran.dg/assumed_type_2.f90 -O3 -g (test for excess errors)
UNRESOLVED: gfortran.dg/assumed_type_2.f90 -O3 -g compilation failed to produce executable
UNRESOLVED: gfortran.dg/assumed_type_2.f90 -O3 -g scan-tree-dump-times original "sub_scalar .0B," 2
UNRESOLVED: gfortran.dg/assumed_type_2.f90 -O3 -g scan-tree-dump-times original "sub_scalar .scalar_real_alloc," 2
UNRESOLVED: gfortran.dg/assumed_type_2.f90 -O3 -g scan-tree-dump-times original "sub_scalar .scalar_char_ptr," 2
UNRESOLVED: gfortran.dg/assumed_type_2.f90 -O3 -g scan-tree-dump-times original "sub_scalar .scalar_t2_alloc," 2
UNRESOLVED: gfortran.dg/assumed_type_2.f90 -O3 -g scan-tree-dump-times original "sub_scalar .scalar_t3_ptr" 2
UNRESOLVED: gfortran.dg/assumed_type_2.f90 -O3 -g scan-tree-dump-times original "sub_scalar .&scalar_int," 1
UNRESOLVED: gfortran.dg/assumed_type_2.f90 -O3 -g scan-tree-dump-times original "sub_scalar .&scalar_t1," 1
UNRESOLVED: gfortran.dg/assumed_type_2.f90 -O3 -g scan-tree-dump-times original "sub_scalar .&array_int.1.," 1
UNRESOLVED: gfortran.dg/assumed_type_2.f90 -O3 -g scan-tree-dump-times original "sub_scalar .&scalar_t1," 1
UNRESOLVED: gfortran.dg/assumed_type_2.f90 -O3 -g scan-tree-dump-times original "sub_scalar .&\\\\(.\\\\(real.kind=4..0:. . restrict\\\\) array_real_alloc.data" 1
UNRESOLVED: gfortran.dg/assumed_type_2.f90 -O3 -g scan-tree-dump-times original "sub_scalar .&\\\\(.\\\\(character.kind=1..0:..1:1. .\\\\) array_char_ptr.data" 1
UNRESOLVED: gfortran.dg/assumed_type_2.f90 -O3 -g scan-tree-dump-times original "sub_scalar .&\\\\(.\\\\(struct t2.0:. . restrict\\\\) array_t2_alloc.data" 1
UNRESOLVED: gfortran.dg/assumed_type_2.f90 -O3 -g scan-tree-dump-times original "sub_scalar .&\\\\(.\\\\(struct t3.0:. .\\\\) array_t3_ptr.data" 1
UNRESOLVED: gfortran.dg/assumed_type_2.f90 -O3 -g scan-tree-dump-times original "sub_scalar .\\\\(struct t1 .\\\\) array_class_t1_alloc._data.data" 1
UNRESOLVED: gfortran.dg/assumed_type_2.f90 -O3 -g scan-tree-dump-times original "sub_scalar .\\\\(struct t1 .\\\\) array_class_t1_ptr._data.dat" 1
UNRESOLVED: gfortran.dg/assumed_type_2.f90 -O3 -g scan-tree-dump-times original "sub_array_assumed \\\\(D" 3
UNRESOLVED: gfortran.dg/assumed_type_2.f90 -O3 -g scan-tree-dump-times original " = _gfortran_internal_pack \\\\(&parm" 1
UNRESOLVED: gfortran.dg/assumed_type_2.f90 -O3 -g scan-tree-dump-times original "sub_array_assumed \\\\(&array_int\\\\)" 1
UNRESOLVED: gfortran.dg/assumed_type_2.f90 -O3 -g scan-tree-dump-times original "sub_array_assumed \\\\(\\\\(real\\\\(kind=4\\\\).0:. . restrict\\\\) array_real_alloc.data" 1
UNRESOLVED: gfortran.dg/assumed_type_2.f90 -O3 -g scan-tree-dump-times original " = _gfortran_internal_pack \\\\(&array_char_ptr\\\\);" 1
UNRESOLVED: gfortran.dg/assumed_type_2.f90 -O3 -g scan-tree-dump-times original "\\\\.data = \\\\(void .\\\\) &array_t1.0.;" 1
UNRESOLVED: gfortran.dg/assumed_type_2.f90 -O3 -g scan-tree-dump-times original "sub_array_assumed \\\\(\\\\(struct t1.0:. .\\\\) parm" 1
UNRESOLVED: gfortran.dg/assumed_type_2.f90 -O3 -g scan-tree-dump-times original "sub_array_assumed \\\\(\\\\(struct t2.0:. . restrict\\\\) array_t2_alloc.data\\\\);" 1
UNRESOLVED: gfortran.dg/assumed_type_2.f90 -O3 -g scan-tree-dump-times original "sub_array_assumed \\\\(\\\\(struct t1.0:. . restrict\\\\) array_class_t1_alloc._data.data\\\\);" 1
UNRESOLVED: gfortran.dg/assumed_type_2.f90 -O3 -g scan-tree-dump-times original "sub_array_assumed \\\\(\\\\(struct t1.0:. .\\\\) array_class_t1_ptr._data.data\\\\);" 1
UNRESOLVED: gfortran.dg/assumed_type_2.f90 -O3 -g scan-tree-dump-times original "sub_array_shape \\\\(&array_real_alloc," 1
UNRESOLVED: gfortran.dg/assumed_type_2.f90 -O3 -g scan-tree-dump-times original "sub_array_shape \\\\(&array_char_ptr," 1
UNRESOLVED: gfortran.dg/assumed_type_2.f90 -O3 -g scan-tree-dump-times original "sub_array_shape \\\\(&array_t2_alloc," 1
UNRESOLVED: gfortran.dg/assumed_type_2.f90 -O3 -g scan-tree-dump-times original "sub_array_shape \\\\(&array_t3_ptr," 1
UNRESOLVED: gfortran.dg/assumed_type_2.f90 -O3 -g scan-tree-dump-times original "sub_array_shape \\\\(&array_class_t1_alloc._data," 1
UNRESOLVED: gfortran.dg/assumed_type_2.f90 -O3 -g scan-tree-dump-times original "sub_array_shape \\\\(&array_class_t1_ptr._data," 1
FAIL: gfortran.dg/assumed_type_2.f90 -Os (test for excess errors)
UNRESOLVED: gfortran.dg/assumed_type_2.f90 -Os compilation failed to produce executable
UNRESOLVED: gfortran.dg/assumed_type_2.f90 -Os scan-tree-dump-times original "sub_scalar .0B," 2
UNRESOLVED: gfortran.dg/assumed_type_2.f90 -Os scan-tree-dump-times original "sub_scalar .scalar_real_alloc," 2
UNRESOLVED: gfortran.dg/assumed_type_2.f90 -Os scan-tree-dump-times original "sub_scalar .scalar_char_ptr," 2
UNRESOLVED: gfortran.dg/assumed_type_2.f90 -Os scan-tree-dump-times original "sub_scalar .scalar_t2_alloc," 2
UNRESOLVED: gfortran.dg/assumed_type_2.f90 -Os scan-tree-dump-times original "sub_scalar .scalar_t3_ptr" 2
UNRESOLVED: gfortran.dg/assumed_type_2.f90 -Os scan-tree-dump-times original "sub_scalar .&scalar_int," 1
UNRESOLVED: gfortran.dg/assumed_type_2.f90 -Os scan-tree-dump-times original "sub_scalar .&scalar_t1," 1
UNRESOLVED: gfortran.dg/assumed_type_2.f90 -Os scan-tree-dump-times original "sub_scalar .&array_int.1.," 1
UNRESOLVED: gfortran.dg/assumed_type_2.f90 -Os scan-tree-dump-times original "sub_scalar .&scalar_t1," 1
UNRESOLVED: gfortran.dg/assumed_type_2.f90 -Os scan-tree-dump-times original "sub_scalar .&\\\\(.\\\\(real.kind=4..0:. . restrict\\\\) array_real_alloc.data" 1
UNRESOLVED: gfortran.dg/assumed_type_2.f90 -Os scan-tree-dump-times original "sub_scalar .&\\\\(.\\\\(character.kind=1..0:..1:1. .\\\\) array_char_ptr.data" 1
UNRESOLVED: gfortran.dg/assumed_type_2.f90 -Os scan-tree-dump-times original "sub_scalar .&\\\\(.\\\\(struct t2.0:. . restrict\\\\) array_t2_alloc.data" 1
UNRESOLVED: gfortran.dg/assumed_type_2.f90 -Os scan-tree-dump-times original "sub_scalar .&\\\\(.\\\\(struct t3.0:. .\\\\) array_t3_ptr.data" 1
UNRESOLVED: gfortran.dg/assumed_type_2.f90 -Os scan-tree-dump-times original "sub_scalar .\\\\(struct t1 .\\\\) array_class_t1_alloc._data.data" 1
UNRESOLVED: gfortran.dg/assumed_type_2.f90 -Os scan-tree-dump-times original "sub_scalar .\\\\(struct t1 .\\\\) array_class_t1_ptr._data.dat" 1
UNRESOLVED: gfortran.dg/assumed_type_2.f90 -Os scan-tree-dump-times original "sub_array_assumed \\\\(D" 3
UNRESOLVED: gfortran.dg/assumed_type_2.f90 -Os scan-tree-dump-times original " = _gfortran_internal_pack \\\\(&parm" 1
UNRESOLVED: gfortran.dg/assumed_type_2.f90 -Os scan-tree-dump-times original "sub_array_assumed \\\\(&array_int\\\\)" 1
UNRESOLVED: gfortran.dg/assumed_type_2.f90 -Os scan-tree-dump-times original "sub_array_assumed \\\\(\\\\(real\\\\(kind=4\\\\).0:. . restrict\\\\) array_real_alloc.data" 1
UNRESOLVED: gfortran.dg/assumed_type_2.f90 -Os scan-tree-dump-times original " = _gfortran_internal_pack \\\\(&array_char_ptr\\\\);" 1
UNRESOLVED: gfortran.dg/assumed_type_2.f90 -Os scan-tree-dump-times original "\\\\.data = \\\\(void .\\\\) &array_t1.0.;" 1
UNRESOLVED: gfortran.dg/assumed_type_2.f90 -Os scan-tree-dump-times original "sub_array_assumed \\\\(\\\\(struct t1.0:. .\\\\) parm" 1
UNRESOLVED: gfortran.dg/assumed_type_2.f90 -Os scan-tree-dump-times original "sub_array_assumed \\\\(\\\\(struct t2.0:. . restrict\\\\) array_t2_alloc.data\\\\);" 1
UNRESOLVED: gfortran.dg/assumed_type_2.f90 -Os scan-tree-dump-times original "sub_array_assumed \\\\(\\\\(struct t1.0:. . restrict\\\\) array_class_t1_alloc._data.data\\\\);" 1
UNRESOLVED: gfortran.dg/assumed_type_2.f90 -Os scan-tree-dump-times original "sub_array_assumed \\\\(\\\\(struct t1.0:. .\\\\) array_class_t1_ptr._data.data\\\\);" 1
UNRESOLVED: gfortran.dg/assumed_type_2.f90 -Os scan-tree-dump-times original "sub_array_shape \\\\(&array_real_alloc," 1
UNRESOLVED: gfortran.dg/assumed_type_2.f90 -Os scan-tree-dump-times original "sub_array_shape \\\\(&array_char_ptr," 1
UNRESOLVED: gfortran.dg/assumed_type_2.f90 -Os scan-tree-dump-times original "sub_array_shape \\\\(&array_t2_alloc," 1
UNRESOLVED: gfortran.dg/assumed_type_2.f90 -Os scan-tree-dump-times original "sub_array_shape \\\\(&array_t3_ptr," 1
UNRESOLVED: gfortran.dg/assumed_type_2.f90 -Os scan-tree-dump-times original "sub_array_shape \\\\(&array_class_t1_alloc._data," 1
UNRESOLVED: gfortran.dg/assumed_type_2.f90 -Os scan-tree-dump-times original "sub_array_shape \\\\(&array_class_t1_ptr._data," 1
FAIL: gfortran.dg/assumed_type_3.f90 -O (test for errors, line 34)
FAIL: gfortran.dg/assumed_type_3.f90 -O (test for errors, line 98)
FAIL: gfortran.dg/assumed_type_3.f90 -O (test for errors, line 103)
FAIL: gfortran.dg/assumed_type_3.f90 -O (test for errors, line 113)
FAIL: gfortran.dg/assumed_type_3.f90 -O (test for excess errors)
FAIL: gfortran.dg/assumed_type_5.f90 -O (test for errors, line 12)
FAIL: gfortran.dg/assumed_type_5.f90 -O (test for errors, line 13)
FAIL: gfortran.dg/assumed_type_5.f90 -O (test for errors, line 22)
FAIL: gfortran.dg/assumed_type_5.f90 -O (test for errors, line 23)
FAIL: gfortran.dg/assumed_type_5.f90 -O (test for errors, line 33)
FAIL: gfortran.dg/assumed_type_5.f90 -O (test for errors, line 34)
FAIL: gfortran.dg/assumed_type_5.f90 -O (test for excess errors)
FAIL: gfortran.dg/assumed_type_6.f90 -O (test for errors, line 11)
FAIL: gfortran.dg/assumed_type_6.f90 -O (test for excess errors)
FAIL: gfortran.dg/assumed_type_8.f90 -O (test for errors, line 17)
FAIL: gfortran.dg/assumed_type_8.f90 -O (test for excess errors)
FAIL: gfortran.dg/class_optional_2.f90 -O0 (test for excess errors)
UNRESOLVED: gfortran.dg/class_optional_2.f90 -O0 compilation failed to produce executable
FAIL: gfortran.dg/class_optional_2.f90 -O1 (test for excess errors)
UNRESOLVED: gfortran.dg/class_optional_2.f90 -O1 compilation failed to produce executable
FAIL: gfortran.dg/class_optional_2.f90 -O2 (test for excess errors)
UNRESOLVED: gfortran.dg/class_optional_2.f90 -O2 compilation failed to produce executable
FAIL: gfortran.dg/class_optional_2.f90 -O3 -fomit-frame-pointer (test for excess errors)
UNRESOLVED: gfortran.dg/class_optional_2.f90 -O3 -fomit-frame-pointer compilation failed to produce executable
FAIL: gfortran.dg/class_optional_2.f90 -O3 -fomit-frame-pointer -funroll-loops (test for excess errors)
UNRESOLVED: gfortran.dg/class_optional_2.f90 -O3 -fomit-frame-pointer -funroll-loops compilation failed to produce executable
FAIL: gfortran.dg/class_optional_2.f90 -O3 -fomit-frame-pointer -funroll-all-loops -finline-functions (test for excess errors)
UNRESOLVED: gfortran.dg/class_optional_2.f90 -O3 -fomit-frame-pointer -funroll-all-loops -finline-functions compilation failed to produce executable
FAIL: gfortran.dg/class_optional_2.f90 -O3 -g (test for excess errors)
UNRESOLVED: gfortran.dg/class_optional_2.f90 -O3 -g compilation failed to produce executable
FAIL: gfortran.dg/class_optional_2.f90 -Os (test for excess errors)
UNRESOLVED: gfortran.dg/class_optional_2.f90 -Os compilation failed to produce executable
FAIL: gfortran.dg/no_arg_check_1.f90 -O (test for excess errors)
FAIL: gfortran.dg/no_arg_check_2.f90 -O0 (test for excess errors)
UNRESOLVED: gfortran.dg/no_arg_check_2.f90 -O0 compilation failed to produce executable
UNRESOLVED: gfortran.dg/no_arg_check_2.f90 -O0 scan-tree-dump-times original "sub_scalar .0B," 2
UNRESOLVED: gfortran.dg/no_arg_check_2.f90 -O0 scan-tree-dump-times original "sub_scalar .scalar_real_alloc," 2
UNRESOLVED: gfortran.dg/no_arg_check_2.f90 -O0 scan-tree-dump-times original "sub_scalar .scalar_char_ptr," 2
UNRESOLVED: gfortran.dg/no_arg_check_2.f90 -O0 scan-tree-dump-times original "sub_scalar .scalar_t2_alloc," 2
UNRESOLVED: gfortran.dg/no_arg_check_2.f90 -O0 scan-tree-dump-times original "sub_scalar .scalar_t3_ptr" 2
UNRESOLVED: gfortran.dg/no_arg_check_2.f90 -O0 scan-tree-dump-times original "sub_scalar .&scalar_int," 1
UNRESOLVED: gfortran.dg/no_arg_check_2.f90 -O0 scan-tree-dump-times original "sub_scalar .&scalar_t1," 1
UNRESOLVED: gfortran.dg/no_arg_check_2.f90 -O0 scan-tree-dump-times original "sub_scalar .&array_int.1.," 1
UNRESOLVED: gfortran.dg/no_arg_check_2.f90 -O0 scan-tree-dump-times original "sub_scalar .&scalar_t1," 1
UNRESOLVED: gfortran.dg/no_arg_check_2.f90 -O0 scan-tree-dump-times original "sub_scalar .&\\\\(.\\\\(real.kind=4..0:. . restrict\\\\) array_real_alloc.data" 1
UNRESOLVED: gfortran.dg/no_arg_check_2.f90 -O0 scan-tree-dump-times original "sub_scalar .&\\\\(.\\\\(character.kind=1..0:..1:1. .\\\\) array_char_ptr.data" 1
UNRESOLVED: gfortran.dg/no_arg_check_2.f90 -O0 scan-tree-dump-times original "sub_scalar .&\\\\(.\\\\(struct t2.0:. . restrict\\\\) array_t2_alloc.data" 1
UNRESOLVED: gfortran.dg/no_arg_check_2.f90 -O0 scan-tree-dump-times original "sub_scalar .&\\\\(.\\\\(struct t3.0:. .\\\\) array_t3_ptr.data" 1
UNRESOLVED: gfortran.dg/no_arg_check_2.f90 -O0 scan-tree-dump-times original "sub_scalar .\\\\(struct t1 .\\\\) array_class_t1_alloc._data.data" 1
UNRESOLVED: gfortran.dg/no_arg_check_2.f90 -O0 scan-tree-dump-times original "sub_scalar .\\\\(struct t1 .\\\\) array_class_t1_ptr._data.dat" 1
UNRESOLVED: gfortran.dg/no_arg_check_2.f90 -O0 scan-tree-dump-times original "sub_array_assumed \\\\(D" 3
UNRESOLVED: gfortran.dg/no_arg_check_2.f90 -O0 scan-tree-dump-times original " = _gfortran_internal_pack \\\\(&parm" 1
UNRESOLVED: gfortran.dg/no_arg_check_2.f90 -O0 scan-tree-dump-times original "sub_array_assumed \\\\(&array_int\\\\)" 1
UNRESOLVED: gfortran.dg/no_arg_check_2.f90 -O0 scan-tree-dump-times original "sub_array_assumed \\\\(\\\\(real\\\\(kind=4\\\\).0:. . restrict\\\\) array_real_alloc.data" 1
UNRESOLVED: gfortran.dg/no_arg_check_2.f90 -O0 scan-tree-dump-times original " = _gfortran_internal_pack \\\\(&array_char_ptr\\\\);" 1
UNRESOLVED: gfortran.dg/no_arg_check_2.f90 -O0 scan-tree-dump-times original "\\\\.data = \\\\(void .\\\\) &array_t1.0.;" 1
UNRESOLVED: gfortran.dg/no_arg_check_2.f90 -O0 scan-tree-dump-times original "sub_array_assumed \\\\(\\\\(struct t1.0:. .\\\\) parm" 1
UNRESOLVED: gfortran.dg/no_arg_check_2.f90 -O0 scan-tree-dump-times original "sub_array_assumed \\\\(\\\\(struct t2.0:. . restrict\\\\) array_t2_alloc.data\\\\);" 1
UNRESOLVED: gfortran.dg/no_arg_check_2.f90 -O0 scan-tree-dump-times original "sub_array_assumed \\\\(\\\\(struct t1.0:. . restrict\\\\) array_class_t1_alloc._data.data\\\\);" 1
UNRESOLVED: gfortran.dg/no_arg_check_2.f90 -O0 scan-tree-dump-times original "sub_array_assumed \\\\(\\\\(struct t1.0:. .\\\\) array_class_t1_ptr._data.data\\\\);" 1
FAIL: gfortran.dg/no_arg_check_2.f90 -O1 (test for excess errors)
UNRESOLVED: gfortran.dg/no_arg_check_2.f90 -O1 compilation failed to produce executable
UNRESOLVED: gfortran.dg/no_arg_check_2.f90 -O1 scan-tree-dump-times original "sub_scalar .0B," 2
UNRESOLVED: gfortran.dg/no_arg_check_2.f90 -O1 scan-tree-dump-times original "sub_scalar .scalar_real_alloc," 2
UNRESOLVED: gfortran.dg/no_arg_check_2.f90 -O1 scan-tree-dump-times original "sub_scalar .scalar_char_ptr," 2
UNRESOLVED: gfortran.dg/no_arg_check_2.f90 -O1 scan-tree-dump-times original "sub_scalar .scalar_t2_alloc," 2
UNRESOLVED: gfortran.dg/no_arg_check_2.f90 -O1 scan-tree-dump-times original "sub_scalar .scalar_t3_ptr" 2
UNRESOLVED: gfortran.dg/no_arg_check_2.f90 -O1 scan-tree-dump-times original "sub_scalar .&scalar_int," 1
UNRESOLVED: gfortran.dg/no_arg_check_2.f90 -O1 scan-tree-dump-times original "sub_scalar .&scalar_t1," 1
UNRESOLVED: gfortran.dg/no_arg_check_2.f90 -O1 scan-tree-dump-times original "sub_scalar .&array_int.1.," 1
UNRESOLVED: gfortran.dg/no_arg_check_2.f90 -O1 scan-tree-dump-times original "sub_scalar .&scalar_t1," 1
UNRESOLVED: gfortran.dg/no_arg_check_2.f90 -O1 scan-tree-dump-times original "sub_scalar .&\\\\(.\\\\(real.kind=4..0:. . restrict\\\\) array_real_alloc.data" 1
UNRESOLVED: gfortran.dg/no_arg_check_2.f90 -O1 scan-tree-dump-times original "sub_scalar .&\\\\(.\\\\(character.kind=1..0:..1:1. .\\\\) array_char_ptr.data" 1
UNRESOLVED: gfortran.dg/no_arg_check_2.f90 -O1 scan-tree-dump-times original "sub_scalar .&\\\\(.\\\\(struct t2.0:. . restrict\\\\) array_t2_alloc.data" 1
UNRESOLVED: gfortran.dg/no_arg_check_2.f90 -O1 scan-tree-dump-times original "sub_scalar .&\\\\(.\\\\(struct t3.0:. .\\\\) array_t3_ptr.data" 1
UNRESOLVED: gfortran.dg/no_arg_check_2.f90 -O1 scan-tree-dump-times original "sub_scalar .\\\\(struct t1 .\\\\) array_class_t1_alloc._data.data" 1
UNRESOLVED: gfortran.dg/no_arg_check_2.f90 -O1 scan-tree-dump-times original "sub_scalar .\\\\(struct t1 .\\\\) array_class_t1_ptr._data.dat" 1
UNRESOLVED: gfortran.dg/no_arg_check_2.f90 -O1 scan-tree-dump-times original "sub_array_assumed \\\\(D" 3
UNRESOLVED: gfortran.dg/no_arg_check_2.f90 -O1 scan-tree-dump-times original " = _gfortran_internal_pack \\\\(&parm" 1
UNRESOLVED: gfortran.dg/no_arg_check_2.f90 -O1 scan-tree-dump-times original "sub_array_assumed \\\\(&array_int\\\\)" 1
UNRESOLVED: gfortran.dg/no_arg_check_2.f90 -O1 scan-tree-dump-times original "sub_array_assumed \\\\(\\\\(real\\\\(kind=4\\\\).0:. . restrict\\\\) array_real_alloc.data" 1
UNRESOLVED: gfortran.dg/no_arg_check_2.f90 -O1 scan-tree-dump-times original " = _gfortran_internal_pack \\\\(&array_char_ptr\\\\);" 1
UNRESOLVED: gfortran.dg/no_arg_check_2.f90 -O1 scan-tree-dump-times original "\\\\.data = \\\\(void .\\\\) &array_t1.0.;" 1
UNRESOLVED: gfortran.dg/no_arg_check_2.f90 -O1 scan-tree-dump-times original "sub_array_assumed \\\\(\\\\(struct t1.0:. .\\\\) parm" 1
UNRESOLVED: gfortran.dg/no_arg_check_2.f90 -O1 scan-tree-dump-times original "sub_array_assumed \\\\(\\\\(struct t2.0:. . restrict\\\\) array_t2_alloc.data\\\\);" 1
UNRESOLVED: gfortran.dg/no_arg_check_2.f90 -O1 scan-tree-dump-times original "sub_array_assumed \\\\(\\\\(struct t1.0:. . restrict\\\\) array_class_t1_alloc._data.data\\\\);" 1
UNRESOLVED: gfortran.dg/no_arg_check_2.f90 -O1 scan-tree-dump-times original "sub_array_assumed \\\\(\\\\(struct t1.0:. .\\\\) array_class_t1_ptr._data.data\\\\);" 1
FAIL: gfortran.dg/no_arg_check_2.f90 -O2 (test for excess errors)
UNRESOLVED: gfortran.dg/no_arg_check_2.f90 -O2 compilation failed to produce executable
UNRESOLVED: gfortran.dg/no_arg_check_2.f90 -O2 scan-tree-dump-times original "sub_scalar .0B," 2
UNRESOLVED: gfortran.dg/no_arg_check_2.f90 -O2 scan-tree-dump-times original "sub_scalar .scalar_real_alloc," 2
UNRESOLVED: gfortran.dg/no_arg_check_2.f90 -O2 scan-tree-dump-times original "sub_scalar .scalar_char_ptr," 2
UNRESOLVED: gfortran.dg/no_arg_check_2.f90 -O2 scan-tree-dump-times original "sub_scalar .scalar_t2_alloc," 2
UNRESOLVED: gfortran.dg/no_arg_check_2.f90 -O2 scan-tree-dump-times original "sub_scalar .scalar_t3_ptr" 2
UNRESOLVED: gfortran.dg/no_arg_check_2.f90 -O2 scan-tree-dump-times original "sub_scalar .&scalar_int," 1
UNRESOLVED: gfortran.dg/no_arg_check_2.f90 -O2 scan-tree-dump-times original "sub_scalar .&scalar_t1," 1
UNRESOLVED: gfortran.dg/no_arg_check_2.f90 -O2 scan-tree-dump-times original "sub_scalar .&array_int.1.," 1
UNRESOLVED: gfortran.dg/no_arg_check_2.f90 -O2 scan-tree-dump-times original "sub_scalar .&scalar_t1," 1
UNRESOLVED: gfortran.dg/no_arg_check_2.f90 -O2 scan-tree-dump-times original "sub_scalar .&\\\\(.\\\\(real.kind=4..0:. . restrict\\\\) array_real_alloc.data" 1
UNRESOLVED: gfortran.dg/no_arg_check_2.f90 -O2 scan-tree-dump-times original "sub_scalar .&\\\\(.\\\\(character.kind=1..0:..1:1. .\\\\) array_char_ptr.data" 1
UNRESOLVED: gfortran.dg/no_arg_check_2.f90 -O2 scan-tree-dump-times original "sub_scalar .&\\\\(.\\\\(struct t2.0:. . restrict\\\\) array_t2_alloc.data" 1
UNRESOLVED: gfortran.dg/no_arg_check_2.f90 -O2 scan-tree-dump-times original "sub_scalar .&\\\\(.\\\\(struct t3.0:. .\\\\) array_t3_ptr.data" 1
UNRESOLVED: gfortran.dg/no_arg_check_2.f90 -O2 scan-tree-dump-times original "sub_scalar .\\\\(struct t1 .\\\\) array_class_t1_alloc._data.data" 1
UNRESOLVED: gfortran.dg/no_arg_check_2.f90 -O2 scan-tree-dump-times original "sub_scalar .\\\\(struct t1 .\\\\) array_class_t1_ptr._data.dat" 1
UNRESOLVED: gfortran.dg/no_arg_check_2.f90 -O2 scan-tree-dump-times original "sub_array_assumed \\\\(D" 3
UNRESOLVED: gfortran.dg/no_arg_check_2.f90 -O2 scan-tree-dump-times original " = _gfortran_internal_pack \\\\(&parm" 1
UNRESOLVED: gfortran.dg/no_arg_check_2.f90 -O2 scan-tree-dump-times original "sub_array_assumed \\\\(&array_int\\\\)" 1
UNRESOLVED: gfortran.dg/no_arg_check_2.f90 -O2 scan-tree-dump-times original "sub_array_assumed \\\\(\\\\(real\\\\(kind=4\\\\).0:. . restrict\\\\) array_real_alloc.data" 1
UNRESOLVED: gfortran.dg/no_arg_check_2.f90 -O2 scan-tree-dump-times original " = _gfortran_internal_pack \\\\(&array_char_ptr\\\\);" 1
UNRESOLVED: gfortran.dg/no_arg_check_2.f90 -O2 scan-tree-dump-times original "\\\\.data = \\\\(void .\\\\) &array_t1.0.;" 1
UNRESOLVED: gfortran.dg/no_arg_check_2.f90 -O2 scan-tree-dump-times original "sub_array_assumed \\\\(\\\\(struct t1.0:. .\\\\) parm" 1
UNRESOLVED: gfortran.dg/no_arg_check_2.f90 -O2 scan-tree-dump-times original "sub_array_assumed \\\\(\\\\(struct t2.0:. . restrict\\\\) array_t2_alloc.data\\\\);" 1
UNRESOLVED: gfortran.dg/no_arg_check_2.f90 -O2 scan-tree-dump-times original "sub_array_assumed \\\\(\\\\(struct t1.0:. . restrict\\\\) array_class_t1_alloc._data.data\\\\);" 1
UNRESOLVED: gfortran.dg/no_arg_check_2.f90 -O2 scan-tree-dump-times original "sub_array_assumed \\\\(\\\\(struct t1.0:. .\\\\) array_class_t1_ptr._data.data\\\\);" 1
FAIL: gfortran.dg/no_arg_check_2.f90 -O3 -fomit-frame-pointer (test for excess errors)
UNRESOLVED: gfortran.dg/no_arg_check_2.f90 -O3 -fomit-frame-pointer compilation failed to produce executable
UNRESOLVED: gfortran.dg/no_arg_check_2.f90 -O3 -fomit-frame-pointer scan-tree-dump-times original "sub_scalar .0B," 2
UNRESOLVED: gfortran.dg/no_arg_check_2.f90 -O3 -fomit-frame-pointer scan-tree-dump-times original "sub_scalar .scalar_real_alloc," 2
UNRESOLVED: gfortran.dg/no_arg_check_2.f90 -O3 -fomit-frame-pointer scan-tree-dump-times original "sub_scalar .scalar_char_ptr," 2
UNRESOLVED: gfortran.dg/no_arg_check_2.f90 -O3 -fomit-frame-pointer scan-tree-dump-times original "sub_scalar .scalar_t2_alloc," 2
UNRESOLVED: gfortran.dg/no_arg_check_2.f90 -O3 -fomit-frame-pointer scan-tree-dump-times original "sub_scalar .scalar_t3_ptr" 2
UNRESOLVED: gfortran.dg/no_arg_check_2.f90 -O3 -fomit-frame-pointer scan-tree-dump-times original "sub_scalar .&scalar_int," 1
UNRESOLVED: gfortran.dg/no_arg_check_2.f90 -O3 -fomit-frame-pointer scan-tree-dump-times original "sub_scalar .&scalar_t1," 1
UNRESOLVED: gfortran.dg/no_arg_check_2.f90 -O3 -fomit-frame-pointer scan-tree-dump-times original "sub_scalar .&array_int.1.," 1
UNRESOLVED: gfortran.dg/no_arg_check_2.f90 -O3 -fomit-frame-pointer scan-tree-dump-times original "sub_scalar .&scalar_t1," 1
UNRESOLVED: gfortran.dg/no_arg_check_2.f90 -O3 -fomit-frame-pointer scan-tree-dump-times original "sub_scalar .&\\\\(.\\\\(real.kind=4..0:. . restrict\\\\) array_real_alloc.data" 1
UNRESOLVED: gfortran.dg/no_arg_check_2.f90 -O3 -fomit-frame-pointer scan-tree-dump-times original "sub_scalar .&\\\\(.\\\\(character.kind=1..0:..1:1. .\\\\) array_char_ptr.data" 1
UNRESOLVED: gfortran.dg/no_arg_check_2.f90 -O3 -fomit-frame-pointer scan-tree-dump-times original "sub_scalar .&\\\\(.\\\\(struct t2.0:. . restrict\\\\) array_t2_alloc.data" 1
UNRESOLVED: gfortran.dg/no_arg_check_2.f90 -O3 -fomit-frame-pointer scan-tree-dump-times original "sub_scalar .&\\\\(.\\\\(struct t3.0:. .\\\\) array_t3_ptr.data" 1
UNRESOLVED: gfortran.dg/no_arg_check_2.f90 -O3 -fomit-frame-pointer scan-tree-dump-times original "sub_scalar .\\\\(struct t1 .\\\\) array_class_t1_alloc._data.data" 1
UNRESOLVED: gfortran.dg/no_arg_check_2.f90 -O3 -fomit-frame-pointer scan-tree-dump-times original "sub_scalar .\\\\(struct t1 .\\\\) array_class_t1_ptr._data.dat" 1
UNRESOLVED: gfortran.dg/no_arg_check_2.f90 -O3 -fomit-frame-pointer scan-tree-dump-times original "sub_array_assumed \\\\(D" 3
UNRESOLVED: gfortran.dg/no_arg_check_2.f90 -O3 -fomit-frame-pointer scan-tree-dump-times original " = _gfortran_internal_pack \\\\(&parm" 1
UNRESOLVED: gfortran.dg/no_arg_check_2.f90 -O3 -fomit-frame-pointer scan-tree-dump-times original "sub_array_assumed \\\\(&array_int\\\\)" 1
UNRESOLVED: gfortran.dg/no_arg_check_2.f90 -O3 -fomit-frame-pointer scan-tree-dump-times original "sub_array_assumed \\\\(\\\\(real\\\\(kind=4\\\\).0:. . restrict\\\\) array_real_alloc.data" 1
UNRESOLVED: gfortran.dg/no_arg_check_2.f90 -O3 -fomit-frame-pointer scan-tree-dump-times original " = _gfortran_internal_pack \\\\(&array_char_ptr\\\\);" 1
UNRESOLVED: gfortran.dg/no_arg_check_2.f90 -O3 -fomit-frame-pointer scan-tree-dump-times original "\\\\.data = \\\\(void .\\\\) &array_t1.0.;" 1
UNRESOLVED: gfortran.dg/no_arg_check_2.f90 -O3 -fomit-frame-pointer scan-tree-dump-times original "sub_array_assumed \\\\(\\\\(struct t1.0:. .\\\\) parm" 1
UNRESOLVED: gfortran.dg/no_arg_check_2.f90 -O3 -fomit-frame-pointer scan-tree-dump-times original "sub_array_assumed \\\\(\\\\(struct t2.0:. . restrict\\\\) array_t2_alloc.data\\\\);" 1
UNRESOLVED: gfortran.dg/no_arg_check_2.f90 -O3 -fomit-frame-pointer scan-tree-dump-times original "sub_array_assumed \\\\(\\\\(struct t1.0:. . restrict\\\\) array_class_t1_alloc._data.data\\\\);" 1
UNRESOLVED: gfortran.dg/no_arg_check_2.f90 -O3 -fomit-frame-pointer scan-tree-dump-times original "sub_array_assumed \\\\(\\\\(struct t1.0:. .\\\\) array_class_t1_ptr._data.data\\\\);" 1
FAIL: gfortran.dg/no_arg_check_2.f90 -O3 -fomit-frame-pointer -funroll-loops (test for excess errors)
UNRESOLVED: gfortran.dg/no_arg_check_2.f90 -O3 -fomit-frame-pointer -funroll-loops compilation failed to produce executable
UNRESOLVED: gfortran.dg/no_arg_check_2.f90 -O3 -fomit-frame-pointer -funroll-loops scan-tree-dump-times original "sub_scalar .0B," 2
UNRESOLVED: gfortran.dg/no_arg_check_2.f90 -O3 -fomit-frame-pointer -funroll-loops scan-tree-dump-times original "sub_scalar .scalar_real_alloc," 2
UNRESOLVED: gfortran.dg/no_arg_check_2.f90 -O3 -fomit-frame-pointer -funroll-loops scan-tree-dump-times original "sub_scalar .scalar_char_ptr," 2
UNRESOLVED: gfortran.dg/no_arg_check_2.f90 -O3 -fomit-frame-pointer -funroll-loops scan-tree-dump-times original "sub_scalar .scalar_t2_alloc," 2
UNRESOLVED: gfortran.dg/no_arg_check_2.f90 -O3 -fomit-frame-pointer -funroll-loops scan-tree-dump-times original "sub_scalar .scalar_t3_ptr" 2
UNRESOLVED: gfortran.dg/no_arg_check_2.f90 -O3 -fomit-frame-pointer -funroll-loops scan-tree-dump-times original "sub_scalar .&scalar_int," 1
UNRESOLVED: gfortran.dg/no_arg_check_2.f90 -O3 -fomit-frame-pointer -funroll-loops scan-tree-dump-times original "sub_scalar .&scalar_t1," 1
UNRESOLVED: gfortran.dg/no_arg_check_2.f90 -O3 -fomit-frame-pointer -funroll-loops scan-tree-dump-times original "sub_scalar .&array_int.1.," 1
UNRESOLVED: gfortran.dg/no_arg_check_2.f90 -O3 -fomit-frame-pointer -funroll-loops scan-tree-dump-times original "sub_scalar .&scalar_t1," 1
UNRESOLVED: gfortran.dg/no_arg_check_2.f90 -O3 -fomit-frame-pointer -funroll-loops scan-tree-dump-times original "sub_scalar .&\\\\(.\\\\(real.kind=4..0:. . restrict\\\\) array_real_alloc.data" 1
UNRESOLVED: gfortran.dg/no_arg_check_2.f90 -O3 -fomit-frame-pointer -funroll-loops scan-tree-dump-times original "sub_scalar .&\\\\(.\\\\(character.kind=1..0:..1:1. .\\\\) array_char_ptr.data" 1
UNRESOLVED: gfortran.dg/no_arg_check_2.f90 -O3 -fomit-frame-pointer -funroll-loops scan-tree-dump-times original "sub_scalar .&\\\\(.\\\\(struct t2.0:. . restrict\\\\) array_t2_alloc.data" 1
UNRESOLVED: gfortran.dg/no_arg_check_2.f90 -O3 -fomit-frame-pointer -funroll-loops scan-tree-dump-times original "sub_scalar .&\\\\(.\\\\(struct t3.0:. .\\\\) array_t3_ptr.data" 1
UNRESOLVED: gfortran.dg/no_arg_check_2.f90 -O3 -fomit-frame-pointer -funroll-loops scan-tree-dump-times original "sub_scalar .\\\\(struct t1 .\\\\) array_class_t1_alloc._data.data" 1
UNRESOLVED: gfortran.dg/no_arg_check_2.f90 -O3 -fomit-frame-pointer -funroll-loops scan-tree-dump-times original "sub_scalar .\\\\(struct t1 .\\\\) array_class_t1_ptr._data.dat" 1
UNRESOLVED: gfortran.dg/no_arg_check_2.f90 -O3 -fomit-frame-pointer -funroll-loops scan-tree-dump-times original "sub_array_assumed \\\\(D" 3
UNRESOLVED: gfortran.dg/no_arg_check_2.f90 -O3 -fomit-frame-pointer -funroll-loops scan-tree-dump-times original " = _gfortran_internal_pack \\\\(&parm" 1
UNRESOLVED: gfortran.dg/no_arg_check_2.f90 -O3 -fomit-frame-pointer -funroll-loops scan-tree-dump-times original "sub_array_assumed \\\\(&array_int\\\\)" 1
UNRESOLVED: gfortran.dg/no_arg_check_2.f90 -O3 -fomit-frame-pointer -funroll-loops scan-tree-dump-times original "sub_array_assumed \\\\(\\\\(real\\\\(kind=4\\\\).0:. . restrict\\\\) array_real_alloc.data" 1
UNRESOLVED: gfortran.dg/no_arg_check_2.f90 -O3 -fomit-frame-pointer -funroll-loops scan-tree-dump-times original " = _gfortran_internal_pack \\\\(&array_char_ptr\\\\);" 1
UNRESOLVED: gfortran.dg/no_arg_check_2.f90 -O3 -fomit-frame-pointer -funroll-loops scan-tree-dump-times original "\\\\.data = \\\\(void .\\\\) &array_t1.0.;" 1
UNRESOLVED: gfortran.dg/no_arg_check_2.f90 -O3 -fomit-frame-pointer -funroll-loops scan-tree-dump-times original "sub_array_assumed \\\\(\\\\(struct t1.0:. .\\\\) parm" 1
UNRESOLVED: gfortran.dg/no_arg_check_2.f90 -O3 -fomit-frame-pointer -funroll-loops scan-tree-dump-times original "sub_array_assumed \\\\(\\\\(struct t2.0:. . restrict\\\\) array_t2_alloc.data\\\\);" 1
UNRESOLVED: gfortran.dg/no_arg_check_2.f90 -O3 -fomit-frame-pointer -funroll-loops scan-tree-dump-times original "sub_array_assumed \\\\(\\\\(struct t1.0:. . restrict\\\\) array_class_t1_alloc._data.data\\\\);" 1
UNRESOLVED: gfortran.dg/no_arg_check_2.f90 -O3 -fomit-frame-pointer -funroll-loops scan-tree-dump-times original "sub_array_assumed \\\\(\\\\(struct t1.0:. .\\\\) array_class_t1_ptr._data.data\\\\);" 1
FAIL: gfortran.dg/no_arg_check_2.f90 -O3 -fomit-frame-pointer -funroll-all-loops -finline-functions (test for excess errors)
UNRESOLVED: gfortran.dg/no_arg_check_2.f90 -O3 -fomit-frame-pointer -funroll-all-loops -finline-functions compilation failed to produce executable
UNRESOLVED: gfortran.dg/no_arg_check_2.f90 -O3 -fomit-frame-pointer -funroll-all-loops -finline-functions scan-tree-dump-times original "sub_scalar .0B," 2
UNRESOLVED: gfortran.dg/no_arg_check_2.f90 -O3 -fomit-frame-pointer -funroll-all-loops -finline-functions scan-tree-dump-times original "sub_scalar .scalar_real_alloc," 2
UNRESOLVED: gfortran.dg/no_arg_check_2.f90 -O3 -fomit-frame-pointer -funroll-all-loops -finline-functions scan-tree-dump-times original "sub_scalar .scalar_char_ptr," 2
UNRESOLVED: gfortran.dg/no_arg_check_2.f90 -O3 -fomit-frame-pointer -funroll-all-loops -finline-functions scan-tree-dump-times original "sub_scalar .scalar_t2_alloc," 2
UNRESOLVED: gfortran.dg/no_arg_check_2.f90 -O3 -fomit-frame-pointer -funroll-all-loops -finline-functions scan-tree-dump-times original "sub_scalar .scalar_t3_ptr" 2
UNRESOLVED: gfortran.dg/no_arg_check_2.f90 -O3 -fomit-frame-pointer -funroll-all-loops -finline-functions scan-tree-dump-times original "sub_scalar .&scalar_int," 1
UNRESOLVED: gfortran.dg/no_arg_check_2.f90 -O3 -fomit-frame-pointer -funroll-all-loops -finline-functions scan-tree-dump-times original "sub_scalar .&scalar_t1," 1
UNRESOLVED: gfortran.dg/no_arg_check_2.f90 -O3 -fomit-frame-pointer -funroll-all-loops -finline-functions scan-tree-dump-times original "sub_scalar .&array_int.1.," 1
UNRESOLVED: gfortran.dg/no_arg_check_2.f90 -O3 -fomit-frame-pointer -funroll-all-loops -finline-functions scan-tree-dump-times original "sub_scalar .&scalar_t1," 1
UNRESOLVED: gfortran.dg/no_arg_check_2.f90 -O3 -fomit-frame-pointer -funroll-all-loops -finline-functions scan-tree-dump-times original "sub_scalar .&\\\\(.\\\\(real.kind=4..0:. . restrict\\\\) array_real_alloc.data" 1
UNRESOLVED: gfortran.dg/no_arg_check_2.f90 -O3 -fomit-frame-pointer -funroll-all-loops -finline-functions scan-tree-dump-times original "sub_scalar .&\\\\(.\\\\(character.kind=1..0:..1:1. .\\\\) array_char_ptr.data" 1
UNRESOLVED: gfortran.dg/no_arg_check_2.f90 -O3 -fomit-frame-pointer -funroll-all-loops -finline-functions scan-tree-dump-times original "sub_scalar .&\\\\(.\\\\(struct t2.0:. . restrict\\\\) array_t2_alloc.data" 1
UNRESOLVED: gfortran.dg/no_arg_check_2.f90 -O3 -fomit-frame-pointer -funroll-all-loops -finline-functions scan-tree-dump-times original "sub_scalar .&\\\\(.\\\\(struct t3.0:. .\\\\) array_t3_ptr.data" 1
UNRESOLVED: gfortran.dg/no_arg_check_2.f90 -O3 -fomit-frame-pointer -funroll-all-loops -finline-functions scan-tree-dump-times original "sub_scalar .\\\\(struct t1 .\\\\) array_class_t1_alloc._data.data" 1
UNRESOLVED: gfortran.dg/no_arg_check_2.f90 -O3 -fomit-frame-pointer -funroll-all-loops -finline-functions scan-tree-dump-times original "sub_scalar .\\\\(struct t1 .\\\\) array_class_t1_ptr._data.dat" 1
UNRESOLVED: gfortran.dg/no_arg_check_2.f90 -O3 -fomit-frame-pointer -funroll-all-loops -finline-functions scan-tree-dump-times original "sub_array_assumed \\\\(D" 3
UNRESOLVED: gfortran.dg/no_arg_check_2.f90 -O3 -fomit-frame-pointer -funroll-all-loops -finline-functions scan-tree-dump-times original " = _gfortran_internal_pack \\\\(&parm" 1
UNRESOLVED: gfortran.dg/no_arg_check_2.f90 -O3 -fomit-frame-pointer -funroll-all-loops -finline-functions scan-tree-dump-times original "sub_array_assumed \\\\(&array_int\\\\)" 1
UNRESOLVED: gfortran.dg/no_arg_check_2.f90 -O3 -fomit-frame-pointer -funroll-all-loops -finline-functions scan-tree-dump-times original "sub_array_assumed \\\\(\\\\(real\\\\(kind=4\\\\).0:. . restrict\\\\) array_real_alloc.data" 1
UNRESOLVED: gfortran.dg/no_arg_check_2.f90 -O3 -fomit-frame-pointer -funroll-all-loops -finline-functions scan-tree-dump-times original " = _gfortran_internal_pack \\\\(&array_char_ptr\\\\);" 1
UNRESOLVED: gfortran.dg/no_arg_check_2.f90 -O3 -fomit-frame-pointer -funroll-all-loops -finline-functions scan-tree-dump-times original "\\\\.data = \\\\(void .\\\\) &array_t1.0.;" 1
UNRESOLVED: gfortran.dg/no_arg_check_2.f90 -O3 -fomit-frame-pointer -funroll-all-loops -finline-functions scan-tree-dump-times original "sub_array_assumed \\\\(\\\\(struct t1.0:. .\\\\) parm" 1
UNRESOLVED: gfortran.dg/no_arg_check_2.f90 -O3 -fomit-frame-pointer -funroll-all-loops -finline-functions scan-tree-dump-times original "sub_array_assumed \\\\(\\\\(struct t2.0:. . restrict\\\\) array_t2_alloc.data\\\\);" 1
UNRESOLVED: gfortran.dg/no_arg_check_2.f90 -O3 -fomit-frame-pointer -funroll-all-loops -finline-functions scan-tree-dump-times original "sub_array_assumed \\\\(\\\\(struct t1.0:. . restrict\\\\) array_class_t1_alloc._data.data\\\\);" 1
UNRESOLVED: gfortran.dg/no_arg_check_2.f90 -O3 -fomit-frame-pointer -funroll-all-loops -finline-functions scan-tree-dump-times original "sub_array_assumed \\\\(\\\\(struct t1.0:. .\\\\) array_class_t1_ptr._data.data\\\\);" 1
FAIL: gfortran.dg/no_arg_check_2.f90 -O3 -g (test for excess errors)
UNRESOLVED: gfortran.dg/no_arg_check_2.f90 -O3 -g compilation failed to produce executable
UNRESOLVED: gfortran.dg/no_arg_check_2.f90 -O3 -g scan-tree-dump-times original "sub_scalar .0B," 2
UNRESOLVED: gfortran.dg/no_arg_check_2.f90 -O3 -g scan-tree-dump-times original "sub_scalar .scalar_real_alloc," 2
UNRESOLVED: gfortran.dg/no_arg_check_2.f90 -O3 -g scan-tree-dump-times original "sub_scalar .scalar_char_ptr," 2
UNRESOLVED: gfortran.dg/no_arg_check_2.f90 -O3 -g scan-tree-dump-times original "sub_scalar .scalar_t2_alloc," 2
UNRESOLVED: gfortran.dg/no_arg_check_2.f90 -O3 -g scan-tree-dump-times original "sub_scalar .scalar_t3_ptr" 2
UNRESOLVED: gfortran.dg/no_arg_check_2.f90 -O3 -g scan-tree-dump-times original "sub_scalar .&scalar_int," 1
UNRESOLVED: gfortran.dg/no_arg_check_2.f90 -O3 -g scan-tree-dump-times original "sub_scalar .&scalar_t1," 1
UNRESOLVED: gfortran.dg/no_arg_check_2.f90 -O3 -g scan-tree-dump-times original "sub_scalar .&array_int.1.," 1
UNRESOLVED: gfortran.dg/no_arg_check_2.f90 -O3 -g scan-tree-dump-times original "sub_scalar .&scalar_t1," 1
UNRESOLVED: gfortran.dg/no_arg_check_2.f90 -O3 -g scan-tree-dump-times original "sub_scalar .&\\\\(.\\\\(real.kind=4..0:. . restrict\\\\) array_real_alloc.data" 1
UNRESOLVED: gfortran.dg/no_arg_check_2.f90 -O3 -g scan-tree-dump-times original "sub_scalar .&\\\\(.\\\\(character.kind=1..0:..1:1. .\\\\) array_char_ptr.data" 1
UNRESOLVED: gfortran.dg/no_arg_check_2.f90 -O3 -g scan-tree-dump-times original "sub_scalar .&\\\\(.\\\\(struct t2.0:. . restrict\\\\) array_t2_alloc.data" 1
UNRESOLVED: gfortran.dg/no_arg_check_2.f90 -O3 -g scan-tree-dump-times original "sub_scalar .&\\\\(.\\\\(struct t3.0:. .\\\\) array_t3_ptr.data" 1
UNRESOLVED: gfortran.dg/no_arg_check_2.f90 -O3 -g scan-tree-dump-times original "sub_scalar .\\\\(struct t1 .\\\\) array_class_t1_alloc._data.data" 1
UNRESOLVED: gfortran.dg/no_arg_check_2.f90 -O3 -g scan-tree-dump-times original "sub_scalar .\\\\(struct t1 .\\\\) array_class_t1_ptr._data.dat" 1
UNRESOLVED: gfortran.dg/no_arg_check_2.f90 -O3 -g scan-tree-dump-times original "sub_array_assumed \\\\(D" 3
UNRESOLVED: gfortran.dg/no_arg_check_2.f90 -O3 -g scan-tree-dump-times original " = _gfortran_internal_pack \\\\(&parm" 1
UNRESOLVED: gfortran.dg/no_arg_check_2.f90 -O3 -g scan-tree-dump-times original "sub_array_assumed \\\\(&array_int\\\\)" 1
UNRESOLVED: gfortran.dg/no_arg_check_2.f90 -O3 -g scan-tree-dump-times original "sub_array_assumed \\\\(\\\\(real\\\\(kind=4\\\\).0:. . restrict\\\\) array_real_alloc.data" 1
UNRESOLVED: gfortran.dg/no_arg_check_2.f90 -O3 -g scan-tree-dump-times original " = _gfortran_internal_pack \\\\(&array_char_ptr\\\\);" 1
UNRESOLVED: gfortran.dg/no_arg_check_2.f90 -O3 -g scan-tree-dump-times original "\\\\.data = \\\\(void .\\\\) &array_t1.0.;" 1
UNRESOLVED: gfortran.dg/no_arg_check_2.f90 -O3 -g scan-tree-dump-times original "sub_array_assumed \\\\(\\\\(struct t1.0:. .\\\\) parm" 1
UNRESOLVED: gfortran.dg/no_arg_check_2.f90 -O3 -g scan-tree-dump-times original "sub_array_assumed \\\\(\\\\(struct t2.0:. . restrict\\\\) array_t2_alloc.data\\\\);" 1
UNRESOLVED: gfortran.dg/no_arg_check_2.f90 -O3 -g scan-tree-dump-times original "sub_array_assumed \\\\(\\\\(struct t1.0:. . restrict\\\\) array_class_t1_alloc._data.data\\\\);" 1
UNRESOLVED: gfortran.dg/no_arg_check_2.f90 -O3 -g scan-tree-dump-times original "sub_array_assumed \\\\(\\\\(struct t1.0:. .\\\\) array_class_t1_ptr._data.data\\\\);" 1
FAIL: gfortran.dg/no_arg_check_2.f90 -Os (test for excess errors)
UNRESOLVED: gfortran.dg/no_arg_check_2.f90 -Os compilation failed to produce executable
UNRESOLVED: gfortran.dg/no_arg_check_2.f90 -Os scan-tree-dump-times original "sub_scalar .0B," 2
UNRESOLVED: gfortran.dg/no_arg_check_2.f90 -Os scan-tree-dump-times original "sub_scalar .scalar_real_alloc," 2
UNRESOLVED: gfortran.dg/no_arg_check_2.f90 -Os scan-tree-dump-times original "sub_scalar .scalar_char_ptr," 2
UNRESOLVED: gfortran.dg/no_arg_check_2.f90 -Os scan-tree-dump-times original "sub_scalar .scalar_t2_alloc," 2
UNRESOLVED: gfortran.dg/no_arg_check_2.f90 -Os scan-tree-dump-times original "sub_scalar .scalar_t3_ptr" 2
UNRESOLVED: gfortran.dg/no_arg_check_2.f90 -Os scan-tree-dump-times original "sub_scalar .&scalar_int," 1
UNRESOLVED: gfortran.dg/no_arg_check_2.f90 -Os scan-tree-dump-times original "sub_scalar .&scalar_t1," 1
UNRESOLVED: gfortran.dg/no_arg_check_2.f90 -Os scan-tree-dump-times original "sub_scalar .&array_int.1.," 1
UNRESOLVED: gfortran.dg/no_arg_check_2.f90 -Os scan-tree-dump-times original "sub_scalar .&scalar_t1," 1
UNRESOLVED: gfortran.dg/no_arg_check_2.f90 -Os scan-tree-dump-times original "sub_scalar .&\\\\(.\\\\(real.kind=4..0:. . restrict\\\\) array_real_alloc.data" 1
UNRESOLVED: gfortran.dg/no_arg_check_2.f90 -Os scan-tree-dump-times original "sub_scalar .&\\\\(.\\\\(character.kind=1..0:..1:1. .\\\\) array_char_ptr.data" 1
UNRESOLVED: gfortran.dg/no_arg_check_2.f90 -Os scan-tree-dump-times original "sub_scalar .&\\\\(.\\\\(struct t2.0:. . restrict\\\\) array_t2_alloc.data" 1
UNRESOLVED: gfortran.dg/no_arg_check_2.f90 -Os scan-tree-dump-times original "sub_scalar .&\\\\(.\\\\(struct t3.0:. .\\\\) array_t3_ptr.data" 1
UNRESOLVED: gfortran.dg/no_arg_check_2.f90 -Os scan-tree-dump-times original "sub_scalar .\\\\(struct t1 .\\\\) array_class_t1_alloc._data.data" 1
UNRESOLVED: gfortran.dg/no_arg_check_2.f90 -Os scan-tree-dump-times original "sub_scalar .\\\\(struct t1 .\\\\) array_class_t1_ptr._data.dat" 1
UNRESOLVED: gfortran.dg/no_arg_check_2.f90 -Os scan-tree-dump-times original "sub_array_assumed \\\\(D" 3
UNRESOLVED: gfortran.dg/no_arg_check_2.f90 -Os scan-tree-dump-times original " = _gfortran_internal_pack \\\\(&parm" 1
UNRESOLVED: gfortran.dg/no_arg_check_2.f90 -Os scan-tree-dump-times original "sub_array_assumed \\\\(&array_int\\\\)" 1
UNRESOLVED: gfortran.dg/no_arg_check_2.f90 -Os scan-tree-dump-times original "sub_array_assumed \\\\(\\\\(real\\\\(kind=4\\\\).0:. . restrict\\\\) array_real_alloc.data" 1
UNRESOLVED: gfortran.dg/no_arg_check_2.f90 -Os scan-tree-dump-times original " = _gfortran_internal_pack \\\\(&array_char_ptr\\\\);" 1
UNRESOLVED: gfortran.dg/no_arg_check_2.f90 -Os scan-tree-dump-times original "\\\\.data = \\\\(void .\\\\) &array_t1.0.;" 1
UNRESOLVED: gfortran.dg/no_arg_check_2.f90 -Os scan-tree-dump-times original "sub_array_assumed \\\\(\\\\(struct t1.0:. .\\\\) parm" 1
UNRESOLVED: gfortran.dg/no_arg_check_2.f90 -Os scan-tree-dump-times original "sub_array_assumed \\\\(\\\\(struct t2.0:. . restrict\\\\) array_t2_alloc.data\\\\);" 1
UNRESOLVED: gfortran.dg/no_arg_check_2.f90 -Os scan-tree-dump-times original "sub_array_assumed \\\\(\\\\(struct t1.0:. . restrict\\\\) array_class_t1_alloc._data.data\\\\);" 1
UNRESOLVED: gfortran.dg/no_arg_check_2.f90 -Os scan-tree-dump-times original "sub_array_assumed \\\\(\\\\(struct t1.0:. .\\\\) array_class_t1_ptr._data.data\\\\);" 1
FAIL: gfortran.dg/no_arg_check_3.f90 -O (test for errors, line 42)
FAIL: gfortran.dg/no_arg_check_3.f90 -O (test for errors, line 100)
FAIL: gfortran.dg/no_arg_check_3.f90 -O (test for errors, line 106)
FAIL: gfortran.dg/no_arg_check_3.f90 -O (test for errors, line 117)
FAIL: gfortran.dg/no_arg_check_3.f90 -O (test for excess errors)
FAIL: gfortran.dg/pr45636.f90 -O scan-tree-dump-times forwprop2 "memset" 0
FAIL: gfortran.dg/sizeof_2.f90 -O (test for errors, line 13)
FAIL: gfortran.dg/sizeof_2.f90 -O (test for errors, line 14)
FAIL: gfortran.dg/sizeof_2.f90 -O (test for errors, line 15)
FAIL: gfortran.dg/sizeof_2.f90 -O (test for excess errors)
FAIL: gfortran.dg/unlimited_polymorphic_1.f03 -O0 (test for excess errors)
UNRESOLVED: gfortran.dg/unlimited_polymorphic_1.f03 -O0 compilation failed to produce executable
FAIL: gfortran.dg/unlimited_polymorphic_1.f03 -O1 (test for excess errors)
UNRESOLVED: gfortran.dg/unlimited_polymorphic_1.f03 -O1 compilation failed to produce executable
FAIL: gfortran.dg/unlimited_polymorphic_1.f03 -O2 (test for excess errors)
UNRESOLVED: gfortran.dg/unlimited_polymorphic_1.f03 -O2 compilation failed to produce executable
FAIL: gfortran.dg/unlimited_polymorphic_1.f03 -O3 -fomit-frame-pointer (test for excess errors)
UNRESOLVED: gfortran.dg/unlimited_polymorphic_1.f03 -O3 -fomit-frame-pointer compilation failed to produce executable
FAIL: gfortran.dg/unlimited_polymorphic_1.f03 -O3 -fomit-frame-pointer -funroll-loops (test for excess errors)
UNRESOLVED: gfortran.dg/unlimited_polymorphic_1.f03 -O3 -fomit-frame-pointer -funroll-loops compilation failed to produce executable
FAIL: gfortran.dg/unlimited_polymorphic_1.f03 -O3 -fomit-frame-pointer -funroll-all-loops -finline-functions (test for excess errors)
UNRESOLVED: gfortran.dg/unlimited_polymorphic_1.f03 -O3 -fomit-frame-pointer -funroll-all-loops -finline-functions compilation failed to produce executable
FAIL: gfortran.dg/unlimited_polymorphic_1.f03 -O3 -g (test for excess errors)
UNRESOLVED: gfortran.dg/unlimited_polymorphic_1.f03 -O3 -g compilation failed to produce executable
FAIL: gfortran.dg/unlimited_polymorphic_1.f03 -Os (test for excess errors)
UNRESOLVED: gfortran.dg/unlimited_polymorphic_1.f03 -Os compilation failed to produce executable
=== gfortran Summary ===
# of expected passes 45080
# of unexpected failures 139
# of expected failures 38
# of unresolved testcases 584
# of unsupported tests 54
/space/uros/gcc-build-49-nobwx/gcc/testsuite/gfortran/../../gfortran version 4.9.2 20141020 (prerelease) [gcc-4_9-branch revision 216454] (GCC)
=== g++ tests ===
Running target unix
FAIL: g++.dg/guality/pr55665.C -O2 line 23 p == 40
FAIL: g++.dg/guality/pr55665.C -O3 -fomit-frame-pointer line 23 p == 40
FAIL: g++.dg/guality/pr55665.C -O3 -g line 23 p == 40
FAIL: g++.dg/simulate-thread/bitfields-2.C -O0 -g thread simulation test
FAIL: g++.dg/simulate-thread/bitfields.C -O0 -g thread simulation test
FAIL: c-c++-common/simulate-thread/bitfields-1.c -O0 -g thread simulation test
FAIL: c-c++-common/simulate-thread/bitfields-2.c -O0 -g thread simulation test
FAIL: c-c++-common/simulate-thread/bitfields-2.c -O1 -g thread simulation test
FAIL: c-c++-common/simulate-thread/bitfields-2.c -O2 -g -std=c++98 thread simulation test
FAIL: c-c++-common/simulate-thread/bitfields-2.c -O3 -g -std=c++11 thread simulation test
FAIL: c-c++-common/simulate-thread/bitfields-2.c -Os -g thread simulation test
FAIL: c-c++-common/simulate-thread/bitfields-3.c -O0 -g thread simulation test
FAIL: c-c++-common/simulate-thread/bitfields-4.c -O0 -g thread simulation test
FAIL: c-c++-common/simulate-thread/bitfields-4.c -O1 -g thread simulation test
FAIL: c-c++-common/simulate-thread/bitfields-4.c -O2 -g -std=c++98 thread simulation test
FAIL: c-c++-common/simulate-thread/bitfields-4.c -O3 -g -std=c++11 thread simulation test
FAIL: c-c++-common/simulate-thread/bitfields-4.c -Os -g thread simulation test
XPASS: g++.dg/tls/thread_local-order2.C -std=c++11 execution test
XPASS: g++.dg/tls/thread_local-order2.C -std=c++1y execution test
=== g++ Summary ===
# of expected passes 80161
# of unexpected failures 17
# of unexpected successes 2
# of expected failures 443
# of unsupported tests 3141
/space/uros/gcc-build-49-nobwx/gcc/testsuite/g++/../../xg++ version 4.9.2 20141020 (prerelease) [gcc-4_9-branch revision 216454] (GCC)
=== go tests ===
Running target unix
FAIL: go.test/test/recover.go execution, -O2 -g
=== go Summary ===
# of expected passes 7247
# of unexpected failures 1
# of expected failures 1
# of untested testcases 10
# of unsupported tests 3
/space/uros/gcc-build-49-nobwx/gcc/testsuite/go/../../gccgo version 4.9.2 20141020 (prerelease) [gcc-4_9-branch revision 216454] (GCC)
=== obj-c++ tests ===
Running target unix
=== obj-c++ Summary ===
# of expected passes 1441
# of expected failures 10
# of unsupported tests 86
/space/uros/gcc-build-49-nobwx/gcc/testsuite/obj-c++/../../xg++ version 4.9.2 20141020 (prerelease) [gcc-4_9-branch revision 216454] (GCC)
=== objc tests ===
Running target unix
=== objc Summary ===
# of expected passes 2992
# of unsupported tests 75
/space/uros/gcc-build-49-nobwx/gcc/xgcc version 4.9.2 20141020 (prerelease) [gcc-4_9-branch revision 216454] (GCC)
Compiler version: 4.9.2 20141020 (prerelease) [gcc-4_9-branch revision 216454] (GCC)
Platform: alpha-unknown-linux-gnu
configure flags: --host=alpha-unknown-linux-gnu --build=alpha-unknown-linux-gnu --target=alpha-linux-gnu --enable-languages=all,obj-c++,go
BOOT_CFLAGS=-g -O2