This is the mail archive of the
gcc-testresults@gcc.gnu.org
mailing list for the GCC project.
FW: Results for 5.0.0 20141016 (experimental) (GCC) testsuite on x86_64-unknown-linux-gnu
- From: "Pinski, Andrew" <Andrew dot Pinski at caviumnetworks dot com>
- To: "gcc-testresults at gcc dot gnu dot org" <gcc-testresults at gcc dot gnu dot org>
- Date: Fri, 17 Oct 2014 06:20:15 +0000
- Subject: FW: Results for 5.0.0 20141016 (experimental) (GCC) testsuite on x86_64-unknown-linux-gnu
- Authentication-results: sourceware.org; auth=none
- Auto-submitted: auto-generated
- References: <201410170620 dot s9H6K5sf021496 at blackduck dot caveonetworks dot com>
________________________________________
From: jenkins@blackduck.caveonetworks.com
Sent: Thursday, October 16, 2014 11:20:05 PM (UTC-08:00) Pacific Time (US & Canada)
To: apinski@cavium.com
Subject: Results for 5.0.0 20141016 (experimental) (GCC) testsuite on x86_64-unknown-linux-gnu
Native configuration is x86_64-unknown-linux-gnu
=== gcc tests ===
Running target unix//-m32
FAIL: gcc.c-torture/execute/builtin-bitops-1.c -O2 -flto execution test
FAIL: gcc.c-torture/execute/builtin-bitops-1.c -O2 -flto -flto-partition=none execution test
FAIL: gcc.c-torture/execute/pr60062.c -O2 -flto execution test
FAIL: gcc.c-torture/execute/pr60062.c -O2 -flto -flto-partition=none execution test
FAIL: gcc.c-torture/execute/pr60062.c -Os execution test
FAIL: gcc.dg/combine_ashiftrt_1.c scan-rtl-dump combine "\\\\(neg:DI \\\\(ge:DI"
FAIL: gcc.dg/torture/tls/run-ld.c -O1 -pie -fPIE execution test
FAIL: gcc.dg/torture/tls/run-ld.c -O1 -pie -fpie execution test
FAIL: gcc.dg/torture/tls/run-ld.c -O2 -pie -fPIE execution test
FAIL: gcc.dg/torture/tls/run-ld.c -O2 -pie -fpie execution test
FAIL: gcc.dg/torture/tls/run-ld.c -O3 -fomit-frame-pointer -pie -fPIE execution test
FAIL: gcc.dg/torture/tls/run-ld.c -O3 -fomit-frame-pointer -pie -fpie execution test
FAIL: gcc.dg/torture/tls/run-ld.c -O3 -g -pie -fPIE execution test
FAIL: gcc.dg/torture/tls/run-ld.c -O3 -g -pie -fpie execution test
FAIL: gcc.dg/torture/tls/run-ld.c -Os -pie -fPIE execution test
FAIL: gcc.dg/torture/tls/run-ld.c -Os -pie -fpie execution test
UNRESOLVED: gcc.dg/tree-prof/peel-1.c scan-rtl-dump loop2_unroll "Considering simply peeling loop"
FAIL: gcc.target/i386/pr49095.c scan-assembler-not test[lq]
=== gcc Summary for unix//-m32 ===
# of expected passes 104181
# of unexpected failures 17
# of expected failures 246
# of unresolved testcases 1
# of unsupported tests 2007
Running target unix//-m64
UNRESOLVED: gcc.dg/tree-prof/peel-1.c scan-rtl-dump loop2_unroll "Considering simply peeling loop"
FAIL: gcc.target/i386/pr56114.c (test for excess errors)
=== gcc Summary for unix//-m64 ===
# of expected passes 104952
# of unexpected failures 1
# of expected failures 247
# of unresolved testcases 1
# of unsupported tests 2227
=== gcc Summary ===
# of expected passes 209133
# of unexpected failures 18
# of expected failures 493
# of unresolved testcases 2
# of unsupported tests 4234
/var/lib/jenkins/workspace/GCCupstream/objdir/gcc/xgcc version 5.0.0 20141016 (experimental) (GCC)
=== gfortran tests ===
Running target unix//-m32
=== gfortran Summary for unix//-m32 ===
# of expected passes 46386
# of expected failures 38
# of unsupported tests 221
Running target unix//-m64
=== gfortran Summary for unix//-m64 ===
# of expected passes 46675
# of expected failures 38
# of unsupported tests 81
=== gfortran Summary ===
# of expected passes 93061
# of expected failures 76
# of unsupported tests 302
/var/lib/jenkins/workspace/GCCupstream/objdir/gcc/testsuite/gfortran/../../gfortran version 5.0.0 20141016 (experimental) (GCC)
=== g++ tests ===
Running target unix//-m32
FAIL: g++.dg/asan/asan_test.C -O2 AddressSanitizer_AttributeNoSanitizeAddressTest execution test
FAIL: g++.dg/asan/asan_test.C -O2 AddressSanitizer_BufferOverflowAfterManyFrees execution test
FAIL: g++.dg/asan/asan_test.C -O2 AddressSanitizer_FileNameInGlobalReportTest Ident(p[15]) output pattern test
FAIL: g++.dg/asan/asan_test.C -O2 AddressSanitizer_GlobalStringConstTest Ident(p[15]) output pattern test
FAIL: g++.dg/asan/asan_test.C -O2 AddressSanitizer_GlobalTest Ident(Ident(ConstGlob)[8]) output pattern test
FAIL: g++.dg/asan/asan_test.C -O2 AddressSanitizer_GlobalTest Ident(Ident(StaticConstGlob)[5]) output pattern test
FAIL: g++.dg/asan/asan_test.C -O2 AddressSanitizer_LargeOOBInMemset execution test
FAIL: g++.dg/asan/asan_test.C -O2 AddressSanitizer_LargeStructCopyTest execution test
FAIL: g++.dg/asan/asan_test.C -O2 AddressSanitizer_LongDoubleNegativeTest execution test
FAIL: g++.dg/asan/asan_test.C -O2 AddressSanitizer_MemCmpOOBTest Ident(memcmp)(s1 + 1, s2 + 1, size) output pattern test
FAIL: g++.dg/asan/asan_test.C -O2 AddressSanitizer_MemCmpOOBTest Ident(memcmp)(s1 + size - 1, s2, 2) output pattern test
FAIL: g++.dg/asan/asan_test.C -O2 AddressSanitizer_MemCmpOOBTest Ident(memcmp)(s1 + size, s2, 1) output pattern test
FAIL: g++.dg/asan/asan_test.C -O2 AddressSanitizer_MemCmpOOBTest Ident(memcmp)(s1 - 1, s2, 1) output pattern test
FAIL: g++.dg/asan/asan_test.C -O2 AddressSanitizer_MemCmpOOBTest Ident(memcmp)(s1, s2 + size, 1) output pattern test
FAIL: g++.dg/asan/asan_test.C -O2 AddressSanitizer_MemCmpOOBTest Ident(memcmp)(s1, s2 - 1, 1) output pattern test
FAIL: g++.dg/asan/asan_test.C -O2 AddressSanitizer_MemCmpOOBTest Ident(memcmp)(s1, s2, size + 1) output pattern test
FAIL: g++.dg/asan/asan_test.C -O2 AddressSanitizer_MemCmpOOBTest Ident(memcmp)(s1, s2, size + 1) output pattern test
FAIL: g++.dg/asan/asan_test.C -O2 AddressSanitizer_MemCpyOOBTest execution test
FAIL: g++.dg/asan/asan_test.C -O2 AddressSanitizer_MemMoveOOBTest execution test
FAIL: g++.dg/asan/asan_test.C -O2 AddressSanitizer_MemSetOOBTest execution test
FAIL: g++.dg/asan/asan_test.C -O2 AddressSanitizer_StrArgsOverlapTest execution test
FAIL: g++.dg/asan/asan_test.C -O2 AddressSanitizer_StrCaseCmpOOBTest Ident(StrCmp)(s1 + size - 1, s2) output pattern test
FAIL: g++.dg/asan/asan_test.C -O2 AddressSanitizer_StrCaseCmpOOBTest Ident(StrCmp)(s1 + size, s2) output pattern test
FAIL: g++.dg/asan/asan_test.C -O2 AddressSanitizer_StrCaseCmpOOBTest Ident(StrCmp)(s1 - 1, s2) output pattern test
FAIL: g++.dg/asan/asan_test.C -O2 AddressSanitizer_StrCaseCmpOOBTest Ident(StrCmp)(s1, s1) output pattern test
FAIL: g++.dg/asan/asan_test.C -O2 AddressSanitizer_StrCaseCmpOOBTest Ident(StrCmp)(s1, s2 + size) output pattern test
FAIL: g++.dg/asan/asan_test.C -O2 AddressSanitizer_StrCaseCmpOOBTest Ident(StrCmp)(s1, s2 - 1) output pattern test
FAIL: g++.dg/asan/asan_test.C -O2 AddressSanitizer_StrCmpOOBTest Ident(StrCmp)(s1 + size - 1, s2) output pattern test
FAIL: g++.dg/asan/asan_test.C -O2 AddressSanitizer_StrCmpOOBTest Ident(StrCmp)(s1 + size, s2) output pattern test
FAIL: g++.dg/asan/asan_test.C -O2 AddressSanitizer_StrCmpOOBTest Ident(StrCmp)(s1 - 1, s2) output pattern test
FAIL: g++.dg/asan/asan_test.C -O2 AddressSanitizer_StrCmpOOBTest Ident(StrCmp)(s1, s1) output pattern test
FAIL: g++.dg/asan/asan_test.C -O2 AddressSanitizer_StrCmpOOBTest Ident(StrCmp)(s1, s2 + size) output pattern test
FAIL: g++.dg/asan/asan_test.C -O2 AddressSanitizer_StrCmpOOBTest Ident(StrCmp)(s1, s2 - 1) output pattern test
FAIL: g++.dg/asan/asan_test.C -O2 AddressSanitizer_StrDupTest execution test
FAIL: g++.dg/asan/asan_test.C -O2 AddressSanitizer_UAF_Packed5 execution test
FAIL: g++.dg/asan/asan_test.C -O2 AddressSanitizer_UAF_long_double execution test
FAIL: g++.dg/asan/asan_test.C -O2 AddressSanitizer_WcsLenTest execution test
FAIL: g++.dg/asan/asan_test.C -O2 AddressSanitizer_pthread_getschedparam pthread_getschedparam(pthread_self(), Ident(&policy) - 1, ¶m) output pattern test
FAIL: g++.dg/init/enum1.C -std=gnu++11 (test for errors, line 12)
FAIL: g++.dg/init/enum1.C -std=gnu++1y (test for errors, line 12)
FAIL: g++.dg/init/enum1.C -std=gnu++98 (test for errors, line 12)
UNRESOLVED: g++.dg/ipa/devirt-42.C -std=gnu++11 scan-ipa-dump-not optimized "OBJ_TYPE_REF"
UNRESOLVED: g++.dg/ipa/devirt-42.C -std=gnu++11 scan-ipa-dump-times optimized "return 2" 2
UNRESOLVED: g++.dg/ipa/devirt-42.C -std=gnu++1y scan-ipa-dump-not optimized "OBJ_TYPE_REF"
UNRESOLVED: g++.dg/ipa/devirt-42.C -std=gnu++1y scan-ipa-dump-times optimized "return 2" 2
UNRESOLVED: g++.dg/ipa/devirt-42.C -std=gnu++98 scan-ipa-dump-not optimized "OBJ_TYPE_REF"
UNRESOLVED: g++.dg/ipa/devirt-42.C -std=gnu++98 scan-ipa-dump-times optimized "return 2" 2
UNRESOLVED: g++.dg/ipa/devirt-46.C -std=gnu++11 scan-ipa-dump-not optimized "OBJ_TYPE_REF"
UNRESOLVED: g++.dg/ipa/devirt-46.C -std=gnu++11 scan-ipa-dump-not optimized "abort"
UNRESOLVED: g++.dg/ipa/devirt-46.C -std=gnu++1y scan-ipa-dump-not optimized "OBJ_TYPE_REF"
UNRESOLVED: g++.dg/ipa/devirt-46.C -std=gnu++1y scan-ipa-dump-not optimized "abort"
UNRESOLVED: g++.dg/ipa/devirt-46.C -std=gnu++98 scan-ipa-dump-not optimized "OBJ_TYPE_REF"
UNRESOLVED: g++.dg/ipa/devirt-46.C -std=gnu++98 scan-ipa-dump-not optimized "abort"
UNRESOLVED: g++.dg/ipa/devirt-47.C -std=gnu++11 scan-ipa-dump optimized "C::_ZThn"
UNRESOLVED: g++.dg/ipa/devirt-47.C -std=gnu++11 scan-ipa-dump-not optimized "OBJ_TYPE_REF"
UNRESOLVED: g++.dg/ipa/devirt-47.C -std=gnu++1y scan-ipa-dump optimized "C::_ZThn"
UNRESOLVED: g++.dg/ipa/devirt-47.C -std=gnu++1y scan-ipa-dump-not optimized "OBJ_TYPE_REF"
UNRESOLVED: g++.dg/ipa/devirt-47.C -std=gnu++98 scan-ipa-dump optimized "C::_ZThn"
UNRESOLVED: g++.dg/ipa/devirt-47.C -std=gnu++98 scan-ipa-dump-not optimized "OBJ_TYPE_REF"
FAIL: g++.dg/other/anon5.C -std=gnu++11 (test for excess errors)
FAIL: g++.dg/other/anon5.C -std=gnu++1y (test for excess errors)
FAIL: g++.dg/other/anon5.C -std=gnu++98 (test for excess errors)
FAIL: g++.dg/other/pr59492.C -std=gnu++11 (test for excess errors)
FAIL: g++.dg/other/pr59492.C -std=gnu++1y (test for excess errors)
FAIL: g++.dg/other/pr59492.C -std=gnu++98 (test for excess errors)
UNRESOLVED: g++.dg/tree-prof/pr35545.C scan-ipa-dump-not optimized "OBJ_TYPE_REF"
=== g++ Summary for unix//-m32 ===
# of expected passes 87595
# of unexpected failures 47
# of expected failures 257
# of unresolved testcases 19
# of unsupported tests 3020
Running target unix//-m64
UNRESOLVED: g++.dg/ipa/devirt-42.C -std=gnu++11 scan-ipa-dump-not optimized "OBJ_TYPE_REF"
UNRESOLVED: g++.dg/ipa/devirt-42.C -std=gnu++11 scan-ipa-dump-times optimized "return 2" 2
UNRESOLVED: g++.dg/ipa/devirt-42.C -std=gnu++1y scan-ipa-dump-not optimized "OBJ_TYPE_REF"
UNRESOLVED: g++.dg/ipa/devirt-42.C -std=gnu++1y scan-ipa-dump-times optimized "return 2" 2
UNRESOLVED: g++.dg/ipa/devirt-42.C -std=gnu++98 scan-ipa-dump-not optimized "OBJ_TYPE_REF"
UNRESOLVED: g++.dg/ipa/devirt-42.C -std=gnu++98 scan-ipa-dump-times optimized "return 2" 2
UNRESOLVED: g++.dg/ipa/devirt-46.C -std=gnu++11 scan-ipa-dump-not optimized "OBJ_TYPE_REF"
UNRESOLVED: g++.dg/ipa/devirt-46.C -std=gnu++11 scan-ipa-dump-not optimized "abort"
UNRESOLVED: g++.dg/ipa/devirt-46.C -std=gnu++1y scan-ipa-dump-not optimized "OBJ_TYPE_REF"
UNRESOLVED: g++.dg/ipa/devirt-46.C -std=gnu++1y scan-ipa-dump-not optimized "abort"
UNRESOLVED: g++.dg/ipa/devirt-46.C -std=gnu++98 scan-ipa-dump-not optimized "OBJ_TYPE_REF"
UNRESOLVED: g++.dg/ipa/devirt-46.C -std=gnu++98 scan-ipa-dump-not optimized "abort"
UNRESOLVED: g++.dg/ipa/devirt-47.C -std=gnu++11 scan-ipa-dump optimized "C::_ZThn"
UNRESOLVED: g++.dg/ipa/devirt-47.C -std=gnu++11 scan-ipa-dump-not optimized "OBJ_TYPE_REF"
UNRESOLVED: g++.dg/ipa/devirt-47.C -std=gnu++1y scan-ipa-dump optimized "C::_ZThn"
UNRESOLVED: g++.dg/ipa/devirt-47.C -std=gnu++1y scan-ipa-dump-not optimized "OBJ_TYPE_REF"
UNRESOLVED: g++.dg/ipa/devirt-47.C -std=gnu++98 scan-ipa-dump optimized "C::_ZThn"
UNRESOLVED: g++.dg/ipa/devirt-47.C -std=gnu++98 scan-ipa-dump-not optimized "OBJ_TYPE_REF"
FAIL: g++.dg/other/anon5.C -std=gnu++11 (test for excess errors)
FAIL: g++.dg/other/anon5.C -std=gnu++1y (test for excess errors)
FAIL: g++.dg/other/anon5.C -std=gnu++98 (test for excess errors)
UNRESOLVED: g++.dg/tree-prof/pr35545.C scan-ipa-dump-not optimized "OBJ_TYPE_REF"
=== g++ Summary for unix//-m64 ===
# of expected passes 89356
# of unexpected failures 3
# of expected failures 257
# of unresolved testcases 19
# of unsupported tests 3267
=== g++ Summary ===
# of expected passes 176951
# of unexpected failures 50
# of expected failures 514
# of unresolved testcases 38
# of unsupported tests 6287
/var/lib/jenkins/workspace/GCCupstream/objdir/gcc/testsuite/g++/../../xg++ version 5.0.0 20141016 (experimental) (GCC)
=== objc tests ===
Running target unix//-m32
=== objc Summary for unix//-m32 ===
# of expected passes 3004
# of expected failures 6
# of unsupported tests 74
Running target unix//-m64
=== objc Summary for unix//-m64 ===
# of expected passes 3004
# of expected failures 6
# of unsupported tests 74
=== objc Summary ===
# of expected passes 6008
# of expected failures 12
# of unsupported tests 148
/var/lib/jenkins/workspace/GCCupstream/objdir/gcc/xgcc version 5.0.0 20141016 (experimental) (GCC)
=== boehm-gc tests ===
Running target unix//-m32
=== boehm-gc Summary for unix//-m32 ===
# of expected passes 12
# of unsupported tests 1
Running target unix//-m64
=== boehm-gc Summary for unix//-m64 ===
# of expected passes 12
# of unsupported tests 1
=== boehm-gc Summary ===
# of expected passes 24
# of unsupported tests 2
=== libatomic tests ===
Running target unix//-m32
=== libatomic Summary for unix//-m32 ===
# of expected passes 44
# of unsupported tests 5
Running target unix//-m64
=== libatomic Summary for unix//-m64 ===
# of expected passes 54
=== libatomic Summary ===
# of expected passes 98
# of unsupported tests 5
=== libffi tests ===
Running target unix//-m32
=== libffi Summary for unix//-m32 ===
# of expected passes 1819
# of unsupported tests 55
Running target unix//-m64
=== libffi Summary for unix//-m64 ===
# of expected passes 1819
# of unsupported tests 55
=== libffi Summary ===
# of expected passes 3638
# of unsupported tests 110
=== libgomp tests ===
Running target unix//-m32
=== libgomp Summary for unix//-m32 ===
# of expected passes 3200
# of unsupported tests 35
Running target unix//-m64
=== libgomp Summary for unix//-m64 ===
# of expected passes 3200
# of unsupported tests 35
=== libgomp Summary ===
# of expected passes 6400
# of unsupported tests 70
=== libitm tests ===
Running target unix//-m32
=== libitm Summary for unix//-m32 ===
# of expected passes 26
# of expected failures 3
# of unsupported tests 1
Running target unix//-m64
=== libitm Summary for unix//-m64 ===
# of expected passes 26
# of expected failures 3
# of unsupported tests 1
=== libitm Summary ===
# of expected passes 52
# of expected failures 6
# of unsupported tests 2
=== libjava tests ===
Running target unix//-m32
FAIL: pr18278 output
=== libjava Summary for unix//-m32 ===
# of expected passes 2579
# of unexpected failures 1
# of expected failures 4
Running target unix//-m64
=== libjava Summary for unix//-m64 ===
# of expected passes 2582
# of expected failures 4
=== libjava Summary ===
# of expected passes 5161
# of unexpected failures 1
# of expected failures 8
=== libstdc++ tests ===
Running target unix//-m32
FAIL: 23_containers/deque/allocator/copy.cc execution test
FAIL: 23_containers/deque/modifiers/push_front/49836.cc execution test
FAIL: 23_containers/map/modifiers/erase/dr130-linkage-check.cc execution test
FAIL: 23_containers/multimap/modifiers/erase/dr130-linkage-check.cc execution test
FAIL: 23_containers/multiset/modifiers/erase/dr130-linkage-check.cc execution test
FAIL: 23_containers/set/modifiers/erase/dr130-linkage-check.cc execution test
FAIL: 23_containers/unordered_set/hash_policy/rehash.cc execution test
FAIL: 23_containers/unordered_set/insert/hash_policy.cc execution test
FAIL: 23_containers/unordered_set/max_load_factor/robustness.cc execution test
FAIL: 23_containers/unordered_set/modifiers/swap.cc execution test
FAIL: 23_containers/vector/ext_pointer/modifiers/erase.cc execution test
FAIL: 23_containers/vector/ext_pointer/types/1.cc execution test
FAIL: 23_containers/vector/ext_pointer/types/2.cc execution test
FAIL: 28_regex/algorithms/regex_match/awk/cstring_01.cc execution test
FAIL: 28_regex/algorithms/regex_match/basic/empty_range.cc execution test
FAIL: 28_regex/algorithms/regex_match/ecma/char/58576.cc execution test
FAIL: 28_regex/algorithms/regex_match/ecma/char/backref.cc execution test
FAIL: 28_regex/algorithms/regex_match/ecma/char/empty_range.cc execution test
FAIL: 28_regex/algorithms/regex_match/ecma/char/quoted_char.cc execution test
FAIL: 28_regex/algorithms/regex_match/extended/cstring_bracket_01.cc execution test
FAIL: 28_regex/algorithms/regex_replace/char/basic_replace.cc execution test
FAIL: 28_regex/algorithms/regex_search/61720.cc execution test
FAIL: 28_regex/match_results/format.cc execution test
FAIL: experimental/any/cons/3.cc execution test
FAIL: experimental/optional/relops/3.cc execution test
FAIL: ext/pb_ds/regression/priority_queue_rand.cc execution test
FAIL: ext/pb_ds/regression/trie_map_rand.cc execution test
FAIL: ext/pb_ds/regression/trie_set_rand.cc execution test
FAIL: ext/vstring/modifiers/pop_back/char/1.cc execution test
FAIL: ext/vstring/modifiers/pop_back/wchar_t/1.cc execution test
WARNING: program timed out.
WARNING: program timed out.
WARNING: program timed out.
WARNING: program timed out.
=== libstdc++ Summary for unix//-m32 ===
# of expected passes 9514
# of unexpected failures 30
# of expected failures 69
# of unsupported tests 539
Running target unix//-m64
=== libstdc++ Summary for unix//-m64 ===
# of expected passes 9536
# of expected failures 69
# of unsupported tests 543
=== libstdc++ Summary ===
# of expected passes 19050
# of unexpected failures 30
# of expected failures 138
# of unsupported tests 1082
Compiler version: 5.0.0 20141016 (experimental) (GCC)
Platform: x86_64-unknown-linux-gnu
configure flags: --prefix=/var/lib/jenkins/workspace/GCCupstream/objdir/install