This is the mail archive of the
gcc-testresults@gcc.gnu.org
mailing list for the GCC project.
Results for 5.0.0 20141015 (experimental) [trunk revision 216230] (GCC) testsuite on x86_64-unknown-linux-gnu
- From: x32 at gnu-35 dot sc dot intel dot com (H.J. Lu (x32))
- To: gcc-testresults at gcc dot gnu dot org
- Date: Tue, 14 Oct 2014 21:05:06 -0700
- Subject: Results for 5.0.0 20141015 (experimental) [trunk revision 216230] (GCC) testsuite on x86_64-unknown-linux-gnu
- Authentication-results: sourceware.org; auth=none
Native configuration is x86_64-unknown-linux-gnu
=== gcc tests ===
Running target unix/-mx32
XPASS: gcc.dg/guality/example.c -O0 execution test
XPASS: gcc.dg/guality/guality.c -O0 execution test
XPASS: gcc.dg/guality/guality.c -O1 execution test
XPASS: gcc.dg/guality/guality.c -O2 execution test
XPASS: gcc.dg/guality/guality.c -O2 -flto -fno-use-linker-plugin -flto-partition=none execution test
XPASS: gcc.dg/guality/guality.c -O2 -flto -fuse-linker-plugin -fno-fat-lto-objects execution test
XPASS: gcc.dg/guality/guality.c -O3 -fomit-frame-pointer execution test
XPASS: gcc.dg/guality/guality.c -O3 -g execution test
XPASS: gcc.dg/guality/guality.c -Os execution test
XPASS: gcc.dg/guality/inline-params.c -O2 execution test
XPASS: gcc.dg/guality/inline-params.c -O2 -flto -fno-use-linker-plugin -flto-partition=none execution test
XPASS: gcc.dg/guality/inline-params.c -O3 -fomit-frame-pointer execution test
XPASS: gcc.dg/guality/inline-params.c -O3 -g execution test
XPASS: gcc.dg/guality/inline-params.c -Os execution test
FAIL: gcc.dg/guality/param-3.c -O1 line 20 str.pa == 31415927
FAIL: gcc.dg/guality/param-3.c -O1 line 20 str.pb == 27182818
XPASS: gcc.dg/guality/pr41353-1.c -O0 line 28 j == 28 + 37
XPASS: gcc.dg/guality/pr41447-1.c -O0 execution test
XPASS: gcc.dg/guality/pr41447-1.c -O1 execution test
XPASS: gcc.dg/guality/pr41447-1.c -O2 -flto -fuse-linker-plugin -fno-fat-lto-objects execution test
XPASS: gcc.dg/guality/pr41616-1.c -O0 execution test
XPASS: gcc.dg/guality/pr41616-1.c -O1 execution test
XPASS: gcc.dg/guality/pr41616-1.c -O2 execution test
XPASS: gcc.dg/guality/pr41616-1.c -O2 -flto -fno-use-linker-plugin -flto-partition=none execution test
XPASS: gcc.dg/guality/pr41616-1.c -O3 -fomit-frame-pointer execution test
XPASS: gcc.dg/guality/pr41616-1.c -O3 -g execution test
XPASS: gcc.dg/guality/pr41616-1.c -Os execution test
FAIL: gcc.dg/guality/pr43051-1.c -O1 line 34 c == &a[0]
FAIL: gcc.dg/guality/pr43051-1.c -O1 line 41 e == &a[1]
FAIL: gcc.dg/guality/pr43051-1.c -O2 line 36 e == &a[1]
FAIL: gcc.dg/guality/pr43051-1.c -O2 line 39 c == &a[0]
FAIL: gcc.dg/guality/pr43051-1.c -O2 line 41 e == &a[1]
FAIL: gcc.dg/guality/pr43051-1.c -O2 -flto -fno-use-linker-plugin -flto-partition=none line 36 e == &a[1]
FAIL: gcc.dg/guality/pr43051-1.c -O2 -flto -fno-use-linker-plugin -flto-partition=none line 39 c == &a[0]
FAIL: gcc.dg/guality/pr43051-1.c -O2 -flto -fno-use-linker-plugin -flto-partition=none line 41 e == &a[1]
FAIL: gcc.dg/guality/pr43051-1.c -O2 -flto -fuse-linker-plugin -fno-fat-lto-objects line 36 e == &a[1]
FAIL: gcc.dg/guality/pr43051-1.c -O2 -flto -fuse-linker-plugin -fno-fat-lto-objects line 39 c == &a[0]
FAIL: gcc.dg/guality/pr43051-1.c -O2 -flto -fuse-linker-plugin -fno-fat-lto-objects line 41 e == &a[1]
FAIL: gcc.dg/guality/pr43051-1.c -O3 -fomit-frame-pointer line 35 v == 1
FAIL: gcc.dg/guality/pr43051-1.c -O3 -fomit-frame-pointer line 36 e == &a[1]
FAIL: gcc.dg/guality/pr43051-1.c -O3 -fomit-frame-pointer line 39 c == &a[0]
FAIL: gcc.dg/guality/pr43051-1.c -O3 -fomit-frame-pointer line 40 v == 1
FAIL: gcc.dg/guality/pr43051-1.c -O3 -fomit-frame-pointer line 41 e == &a[1]
FAIL: gcc.dg/guality/pr43051-1.c -O3 -fomit-frame-pointer -funroll-all-loops -finline-functions line 35 v == 1
FAIL: gcc.dg/guality/pr43051-1.c -O3 -fomit-frame-pointer -funroll-all-loops -finline-functions line 36 e == &a[1]
FAIL: gcc.dg/guality/pr43051-1.c -O3 -fomit-frame-pointer -funroll-all-loops -finline-functions line 39 c == &a[0]
FAIL: gcc.dg/guality/pr43051-1.c -O3 -fomit-frame-pointer -funroll-all-loops -finline-functions line 40 v == 1
FAIL: gcc.dg/guality/pr43051-1.c -O3 -fomit-frame-pointer -funroll-all-loops -finline-functions line 41 e == &a[1]
FAIL: gcc.dg/guality/pr43051-1.c -O3 -fomit-frame-pointer -funroll-loops line 35 v == 1
FAIL: gcc.dg/guality/pr43051-1.c -O3 -fomit-frame-pointer -funroll-loops line 36 e == &a[1]
FAIL: gcc.dg/guality/pr43051-1.c -O3 -fomit-frame-pointer -funroll-loops line 39 c == &a[0]
FAIL: gcc.dg/guality/pr43051-1.c -O3 -fomit-frame-pointer -funroll-loops line 40 v == 1
FAIL: gcc.dg/guality/pr43051-1.c -O3 -fomit-frame-pointer -funroll-loops line 41 e == &a[1]
FAIL: gcc.dg/guality/pr43051-1.c -O3 -g line 35 v == 1
FAIL: gcc.dg/guality/pr43051-1.c -O3 -g line 36 e == &a[1]
FAIL: gcc.dg/guality/pr43051-1.c -O3 -g line 39 c == &a[0]
FAIL: gcc.dg/guality/pr43051-1.c -O3 -g line 40 v == 1
FAIL: gcc.dg/guality/pr43051-1.c -O3 -g line 41 e == &a[1]
FAIL: gcc.dg/guality/pr43051-1.c -Os line 35 v == 1
FAIL: gcc.dg/guality/pr43051-1.c -Os line 36 e == &a[1]
FAIL: gcc.dg/guality/pr43051-1.c -Os line 39 c == &a[0]
FAIL: gcc.dg/guality/pr43051-1.c -Os line 40 v == 1
FAIL: gcc.dg/guality/pr43051-1.c -Os line 41 e == &a[1]
FAIL: gcc.dg/guality/pr43177.c -O2 line 15 l == 10
FAIL: gcc.dg/guality/pr43177.c -O2 line 15 x == 7
FAIL: gcc.dg/guality/pr43177.c -O2 line 24 l == 10
FAIL: gcc.dg/guality/pr43177.c -O2 line 24 x == 7
FAIL: gcc.dg/guality/pr43177.c -O2 -flto -fno-use-linker-plugin -flto-partition=none line 15 l == 10
FAIL: gcc.dg/guality/pr43177.c -O2 -flto -fno-use-linker-plugin -flto-partition=none line 15 x == 7
FAIL: gcc.dg/guality/pr43177.c -O2 -flto -fno-use-linker-plugin -flto-partition=none line 24 l == 10
FAIL: gcc.dg/guality/pr43177.c -O2 -flto -fno-use-linker-plugin -flto-partition=none line 24 x == 7
FAIL: gcc.dg/guality/pr43177.c -O2 -flto -fuse-linker-plugin -fno-fat-lto-objects line 15 l == 10
FAIL: gcc.dg/guality/pr43177.c -O2 -flto -fuse-linker-plugin -fno-fat-lto-objects line 15 x == 7
FAIL: gcc.dg/guality/pr43177.c -O2 -flto -fuse-linker-plugin -fno-fat-lto-objects line 24 l == 10
FAIL: gcc.dg/guality/pr43177.c -O2 -flto -fuse-linker-plugin -fno-fat-lto-objects line 24 x == 7
FAIL: gcc.dg/guality/pr43177.c -O3 -fomit-frame-pointer line 15 l == 10
FAIL: gcc.dg/guality/pr43177.c -O3 -fomit-frame-pointer line 15 x == 7
FAIL: gcc.dg/guality/pr43177.c -O3 -fomit-frame-pointer line 24 l == 10
FAIL: gcc.dg/guality/pr43177.c -O3 -fomit-frame-pointer line 24 x == 7
FAIL: gcc.dg/guality/pr43177.c -O3 -g line 15 l == 10
FAIL: gcc.dg/guality/pr43177.c -O3 -g line 15 x == 7
FAIL: gcc.dg/guality/pr43177.c -O3 -g line 24 l == 10
FAIL: gcc.dg/guality/pr43177.c -O3 -g line 24 x == 7
FAIL: gcc.dg/guality/pr43177.c -Os line 15 l == 10
FAIL: gcc.dg/guality/pr43177.c -Os line 15 x == 7
FAIL: gcc.dg/guality/pr43177.c -Os line 24 l == 10
FAIL: gcc.dg/guality/pr43177.c -Os line 24 x == 7
FAIL: gcc.dg/guality/pr43479.c -O1 line 13 h == 9
FAIL: gcc.dg/guality/pr43479.c -O1 line 18 h == 9
FAIL: gcc.dg/guality/pr43479.c -O2 line 13 h == 9
FAIL: gcc.dg/guality/pr43479.c -O2 line 18 h == 9
FAIL: gcc.dg/guality/pr43479.c -O2 -flto -fno-use-linker-plugin -flto-partition=none line 13 h == 9
FAIL: gcc.dg/guality/pr43479.c -O2 -flto -fno-use-linker-plugin -flto-partition=none line 18 h == 9
FAIL: gcc.dg/guality/pr43479.c -O2 -flto -fuse-linker-plugin -fno-fat-lto-objects line 13 h == 9
FAIL: gcc.dg/guality/pr43479.c -O2 -flto -fuse-linker-plugin -fno-fat-lto-objects line 18 h == 9
FAIL: gcc.dg/guality/pr43479.c -O3 -fomit-frame-pointer line 13 h == 9
FAIL: gcc.dg/guality/pr43479.c -O3 -fomit-frame-pointer line 18 h == 9
FAIL: gcc.dg/guality/pr43479.c -O3 -g line 13 h == 9
FAIL: gcc.dg/guality/pr43479.c -O3 -g line 18 h == 9
FAIL: gcc.dg/guality/pr43479.c -Os line 13 h == 9
FAIL: gcc.dg/guality/pr43479.c -Os line 18 h == 9
FAIL: gcc.dg/guality/pr45882.c -O2 -flto -fuse-linker-plugin -fno-fat-lto-objects line 16 d == 112
FAIL: gcc.dg/guality/pr45882.c -O2 -flto -fuse-linker-plugin -fno-fat-lto-objects line 16 e == 142
FAIL: gcc.dg/guality/pr54200.c -Os line 20 z == 3
FAIL: gcc.dg/guality/pr54519-1.c -O2 -flto -fno-use-linker-plugin -flto-partition=none line 20 y == 25
FAIL: gcc.dg/guality/pr54519-1.c -O2 -flto -fno-use-linker-plugin -flto-partition=none line 20 z == 6
FAIL: gcc.dg/guality/pr54519-1.c -O2 -flto -fno-use-linker-plugin -flto-partition=none line 23 y == 117
FAIL: gcc.dg/guality/pr54519-1.c -O2 -flto -fno-use-linker-plugin -flto-partition=none line 23 z == 8
FAIL: gcc.dg/guality/pr54519-2.c -O2 -flto -fno-use-linker-plugin -flto-partition=none line 17 y == 25
FAIL: gcc.dg/guality/pr54519-2.c -O2 -flto -fuse-linker-plugin -fno-fat-lto-objects line 17 y == 25
FAIL: gcc.dg/guality/pr54519-3.c -O2 -flto -fno-use-linker-plugin -flto-partition=none line 20 y == 25
FAIL: gcc.dg/guality/pr54519-3.c -O2 -flto -fno-use-linker-plugin -flto-partition=none line 20 z == 6
FAIL: gcc.dg/guality/pr54519-3.c -O2 -flto -fno-use-linker-plugin -flto-partition=none line 23 y == 117
FAIL: gcc.dg/guality/pr54519-3.c -O2 -flto -fno-use-linker-plugin -flto-partition=none line 23 z == 8
FAIL: gcc.dg/guality/pr54519-3.c -O2 -flto -fuse-linker-plugin -fno-fat-lto-objects line 20 x == 36
FAIL: gcc.dg/guality/pr54519-3.c -O2 -flto -fuse-linker-plugin -fno-fat-lto-objects line 20 y == 25
FAIL: gcc.dg/guality/pr54519-3.c -O2 -flto -fuse-linker-plugin -fno-fat-lto-objects line 20 z == 6
FAIL: gcc.dg/guality/pr54519-3.c -O2 -flto -fuse-linker-plugin -fno-fat-lto-objects line 23 x == 98
FAIL: gcc.dg/guality/pr54519-3.c -O2 -flto -fuse-linker-plugin -fno-fat-lto-objects line 23 y == 117
FAIL: gcc.dg/guality/pr54519-3.c -O2 -flto -fuse-linker-plugin -fno-fat-lto-objects line 23 z == 8
FAIL: gcc.dg/guality/pr54519-4.c -O2 -flto -fno-use-linker-plugin -flto-partition=none line 17 y == 25
FAIL: gcc.dg/guality/pr54519-4.c -O2 -flto -fuse-linker-plugin -fno-fat-lto-objects line 17 x == 6
FAIL: gcc.dg/guality/pr54519-4.c -O2 -flto -fuse-linker-plugin -fno-fat-lto-objects line 17 y == 25
FAIL: gcc.dg/guality/pr54519-5.c -O2 -flto -fno-use-linker-plugin -flto-partition=none line 17 y == 25
FAIL: gcc.dg/guality/pr54519-5.c -O2 -flto -fuse-linker-plugin -fno-fat-lto-objects line 17 y == 25
FAIL: gcc.dg/guality/pr54693-2.c -O3 -fomit-frame-pointer -funroll-all-loops -finline-functions line 21 i == v + 1
FAIL: gcc.dg/guality/pr54693-2.c -O3 -fomit-frame-pointer -funroll-loops line 21 i == v + 1
FAIL: gcc.dg/guality/pr54693-2.c -Os line 21 x == 10 - i
FAIL: gcc.dg/guality/pr54693-2.c -Os line 21 y == 20 - 2 * i
FAIL: gcc.dg/guality/sra-1.c -O2 line 21 a.i == 4
FAIL: gcc.dg/guality/sra-1.c -O2 line 21 a.j == 14
FAIL: gcc.dg/guality/sra-1.c -O2 line 43 a.i == 4
FAIL: gcc.dg/guality/sra-1.c -O2 line 43 a.j == 14
FAIL: gcc.dg/guality/sra-1.c -O2 -flto -fno-use-linker-plugin -flto-partition=none line 21 a.i == 4
FAIL: gcc.dg/guality/sra-1.c -O2 -flto -fno-use-linker-plugin -flto-partition=none line 21 a.j == 14
FAIL: gcc.dg/guality/sra-1.c -O2 -flto -fno-use-linker-plugin -flto-partition=none line 43 a.i == 4
FAIL: gcc.dg/guality/sra-1.c -O2 -flto -fno-use-linker-plugin -flto-partition=none line 43 a.j == 14
FAIL: gcc.dg/guality/sra-1.c -O2 -flto -fuse-linker-plugin -fno-fat-lto-objects line 21 a.i == 4
FAIL: gcc.dg/guality/sra-1.c -O2 -flto -fuse-linker-plugin -fno-fat-lto-objects line 21 a.j == 14
FAIL: gcc.dg/guality/sra-1.c -O2 -flto -fuse-linker-plugin -fno-fat-lto-objects line 43 a.i == 4
FAIL: gcc.dg/guality/sra-1.c -O2 -flto -fuse-linker-plugin -fno-fat-lto-objects line 43 a.j == 14
FAIL: gcc.dg/guality/sra-1.c -O3 -fomit-frame-pointer line 21 a.i == 4
FAIL: gcc.dg/guality/sra-1.c -O3 -fomit-frame-pointer line 21 a.j == 14
FAIL: gcc.dg/guality/sra-1.c -O3 -fomit-frame-pointer line 43 a.i == 4
FAIL: gcc.dg/guality/sra-1.c -O3 -fomit-frame-pointer line 43 a.j == 14
FAIL: gcc.dg/guality/sra-1.c -O3 -g line 21 a.i == 4
FAIL: gcc.dg/guality/sra-1.c -O3 -g line 21 a.j == 14
FAIL: gcc.dg/guality/sra-1.c -O3 -g line 43 a.i == 4
FAIL: gcc.dg/guality/sra-1.c -O3 -g line 43 a.j == 14
FAIL: gcc.dg/guality/sra-1.c -Os line 21 a.i == 4
FAIL: gcc.dg/guality/sra-1.c -Os line 21 a.j == 14
FAIL: gcc.dg/guality/sra-1.c -Os line 43 a.i == 4
FAIL: gcc.dg/guality/sra-1.c -Os line 43 a.j == 14
FAIL: gcc.dg/guality/vla-2.c -O2 line 25 sizeof (a) == 6 * sizeof (int)
FAIL: gcc.dg/guality/vla-2.c -O2 -flto -fno-use-linker-plugin -flto-partition=none line 25 sizeof (a) == 6 * sizeof (int)
FAIL: gcc.dg/guality/vla-2.c -O2 -flto -fuse-linker-plugin -fno-fat-lto-objects line 25 sizeof (a) == 6 * sizeof (int)
FAIL: gcc.dg/guality/vla-2.c -O3 -fomit-frame-pointer line 25 sizeof (a) == 6 * sizeof (int)
FAIL: gcc.dg/guality/vla-2.c -O3 -g line 25 sizeof (a) == 6 * sizeof (int)
FAIL: gcc.dg/guality/vla-2.c -Os line 25 sizeof (a) == 6 * sizeof (int)
=== gcc Summary ===
# of expected passes 108588
# of unexpected failures 134
# of unexpected successes 25
# of expected failures 267
# of unsupported tests 1734
/export/gnu/import/git/gcc-test-x32/bld/gcc/xgcc version 5.0.0 20141015 (experimental) [trunk revision 216230] (GCC)
=== gfortran tests ===
Running target unix/-mx32
=== gfortran Summary ===
# of expected passes 46709
# of expected failures 38
# of unsupported tests 54
/export/gnu/import/git/gcc-test-x32/bld/gcc/testsuite/gfortran/../../gfortran version 5.0.0 20141015 (experimental) [trunk revision 216230] (GCC)
=== g++ tests ===
Running target unix/-mx32
UNRESOLVED: g++.dg/ipa/devirt-42.C -std=gnu++11 scan-ipa-dump-not optimized "OBJ_TYPE_REF"
UNRESOLVED: g++.dg/ipa/devirt-42.C -std=gnu++11 scan-ipa-dump-times optimized "return 2" 2
UNRESOLVED: g++.dg/ipa/devirt-42.C -std=gnu++1y scan-ipa-dump-not optimized "OBJ_TYPE_REF"
UNRESOLVED: g++.dg/ipa/devirt-42.C -std=gnu++1y scan-ipa-dump-times optimized "return 2" 2
UNRESOLVED: g++.dg/ipa/devirt-42.C -std=gnu++98 scan-ipa-dump-not optimized "OBJ_TYPE_REF"
UNRESOLVED: g++.dg/ipa/devirt-42.C -std=gnu++98 scan-ipa-dump-times optimized "return 2" 2
UNRESOLVED: g++.dg/ipa/devirt-46.C -std=gnu++11 scan-ipa-dump-not optimized "OBJ_TYPE_REF"
UNRESOLVED: g++.dg/ipa/devirt-46.C -std=gnu++11 scan-ipa-dump-not optimized "abort"
UNRESOLVED: g++.dg/ipa/devirt-46.C -std=gnu++1y scan-ipa-dump-not optimized "OBJ_TYPE_REF"
UNRESOLVED: g++.dg/ipa/devirt-46.C -std=gnu++1y scan-ipa-dump-not optimized "abort"
UNRESOLVED: g++.dg/ipa/devirt-46.C -std=gnu++98 scan-ipa-dump-not optimized "OBJ_TYPE_REF"
UNRESOLVED: g++.dg/ipa/devirt-46.C -std=gnu++98 scan-ipa-dump-not optimized "abort"
UNRESOLVED: g++.dg/ipa/devirt-47.C -std=gnu++11 scan-ipa-dump optimized "C::_ZThn"
UNRESOLVED: g++.dg/ipa/devirt-47.C -std=gnu++11 scan-ipa-dump-not optimized "OBJ_TYPE_REF"
FAIL: g++.dg/ipa/devirt-47.C -std=gnu++11 scan-ipa-dump-times inline "Discovered a virtual call to a known target[^\\\\n]*C::_ZTh" 1
UNRESOLVED: g++.dg/ipa/devirt-47.C -std=gnu++1y scan-ipa-dump optimized "C::_ZThn"
UNRESOLVED: g++.dg/ipa/devirt-47.C -std=gnu++1y scan-ipa-dump-not optimized "OBJ_TYPE_REF"
FAIL: g++.dg/ipa/devirt-47.C -std=gnu++1y scan-ipa-dump-times inline "Discovered a virtual call to a known target[^\\\\n]*C::_ZTh" 1
UNRESOLVED: g++.dg/ipa/devirt-47.C -std=gnu++98 scan-ipa-dump optimized "C::_ZThn"
UNRESOLVED: g++.dg/ipa/devirt-47.C -std=gnu++98 scan-ipa-dump-not optimized "OBJ_TYPE_REF"
FAIL: g++.dg/ipa/devirt-47.C -std=gnu++98 scan-ipa-dump-times inline "Discovered a virtual call to a known target[^\\\\n]*C::_ZTh" 1
FAIL: g++.dg/guality/pr55665.C -O2 line 23 p == 40
FAIL: g++.dg/guality/pr55665.C -O3 -fomit-frame-pointer line 23 p == 40
FAIL: g++.dg/guality/pr55665.C -O3 -g line 23 p == 40
XPASS: g++.dg/tls/thread_local-order2.C -std=c++11 execution test
XPASS: g++.dg/tls/thread_local-order2.C -std=c++1y execution test
UNRESOLVED: g++.dg/tree-prof/pr35545.C scan-ipa-dump-not optimized "OBJ_TYPE_REF"
=== g++ Summary ===
# of expected passes 89506
# of unexpected failures 6
# of unexpected successes 2
# of expected failures 255
# of unresolved testcases 19
# of unsupported tests 3230
/export/gnu/import/git/gcc-test-x32/bld/gcc/testsuite/g++/../../xg++ version 5.0.0 20141015 (experimental) [trunk revision 216230] (GCC)
=== objc tests ===
Running target unix/-mx32
=== objc Summary ===
# of expected passes 3004
# of expected failures 6
# of unsupported tests 74
/export/gnu/import/git/gcc-test-x32/bld/gcc/xgcc version 5.0.0 20141015 (experimental) [trunk revision 216230] (GCC)
=== boehm-gc tests ===
Running target unix/-mx32
=== boehm-gc Summary ===
# of expected passes 12
# of unsupported tests 1
=== libatomic tests ===
Running target unix/-mx32
=== libatomic Summary ===
# of expected passes 54
=== libffi tests ===
Running target unix/-mx32
=== libffi Summary ===
# of expected passes 1819
# of unsupported tests 55
=== libgomp tests ===
Running target unix/-mx32
=== libgomp Summary ===
# of expected passes 3232
# of unsupported tests 19
=== libitm tests ===
Running target unix/-mx32
=== libitm Summary ===
# of expected passes 26
# of expected failures 3
# of unsupported tests 1
=== libjava tests ===
Running target unix/-mx32
=== libjava Summary ===
# of expected passes 2582
# of expected failures 4
=== libstdc++ tests ===
Running target unix/-mx32
FAIL: 17_intro/headers/c++1998/all.cc (test for excess errors)
FAIL: 17_intro/headers/c++1998/stdc++.cc (test for excess errors)
FAIL: 17_intro/headers/c++1998/stdc++_multiple_inclusion.cc (test for excess errors)
FAIL: 17_intro/headers/c++200x/stdc++_multiple_inclusion.cc (test for excess errors)
FAIL: 18_support/headers/limits/synopsis.cc (test for excess errors)
FAIL: 18_support/numeric_limits/29989.cc (test for excess errors)
FAIL: 18_support/numeric_limits/cons/default.cc (test for excess errors)
FAIL: 18_support/numeric_limits/denorm_min.cc (test for excess errors)
FAIL: 18_support/numeric_limits/digits10.cc (test for excess errors)
FAIL: 18_support/numeric_limits/epsilon.cc (test for excess errors)
FAIL: 18_support/numeric_limits/infinity.cc (test for excess errors)
FAIL: 18_support/numeric_limits/is_iec559.cc (test for excess errors)
FAIL: 18_support/numeric_limits/is_signed.cc (test for excess errors)
FAIL: 18_support/numeric_limits/min_max.cc (test for excess errors)
FAIL: 18_support/numeric_limits/primary.cc (test for excess errors)
FAIL: 18_support/numeric_limits/quiet_NaN.cc (test for excess errors)
FAIL: 18_support/numeric_limits/requirements/explicit_instantiation/1.cc (test for excess errors)
FAIL: 18_support/numeric_limits/specialization_default_values.cc (test for excess errors)
FAIL: 18_support/numeric_limits/traps.cc (test for excess errors)
FAIL: 20_util/declval/requirements/1_neg.cc (test for errors, line 2142)
FAIL: 20_util/declval/requirements/1_neg.cc (test for excess errors)
FAIL: 20_util/make_signed/requirements/typedefs_neg.cc (test for errors, line 1771)
FAIL: 20_util/make_signed/requirements/typedefs_neg.cc (test for errors, line 1807)
FAIL: 20_util/make_signed/requirements/typedefs_neg.cc (test for excess errors)
FAIL: 20_util/make_unsigned/requirements/typedefs_neg.cc (test for errors, line 1674)
FAIL: 20_util/make_unsigned/requirements/typedefs_neg.cc (test for errors, line 1710)
FAIL: 20_util/make_unsigned/requirements/typedefs_neg.cc (test for excess errors)
FAIL: 22_locale/facet/1.cc (test for excess errors)
FAIL: 22_locale/facet/2.cc (test for excess errors)
FAIL: 22_locale/money_get/get/char/11.cc (test for excess errors)
FAIL: 22_locale/money_get/get/wchar_t/11.cc (test for excess errors)
FAIL: 22_locale/num_get/get/char/16.cc (test for excess errors)
FAIL: 22_locale/num_get/get/char/39802.cc (test for excess errors)
FAIL: 22_locale/num_get/get/wchar_t/16.cc (test for excess errors)
FAIL: 22_locale/num_get/get/wchar_t/39802.cc (test for excess errors)
FAIL: 23_containers/vector/bool/capacity/29134.cc (test for excess errors)
FAIL: 26_numerics/complex/13450.cc (test for excess errors)
FAIL: 26_numerics/complex/cons/48760.cc (test for excess errors)
FAIL: 27_io/basic_istream/extractors_arithmetic/char/12.cc (test for excess errors)
FAIL: 27_io/basic_istream/extractors_arithmetic/char/13.cc (test for excess errors)
FAIL: 27_io/basic_istream/extractors_arithmetic/char/dr696.cc (test for excess errors)
FAIL: 27_io/basic_istream/extractors_arithmetic/wchar_t/12.cc (test for excess errors)
FAIL: 27_io/basic_istream/extractors_arithmetic/wchar_t/13.cc (test for excess errors)
FAIL: 27_io/basic_istream/extractors_arithmetic/wchar_t/dr696.cc (test for excess errors)
FAIL: 27_io/basic_istream/ignore/char/2.cc (test for excess errors)
FAIL: 27_io/basic_istream/ignore/char/3.cc (test for excess errors)
FAIL: 27_io/basic_istream/ignore/wchar_t/2.cc (test for excess errors)
FAIL: 27_io/basic_istream/ignore/wchar_t/3.cc (test for excess errors)
FAIL: 27_io/basic_ostream/inserters_arithmetic/char/1.cc (test for excess errors)
FAIL: 27_io/basic_ostream/inserters_arithmetic/char/2.cc (test for excess errors)
FAIL: 27_io/basic_ostream/inserters_arithmetic/char/3.cc (test for excess errors)
FAIL: 27_io/basic_ostream/inserters_arithmetic/char/4402.cc (test for excess errors)
FAIL: 27_io/basic_ostream/inserters_arithmetic/char/5.cc (test for excess errors)
FAIL: 27_io/basic_ostream/inserters_arithmetic/char/6.cc (test for excess errors)
FAIL: 27_io/basic_ostream/inserters_arithmetic/wchar_t/1.cc (test for excess errors)
FAIL: 27_io/basic_ostream/inserters_arithmetic/wchar_t/2.cc (test for excess errors)
FAIL: 27_io/basic_ostream/inserters_arithmetic/wchar_t/3.cc (test for excess errors)
FAIL: 27_io/basic_ostream/inserters_arithmetic/wchar_t/4402.cc (test for excess errors)
FAIL: 27_io/basic_ostream/inserters_arithmetic/wchar_t/5.cc (test for excess errors)
FAIL: 27_io/basic_ostream/inserters_arithmetic/wchar_t/6.cc (test for excess errors)
FAIL: 27_io/fpos/14320-1.cc (test for excess errors)
FAIL: 27_io/fpos/14320-2.cc (test for excess errors)
FAIL: 27_io/ios_base/storage/2.cc (test for excess errors)
FAIL: 27_io/ios_base/types/fmtflags/bitmask_operators.cc (test for excess errors)
FAIL: 27_io/ios_base/types/iostate/bitmask_operators.cc (test for excess errors)
FAIL: 27_io/ios_base/types/openmode/bitmask_operators.cc (test for excess errors)
FAIL: 27_io/objects/char/1.cc (test for excess errors)
FAIL: 27_io/objects/wchar_t/1.cc (test for excess errors)
FAIL: 27_io/types/3.cc (test for excess errors)
=== libstdc++ Summary ===
# of expected passes 10220
# of unexpected failures 69
# of expected failures 69
# of unsupported tests 229
Compiler version: 5.0.0 20141015 (experimental) [trunk revision 216230] (GCC)
Platform: x86_64-unknown-linux-gnu
configure flags: --prefix=/usr/5.0.0 --enable-clocale=gnu --with-system-zlib --enable-shared --with-demangler-in-ld --with-multilib-list=m32,m64,mx32 --with-fpmath=sse --enable-languages=c,c++,fortran,java,lto,objc