This is the mail archive of the
gcc-testresults@gcc.gnu.org
mailing list for the GCC project.
Results for 4.9.2 20141010 (prerelease) [gcc-4_9-branch revision 216083] (GCC) testsuite on hppa2.0w-hp-hpux11.11
- From: John David Anglin <dave at hiauly3 dot hia dot nrc dot ca>
- To: dave at hiauly3 dot hia dot nrc dot ca, gcc-testresults at gcc dot gnu dot org
- Date: Sat, 11 Oct 2014 14:07:41 -0400 (EDT)
- Subject: Results for 4.9.2 20141010 (prerelease) [gcc-4_9-branch revision 216083] (GCC) testsuite on hppa2.0w-hp-hpux11.11
- Authentication-results: sourceware.org; auth=none
=== acats tests ===
=== acats Summary ===
# of expected passes 2320
# of unexpected failures 0
Native configuration is hppa2.0w-hp-hpux11.11
=== g++ tests ===
Running target unix
WARNING: program timed out.
=== g++ Summary ===
# of expected passes 73655
# of expected failures 446
# of unsupported tests 3520
/mnt/gnu/gcc/objdir-test/gcc/testsuite/g++/../../xg++ version 4.9.2 20141010 (prerelease) [gcc-4_9-branch revision 216083] (GCC)
=== gcc tests ===
Running target unix
FAIL: gcc.dg/atomic/c11-atomic-exec-5.c -O0 execution test
FAIL: gcc.dg/atomic/c11-atomic-exec-5.c -O1 execution test
FAIL: gcc.dg/atomic/c11-atomic-exec-5.c -O2 execution test
FAIL: gcc.dg/atomic/c11-atomic-exec-5.c -O3 -fomit-frame-pointer execution test
FAIL: gcc.dg/atomic/c11-atomic-exec-5.c -O3 -fomit-frame-pointer -funroll-loops execution test
FAIL: gcc.dg/atomic/c11-atomic-exec-5.c -O3 -fomit-frame-pointer -funroll-all-loops -finline-functions execution test
FAIL: gcc.dg/atomic/c11-atomic-exec-5.c -O3 -g execution test
FAIL: gcc.dg/atomic/c11-atomic-exec-5.c -Os execution test
FAIL: gcc.dg/large-size-array-6.c (test for excess errors)
FAIL: gcc.dg/pr61158.c scan-tree-dump original "return 0;"
WARNING: program timed out.
FAIL: gcc.dg/tree-prof/crossmodule-indircall-1a.c compilation, -fprofile-generate -D_PROFILE_GENERATE
UNRESOLVED: gcc.dg/tree-prof/crossmodule-indircall-1a.c execution, -fprofile-generate -D_PROFILE_GENERATE
UNRESOLVED: gcc.dg/tree-prof/crossmodule-indircall-1a.c compilation, -fprofile-use -D_PROFILE_USE
UNRESOLVED: gcc.dg/tree-prof/crossmodule-indircall-1a.c execution, -fprofile-use -D_PROFILE_USE
FAIL: gcc.dg/tree-ssa/pr61144.c (test for excess errors)
UNRESOLVED: gcc.dg/tree-ssa/pr61144.c scan-tree-dump-not optimized "return 0"
=== gcc Summary ===
# of expected passes 69434
# of unexpected failures 12
# of expected failures 119
# of unresolved testcases 4
# of unsupported tests 1656
/mnt/gnu/gcc/objdir-test/gcc/xgcc version 4.9.2 20141010 (prerelease) [gcc-4_9-branch revision 216083] (GCC)
=== gfortran tests ===
Running target unix
=== gfortran Summary ===
# of expected passes 44280
# of expected failures 47
# of unsupported tests 437
/mnt/gnu/gcc/objdir-test/gcc/testsuite/gfortran/../../gfortran version 4.9.2 20141010 (prerelease) [gcc-4_9-branch revision 216083] (GCC)
=== gnat tests ===
Running target unix
=== gnat Summary ===
# of expected passes 1212
# of expected failures 18
# of unsupported tests 14
/mnt/gnu/gcc/objdir-test/gcc/gnatmake version 4.9.2 20141010 (prerelease) [gcc-4_9-branch revision 216083]
=== obj-c++ tests ===
Running target unix
=== obj-c++ Summary ===
# of expected passes 1407
# of expected failures 2
# of unsupported tests 69
/mnt/gnu/gcc/objdir-test/gcc/testsuite/obj-c++/../../xg++ version 4.9.2 20141010 (prerelease) [gcc-4_9-branch revision 216083] (GCC)
=== objc tests ===
Running target unix
=== objc Summary ===
# of expected passes 2912
# of unsupported tests 67
/mnt/gnu/gcc/objdir-test/gcc/xgcc version 4.9.2 20141010 (prerelease) [gcc-4_9-branch revision 216083] (GCC)
=== libffi tests ===
Running target unix
=== libffi Summary ===
# of expected passes 1819
# of unsupported tests 55
=== libstdc++ tests ===
Running target unix
=== libstdc++ Summary ===
# of expected passes 8274
# of expected failures 41
# of unsupported tests 943
Compiler version: 4.9.2 20141010 (prerelease) [gcc-4_9-branch revision 216083] (GCC)
Platform: hppa2.0w-hp-hpux11.11
configure flags:Test Run By dave on Fri Oct 10 15:37:05 EDT 2014