This is the mail archive of the
gcc-testresults@gcc.gnu.org
mailing list for the GCC project.
Results for 5.0.0 20141010 (experimental) [trunk revision 216070] (GCC) testsuite on i386-pc-solaris2.10
- From: Rainer Orth <ro at CeBiTec dot Uni-Bielefeld dot DE>
- To: gcc-testresults at gcc dot gnu dot org
- Date: Fri, 10 Oct 2014 17:44:15 +0200 (CEST)
- Subject: Results for 5.0.0 20141010 (experimental) [trunk revision 216070] (GCC) testsuite on i386-pc-solaris2.10
- Authentication-results: sourceware.org; auth=none
LAST_UPDATED: Fri Oct 10 12:01:26 UTC 2014 (revision 216070)
=== acats tests ===
=== acats Summary ===
# of expected passes 2320
# of unexpected failures 0
Native configuration is i386-pc-solaris2.10
=== g++ tests ===
Running target unix
FAIL: g++.dg/cilk-plus/CK/catch_exc.cc -O1 -fcilkplus execution test
FAIL: g++.dg/cilk-plus/CK/catch_exc.cc -O3 -fcilkplus execution test
FAIL: g++.dg/cilk-plus/CK/catch_exc.cc -g -O2 -fcilkplus execution test
FAIL: g++.dg/cilk-plus/CK/catch_exc.cc -g -fcilkplus execution test
UNRESOLVED: g++.dg/ipa/devirt-42.C -std=gnu++11 scan-ipa-dump-not optimized "OBJ_TYPE_REF"
UNRESOLVED: g++.dg/ipa/devirt-42.C -std=gnu++11 scan-ipa-dump-times optimized "return 2" 2
UNRESOLVED: g++.dg/ipa/devirt-42.C -std=gnu++1y scan-ipa-dump-not optimized "OBJ_TYPE_REF"
UNRESOLVED: g++.dg/ipa/devirt-42.C -std=gnu++1y scan-ipa-dump-times optimized "return 2" 2
UNRESOLVED: g++.dg/ipa/devirt-42.C -std=gnu++98 scan-ipa-dump-not optimized "OBJ_TYPE_REF"
UNRESOLVED: g++.dg/ipa/devirt-42.C -std=gnu++98 scan-ipa-dump-times optimized "return 2" 2
UNRESOLVED: g++.dg/ipa/devirt-46.C -std=gnu++11 scan-ipa-dump-not optimized "OBJ_TYPE_REF"
UNRESOLVED: g++.dg/ipa/devirt-46.C -std=gnu++11 scan-ipa-dump-not optimized "abort"
UNRESOLVED: g++.dg/ipa/devirt-46.C -std=gnu++1y scan-ipa-dump-not optimized "OBJ_TYPE_REF"
UNRESOLVED: g++.dg/ipa/devirt-46.C -std=gnu++1y scan-ipa-dump-not optimized "abort"
UNRESOLVED: g++.dg/ipa/devirt-46.C -std=gnu++98 scan-ipa-dump-not optimized "OBJ_TYPE_REF"
UNRESOLVED: g++.dg/ipa/devirt-46.C -std=gnu++98 scan-ipa-dump-not optimized "abort"
UNRESOLVED: g++.dg/ipa/devirt-47.C -std=gnu++11 scan-ipa-dump optimized "C::_ZThn"
UNRESOLVED: g++.dg/ipa/devirt-47.C -std=gnu++11 scan-ipa-dump-not optimized "OBJ_TYPE_REF"
UNRESOLVED: g++.dg/ipa/devirt-47.C -std=gnu++1y scan-ipa-dump optimized "C::_ZThn"
UNRESOLVED: g++.dg/ipa/devirt-47.C -std=gnu++1y scan-ipa-dump-not optimized "OBJ_TYPE_REF"
UNRESOLVED: g++.dg/ipa/devirt-47.C -std=gnu++98 scan-ipa-dump optimized "C::_ZThn"
UNRESOLVED: g++.dg/ipa/devirt-47.C -std=gnu++98 scan-ipa-dump-not optimized "OBJ_TYPE_REF"
UNRESOLVED: g++.dg/tree-prof/pr35545.C scan-ipa-dump-not optimized "OBJ_TYPE_REF"
=== g++ Summary for unix ===
# of expected passes 82133
# of unexpected failures 4
# of expected failures 260
# of unresolved testcases 19
# of unsupported tests 2996
Running target unix/-m64
UNRESOLVED: g++.dg/ipa/devirt-42.C -std=gnu++11 scan-ipa-dump-not optimized "OBJ_TYPE_REF"
UNRESOLVED: g++.dg/ipa/devirt-42.C -std=gnu++11 scan-ipa-dump-times optimized "return 2" 2
UNRESOLVED: g++.dg/ipa/devirt-42.C -std=gnu++1y scan-ipa-dump-not optimized "OBJ_TYPE_REF"
UNRESOLVED: g++.dg/ipa/devirt-42.C -std=gnu++1y scan-ipa-dump-times optimized "return 2" 2
UNRESOLVED: g++.dg/ipa/devirt-42.C -std=gnu++98 scan-ipa-dump-not optimized "OBJ_TYPE_REF"
UNRESOLVED: g++.dg/ipa/devirt-42.C -std=gnu++98 scan-ipa-dump-times optimized "return 2" 2
UNRESOLVED: g++.dg/ipa/devirt-46.C -std=gnu++11 scan-ipa-dump-not optimized "OBJ_TYPE_REF"
UNRESOLVED: g++.dg/ipa/devirt-46.C -std=gnu++11 scan-ipa-dump-not optimized "abort"
UNRESOLVED: g++.dg/ipa/devirt-46.C -std=gnu++1y scan-ipa-dump-not optimized "OBJ_TYPE_REF"
UNRESOLVED: g++.dg/ipa/devirt-46.C -std=gnu++1y scan-ipa-dump-not optimized "abort"
UNRESOLVED: g++.dg/ipa/devirt-46.C -std=gnu++98 scan-ipa-dump-not optimized "OBJ_TYPE_REF"
UNRESOLVED: g++.dg/ipa/devirt-46.C -std=gnu++98 scan-ipa-dump-not optimized "abort"
UNRESOLVED: g++.dg/ipa/devirt-47.C -std=gnu++11 scan-ipa-dump optimized "C::_ZThn"
UNRESOLVED: g++.dg/ipa/devirt-47.C -std=gnu++11 scan-ipa-dump-not optimized "OBJ_TYPE_REF"
UNRESOLVED: g++.dg/ipa/devirt-47.C -std=gnu++1y scan-ipa-dump optimized "C::_ZThn"
UNRESOLVED: g++.dg/ipa/devirt-47.C -std=gnu++1y scan-ipa-dump-not optimized "OBJ_TYPE_REF"
UNRESOLVED: g++.dg/ipa/devirt-47.C -std=gnu++98 scan-ipa-dump optimized "C::_ZThn"
UNRESOLVED: g++.dg/ipa/devirt-47.C -std=gnu++98 scan-ipa-dump-not optimized "OBJ_TYPE_REF"
UNRESOLVED: g++.dg/tree-prof/pr35545.C scan-ipa-dump-not optimized "OBJ_TYPE_REF"
=== g++ Summary for unix/-m64 ===
# of expected passes 83436
# of expected failures 260
# of unresolved testcases 19
# of unsupported tests 3278
=== g++ Summary ===
# of expected passes 165569
# of unexpected failures 4
# of expected failures 520
# of unresolved testcases 38
# of unsupported tests 6274
/var/gcc/regression/trunk/10-gcc/build/gcc/testsuite/g++/../../xg++ version 5.0.0 20141010 (experimental) [trunk revision 216070] (GCC)
=== gcc tests ===
Running target unix
FAIL: gcc.dg/graphite/vect-pr43423.c scan-tree-dump-times vect "vectorized 2 loops" 1
FAIL: gcc.target/i386/pr49095.c scan-assembler-not test[lq]
=== gcc Summary for unix ===
# of expected passes 100446
# of unexpected failures 2
# of expected failures 249
# of unsupported tests 1756
Running target unix/-m64
FAIL: gcc.dg/combine_ashiftrt_2.c scan-rtl-dump combine "\\\\(neg:SI \\\\(ge:SI"
FAIL: gcc.dg/graphite/vect-pr43423.c scan-tree-dump-times vect "vectorized 2 loops" 1
FAIL: gcc.target/i386/pr58218.c (test for excess errors)
FAIL: gcc.target/i386/pr61599-1.c (test for excess errors)
WARNING: gcc.target/i386/pr61599-1.c compilation failed to produce executable
=== gcc Summary for unix/-m64 ===
# of expected passes 100963
# of unexpected failures 4
# of expected failures 251
# of unsupported tests 2030
=== gcc Summary ===
# of expected passes 201409
# of unexpected failures 6
# of expected failures 500
# of unsupported tests 3786
/var/gcc/regression/trunk/10-gcc/build/gcc/xgcc version 5.0.0 20141010 (experimental) [trunk revision 216070] (GCC)
=== gfortran tests ===
Running target unix
FAIL: gfortran.dg/graphite/pr42393.f90 -O (test for excess errors)
WARNING: program timed out.
=== gfortran Summary for unix ===
# of expected passes 46459
# of unexpected failures 1
# of expected failures 52
# of unsupported tests 226
Running target unix/-m64
FAIL: gfortran.dg/typebound_operator_3.f03 -O1 execution test
FAIL: gfortran.dg/graphite/pr42393.f90 -O (test for excess errors)
WARNING: program timed out.
=== gfortran Summary for unix/-m64 ===
# of expected passes 46761
# of unexpected failures 2
# of expected failures 52
# of unsupported tests 80
=== gfortran Summary ===
# of expected passes 93220
# of unexpected failures 3
# of expected failures 104
# of unsupported tests 306
/var/gcc/regression/trunk/10-gcc/build/gcc/testsuite/gfortran/../../gfortran version 5.0.0 20141010 (experimental) [trunk revision 216070] (GCC)
=== gnat tests ===
Running target unix
FAIL: gnat.dg/weak2.adb (test for excess errors)
=== gnat Summary for unix ===
# of expected passes 1254
# of unexpected failures 1
# of expected failures 18
# of unsupported tests 7
Running target unix/-m64
FAIL: gnat.dg/weak2.adb (test for excess errors)
=== gnat Summary for unix/-m64 ===
# of expected passes 1254
# of unexpected failures 1
# of expected failures 18
# of unsupported tests 7
=== gnat Summary ===
# of expected passes 2508
# of unexpected failures 2
# of expected failures 36
# of unsupported tests 14
/var/gcc/regression/trunk/10-gcc/build/gcc/gnatmake version 5.0.0 20141010 (experimental) [trunk revision 216070]
=== go tests ===
Running target unix
FAIL: go.test/test/recover.go execution, -O2 -g
=== go Summary for unix ===
# of expected passes 7367
# of unexpected failures 1
# of expected failures 1
# of untested testcases 9
# of unsupported tests 2
Running target unix/-m64
FAIL: go.test/test/cmplxdivide.go
FAIL: go.test/test/fixedbugs/issue4348.go -O (test for excess errors)
FAIL: go.test/test/fixedbugs/issue6036.go -O (internal compiler error)
FAIL: go.test/test/fixedbugs/issue6036.go -O (test for excess errors)
FAIL: go.test/test/recover.go execution, -O2 -g
WARNING: program timed out.
=== go Summary for unix/-m64 ===
# of expected passes 7245
# of unexpected failures 5
# of expected failures 1
# of untested testcases 9
# of unsupported tests 1
=== go Summary ===
# of expected passes 14612
# of unexpected failures 6
# of expected failures 2
# of untested testcases 18
# of unsupported tests 3
=== obj-c++ tests ===
Running target unix
=== obj-c++ Summary for unix ===
# of expected passes 1447
# of expected failures 2
# of unsupported tests 86
Running target unix/-m64
=== obj-c++ Summary for unix/-m64 ===
# of expected passes 1439
# of expected failures 10
# of unsupported tests 86
=== obj-c++ Summary ===
# of expected passes 2886
# of expected failures 12
# of unsupported tests 172
/var/gcc/regression/trunk/10-gcc/build/gcc/testsuite/obj-c++/../../xg++ version 5.0.0 20141010 (experimental) [trunk revision 216070] (GCC)
=== objc tests ===
Running target unix
=== objc Summary for unix ===
# of expected passes 3004
# of expected failures 6
# of unsupported tests 74
Running target unix/-m64
=== objc Summary for unix/-m64 ===
# of expected passes 3004
# of expected failures 6
# of unsupported tests 74
=== objc Summary ===
# of expected passes 6008
# of expected failures 12
# of unsupported tests 148
/var/gcc/regression/trunk/10-gcc/build/gcc/xgcc version 5.0.0 20141010 (experimental) [trunk revision 216070] (GCC)
=== boehm-gc tests ===
Running target unix
=== boehm-gc Summary for unix ===
# of expected passes 12
# of unsupported tests 1
Running target unix/-m64
=== boehm-gc Summary for unix/-m64 ===
# of expected passes 12
# of unsupported tests 1
=== boehm-gc Summary ===
# of expected passes 24
# of unsupported tests 2
=== libatomic tests ===
Running target unix
=== libatomic Summary for unix ===
# of expected passes 44
# of unsupported tests 5
Running target unix/-m64
=== libatomic Summary for unix/-m64 ===
# of expected passes 54
=== libatomic Summary ===
# of expected passes 98
# of unsupported tests 5
=== libffi tests ===
Running target unix
=== libffi Summary for unix ===
# of expected passes 1819
# of unsupported tests 55
Running target unix/-m64
=== libffi Summary for unix/-m64 ===
# of expected passes 1819
# of unsupported tests 55
=== libffi Summary ===
# of expected passes 3638
# of unsupported tests 110
=== libgo tests ===
Running target unix
FAIL: net
FAIL: runtime
FAIL: log/syslog
FAIL: net/http
FAIL: sync/atomic
=== libgo Summary for unix ===
# of expected passes 118
# of unexpected failures 5
Running target unix/-m64
=== libgo Summary for unix/-m64 ===
# of expected passes 123
=== libgo Summary ===
# of expected passes 241
# of unexpected failures 5
/var/gcc/regression/trunk/10-gcc/build/./gcc/gccgo version 5.0.0 20141010 (experimental) [trunk revision 216070] (GCC)
=== libgomp tests ===
Running target unix
=== libgomp Summary for unix ===
# of expected passes 3275
# of unsupported tests 22
Running target unix/-m64
=== libgomp Summary for unix/-m64 ===
# of expected passes 3275
# of unsupported tests 22
=== libgomp Summary ===
# of expected passes 6550
# of unsupported tests 44
=== libitm tests ===
Running target unix
=== libitm Summary for unix ===
# of expected passes 26
# of expected failures 3
# of unsupported tests 1
Running target unix/-m64
=== libitm Summary for unix/-m64 ===
# of expected passes 26
# of expected failures 3
# of unsupported tests 1
=== libitm Summary ===
# of expected passes 52
# of expected failures 6
# of unsupported tests 2
=== libjava tests ===
Running target unix
=== libjava Summary for unix ===
# of expected passes 2582
# of expected failures 4
Running target unix/-m64
=== libjava Summary for unix/-m64 ===
# of expected passes 2582
# of expected failures 4
=== libjava Summary ===
# of expected passes 5164
# of expected failures 8
=== libstdc++ tests ===
Running target unix
FAIL: 27_io/basic_ostream/inserters_arithmetic/char/hexfloat.cc execution test
=== libstdc++ Summary for unix ===
# of expected passes 9190
# of unexpected failures 1
# of expected failures 70
# of unsupported tests 627
Running target unix/-m64
FAIL: 27_io/basic_ostream/inserters_arithmetic/char/hexfloat.cc execution test
=== libstdc++ Summary for unix/-m64 ===
# of expected passes 9190
# of unexpected failures 1
# of expected failures 70
# of unsupported tests 627
=== libstdc++ Summary ===
# of expected passes 18380
# of unexpected failures 2
# of expected failures 140
# of unsupported tests 1254
Compiler version: 5.0.0 20141010 (experimental) [trunk revision 216070] (GCC)
Platform: i386-pc-solaris2.10
configure flags: --prefix=/vol/gcc --target=i386-pc-solaris2.10 --enable-objc-gc --with-gmp-include=/vol/gcc/include --with-gmp-lib=/vol/gcc/lib --with-mpfr-include=/vol/gcc/include --with-mpfr-lib=/vol/gcc/lib --with-mpc-include=/vol/gcc/include --with-mpc-lib=/vol/gcc/lib --enable-languages=all,ada,obj-c++,go --with-isl-include=/vol/gcc/include --with-isl-lib=/vol/gcc/lib --with-cloog-include=/vol/gcc/include --with-cloog-lib=/vol/gcc/lib --enable-cloog-backend=isl
BOOT_CFLAGS=-g -O2