This is the mail archive of the
gcc-testresults@gcc.gnu.org
mailing list for the GCC project.
Results for 4.7.4 (genunix Wed Oct 1 23:11:58 GMT 2014) testsuite on sparc64-sun-solaris2.10
- From: dev <dev at cor0 dot com>
- To: gcc-testresults at gcc dot gnu dot org
- Date: Fri, 3 Oct 2014 11:19:58 -0400 (EDT)
- Subject: Results for 4.7.4 (genunix Wed Oct 1 23:11:58 GMT 2014) testsuite on sparc64-sun-solaris2.10
- Authentication-results: sourceware.org; auth=none
- Reply-to: dev <dev at cor0 dot com>
Fri Oct 3 14:51:58 GMT 2014
cat <<'EOF' |
LAST_UPDATED: Obtained from SVN: tags/gcc_4_7_4_release revision 211579
=== acats tests ===
=== acats Summary ===
# of expected passes 2320
# of unexpected failures 0
Native configuration is sparc64-sun-solaris2.10
=== gcc tests ===
Running target unix
FAIL: gcc.c-torture/compile/limits-structnest.c -O2 (test for excess
errors)
FAIL: gcc.c-torture/compile/limits-structnest.c -O3
-fomit-frame-pointer (test for excess errors)
FAIL: gcc.c-torture/compile/limits-structnest.c -O3 -g (test for
excess errors)
FAIL: gcc.c-torture/compile/limits-structnest.c -Os (test for excess
errors)
FAIL: gcc.c-torture/compile/limits-structnest.c -O2 -flto
-flto-partition=none (test for excess errors)
FAIL: gcc.c-torture/compile/limits-structnest.c -O2 -flto (test for
excess errors)
ERROR: tcl error sourcing
/usr/local/build/gcc-4.7.4/gcc/testsuite/gcc.c-torture/execute/builtins/builtins.exp.
ERROR: couldn't fork child process: not enough memory
FAIL: gcc.c-torture/execute/struct-ini-2.c execution, -O2
FAIL: gcc.c-torture/execute/struct-ini-2.c compilation, -O3 -g
UNRESOLVED: gcc.c-torture/execute/struct-ini-2.c execution, -O3 -g
FAIL: gcc.c-torture/execute/struct-ini-2.c compilation, -Os
UNRESOLVED: gcc.c-torture/execute/struct-ini-2.c execution, -Os
FAIL: gcc.c-torture/execute/struct-ini-2.c compilation, -O2 -flto
-flto-partition=none
UNRESOLVED: gcc.c-torture/execute/struct-ini-2.c execution, -O2 -flto
-flto-partition=none
FAIL: gcc.c-torture/execute/struct-ini-2.c compilation, -O2 -flto
UNRESOLVED: gcc.c-torture/execute/struct-ini-2.c execution, -O2 -flto
FAIL: gcc.c-torture/execute/tstdi-1.c compilation, -O3
-fomit-frame-pointer
UNRESOLVED: gcc.c-torture/execute/tstdi-1.c execution, -O3
-fomit-frame-pointer
FAIL: gcc.c-torture/execute/tstdi-1.c compilation, -O3 -g
UNRESOLVED: gcc.c-torture/execute/tstdi-1.c execution, -O3 -g
FAIL: gcc.c-torture/execute/tstdi-1.c compilation, -Os
UNRESOLVED: gcc.c-torture/execute/tstdi-1.c execution, -Os
FAIL: gcc.c-torture/execute/tstdi-1.c compilation, -O2 -flto
-flto-partition=none
UNRESOLVED: gcc.c-torture/execute/tstdi-1.c execution, -O2 -flto
-flto-partition=none
FAIL: gcc.c-torture/execute/tstdi-1.c compilation, -O2 -flto
UNRESOLVED: gcc.c-torture/execute/tstdi-1.c execution, -O2 -flto
FAIL: gcc.c-torture/execute/unroll-1.c compilation, -O0
UNRESOLVED: gcc.c-torture/execute/unroll-1.c execution, -O0
FAIL: gcc.c-torture/execute/unroll-1.c compilation, -O1
UNRESOLVED: gcc.c-torture/execute/unroll-1.c execution, -O1
FAIL: gcc.c-torture/execute/unroll-1.c compilation, -O2
UNRESOLVED: gcc.c-torture/execute/unroll-1.c execution, -O2
FAIL: gcc.c-torture/execute/va-arg-10.c compilation, -O2 -flto
-flto-partition=none
UNRESOLVED: gcc.c-torture/execute/va-arg-10.c execution, -O2 -flto
-flto-partition=none
FAIL: gcc.c-torture/execute/va-arg-15.c compilation, -Os
UNRESOLVED: gcc.c-torture/execute/va-arg-15.c execution, -Os
FAIL: gcc.c-torture/execute/va-arg-15.c compilation, -O2 -flto
-flto-partition=none
UNRESOLVED: gcc.c-torture/execute/va-arg-15.c execution, -O2 -flto
-flto-partition=none
FAIL: gcc.c-torture/execute/va-arg-15.c compilation, -O2 -flto
UNRESOLVED: gcc.c-torture/execute/va-arg-15.c execution, -O2 -flto
FAIL: gcc.c-torture/execute/va-arg-16.c compilation, -O0
UNRESOLVED: gcc.c-torture/execute/va-arg-16.c execution, -O0
FAIL: gcc.c-torture/execute/va-arg-16.c compilation, -O1
UNRESOLVED: gcc.c-torture/execute/va-arg-16.c execution, -O1
FAIL: gcc.c-torture/execute/va-arg-16.c compilation, -O2
UNRESOLVED: gcc.c-torture/execute/va-arg-16.c execution, -O2
FAIL: gcc.c-torture/execute/va-arg-16.c compilation, -O3
-fomit-frame-pointer
UNRESOLVED: gcc.c-torture/execute/va-arg-16.c execution, -O3
-fomit-frame-pointer
FAIL: gcc.c-torture/execute/va-arg-16.c execution, -O3 -g
FAIL: gcc.c-torture/execute/va-arg-16.c compilation, -Os
UNRESOLVED: gcc.c-torture/execute/va-arg-16.c execution, -Os
FAIL: gcc.c-torture/execute/va-arg-16.c compilation, -O2 -flto
-flto-partition=none
UNRESOLVED: gcc.c-torture/execute/va-arg-16.c execution, -O2 -flto
-flto-partition=none
FAIL: gcc.c-torture/execute/va-arg-16.c compilation, -O2 -flto
UNRESOLVED: gcc.c-torture/execute/va-arg-16.c execution, -O2 -flto
FAIL: gcc.c-torture/execute/va-arg-17.c compilation, -O0
UNRESOLVED: gcc.c-torture/execute/va-arg-17.c execution, -O0
FAIL: gcc.c-torture/execute/va-arg-17.c compilation, -O1
UNRESOLVED: gcc.c-torture/execute/va-arg-17.c execution, -O1
FAIL: gcc.c-torture/execute/va-arg-2.c compilation, -O2 -flto
UNRESOLVED: gcc.c-torture/execute/va-arg-2.c execution, -O2 -flto
FAIL: gcc.c-torture/execute/va-arg-20.c compilation, -O0
UNRESOLVED: gcc.c-torture/execute/va-arg-20.c execution, -O0
FAIL: gcc.c-torture/execute/va-arg-20.c compilation, -O1
UNRESOLVED: gcc.c-torture/execute/va-arg-20.c execution, -O1
FAIL: gcc.c-torture/execute/va-arg-20.c compilation, -O2
UNRESOLVED: gcc.c-torture/execute/va-arg-20.c execution, -O2
FAIL: gcc.c-torture/execute/va-arg-20.c compilation, -O3
-fomit-frame-pointer
UNRESOLVED: gcc.c-torture/execute/va-arg-20.c execution, -O3
-fomit-frame-pointer
FAIL: gcc.c-torture/execute/va-arg-20.c compilation, -O3 -g
UNRESOLVED: gcc.c-torture/execute/va-arg-20.c execution, -O3 -g
FAIL: gcc.c-torture/execute/va-arg-22.c compilation, -Os
UNRESOLVED: gcc.c-torture/execute/va-arg-22.c execution, -Os
ERROR: gcc.dg/memmove-1.c: error executing dg-final: couldn't fork child
process: not enough memory
UNRESOLVED: gcc.dg/memmove-1.c: error executing dg-final: couldn't fork
child process: not enough memory
FAIL: gcc.dg/memmove-2.c (test for excess errors)
UNRESOLVED: gcc.dg/memmove-2.c scan-tree-dump-times optimized "memmove"
0
FAIL: gcc.dg/memmove-3.c (test for excess errors)
UNRESOLVED: gcc.dg/memmove-3.c scan-tree-dump-times optimized "memmove"
3
FAIL: gcc.dg/memset-1.c (test for warnings, line 15)
FAIL: gcc.dg/memset-1.c (test for excess errors)
FAIL: gcc.dg/merge-all-constants-1.c (test for excess errors)
UNRESOLVED: gcc.dg/merge-all-constants-1.c scan-assembler-not
.rodata.str
FAIL: gcc.dg/minmax-1.c (test for excess errors)
UNRESOLVED: gcc.dg/minmax-1.c compilation failed to produce executable
UNRESOLVED: gcc.dg/minmax-1.c scan-tree-dump-times original "MIN_EXPR" 0
UNRESOLVED: gcc.dg/minmax-1.c scan-tree-dump-times original "MAX_EXPR" 0
FAIL: gcc.dg/out-of-bounds-1.c (test for excess errors)
FAIL: gcc.dg/overflow-1.c (test for excess errors)
FAIL: gcc.dg/overflow-2.c (test for warnings, line 9)
FAIL: gcc.dg/overflow-2.c (test for excess errors)
FAIL: gcc.dg/overflow-warn-1.c (test for warnings, line 15)
FAIL: gcc.dg/overflow-warn-1.c enum error (test for errors, line 15)
FAIL: gcc.dg/overflow-warn-1.c (test for warnings, line 19)
FAIL: gcc.dg/overflow-warn-1.c enum error (test for errors, line 19)
FAIL: gcc.dg/overflow-warn-1.c (test for warnings, line 21)
FAIL: gcc.dg/overflow-warn-1.c (test for warnings, line 23)
FAIL: gcc.dg/overflow-warn-1.c (test for warnings, line 30)
FAIL: gcc.dg/overflow-warn-1.c 22:integer constant (test for errors,
line 30)
FAIL: gcc.dg/overflow-warn-1.c (test for warnings, line 32)
FAIL: gcc.dg/overflow-warn-1.c (test for warnings, line 40)
FAIL: gcc.dg/overflow-warn-1.c (test for warnings, line 44)
FAIL: gcc.dg/overflow-warn-1.c (test for warnings, line 49)
FAIL: gcc.dg/overflow-warn-1.c null (test for warnings, line 49)
FAIL: gcc.dg/overflow-warn-1.c (test for warnings, line 51)
FAIL: gcc.dg/overflow-warn-1.c constant (test for errors, line 51)
FAIL: gcc.dg/overflow-warn-1.c null (test for warnings, line 51)
FAIL: gcc.dg/overflow-warn-1.c (test for warnings, line 61)
FAIL: gcc.dg/overflow-warn-1.c constant (test for errors, line 61)
FAIL: gcc.dg/overflow-warn-1.c (test for warnings, line 64)
FAIL: gcc.dg/overflow-warn-1.c (test for warnings, line 72)
FAIL: gcc.dg/overflow-warn-1.c (test for warnings, line 78)
FAIL: gcc.dg/overflow-warn-1.c (test for warnings, line 88)
FAIL: gcc.dg/overflow-warn-1.c (test for warnings, line 90)
FAIL: gcc.dg/overflow-warn-1.c (test for warnings, line 92)
FAIL: gcc.dg/overflow-warn-1.c (test for warnings, line 94)
FAIL: gcc.dg/overflow-warn-1.c (test for warnings, line 95)
FAIL: gcc.dg/overflow-warn-1.c (test for excess errors)
FAIL: gcc.dg/postincr-1.c (test for excess errors)
UNRESOLVED: gcc.dg/postincr-1.c compilation failed to produce executable
FAIL: gcc.dg/pr10392-1.c (test for excess errors)
UNRESOLVED: gcc.dg/pr10392-1.c compilation failed to produce executable
FAIL: gcc.dg/pr11459-1.c (test for excess errors)
FAIL: gcc.dg/pr11492.c (test for excess errors)
FAIL: gcc.dg/pr11864-1.c (test for excess errors)
UNRESOLVED: gcc.dg/pr11864-1.c compilation failed to produce executable
FAIL: gcc.dg/pr12603.c (test for excess errors)
FAIL: gcc.dg/pr12625-1.c warning for bit-field (test for warnings, line
12)
FAIL: gcc.dg/pr12625-1.c (test for excess errors)
FAIL: gcc.dg/pr13519-1.c correct error (test for errors, line 15)
XPASS: gcc.dg/pr13519-1.c bogus error (test for bogus messages, line 17)
FAIL: gcc.dg/pr13519-1.c correct error (test for errors, line 19)
FAIL: gcc.dg/pr13519-1.c (test for excess errors)
FAIL: gcc.dg/pr13804-1.c (test for errors, line 22)
FAIL: gcc.dg/pr13804-1.c (test for errors, line 23)
FAIL: gcc.dg/pr13804-1.c (test for errors, line 24)
FAIL: gcc.dg/pr13804-1.c (test for errors, line 25)
FAIL: gcc.dg/pr13804-1.c (test for errors, line 26)
FAIL: gcc.dg/pr13804-1.c (test for errors, line 27)
FAIL: gcc.dg/pr13804-1.c (test for excess errors)
FAIL: gcc.dg/pr14092-1.c (test for excess errors)
FAIL: gcc.dg/pr14475.c forward ref (test for errors, line 6)
FAIL: gcc.dg/pr14475.c extension (test for errors, line 6)
FAIL: gcc.dg/pr14475.c narrower (test for warnings, line 6)
FAIL: gcc.dg/pr14475.c incomplete (test for errors, line 6)
FAIL: gcc.dg/pr14475.c (test for excess errors)
FAIL: gcc.dg/pr14649-1.c (test for warnings, line 7)
FAIL: gcc.dg/pr14649-1.c (test for excess errors)
FAIL: gcc.dg/pr14765-1.c void stmt expr (test for errors, line 10)
FAIL: gcc.dg/pr14765-1.c (test for excess errors)
FAIL: gcc.dg/pr14796-1.c (test for excess errors)
UNRESOLVED: gcc.dg/pr14796-1.c scan-tree-dump gimple "a << 9"
UNRESOLVED: gcc.dg/pr14796-1.c scan-tree-dump gimple "b & -32"
UNRESOLVED: gcc.dg/pr14796-1.c scan-tree-dump gimple "c & 15"
UNRESOLVED: gcc.dg/pr14796-1.c scan-tree-dump gimple "d << 6"
FAIL: gcc.dg/pr14796-2.c (test for excess errors)
UNRESOLVED: gcc.dg/pr14796-2.c scan-tree-dump-times gimple "= 0" 2
UNRESOLVED: gcc.dg/pr14796-2.c scan-tree-dump gimple "b >> 31"
UNRESOLVED: gcc.dg/pr14796-2.c scan-tree-dump gimple "c &
-(34359738368|0x800000000)"
FAIL: gcc.dg/pr14963.c error before (test for errors, line 1)
FAIL: gcc.dg/pr14963.c (test for excess errors)
FAIL: gcc.dg/pr20368-2.c (test for errors, line 6)
FAIL: gcc.dg/pr20368-2.c (test for warnings, line 9)
FAIL: gcc.dg/pr20368-2.c (test for excess errors)
FAIL: gcc.dg/pr20368-3.c (test for errors, line 6)
FAIL: gcc.dg/pr20368-3.c (test for warnings, line 9)
FAIL: gcc.dg/pr20368-3.c (test for excess errors)
FAIL: gcc.dg/pr20672-1.c (test for errors, line 7)
FAIL: gcc.dg/pr20672-1.c (test for excess errors)
FAIL: gcc.dg/pr20922-1.c (test for excess errors)
UNRESOLVED: gcc.dg/pr20922-1.c scan-tree-dump-times gimple " = 0" 7
FAIL: gcc.dg/pr20922-2.c (test for excess errors)
UNRESOLVED: gcc.dg/pr20922-2.c scan-tree-dump-times gimple " = 0" 0
FAIL: gcc.dg/pr20922-3.c (test for excess errors)
UNRESOLVED: gcc.dg/pr20922-3.c scan-tree-dump-times gimple " = 1" 6
FAIL: gcc.dg/pr20922-4.c (test for excess errors)
UNRESOLVED: gcc.dg/pr20922-4.c scan-tree-dump-times gimple " = 0" 7
FAIL: gcc.dg/pr20922-5.c (test for excess errors)
UNRESOLVED: gcc.dg/pr20922-5.c scan-tree-dump-times gimple " = 0" 0
FAIL: gcc.dg/pr20922-6.c (test for excess errors)
UNRESOLVED: gcc.dg/pr20922-6.c scan-tree-dump-times gimple " = 1" 6
FAIL: gcc.dg/pr21032.c (test for excess errors)
UNRESOLVED: gcc.dg/pr21032.c scan-tree-dump-not optimized
"-\\\\(float\\\\)"
FAIL: gcc.dg/pr21041.c (test for excess errors)
FAIL: gcc.dg/pr21085.c (test for warnings, line 8)
FAIL: gcc.dg/pr21085.c (test for excess errors)
FAIL: gcc.dg/pr21282.c (test for excess errors)
ERROR: tcl error sourcing
/usr/local/build/gcc-4.7.4/gcc/testsuite/gcc.dg/dg.exp.
ERROR: couldn't open
"/usr/local/build/gcc-4.7.4/gcc/testsuite/gcc.dg/pr21419.c": too many
open files
FAIL: gcc.dg/torture/fp-int-convert-float.c -O2 -flto (test for excess
errors)
FAIL: gcc.dg/torture/fp-int-convert-float.c -O2 -flto execution test
FAIL: gcc.dg/torture/fp-int-convert-long-double.c -O0 (test for excess
errors)
UNRESOLVED: gcc.dg/torture/fp-int-convert-long-double.c -O0
compilation failed to produce executable
FAIL: gcc.dg/torture/fp-int-convert-long-double.c -O1 (test for excess
errors)
UNRESOLVED: gcc.dg/torture/fp-int-convert-long-double.c -O1
compilation failed to produce executable
FAIL: gcc.dg/torture/fp-int-convert-long-double.c -O2 (test for excess
errors)
UNRESOLVED: gcc.dg/torture/fp-int-convert-long-double.c -O2
compilation failed to produce executable
FAIL: gcc.dg/torture/fp-int-convert-long-double.c -O3
-fomit-frame-pointer (test for excess errors)
UNRESOLVED: gcc.dg/torture/fp-int-convert-long-double.c -O3
-fomit-frame-pointer compilation failed to produce executable
FAIL: gcc.dg/torture/fp-int-convert-long-double.c -O3 -g (test for
excess errors)
UNRESOLVED: gcc.dg/torture/fp-int-convert-long-double.c -O3 -g
compilation failed to produce executable
FAIL: gcc.dg/torture/fp-int-convert-long-double.c -Os (test for excess
errors)
UNRESOLVED: gcc.dg/torture/fp-int-convert-long-double.c -Os
compilation failed to produce executable
FAIL: gcc.dg/torture/fp-int-convert-long-double.c -O2 -flto
-flto-partition=none (test for excess errors)
UNRESOLVED: gcc.dg/torture/fp-int-convert-long-double.c -O2 -flto
-flto-partition=none compilation failed to produce executable
FAIL: gcc.dg/torture/fp-int-convert-long-double.c -O2 -flto (test for
excess errors)
UNRESOLVED: gcc.dg/torture/fp-int-convert-long-double.c -O2 -flto
compilation failed to produce executable
FAIL: gcc.dg/torture/fp-int-convert-timode.c -O0 (test for excess
errors)
UNRESOLVED: gcc.dg/torture/fp-int-convert-timode.c -O0 compilation
failed to produce executable
FAIL: gcc.dg/torture/inline-1.c -O3 -fomit-frame-pointer -funroll-loops
(test for excess errors)
FAIL: gcc.dg/torture/inline-1.c -O3 -fomit-frame-pointer
-funroll-all-loops -finline-functions (internal compiler error)
FAIL: gcc.dg/torture/inline-1.c -O3 -fomit-frame-pointer
-funroll-all-loops -finline-functions (test for excess errors)
FAIL: gcc.dg/torture/inline-1.c -O3 -g (test for excess errors)
FAIL: gcc.dg/torture/inline-1.c -Os (test for excess errors)
FAIL: gcc.dg/torture/inline-1.c -O2 -flto -flto-partition=none (test
for excess errors)
FAIL: gcc.dg/torture/stackalign/alloca-1.c -O2 -flto
-flto-partition=none (test for excess errors)
FAIL: gcc.dg/torture/stackalign/comp-goto-1.c -O3 -fomit-frame-pointer
(test for excess errors)
UNRESOLVED: gcc.dg/torture/stackalign/comp-goto-1.c -O3
-fomit-frame-pointer compilation failed to produce executable
FAIL: gcc.dg/torture/stackalign/comp-goto-1.c -O3 -fomit-frame-pointer
-fpic execution test
FAIL: gcc.dg/torture/stackalign/comp-goto-1.c -O3 -g (test for excess
errors)
FAIL: gcc.dg/torture/stackalign/comp-goto-1.c -O3 -g execution test
FAIL: gcc.dg/torture/stackalign/comp-goto-1.c -O3 -g -fpic (test for
excess errors)
FAIL: gcc.dg/torture/stackalign/comp-goto-1.c -O3 -g -fpic execution
test
FAIL: gcc.dg/torture/stackalign/inline-2.c -O2 execution test
FAIL: gcc.dg/torture/stackalign/inline-2.c -O2 -fpic (test for excess
errors)
FAIL: gcc.dg/torture/stackalign/inline-2.c -O2 -fpic execution test
FAIL: gcc.dg/torture/stackalign/inline-2.c -O3 -fomit-frame-pointer
(test for excess errors)
FAIL: gcc.dg/torture/stackalign/inline-2.c -O3 -fomit-frame-pointer
execution test
FAIL: gcc.dg/torture/stackalign/inline-2.c -O3 -fomit-frame-pointer
-fpic (test for excess errors)
FAIL: gcc.dg/torture/stackalign/inline-2.c -O3 -g (test for excess
errors)
UNRESOLVED: gcc.dg/torture/stackalign/inline-2.c -O3 -g compilation
failed to produce executable
FAIL: gcc.dg/torture/stackalign/inline-2.c -O3 -g -fpic (test for
excess errors)
UNRESOLVED: gcc.dg/torture/stackalign/inline-2.c -O3 -g -fpic
compilation failed to produce executable
FAIL: gcc.dg/torture/stackalign/inline-2.c -Os (test for excess
errors)
UNRESOLVED: gcc.dg/torture/stackalign/inline-2.c -Os compilation
failed to produce executable
FAIL: gcc.dg/torture/stackalign/inline-2.c -Os -fpic (test for excess
errors)
UNRESOLVED: gcc.dg/torture/stackalign/inline-2.c -Os -fpic compilation
failed to produce executable
FAIL: gcc.dg/torture/stackalign/inline-2.c -O2 -flto
-flto-partition=none (test for excess errors)
UNRESOLVED: gcc.dg/torture/stackalign/inline-2.c -O2 -flto
-flto-partition=none compilation failed to produce executable
FAIL: gcc.dg/torture/stackalign/inline-2.c -O2 -flto
-flto-partition=none -fpic (test for excess errors)
UNRESOLVED: gcc.dg/torture/stackalign/inline-2.c -O2 -flto
-flto-partition=none -fpic compilation failed to produce executable
FAIL: gcc.dg/torture/stackalign/inline-2.c -O2 -flto (test for excess
errors)
UNRESOLVED: gcc.dg/torture/stackalign/inline-2.c -O2 -flto compilation
failed to produce executable
FAIL: gcc.dg/torture/stackalign/inline-2.c -O2 -flto -fpic (test for
excess errors)
UNRESOLVED: gcc.dg/torture/stackalign/inline-2.c -O2 -flto -fpic
compilation failed to produce executable
FAIL: gcc.dg/torture/stackalign/nested-1.c -O0 (test for excess
errors)
UNRESOLVED: gcc.dg/torture/stackalign/nested-1.c -O0 compilation
failed to produce executable
FAIL: gcc.dg/torture/stackalign/nested-1.c -O0 -fpic (test for excess
errors)
UNRESOLVED: gcc.dg/torture/stackalign/nested-1.c -O0 -fpic compilation
failed to produce executable
FAIL: gcc.dg/torture/stackalign/nested-1.c -O1 (test for excess
errors)
UNRESOLVED: gcc.dg/torture/stackalign/nested-1.c -O1 compilation
failed to produce executable
FAIL: gcc.dg/torture/stackalign/nested-3.c -O2 -flto (test for excess
errors)
UNRESOLVED: gcc.dg/torture/stackalign/nested-3.c -O2 -flto compilation
failed to produce executable
FAIL: gcc.dg/torture/stackalign/nested-3.c -O2 -flto -fpic (test for
excess errors)
UNRESOLVED: gcc.dg/torture/stackalign/nested-3.c -O2 -flto -fpic
compilation failed to produce executable
FAIL: gcc.dg/torture/stackalign/nested-4.c -O0 (test for excess
errors)
UNRESOLVED: gcc.dg/torture/stackalign/nested-4.c -O0 compilation
failed to produce executable
FAIL: gcc.dg/torture/stackalign/nested-4.c -O0 -fpic (test for excess
errors)
UNRESOLVED: gcc.dg/torture/stackalign/nested-4.c -O0 -fpic compilation
failed to produce executable
FAIL: gcc.dg/torture/stackalign/nested-4.c -O1 (test for excess
errors)
UNRESOLVED: gcc.dg/torture/stackalign/nested-4.c -O1 compilation
failed to produce executable
FAIL: gcc.dg/torture/stackalign/nested-4.c -O1 -fpic (test for excess
errors)
UNRESOLVED: gcc.dg/torture/stackalign/nested-4.c -O1 -fpic compilation
failed to produce executable
FAIL: gcc.dg/torture/stackalign/nested-4.c -O2 (test for excess
errors)
UNRESOLVED: gcc.dg/torture/stackalign/nested-4.c -O2 compilation
failed to produce executable
FAIL: gcc.dg/torture/stackalign/nested-4.c -O2 -fpic (test for excess
errors)
UNRESOLVED: gcc.dg/torture/stackalign/nested-4.c -O2 -fpic compilation
failed to produce executable
FAIL: gcc.dg/torture/stackalign/nested-4.c -O3 -fomit-frame-pointer
(test for excess errors)
UNRESOLVED: gcc.dg/torture/stackalign/nested-4.c -O3
-fomit-frame-pointer compilation failed to produce executable
FAIL: gcc.dg/torture/stackalign/non-local-goto-1.c -O2 -fpic execution
test
FAIL: gcc.dg/torture/stackalign/non-local-goto-1.c -O3
-fomit-frame-pointer (test for excess errors)
ERROR: gcc.dg/vect/vect-76.c -flto: error executing dg-final: couldn't
fork child process: not enough memory
UNRESOLVED: gcc.dg/vect/vect-76.c -flto: error executing dg-final:
couldn't fork child process: not enough memory
FAIL: gcc.dg/vect/vect-77-alignchecks.c -flto (test for excess errors)
UNRESOLVED: gcc.dg/vect/vect-77-alignchecks.c -flto compilation failed
to produce executable
FAIL: gcc.dg/vect/vect-98.c -flto execution test
ERROR: gcc.dg/vect/vect-98.c -flto: error executing dg-final: couldn't
fork child process: not enough memory
UNRESOLVED: gcc.dg/vect/vect-98.c -flto: error executing dg-final:
couldn't fork child process: not enough memory
FAIL: gcc.dg/vect/vect-99.c -flto (test for excess errors)
UNRESOLVED: gcc.dg/vect/vect-99.c -flto compilation failed to produce
executable
ERROR: gcc.dg/vect/vect-99.c -flto: error executing dg-final: couldn't
fork child process: not enough memory
UNRESOLVED: gcc.dg/vect/vect-99.c -flto: error executing dg-final:
couldn't fork child process: not enough memory
FAIL: gcc.dg/vect/vect-align-1.c -flto (test for excess errors)
UNRESOLVED: gcc.dg/vect/vect-align-1.c -flto compilation failed to
produce executable
UNRESOLVED: gcc.dg/vect/vect-align-1.c -flto scan-tree-dump-times vect
"Alignment of access forced using versioning" 1
UNRESOLVED: gcc.dg/vect/vect-align-1.c -flto scan-tree-dump-times vect
"vectorized 1 loops" 1
FAIL: gcc.dg/vect/vect-multitypes-5.c -flto (internal compiler error)
FAIL: gcc.dg/vect/vect-multitypes-5.c -flto (test for excess errors)
UNRESOLVED: gcc.dg/vect/vect-multitypes-5.c -flto compilation failed to
produce executable
ERROR: gcc.dg/vect/vect-multitypes-5.c -flto: error executing dg-final:
couldn't fork child process: not enough memory
UNRESOLVED: gcc.dg/vect/vect-multitypes-5.c -flto: error executing
dg-final: couldn't fork child process: not enough memory
FAIL: gcc.dg/vect/vect-multitypes-6.c -flto (test for excess errors)
UNRESOLVED: gcc.dg/vect/vect-multitypes-6.c -flto compilation failed to
produce executable
ERROR: gcc.dg/vect/vect-multitypes-6.c -flto: error executing dg-final:
couldn't fork child process: not enough memory
UNRESOLVED: gcc.dg/vect/vect-multitypes-6.c -flto: error executing
dg-final: couldn't fork child process: not enough memory
FAIL: gcc.dg/vect/vect-multitypes-7.c -flto (test for excess errors)
UNRESOLVED: gcc.dg/vect/vect-multitypes-7.c -flto compilation failed to
produce executable
FAIL: gcc.dg/vect/vect-multitypes-8.c -flto (test for excess errors)
UNRESOLVED: gcc.dg/vect/vect-multitypes-8.c -flto compilation failed to
produce executable
ERROR: gcc.dg/vect/vect-reduc-1char-big-array.c -flto: error executing
dg-final: couldn't fork child process: not enough memory
UNRESOLVED: gcc.dg/vect/vect-reduc-1char-big-array.c -flto: error
executing dg-final: couldn't fork child process: not enough memory
FAIL: gcc.dg/vect/vect-reduc-1char.c -flto (test for excess errors)
UNRESOLVED: gcc.dg/vect/vect-reduc-1char.c -flto compilation failed to
produce executable
UNRESOLVED: gcc.dg/vect/vect-reduc-1char.c -flto scan-tree-dump-times
vect "vectorized 3 loops" 1
FAIL: gcc.dg/vect/vect-reduc-1short.c -flto (test for excess errors)
UNRESOLVED: gcc.dg/vect/vect-reduc-1short.c -flto compilation failed to
produce executable
UNRESOLVED: gcc.dg/vect/vect-reduc-1short.c -flto scan-tree-dump-times
vect "vectorized 3 loops" 1
FAIL: gcc.dg/vect/vect-reduc-2.c -flto (test for excess errors)
UNRESOLVED: gcc.dg/vect/vect-reduc-2.c -flto compilation failed to
produce executable
UNRESOLVED: gcc.dg/vect/vect-reduc-2.c -flto scan-tree-dump-times vect
"vectorized 3 loops" 1
FAIL: gcc.dg/vect/vect-reduc-2char-big-array.c -flto (test for excess
errors)
UNRESOLVED: gcc.dg/vect/vect-reduc-2char-big-array.c -flto compilation
failed to produce executable
UNRESOLVED: gcc.dg/vect/vect-reduc-2char-big-array.c -flto
scan-tree-dump-times vect "vectorized 3 loops" 1
FAIL: gcc.dg/vect/vect-reduc-2char.c -flto (test for excess errors)
UNRESOLVED: gcc.dg/vect/vect-reduc-2char.c -flto compilation failed to
produce executable
UNRESOLVED: gcc.dg/vect/vect-reduc-2char.c -flto scan-tree-dump-times
vect "vectorized 3 loops" 1
FAIL: gcc.dg/vect/vect-reduc-2short.c -flto (test for excess errors)
UNRESOLVED: gcc.dg/vect/vect-reduc-2short.c -flto compilation failed to
produce executable
UNRESOLVED: gcc.dg/vect/vect-reduc-2short.c -flto scan-tree-dump-times
vect "vectorized 3 loops" 1
FAIL: gcc.dg/vect/vect-reduc-3.c -flto (test for excess errors)
UNRESOLVED: gcc.dg/vect/vect-reduc-3.c -flto compilation failed to
produce executable
UNRESOLVED: gcc.dg/vect/vect-reduc-3.c -flto scan-tree-dump-times vect
"vectorized 1 loops" 1
FAIL: gcc.dg/vect/vect-reduc-7.c -flto (test for excess errors)
UNRESOLVED: gcc.dg/vect/vect-reduc-7.c -flto compilation failed to
produce executable
FAIL: gcc.dg/vect/vect-reduc-8.c -flto (test for excess errors)
UNRESOLVED: gcc.dg/vect/vect-reduc-8.c -flto compilation failed to
produce executable
FAIL: gcc.dg/vect/vect-reduc-9.c -flto (test for excess errors)
UNRESOLVED: gcc.dg/vect/vect-reduc-9.c -flto compilation failed to
produce executable
FAIL: gcc.dg/vect/vect-strided-a-u16-i4.c -flto (test for excess errors)
=== gcc Summary ===
# of expected passes 57476
# of unexpected failures 112
# of expected failures 243
# of unresolved testcases 94
# of unsupported tests 1358
/usr/local/build/gcc-4.7.4_SunOS5.10_sparcv9.001/gcc/xgcc version 4.7.4
(genunix Wed Oct 1 23:11:58 GMT 2014)
=== gfortran tests ===
Running target unix
=== gfortran Summary ===
# of expected passes 41276
# of expected failures 44
# of unsupported tests 111
/usr/local/build/gcc-4.7.4_SunOS5.10_sparcv9.001/gcc/testsuite/gfortran/../../gfortran
version 4.7.4 (genunix Wed Oct 1 23:11:58 GMT 2014)
=== g++ tests ===
Running target unix
FAIL: g++.dg/cpp0x/nullptr28.C -std=c++11 execution test
FAIL: g++.dg/ext/visibility/fvisibility-inlines-hidden-2.C -std=gnu++98
scan-not-hidden
FAIL: g++.dg/ext/visibility/fvisibility-inlines-hidden-2.C -std=gnu++11
scan-not-hidden
FAIL: g++.dg/ext/visibility/fvisibility-inlines-hidden-3.C -std=gnu++98
scan-not-hidden
FAIL: g++.dg/ext/visibility/fvisibility-inlines-hidden-3.C -std=gnu++98
scan-not-hidden
FAIL: g++.dg/ext/visibility/fvisibility-inlines-hidden-3.C -std=gnu++11
scan-not-hidden
FAIL: g++.dg/ext/visibility/fvisibility-inlines-hidden-3.C -std=gnu++11
scan-not-hidden
FAIL: g++.dg/ext/visibility/fvisibility-inlines-hidden-4.C -std=gnu++98
scan-not-hidden
FAIL: g++.dg/ext/visibility/fvisibility-inlines-hidden-4.C -std=gnu++98
scan-not-hidden
FAIL: g++.dg/ext/visibility/fvisibility-inlines-hidden-4.C -std=gnu++11
scan-not-hidden
FAIL: g++.dg/ext/visibility/fvisibility-inlines-hidden-4.C -std=gnu++11
scan-not-hidden
FAIL: g++.dg/ext/visibility/fvisibility-override1.C -std=gnu++98
scan-not-hidden
FAIL: g++.dg/ext/visibility/fvisibility-override1.C -std=gnu++11
scan-not-hidden
FAIL: g++.dg/ext/visibility/fvisibility-override2.C -std=gnu++98
scan-not-hidden
FAIL: g++.dg/ext/visibility/fvisibility-override2.C -std=gnu++11
scan-not-hidden
FAIL: g++.dg/ext/visibility/guard1.C -std=gnu++98 scan-not-hidden
FAIL: g++.dg/ext/visibility/guard1.C -std=gnu++11 scan-not-hidden
FAIL: g++.dg/ext/visibility/ms-compat-1.C -std=gnu++98 scan-not-hidden
FAIL: g++.dg/ext/visibility/ms-compat-1.C -std=gnu++98 scan-not-hidden
FAIL: g++.dg/ext/visibility/ms-compat-1.C -std=gnu++98 scan-not-hidden
FAIL: g++.dg/ext/visibility/ms-compat-1.C -std=gnu++11 scan-not-hidden
FAIL: g++.dg/ext/visibility/ms-compat-1.C -std=gnu++11 scan-not-hidden
FAIL: g++.dg/ext/visibility/ms-compat-1.C -std=gnu++11 scan-not-hidden
FAIL: g++.dg/ext/visibility/namespace1.C -std=c++98 scan-not-hidden
FAIL: g++.dg/ext/visibility/namespace1.C -std=c++11 scan-not-hidden
FAIL: g++.dg/ext/visibility/new1.C -std=gnu++98 scan-not-hidden
FAIL: g++.dg/ext/visibility/new1.C -std=gnu++11 scan-not-hidden
FAIL: g++.dg/ext/visibility/template1.C -std=gnu++98 scan-not-hidden
FAIL: g++.dg/ext/visibility/template1.C -std=gnu++98 scan-not-hidden
FAIL: g++.dg/ext/visibility/template1.C -std=gnu++11 scan-not-hidden
FAIL: g++.dg/ext/visibility/template1.C -std=gnu++11 scan-not-hidden
FAIL: g++.dg/ext/visibility/template10.C -std=gnu++98 scan-not-hidden
FAIL: g++.dg/ext/visibility/template10.C -std=gnu++11 scan-not-hidden
FAIL: g++.dg/ext/visibility/template12.C -std=gnu++98 scan-not-hidden
FAIL: g++.dg/ext/visibility/template12.C -std=gnu++11 scan-not-hidden
FAIL: g++.dg/ext/visibility/template2.C -std=c++98 scan-not-hidden
FAIL: g++.dg/ext/visibility/template2.C -std=c++98 scan-not-hidden
FAIL: g++.dg/ext/visibility/template2.C -std=c++11 scan-not-hidden
FAIL: g++.dg/ext/visibility/template2.C -std=c++11 scan-not-hidden
FAIL: g++.dg/ext/visibility/template3.C -std=c++98 scan-not-hidden
FAIL: g++.dg/ext/visibility/template3.C -std=c++98 scan-not-hidden
FAIL: g++.dg/ext/visibility/template3.C -std=c++11 scan-not-hidden
FAIL: g++.dg/ext/visibility/template3.C -std=c++11 scan-not-hidden
FAIL: g++.dg/ext/visibility/template4.C -std=c++98 scan-not-hidden
FAIL: g++.dg/ext/visibility/template4.C -std=c++98 scan-not-hidden
FAIL: g++.dg/ext/visibility/template4.C -std=c++98 scan-not-hidden
FAIL: g++.dg/ext/visibility/template4.C -std=c++98 scan-not-hidden
FAIL: g++.dg/ext/visibility/template4.C -std=c++11 scan-not-hidden
FAIL: g++.dg/ext/visibility/template4.C -std=c++11 scan-not-hidden
FAIL: g++.dg/ext/visibility/template4.C -std=c++11 scan-not-hidden
FAIL: g++.dg/ext/visibility/template4.C -std=c++11 scan-not-hidden
FAIL: g++.dg/ext/visibility/template6.C -std=c++98 scan-not-hidden
FAIL: g++.dg/ext/visibility/template6.C -std=c++11 scan-not-hidden
FAIL: g++.dg/ext/visibility/template9.C -std=gnu++98 scan-not-hidden
FAIL: g++.dg/ext/visibility/template9.C -std=gnu++11 scan-not-hidden
FAIL: g++.dg/ext/visibility/typeinfo1.C -std=gnu++98 scan-not-hidden
FAIL: g++.dg/ext/visibility/typeinfo1.C -std=gnu++98 scan-not-hidden
FAIL: g++.dg/ext/visibility/typeinfo1.C -std=gnu++11 scan-not-hidden
FAIL: g++.dg/ext/visibility/typeinfo1.C -std=gnu++11 scan-not-hidden
FAIL: g++.dg/ext/visibility/typeinfo2.C -std=c++98 scan-not-hidden
FAIL: g++.dg/ext/visibility/typeinfo2.C -std=c++11 scan-not-hidden
FAIL: g++.dg/ext/visibility/typeinfo3.C -std=c++98 scan-not-hidden
FAIL: g++.dg/ext/visibility/typeinfo3.C -std=c++98 scan-not-hidden
FAIL: g++.dg/ext/visibility/typeinfo3.C -std=c++11 scan-not-hidden
FAIL: g++.dg/ext/visibility/typeinfo3.C -std=c++11 scan-not-hidden
FAIL: g++.dg/ext/visibility/warn3.C -std=c++98 scan-not-hidden
FAIL: g++.dg/ext/visibility/warn3.C -std=c++11 scan-not-hidden
FAIL: g++.old-deja/g++.mike/visibility-1.C -std=gnu++98 scan-not-hidden
FAIL: g++.old-deja/g++.mike/visibility-1.C -std=gnu++11 scan-not-hidden
=== g++ Summary ===
# of expected passes 47867
# of unexpected failures 69
# of expected failures 288
# of unsupported tests 737
/usr/local/build/gcc-4.7.4_SunOS5.10_sparcv9.001/gcc/testsuite/g++/../../g++
version 4.7.4 (genunix Wed Oct 1 23:11:58 GMT 2014)
=== gnat tests ===
Running target unix
=== gnat Summary ===
# of expected passes 1110
# of expected failures 14
# of unsupported tests 13
/usr/local/build/gcc-4.7.4_SunOS5.10_sparcv9.001/gcc/gnatmake version
4.7.4
=== go tests ===
Running target unix
=== go Summary ===
# of expected passes 3288
# of expected failures 4
# of untested testcases 7
/usr/local/build/gcc-4.7.4_SunOS5.10_sparcv9.001/gcc/testsuite/go/../../gccgo
version 4.7.4 (genunix Wed Oct 1 23:11:58 GMT 2014)
=== obj-c++ tests ===
Running target unix
=== obj-c++ Summary ===
# of expected passes 1442
# of expected failures 10
# of unsupported tests 86
/usr/local/build/gcc-4.7.4_SunOS5.10_sparcv9.001/gcc/testsuite/obj-c++/../../g++
version 4.7.4 (genunix Wed Oct 1 23:11:58 GMT 2014)
=== objc tests ===
Running target unix
=== objc Summary ===
# of expected passes 2994
# of unsupported tests 74
/usr/local/build/gcc-4.7.4_SunOS5.10_sparcv9.001/gcc/xgcc version 4.7.4
(genunix Wed Oct 1 23:11:58 GMT 2014)
=== boehm-gc tests ===
Running target unix
=== boehm-gc Summary ===
# of expected passes 12
# of unsupported tests 1
=== libffi tests ===
Running target unix
=== libffi Summary ===
# of expected passes 1634
# of expected failures 10
# of unsupported tests 55
=== libgo tests ===
Running target unix
FAIL: runtime/pprof
=== libgo Summary ===
# of expected passes 123
# of unexpected failures 1
/usr/local/build/gcc-4.7.4_SunOS5.10_sparcv9.001/./gcc/gccgo version
4.7.4 (genunix Wed Oct 1 23:11:58 GMT 2014)
=== libgomp tests ===
Running target unix
=== libgomp Summary ===
# of expected passes 2940
# of unsupported tests 3
=== libitm tests ===
Running target unix
=== libitm Summary ===
# of expected passes 26
# of expected failures 3
# of unsupported tests 1
=== libjava tests ===
Running target unix
FAIL: PR16923.c compilation
=== libjava Summary ===
# of expected passes 2572
# of unexpected failures 1
=== libstdc++ tests ===
Running target unix
XPASS: ext/enc_filebuf/char/13598.cc execution test
=== libstdc++ Summary ===
# of expected passes 8009
# of unexpected successes 1
# of expected failures 45
# of unsupported tests 511
Compiler version: 4.7.4 (genunix Wed Oct 1 23:11:58 GMT 2014)
Platform: sparc64-sun-solaris2.10
configure flags: --prefix=/opt/intermediate/gcc4
--build=sparc64-sun-solaris2.10 --without-gnu-as --without-gnu-ld
--with-gmp=/usr/local --with-mpfr=/usr/local --with-mpc=/usr/local
--with-ld=/usr/ccs/bin/ld --disable-nls --enable-threads=posix
--enable-shared --libdir=/opt/intermediate/gcc4/lib
--libexecdir=/opt/intermediate/gcc4/lib
--enable-languages=all,ada,c,c++,fortran,go,objc,obj-c++
--enable-stage1-languages=c,c++ --with-pkgversion='genunix Wed Oct 1
23:11:58 GMT 2014' --with-cpu=v9 --disable-multilib --enable-bootstrap
EOF
Dennis Clarke
dev at cor0 dt com / genunix dt com