This is the mail archive of the
gcc-testresults@gcc.gnu.org
mailing list for the GCC project.
FW: Results for 5.0.0 20140928 (experimental) (GCC) testsuite on x86_64-unknown-linux-gnu
- From: "Pinski, Andrew" <Andrew dot Pinski at caviumnetworks dot com>
- To: "gcc-testresults at gcc dot gnu dot org" <gcc-testresults at gcc dot gnu dot org>
- Date: Sun, 28 Sep 2014 20:22:08 +0000
- Subject: FW: Results for 5.0.0 20140928 (experimental) (GCC) testsuite on x86_64-unknown-linux-gnu
- Authentication-results: sourceware.org; auth=none
- Auto-submitted: auto-generated
- References: <201409282021 dot s8SKLxcU032249 at blackduck dot caveonetworks dot com>
________________________________________
From: jenkins@blackduck.caveonetworks.com
Sent: Sunday, September 28, 2014 1:21:59 PM (UTC-08:00) Pacific Time (US & Canada)
To: apinski@cavium.com
Subject: Results for 5.0.0 20140928 (experimental) (GCC) testsuite on x86_64-unknown-linux-gnu
Native configuration is x86_64-unknown-linux-gnu
=== gcc tests ===
Running target unix//-m32
FAIL: gcc.dg/combine_ashiftrt_1.c scan-rtl-dump combine "\\\\(neg:DI \\\\(ge:DI"
FAIL: gcc.dg/torture/tls/run-ld.c -O1 -pie -fpie execution test
FAIL: gcc.dg/torture/tls/run-ld.c -O2 -pie -fpie execution test
FAIL: gcc.dg/torture/tls/run-ld.c -O3 -fomit-frame-pointer -pie -fpie execution test
FAIL: gcc.dg/torture/tls/run-ld.c -O3 -g -pie -fpie execution test
FAIL: gcc.dg/torture/tls/run-ld.c -Os -pie -fpie execution test
FAIL: gcc.dg/torture/tls/run-ld.c -O1 -pie -fPIE execution test
FAIL: gcc.dg/torture/tls/run-ld.c -O2 -pie -fPIE execution test
FAIL: gcc.dg/torture/tls/run-ld.c -O3 -fomit-frame-pointer -pie -fPIE execution test
FAIL: gcc.dg/torture/tls/run-ld.c -O3 -g -pie -fPIE execution test
FAIL: gcc.dg/torture/tls/run-ld.c -Os -pie -fPIE execution test
FAIL: gcc.target/i386/pr49095.c scan-assembler-not test[lq]
=== gcc Summary for unix//-m32 ===
# of expected passes 103644
# of unexpected failures 12
# of expected failures 245
# of unsupported tests 1901
Running target unix//-m64
=== gcc Summary ===
# of expected passes 107475
# of unexpected failures 12
# of expected failures 245
# of unsupported tests 1909
/var/lib/jenkins/workspace/GCCupstream/objdir/gcc/xgcc version 5.0.0 20140928 (experimental) (GCC)
=== gfortran tests ===
Running target unix//-m32
FAIL: gfortran.dg/coarray_collectives_9.f90 -O (test for errors, line 32)
FAIL: gfortran.dg/coarray_collectives_9.f90 -O (test for errors, line 57)
FAIL: gfortran.dg/coarray_collectives_9.f90 -O (test for errors, line 58)
FAIL: gfortran.dg/coarray_collectives_9.f90 -O (test for errors, line 60)
FAIL: gfortran.dg/coarray_collectives_9.f90 -O (test for errors, line 61)
FAIL: gfortran.dg/coarray_collectives_9.f90 -O (test for excess errors)
=== gfortran Summary for unix//-m32 ===
# of expected passes 46346
# of unexpected failures 6
# of expected failures 38
# of unsupported tests 221
Running target unix//-m64
FAIL: gfortran.dg/coarray_collectives_9.f90 -O (test for errors, line 32)
FAIL: gfortran.dg/coarray_collectives_9.f90 -O (test for errors, line 57)
FAIL: gfortran.dg/coarray_collectives_9.f90 -O (test for errors, line 58)
FAIL: gfortran.dg/coarray_collectives_9.f90 -O (test for errors, line 60)
FAIL: gfortran.dg/coarray_collectives_9.f90 -O (test for errors, line 61)
FAIL: gfortran.dg/coarray_collectives_9.f90 -O (test for excess errors)
FAIL: gfortran.dg/typebound_operator_3.f03 -O1 execution test
=== gfortran Summary for unix//-m64 ===
# of expected passes 46634
# of unexpected failures 7
# of expected failures 38
# of unsupported tests 81
=== gfortran Summary ===
# of expected passes 92980
# of unexpected failures 13
# of expected failures 76
# of unsupported tests 302
/var/lib/jenkins/workspace/GCCupstream/objdir/gcc/testsuite/gfortran/../../gfortran version 5.0.0 20140928 (experimental) (GCC)
=== g++ tests ===
Running target unix//-m32
FAIL: g++.dg/other/anon5.C -std=gnu++98 (test for excess errors)
FAIL: g++.dg/other/anon5.C -std=gnu++11 (test for excess errors)
FAIL: g++.dg/other/anon5.C -std=gnu++1y (test for excess errors)
FAIL: g++.dg/other/pr59492.C -std=gnu++98 (test for excess errors)
FAIL: g++.dg/other/pr59492.C -std=gnu++11 (test for excess errors)
FAIL: g++.dg/other/pr59492.C -std=gnu++1y (test for excess errors)
FAIL: g++.dg/lto/pr63270 cp_lto_pr63270_0.o-cp_lto_pr63270_1.o link, -flto -O2 -Wno-odr
UNRESOLVED: g++.dg/lto/pr63270 cp_lto_pr63270_0.o-cp_lto_pr63270_1.o execute -flto -O2 -Wno-odr
UNRESOLVED: g++.dg/tree-prof/pr35545.C scan-ipa-dump-not optimized "OBJ_TYPE_REF"
=== g++ Summary for unix//-m32 ===
# of expected passes 87424
# of unexpected failures 7
# of expected failures 266
# of unresolved testcases 2
# of unsupported tests 2927
Running target unix//-m64
FAIL: g++.dg/other/anon5.C -std=gnu++98 (test for excess errors)
FAIL: g++.dg/other/anon5.C -std=gnu++11 (test for excess errors)
FAIL: g++.dg/other/anon5.C -std=gnu++1y (test for excess errors)
FAIL: g++.dg/lto/pr63270 cp_lto_pr63270_0.o-cp_lto_pr63270_1.o link, -flto -O2 -Wno-odr
UNRESOLVED: g++.dg/lto/pr63270 cp_lto_pr63270_0.o-cp_lto_pr63270_1.o execute -flto -O2 -Wno-odr
UNRESOLVED: g++.dg/tree-prof/pr35545.C scan-ipa-dump-not optimized "OBJ_TYPE_REF"
=== g++ Summary ===
# of expected passes 160676
# of unexpected failures 11
# of expected failures 474
# of unresolved testcases 4
# of unsupported tests 6043
/var/lib/jenkins/workspace/GCCupstream/objdir/gcc/testsuite/g++/../../xg++ version 5.0.0 20140928 (experimental) (GCC)
=== libstdc++ tests ===
Running target unix//-m32
=== libstdc++ Summary for unix//-m32 ===
# of expected passes 9478
# of expected failures 69
# of unsupported tests 535
Running target unix//-m64
=== libstdc++ Summary ===
# of expected passes 12102
# of expected failures 90
# of unsupported tests 850
=== libstdc++ tests ===
Running target unix//-m32
=== libstdc++ Summary for unix//-m32 ===
# of unsupported tests 1
Running target unix//-m64
=== libstdc++ Summary ===
# of expected passes 431
# of expected failures 11
# of unsupported tests 46
Compiler version: 5.0.0 20140928 (experimental) (GCC)
Platform: x86_64-unknown-linux-gnu
configure flags: --prefix=/var/lib/jenkins/workspace/GCCupstream/objdir/install