This is the mail archive of the
gcc-testresults@gcc.gnu.org
mailing list for the GCC project.
Results for 5.0.0 20140905 (experimental) [trunk revision 214954] (GCC) testsuite on x86_64-pc-solaris2.10
- From: Rainer Orth <ro at CeBiTec dot Uni-Bielefeld dot DE>
- To: gcc-testresults at gcc dot gnu dot org
- Date: Sun, 7 Sep 2014 08:59:41 +0200 (MEST)
- Subject: Results for 5.0.0 20140905 (experimental) [trunk revision 214954] (GCC) testsuite on x86_64-pc-solaris2.10
- Authentication-results: sourceware.org; auth=none
LAST_UPDATED: Fri Sep 5 12:18:26 UTC 2014 (revision 214954)
Native configuration is x86_64-pc-solaris2.10
=== boehm-gc tests ===
Running target unix/-m32
=== boehm-gc Summary for unix/-m32 ===
# of expected passes 12
# of unsupported tests 1
Running target unix
=== boehm-gc Summary for unix ===
# of expected passes 12
# of unsupported tests 1
=== boehm-gc Summary ===
# of expected passes 24
# of unsupported tests 2
=== libatomic tests ===
Running target unix/-m32
=== libatomic Summary for unix/-m32 ===
# of expected passes 44
# of unsupported tests 5
Running target unix
=== libatomic Summary for unix ===
# of expected passes 54
=== libatomic Summary ===
# of expected passes 98
# of unsupported tests 5
=== libffi tests ===
Running target unix/-m32
=== libffi Summary for unix/-m32 ===
# of expected passes 1819
# of unsupported tests 55
Running target unix
=== libffi Summary for unix ===
# of expected passes 1819
# of unsupported tests 55
=== libffi Summary ===
# of expected passes 3638
# of unsupported tests 110
=== libgo tests ===
Running target unix
=== libgo Summary for unix ===
# of expected passes 123
Running target unix/-m32
FAIL: runtime
FAIL: log/syslog
FAIL: net/http/httptest
FAIL: sync/atomic
=== libgo Summary for unix/-m32 ===
# of expected passes 119
# of unexpected failures 4
=== libgo Summary ===
# of expected passes 242
# of unexpected failures 4
/var/gcc/regression/trunk/10-gcc-gas-64/build/./gcc/gccgo version 5.0.0 20140905 (experimental) [trunk revision 214954] (GCC)
=== libgomp tests ===
Running target unix/-m32
=== libgomp Summary for unix/-m32 ===
# of expected passes 3271
# of unsupported tests 22
Running target unix
=== libgomp Summary for unix ===
# of expected passes 3271
# of unsupported tests 22
=== libgomp Summary ===
# of expected passes 6542
# of unsupported tests 44
=== libitm tests ===
Running target unix/-m32
=== libitm Summary for unix/-m32 ===
# of expected passes 26
# of expected failures 3
# of unsupported tests 1
Running target unix
=== libitm Summary for unix ===
# of expected passes 26
# of expected failures 3
# of unsupported tests 1
=== libitm Summary ===
# of expected passes 52
# of expected failures 6
# of unsupported tests 2
=== libjava tests ===
Running target unix/-m32
=== libjava Summary for unix/-m32 ===
# of expected passes 2582
# of expected failures 4
Running target unix
=== libjava Summary for unix ===
# of expected passes 2582
# of expected failures 4
=== libjava Summary ===
# of expected passes 5164
# of expected failures 8
=== libstdc++ tests ===
Running target unix
FAIL: 30_threads/condition_variable_any/50862.cc execution test
=== libstdc++ Summary for unix ===
# of expected passes 9100
# of unexpected failures 1
# of expected failures 70
# of unsupported tests 599
Running target unix/-m32
FAIL: 30_threads/condition_variable_any/50862.cc execution test
=== libstdc++ Summary for unix/-m32 ===
# of expected passes 9100
# of unexpected failures 1
# of expected failures 70
# of unsupported tests 599
=== libstdc++ Summary ===
# of expected passes 18200
# of unexpected failures 2
# of expected failures 140
# of unsupported tests 1198
=== acats tests ===
=== acats Summary ===
# of expected passes 2320
# of unexpected failures 0
=== g++ tests ===
Running target unix
FAIL: g++.dg/cpp0x/static_assert9.C -std=c++11 (test for excess errors)
FAIL: g++.dg/cpp0x/static_assert9.C -std=c++1y (test for excess errors)
=== g++ Summary for unix ===
# of expected passes 83107
# of unexpected failures 2
# of expected failures 269
# of unsupported tests 3200
Running target unix/-m32
FAIL: g++.dg/cilk-plus/CK/catch_exc.cc -O1 -fcilkplus execution test
FAIL: g++.dg/cilk-plus/CK/catch_exc.cc -O3 -fcilkplus execution test
FAIL: g++.dg/cilk-plus/CK/catch_exc.cc -g -fcilkplus execution test
FAIL: g++.dg/cilk-plus/CK/catch_exc.cc -g -O2 -fcilkplus execution test
FAIL: g++.dg/cpp0x/static_assert9.C -std=c++11 (test for excess errors)
FAIL: g++.dg/cpp0x/static_assert9.C -std=c++1y (test for excess errors)
=== g++ Summary for unix/-m32 ===
# of expected passes 81771
# of unexpected failures 6
# of expected failures 269
# of unsupported tests 2940
=== g++ Summary ===
# of expected passes 164878
# of unexpected failures 8
# of expected failures 538
# of unsupported tests 6140
/var/gcc/regression/trunk/10-gcc-gas-64/build/gcc/testsuite/g++/../../xg++ version 5.0.0 20140905 (experimental) [trunk revision 214954] (GCC)
=== gcc tests ===
Running target unix
FAIL: gcc.dg/graphite/vect-pr43423.c scan-tree-dump-times vect "vectorized 2 loops" 1
=== gcc Summary for unix ===
# of expected passes 101531
# of unexpected failures 1
# of expected failures 251
# of unsupported tests 1481
Running target unix/-m32
FAIL: gcc.dg/graphite/vect-pr43423.c scan-tree-dump-times vect "vectorized 2 loops" 1
FAIL: gcc.target/i386/pr49095.c scan-assembler-not test[lq]
=== gcc Summary for unix/-m32 ===
# of expected passes 100841
# of unexpected failures 2
# of expected failures 249
# of unsupported tests 1265
=== gcc Summary ===
# of expected passes 202372
# of unexpected failures 3
# of expected failures 500
# of unsupported tests 2746
/var/gcc/regression/trunk/10-gcc-gas-64/build/gcc/xgcc version 5.0.0 20140905 (experimental) [trunk revision 214954] (GCC)
=== gfortran tests ===
Running target unix
WARNING: program timed out.
FAIL: gfortran.dg/graphite/pr42393.f90 -O (test for excess errors)
=== gfortran Summary for unix ===
# of expected passes 46679
# of unexpected failures 1
# of expected failures 52
# of unsupported tests 73
Running target unix/-m32
WARNING: program timed out.
FAIL: gfortran.dg/graphite/pr42393.f90 -O (test for excess errors)
=== gfortran Summary for unix/-m32 ===
# of expected passes 46392
# of unexpected failures 1
# of expected failures 52
# of unsupported tests 211
=== gfortran Summary ===
# of expected passes 93071
# of unexpected failures 2
# of expected failures 104
# of unsupported tests 284
/var/gcc/regression/trunk/10-gcc-gas-64/build/gcc/testsuite/gfortran/../../gfortran version 5.0.0 20140905 (experimental) [trunk revision 214954] (GCC)
=== gnat tests ===
Running target unix/-m32
FAIL: gnat.dg/weak2.adb (test for excess errors)
=== gnat Summary for unix/-m32 ===
# of expected passes 1247
# of unexpected failures 1
# of expected failures 18
# of unsupported tests 7
Running target unix
FAIL: gnat.dg/weak2.adb (test for excess errors)
=== gnat Summary for unix ===
# of expected passes 1247
# of unexpected failures 1
# of expected failures 18
# of unsupported tests 7
=== gnat Summary ===
# of expected passes 2494
# of unexpected failures 2
# of expected failures 36
# of unsupported tests 14
/var/gcc/regression/trunk/10-gcc-gas-64/build/gcc/gnatmake version 5.0.0 20140905 (experimental) [trunk revision 214954]
=== go tests ===
Running target unix
FAIL: go.test/test/cmplxdivide.go
WARNING: program timed out.
=== go Summary for unix ===
# of expected passes 7248
# of unexpected failures 1
# of expected failures 1
# of untested testcases 9
# of unsupported tests 1
Running target unix/-m32
=== go Summary for unix/-m32 ===
# of expected passes 7368
# of expected failures 1
# of untested testcases 9
# of unsupported tests 2
=== go Summary ===
# of expected passes 14616
# of unexpected failures 1
# of expected failures 2
# of untested testcases 18
# of unsupported tests 3
=== obj-c++ tests ===
Running target unix/-m32
=== obj-c++ Summary for unix/-m32 ===
# of expected passes 1447
# of expected failures 2
# of unsupported tests 86
Running target unix
=== obj-c++ Summary for unix ===
# of expected passes 1439
# of expected failures 10
# of unsupported tests 86
=== obj-c++ Summary ===
# of expected passes 2886
# of expected failures 12
# of unsupported tests 172
/var/gcc/regression/trunk/10-gcc-gas-64/build/gcc/testsuite/obj-c++/../../xg++ version 5.0.0 20140905 (experimental) [trunk revision 214954] (GCC)
=== objc tests ===
Running target unix
=== objc Summary for unix ===
# of expected passes 3004
# of expected failures 6
# of unsupported tests 74
Running target unix/-m32
=== objc Summary for unix/-m32 ===
# of expected passes 3004
# of expected failures 6
# of unsupported tests 74
=== objc Summary ===
# of expected passes 6008
# of expected failures 12
# of unsupported tests 148
/var/gcc/regression/trunk/10-gcc-gas-64/build/gcc/xgcc version 5.0.0 20140905 (experimental) [trunk revision 214954] (GCC)
Compiler version: 5.0.0 20140905 (experimental) [trunk revision 214954] (GCC)
Platform: x86_64-pc-solaris2.10
configure flags: --prefix=/vol/gcc --target=amd64-pc-solaris2.10 --enable-objc-gc --with-as=/vol/gcc/bin/amd64/gas-2.24 --with-gnu-as --with-gmp-include=/vol/gcc/include --with-gmp-lib=/vol/gcc/lib/amd64 --with-mpfr-include=/vol/gcc/include --with-mpfr-lib=/vol/gcc/lib/amd64 --with-mpc-include=/vol/gcc/include --with-mpc-lib=/vol/gcc/lib/amd64 --enable-languages=all,ada,obj-c++,go --with-isl-include=/vol/gcc/include --with-isl-lib=/vol/gcc/lib/amd64 --with-cloog-include=/vol/gcc/include --with-cloog-lib=/vol/gcc/lib/amd64 --enable-cloog-backend=isl --build=amd64-pc-solaris2.10 --host=amd64-pc-solaris2.10
BOOT_CFLAGS=-g -O2