This is the mail archive of the
gcc-testresults@gcc.gnu.org
mailing list for the GCC project.
Results for 5.0.0 20140821 (experimental) [trunk revision 214296] (GCC) testsuite on hppa64-hp-hpux11.00
- From: John David Anglin <dave at hiauly2 dot hia dot nrc dot ca>
- To: dave at hiauly2 dot hia dot nrc dot ca, gcc-testresults at gcc dot gnu dot org
- Date: Sun, 31 Aug 2014 14:34:34 -0400 (EDT)
- Subject: Results for 5.0.0 20140821 (experimental) [trunk revision 214296] (GCC) testsuite on hppa64-hp-hpux11.00
- Authentication-results: sourceware.org; auth=none
Native configuration is hppa64-hp-hpux11.00
=== g++ tests ===
Running target unix
FAIL: g++.dg/cpp0x/static_assert9.C -std=c++11 (test for excess errors)
FAIL: g++.dg/cpp0x/static_assert9.C -std=c++1y (test for excess errors)
FAIL: g++.dg/cpp0x/udlit-string-literal.C -std=c++11 (test for excess errors)
FAIL: g++.dg/cpp0x/udlit-string-literal.C -std=c++1y (test for excess errors)
WARNING: program timed out.
=== g++ Summary ===
# of expected passes 76388
# of unexpected failures 4
# of expected failures 437
# of unsupported tests 3488
/home/gnu/gcc/objdir/gcc/testsuite/g++/../../xg++ version 5.0.0 20140821 (experimental) [trunk revision 214296] (GCC)
=== gcc tests ===
Running target unix
WARNING: program timed out.
FAIL: gcc.c-torture/compile/limits-externdecl.c -O0 (test for excess errors)
WARNING: program timed out.
FAIL: gcc.c-torture/compile/limits-externdecl.c -O1 (test for excess errors)
WARNING: program timed out.
FAIL: gcc.c-torture/compile/limits-externdecl.c -O2 (test for excess errors)
WARNING: program timed out.
FAIL: gcc.c-torture/compile/limits-externdecl.c -O3 -fomit-frame-pointer (test for excess errors)
WARNING: program timed out.
FAIL: gcc.c-torture/compile/limits-externdecl.c -O3 -g (test for excess errors)
WARNING: program timed out.
FAIL: gcc.c-torture/compile/limits-externdecl.c -Os (test for excess errors)
WARNING: program timed out.
FAIL: gcc.c-torture/compile/limits-externdecl.c -O2 -flto -flto-partition=none (test for excess errors)
WARNING: program timed out.
FAIL: gcc.c-torture/compile/limits-externdecl.c -O2 -flto (test for excess errors)
WARNING: program timed out.
FAIL: gcc.c-torture/compile/limits-fndefn.c -O1 (test for excess errors)
WARNING: program timed out.
FAIL: gcc.c-torture/compile/limits-fndefn.c -O2 (test for excess errors)
WARNING: program timed out.
FAIL: gcc.c-torture/compile/limits-fndefn.c -O3 -fomit-frame-pointer (test for excess errors)
WARNING: program timed out.
FAIL: gcc.c-torture/compile/limits-fndefn.c -O3 -g (test for excess errors)
WARNING: program timed out.
FAIL: gcc.c-torture/compile/limits-fndefn.c -Os (test for excess errors)
WARNING: program timed out.
FAIL: gcc.c-torture/compile/limits-fndefn.c -O2 -flto -flto-partition=none (test for excess errors)
WARNING: program timed out.
FAIL: gcc.c-torture/compile/limits-fndefn.c -O2 -flto (test for excess errors)
WARNING: program timed out.
FAIL: gcc.c-torture/compile/limits-structnest.c -O2 -flto -flto-partition=none (test for excess errors)
WARNING: program timed out.
FAIL: gcc.c-torture/compile/limits-structnest.c -O2 -flto (test for excess errors)
WARNING: program timed out.
FAIL: gcc.dg/atomic/c11-atomic-exec-2.c -O3 -fomit-frame-pointer -funroll-all-loops -finline-functions (test for excess errors)
UNRESOLVED: gcc.dg/atomic/c11-atomic-exec-2.c -O3 -fomit-frame-pointer -funroll-all-loops -finline-functions compilation failed to produce executable
WARNING: program timed out.
FAIL: gcc.dg/atomic/c11-atomic-exec-2.c -O2 -flto -flto-partition=none (test for excess errors)
WARNING: program timed out.
FAIL: gcc.dg/atomic/c11-atomic-exec-2.c -O2 -flto (test for excess errors)
WARNING: program timed out.
FAIL: gcc.dg/atomic/c11-atomic-exec-3.c -O3 -fomit-frame-pointer -funroll-loops (test for excess errors)
UNRESOLVED: gcc.dg/atomic/c11-atomic-exec-3.c -O3 -fomit-frame-pointer -funroll-loops compilation failed to produce executable
WARNING: program timed out.
FAIL: gcc.dg/atomic/c11-atomic-exec-3.c -O3 -fomit-frame-pointer -funroll-all-loops -finline-functions (test for excess errors)
UNRESOLVED: gcc.dg/atomic/c11-atomic-exec-3.c -O3 -fomit-frame-pointer -funroll-all-loops -finline-functions compilation failed to produce executable
WARNING: program timed out.
FAIL: gcc.dg/atomic/c11-atomic-exec-3.c -O3 -g (test for excess errors)
UNRESOLVED: gcc.dg/atomic/c11-atomic-exec-3.c -O3 -g compilation failed to produce executable
WARNING: program timed out.
FAIL: gcc.dg/atomic/c11-atomic-exec-3.c -O2 -flto -flto-partition=none (test for excess errors)
WARNING: program timed out.
FAIL: gcc.dg/atomic/c11-atomic-exec-3.c -O2 -flto (test for excess errors)
FAIL: gcc.dg/atomic/c11-atomic-exec-5.c -O0 execution test
FAIL: gcc.dg/atomic/c11-atomic-exec-5.c -O1 execution test
FAIL: gcc.dg/atomic/c11-atomic-exec-5.c -O2 execution test
FAIL: gcc.dg/atomic/c11-atomic-exec-5.c -O3 -fomit-frame-pointer execution test
FAIL: gcc.dg/atomic/c11-atomic-exec-5.c -O3 -fomit-frame-pointer -funroll-loops execution test
FAIL: gcc.dg/atomic/c11-atomic-exec-5.c -O3 -fomit-frame-pointer -funroll-all-loops -finline-functions execution test
FAIL: gcc.dg/atomic/c11-atomic-exec-5.c -O3 -g execution test
FAIL: gcc.dg/atomic/c11-atomic-exec-5.c -Os execution test
FAIL: gcc.dg/atomic/c11-atomic-exec-5.c -O2 -flto -flto-partition=none execution test
FAIL: gcc.dg/atomic/c11-atomic-exec-5.c -O2 -flto execution test
FAIL: gcc.dg/20030711-1.c execution test
WARNING: program timed out.
FAIL: gcc.dg/c11-atomic-2.c (test for excess errors)
WARNING: program timed out.
WARNING: program timed out.
FAIL: gcc.dg/c99-intconst-1.c (test for excess errors)
WARNING: program timed out.
FAIL: gcc.dg/pr48141.c (test for excess errors)
WARNING: program timed out.
FAIL: gcc.dg/tls/alias-1.c (internal compiler error)
FAIL: gcc.dg/tls/alias-1.c (test for excess errors)
=== gcc Summary ===
# of expected passes 84000
# of unexpected failures 41
# of expected failures 122
# of unresolved testcases 4
# of unsupported tests 1682
/home/gnu/gcc/objdir/gcc/xgcc version 5.0.0 20140821 (experimental) [trunk revision 214296] (GCC)
=== gfortran tests ===
Running target unix
FAIL: gfortran.dg/coarray/alloc_comp_1.f90 -fcoarray=lib -O2 -lcaf_single (test for excess errors)
FAIL: gfortran.dg/coarray/alloc_comp_1.f90 -fcoarray=lib -O2 -lcaf_single execution test
FAIL: gfortran.dg/coarray/allocate_errgmsg.f90 -fcoarray=lib -O2 -lcaf_single (test for excess errors)
FAIL: gfortran.dg/coarray/allocate_errgmsg.f90 -fcoarray=lib -O2 -lcaf_single execution test
FAIL: gfortran.dg/coarray/atomic_1.f90 -fcoarray=lib -O2 -lcaf_single (test for excess errors)
FAIL: gfortran.dg/coarray/atomic_1.f90 -fcoarray=lib -O2 -lcaf_single execution test
FAIL: gfortran.dg/coarray/atomic_2.f90 -fcoarray=single -O2 (test for excess errors)
FAIL: gfortran.dg/coarray/atomic_2.f90 -fcoarray=single -O2 execution test
FAIL: gfortran.dg/coarray/atomic_2.f90 -fcoarray=lib -O2 -lcaf_single (test for excess errors)
FAIL: gfortran.dg/coarray/atomic_2.f90 -fcoarray=lib -O2 -lcaf_single execution test
FAIL: gfortran.dg/coarray/codimension.f90 -fcoarray=lib -O2 -lcaf_single (test for excess errors)
FAIL: gfortran.dg/coarray/codimension.f90 -fcoarray=lib -O2 -lcaf_single execution test
FAIL: gfortran.dg/coarray/coindexed_1.f90 -fcoarray=lib -O2 -lcaf_single (test for excess errors)
FAIL: gfortran.dg/coarray/coindexed_1.f90 -fcoarray=lib -O2 -lcaf_single execution test
FAIL: gfortran.dg/coarray/coindexed_3.f90 -fcoarray=lib -O2 -lcaf_single (test for excess errors)
FAIL: gfortran.dg/coarray/coindexed_3.f90 -fcoarray=lib -O2 -lcaf_single execution test
FAIL: gfortran.dg/coarray/collectives_1.f90 -fcoarray=lib -O2 -lcaf_single (test for excess errors)
FAIL: gfortran.dg/coarray/collectives_1.f90 -fcoarray=lib -O2 -lcaf_single execution test
FAIL: gfortran.dg/coarray/collectives_2.f90 -fcoarray=lib -O2 -lcaf_single (test for excess errors)
FAIL: gfortran.dg/coarray/collectives_2.f90 -fcoarray=lib -O2 -lcaf_single execution test
FAIL: gfortran.dg/coarray/dummy_1.f90 -fcoarray=lib -O2 -lcaf_single (test for excess errors)
FAIL: gfortran.dg/coarray/dummy_1.f90 -fcoarray=lib -O2 -lcaf_single execution test
FAIL: gfortran.dg/coarray/get_array.f90 -fcoarray=lib -O2 -lcaf_single (test for excess errors)
FAIL: gfortran.dg/coarray/get_array.f90 -fcoarray=lib -O2 -lcaf_single execution test
FAIL: gfortran.dg/coarray/image_index_1.f90 -fcoarray=lib -O2 -lcaf_single (test for excess errors)
FAIL: gfortran.dg/coarray/image_index_1.f90 -fcoarray=lib -O2 -lcaf_single execution test
FAIL: gfortran.dg/coarray/image_index_2.f90 -fcoarray=lib -O2 -lcaf_single (test for excess errors)
FAIL: gfortran.dg/coarray/image_index_2.f90 -fcoarray=lib -O2 -lcaf_single execution test
FAIL: gfortran.dg/coarray/image_index_3.f90 -fcoarray=lib -O2 -lcaf_single (test for excess errors)
FAIL: gfortran.dg/coarray/image_index_3.f90 -fcoarray=lib -O2 -lcaf_single execution test
FAIL: gfortran.dg/coarray/lib_realloc_1.f90 -fcoarray=lib -O2 -lcaf_single (test for excess errors)
FAIL: gfortran.dg/coarray/lib_realloc_1.f90 -fcoarray=lib -O2 -lcaf_single execution test
FAIL: gfortran.dg/coarray/lock_1.f90 -fcoarray=lib -O2 -lcaf_single (test for excess errors)
FAIL: gfortran.dg/coarray/lock_1.f90 -fcoarray=lib -O2 -lcaf_single execution test
FAIL: gfortran.dg/coarray/move_alloc_1.f90 -fcoarray=lib -O2 -lcaf_single (test for excess errors)
FAIL: gfortran.dg/coarray/move_alloc_1.f90 -fcoarray=lib -O2 -lcaf_single execution test
FAIL: gfortran.dg/coarray/poly_run_1.f90 -fcoarray=lib -O2 -lcaf_single (test for excess errors)
FAIL: gfortran.dg/coarray/poly_run_1.f90 -fcoarray=lib -O2 -lcaf_single execution test
FAIL: gfortran.dg/coarray/poly_run_2.f90 -fcoarray=lib -O2 -lcaf_single (test for excess errors)
FAIL: gfortran.dg/coarray/poly_run_2.f90 -fcoarray=lib -O2 -lcaf_single execution test
FAIL: gfortran.dg/coarray/poly_run_3.f90 -fcoarray=lib -O2 -lcaf_single (test for excess errors)
FAIL: gfortran.dg/coarray/poly_run_3.f90 -fcoarray=lib -O2 -lcaf_single execution test
FAIL: gfortran.dg/coarray/registering_1.f90 -fcoarray=lib -O2 -lcaf_single (test for excess errors)
FAIL: gfortran.dg/coarray/registering_1.f90 -fcoarray=lib -O2 -lcaf_single execution test
FAIL: gfortran.dg/coarray/scalar_alloc_1.f90 -fcoarray=lib -O2 -lcaf_single (test for excess errors)
FAIL: gfortran.dg/coarray/scalar_alloc_1.f90 -fcoarray=lib -O2 -lcaf_single execution test
FAIL: gfortran.dg/coarray/scalar_alloc_2.f90 -fcoarray=lib -O2 -lcaf_single (test for excess errors)
FAIL: gfortran.dg/coarray/scalar_alloc_2.f90 -fcoarray=lib -O2 -lcaf_single execution test
FAIL: gfortran.dg/coarray/send_array.f90 -fcoarray=lib -O2 -lcaf_single (test for excess errors)
FAIL: gfortran.dg/coarray/send_array.f90 -fcoarray=lib -O2 -lcaf_single execution test
FAIL: gfortran.dg/coarray/sendget_array.f90 -fcoarray=lib -O2 -lcaf_single (test for excess errors)
FAIL: gfortran.dg/coarray/sendget_array.f90 -fcoarray=lib -O2 -lcaf_single execution test
FAIL: gfortran.dg/coarray/subobject_1.f90 -fcoarray=lib -O2 -lcaf_single (test for excess errors)
FAIL: gfortran.dg/coarray/subobject_1.f90 -fcoarray=lib -O2 -lcaf_single execution test
FAIL: gfortran.dg/coarray/sync_1.f90 -fcoarray=lib -O2 -lcaf_single (test for excess errors)
FAIL: gfortran.dg/coarray/sync_1.f90 -fcoarray=lib -O2 -lcaf_single execution test
FAIL: gfortran.dg/coarray/sync_3.f90 -fcoarray=lib -O2 -lcaf_single (test for excess errors)
FAIL: gfortran.dg/coarray/sync_3.f90 -fcoarray=lib -O2 -lcaf_single output pattern test, is remote_spawn failed, should match Fortran runtime error: Invalid image number -1 in SYNC IMAGES
FAIL: gfortran.dg/coarray/this_image_1.f90 -fcoarray=lib -O2 -lcaf_single (test for excess errors)
FAIL: gfortran.dg/coarray/this_image_1.f90 -fcoarray=lib -O2 -lcaf_single execution test
FAIL: gfortran.dg/coarray/this_image_2.f90 -fcoarray=lib -O2 -lcaf_single (test for excess errors)
FAIL: gfortran.dg/coarray/this_image_2.f90 -fcoarray=lib -O2 -lcaf_single execution test
WARNING: program timed out.
FAIL: gfortran.dg/minloc_3.f90 -O3 -fomit-frame-pointer (test for excess errors)
UNRESOLVED: gfortran.dg/minloc_3.f90 -O3 -fomit-frame-pointer compilation failed to produce executable
WARNING: program timed out.
FAIL: gfortran.dg/minloc_3.f90 -O3 -fomit-frame-pointer -funroll-loops (test for excess errors)
UNRESOLVED: gfortran.dg/minloc_3.f90 -O3 -fomit-frame-pointer -funroll-loops compilation failed to produce executable
WARNING: program timed out.
FAIL: gfortran.dg/minloc_3.f90 -O3 -fomit-frame-pointer -funroll-all-loops -finline-functions (test for excess errors)
UNRESOLVED: gfortran.dg/minloc_3.f90 -O3 -fomit-frame-pointer -funroll-all-loops -finline-functions compilation failed to produce executable
WARNING: program timed out.
FAIL: gfortran.dg/minloc_3.f90 -O3 -g (test for excess errors)
UNRESOLVED: gfortran.dg/minloc_3.f90 -O3 -g compilation failed to produce executable
WARNING: program timed out.
FAIL: gfortran.dg/minlocval_3.f90 -O3 -fomit-frame-pointer (test for excess errors)
UNRESOLVED: gfortran.dg/minlocval_3.f90 -O3 -fomit-frame-pointer compilation failed to produce executable
WARNING: program timed out.
FAIL: gfortran.dg/minlocval_3.f90 -O3 -fomit-frame-pointer -funroll-loops (test for excess errors)
UNRESOLVED: gfortran.dg/minlocval_3.f90 -O3 -fomit-frame-pointer -funroll-loops compilation failed to produce executable
WARNING: program timed out.
FAIL: gfortran.dg/minlocval_3.f90 -O3 -fomit-frame-pointer -funroll-all-loops -finline-functions (test for excess errors)
UNRESOLVED: gfortran.dg/minlocval_3.f90 -O3 -fomit-frame-pointer -funroll-all-loops -finline-functions compilation failed to produce executable
WARNING: program timed out.
FAIL: gfortran.dg/minlocval_3.f90 -O3 -g (test for excess errors)
UNRESOLVED: gfortran.dg/minlocval_3.f90 -O3 -g compilation failed to produce executable
FAIL: gfortran.dg/quad_2.f90 -O0 execution test
FAIL: gfortran.dg/quad_2.f90 -O1 execution test
FAIL: gfortran.dg/quad_2.f90 -O2 execution test
FAIL: gfortran.dg/quad_2.f90 -O3 -fomit-frame-pointer execution test
FAIL: gfortran.dg/quad_2.f90 -O3 -fomit-frame-pointer -funroll-loops execution test
FAIL: gfortran.dg/quad_2.f90 -O3 -fomit-frame-pointer -funroll-all-loops -finline-functions execution test
FAIL: gfortran.dg/quad_2.f90 -O3 -g execution test
FAIL: gfortran.dg/quad_2.f90 -Os execution test
=== gfortran Summary ===
# of expected passes 44820
# of unexpected failures 78
# of expected failures 46
# of unresolved testcases 8
# of unsupported tests 409
/home/gnu/gcc/objdir/gcc/testsuite/gfortran/../../gfortran version 5.0.0 20140821 (experimental) [trunk revision 214296] (GCC)
=== obj-c++ tests ===
Running target unix
=== obj-c++ Summary ===
# of expected passes 1439
# of expected failures 10
# of unsupported tests 86
/home/gnu/gcc/objdir/gcc/testsuite/obj-c++/../../xg++ version 5.0.0 20140821 (experimental) [trunk revision 214296] (GCC)
=== objc tests ===
Running target unix
=== objc Summary ===
# of expected passes 3008
# of unsupported tests 75
/home/gnu/gcc/objdir/gcc/xgcc version 5.0.0 20140821 (experimental) [trunk revision 214296] (GCC)
=== libatomic tests ===
Running target unix
=== libatomic Summary ===
# of expected passes 44
# of unsupported tests 5
=== libgomp tests ===
Running target unix
=== libgomp Summary ===
# of expected passes 3176
# of unsupported tests 45
=== libstdc++ tests ===
Running target unix
WARNING: program timed out.
FAIL: 20_util/scoped_allocator/2.cc (test for excess errors)
UNRESOLVED: 20_util/scoped_allocator/2.cc compilation failed to produce executable
FAIL: 21_strings/basic_string/literals/types.cc (test for excess errors)
FAIL: 21_strings/basic_string/literals/values.cc (test for excess errors)
UNRESOLVED: 21_strings/basic_string/literals/values.cc compilation failed to produce executable
WARNING: program timed out.
FAIL: 28_regex/algorithms/regex_match/awk/cstring_01.cc (test for excess errors)
UNRESOLVED: 28_regex/algorithms/regex_match/awk/cstring_01.cc compilation failed to produce executable
WARNING: program timed out.
FAIL: 28_regex/algorithms/regex_match/basic/empty_range.cc (test for excess errors)
UNRESOLVED: 28_regex/algorithms/regex_match/basic/empty_range.cc compilation failed to produce executable
WARNING: program timed out.
FAIL: 28_regex/algorithms/regex_match/basic/string_01.cc (test for excess errors)
UNRESOLVED: 28_regex/algorithms/regex_match/basic/string_01.cc compilation failed to produce executable
WARNING: program timed out.
FAIL: 28_regex/algorithms/regex_match/basic/string_range_00_03.cc (test for excess errors)
UNRESOLVED: 28_regex/algorithms/regex_match/basic/string_range_00_03.cc compilation failed to produce executable
WARNING: program timed out.
FAIL: 28_regex/algorithms/regex_match/basic/string_range_01_03.cc (test for excess errors)
UNRESOLVED: 28_regex/algorithms/regex_match/basic/string_range_01_03.cc compilation failed to produce executable
WARNING: program timed out.
FAIL: 28_regex/algorithms/regex_match/basic/string_range_02_03.cc (test for excess errors)
UNRESOLVED: 28_regex/algorithms/regex_match/basic/string_range_02_03.cc compilation failed to produce executable
WARNING: program timed out.
FAIL: 28_regex/algorithms/regex_match/ecma/char/53622.cc (test for excess errors)
UNRESOLVED: 28_regex/algorithms/regex_match/ecma/char/53622.cc compilation failed to produce executable
WARNING: program timed out.
FAIL: 28_regex/algorithms/regex_match/ecma/char/57173.cc (test for excess errors)
UNRESOLVED: 28_regex/algorithms/regex_match/ecma/char/57173.cc compilation failed to produce executable
WARNING: program timed out.
FAIL: 28_regex/algorithms/regex_match/ecma/char/58576.cc (test for excess errors)
UNRESOLVED: 28_regex/algorithms/regex_match/ecma/char/58576.cc compilation failed to produce executable
WARNING: program timed out.
FAIL: 28_regex/algorithms/regex_match/ecma/char/anymatcher.cc (test for excess errors)
UNRESOLVED: 28_regex/algorithms/regex_match/ecma/char/anymatcher.cc compilation failed to produce executable
WARNING: program timed out.
FAIL: 28_regex/algorithms/regex_match/ecma/char/backref.cc (test for excess errors)
UNRESOLVED: 28_regex/algorithms/regex_match/ecma/char/backref.cc compilation failed to produce executable
WARNING: program timed out.
FAIL: 28_regex/algorithms/regex_match/ecma/char/empty_range.cc (test for excess errors)
UNRESOLVED: 28_regex/algorithms/regex_match/ecma/char/empty_range.cc compilation failed to produce executable
WARNING: program timed out.
FAIL: 28_regex/algorithms/regex_match/ecma/char/emptygroup.cc (test for excess errors)
UNRESOLVED: 28_regex/algorithms/regex_match/ecma/char/emptygroup.cc compilation failed to produce executable
WARNING: program timed out.
FAIL: 28_regex/algorithms/regex_match/ecma/char/hex.cc (test for excess errors)
UNRESOLVED: 28_regex/algorithms/regex_match/ecma/char/hex.cc compilation failed to produce executable
WARNING: program timed out.
FAIL: 28_regex/algorithms/regex_match/ecma/char/quoted_char.cc (test for excess errors)
UNRESOLVED: 28_regex/algorithms/regex_match/ecma/char/quoted_char.cc compilation failed to produce executable
WARNING: program timed out.
FAIL: 28_regex/algorithms/regex_match/extended/cstring_bracket_01.cc (test for excess errors)
UNRESOLVED: 28_regex/algorithms/regex_match/extended/cstring_bracket_01.cc compilation failed to produce executable
WARNING: program timed out.
FAIL: 28_regex/algorithms/regex_match/extended/cstring_plus.cc (test for excess errors)
UNRESOLVED: 28_regex/algorithms/regex_match/extended/cstring_plus.cc compilation failed to produce executable
WARNING: program timed out.
FAIL: 28_regex/algorithms/regex_match/extended/cstring_questionmark.cc (test for excess errors)
UNRESOLVED: 28_regex/algorithms/regex_match/extended/cstring_questionmark.cc compilation failed to produce executable
WARNING: program timed out.
FAIL: 28_regex/algorithms/regex_match/extended/cstring_range.cc (test for excess errors)
UNRESOLVED: 28_regex/algorithms/regex_match/extended/cstring_range.cc compilation failed to produce executable
WARNING: program timed out.
FAIL: 28_regex/algorithms/regex_match/extended/string_any.cc (test for excess errors)
UNRESOLVED: 28_regex/algorithms/regex_match/extended/string_any.cc compilation failed to produce executable
WARNING: program timed out.
FAIL: 28_regex/algorithms/regex_match/extended/string_range_00_03.cc (test for excess errors)
UNRESOLVED: 28_regex/algorithms/regex_match/extended/string_range_00_03.cc compilation failed to produce executable
WARNING: program timed out.
FAIL: 28_regex/algorithms/regex_match/extended/string_range_01_03.cc (test for excess errors)
UNRESOLVED: 28_regex/algorithms/regex_match/extended/string_range_01_03.cc compilation failed to produce executable
WARNING: program timed out.
FAIL: 28_regex/algorithms/regex_match/extended/string_range_02_03.cc (test for excess errors)
UNRESOLVED: 28_regex/algorithms/regex_match/extended/string_range_02_03.cc compilation failed to produce executable
WARNING: program timed out.
FAIL: 28_regex/algorithms/regex_replace/char/basic_replace.cc (test for excess errors)
UNRESOLVED: 28_regex/algorithms/regex_replace/char/basic_replace.cc compilation failed to produce executable
WARNING: program timed out.
FAIL: 28_regex/algorithms/regex_replace/char/dr2213.cc (test for excess errors)
UNRESOLVED: 28_regex/algorithms/regex_replace/char/dr2213.cc compilation failed to produce executable
WARNING: program timed out.
FAIL: 28_regex/algorithms/regex_search/61424.cc (test for excess errors)
UNRESOLVED: 28_regex/algorithms/regex_search/61424.cc compilation failed to produce executable
WARNING: program timed out.
FAIL: 28_regex/algorithms/regex_search/61720.cc (test for excess errors)
UNRESOLVED: 28_regex/algorithms/regex_search/61720.cc compilation failed to produce executable
WARNING: program timed out.
FAIL: 28_regex/algorithms/regex_search/basic/string_01.cc (test for excess errors)
UNRESOLVED: 28_regex/algorithms/regex_search/basic/string_01.cc compilation failed to produce executable
WARNING: program timed out.
FAIL: 28_regex/algorithms/regex_search/ecma/assertion.cc (test for excess errors)
UNRESOLVED: 28_regex/algorithms/regex_search/ecma/assertion.cc compilation failed to produce executable
WARNING: program timed out.
FAIL: 28_regex/algorithms/regex_search/ecma/flags.cc (test for excess errors)
UNRESOLVED: 28_regex/algorithms/regex_search/ecma/flags.cc compilation failed to produce executable
WARNING: program timed out.
FAIL: 28_regex/algorithms/regex_search/ecma/greedy.cc (test for excess errors)
UNRESOLVED: 28_regex/algorithms/regex_search/ecma/greedy.cc compilation failed to produce executable
WARNING: program timed out.
FAIL: 28_regex/algorithms/regex_search/ecma/string_01.cc (test for excess errors)
UNRESOLVED: 28_regex/algorithms/regex_search/ecma/string_01.cc compilation failed to produce executable
WARNING: program timed out.
FAIL: 28_regex/basic_regex/multiple_quantifiers.cc (test for excess errors)
UNRESOLVED: 28_regex/basic_regex/multiple_quantifiers.cc compilation failed to produce executable
WARNING: program timed out.
FAIL: 28_regex/init-list.cc (test for excess errors)
UNRESOLVED: 28_regex/init-list.cc compilation failed to produce executable
WARNING: program timed out.
FAIL: 28_regex/iterators/regex_iterator/char/string_01.cc (test for excess errors)
UNRESOLVED: 28_regex/iterators/regex_iterator/char/string_01.cc compilation failed to produce executable
WARNING: program timed out.
FAIL: 28_regex/iterators/regex_iterator/char/string_position_01.cc (test for excess errors)
UNRESOLVED: 28_regex/iterators/regex_iterator/char/string_position_01.cc compilation failed to produce executable
WARNING: program timed out.
FAIL: 28_regex/iterators/regex_token_iterator/char/string_01.cc (test for excess errors)
UNRESOLVED: 28_regex/iterators/regex_token_iterator/char/string_01.cc compilation failed to produce executable
WARNING: program timed out.
FAIL: 28_regex/match_results/format.cc (test for excess errors)
UNRESOLVED: 28_regex/match_results/format.cc compilation failed to produce executable
FAIL: experimental/string_view/literals/types.cc (test for excess errors)
FAIL: experimental/string_view/literals/values.cc (test for excess errors)
UNRESOLVED: experimental/string_view/literals/values.cc compilation failed to produce executable
WARNING: program timed out.
FAIL: ext/vstring/requirements/exception/basic.cc (test for excess errors)
UNRESOLVED: ext/vstring/requirements/exception/basic.cc compilation failed to produce executable
=== libstdc++ Summary ===
# of expected passes 7226
# of unexpected failures 44
# of expected failures 68
# of unresolved testcases 42
# of unsupported tests 777
Compiler version: 5.0.0 20140821 (experimental) [trunk revision 214296] (GCC)
Platform: hppa64-hp-hpux11.00
configure flags:Test Run By dave on Wed Aug 27 03:49:00 2014