This is the mail archive of the
gcc-testresults@gcc.gnu.org
mailing list for the GCC project.
Results for 4.10.0 20140809 (experimental) (GCC) testsuite on x86_64-unknown-freebsd8.4
- From: Gerald Pfeifer <gerald at FreeBSD dot org>
- To: gcc-testresults at gcc dot gnu dot org
- Date: Sat, 9 Aug 2014 20:24:34 GMT
- Subject: Results for 4.10.0 20140809 (experimental) (GCC) testsuite on x86_64-unknown-freebsd8.4
- Authentication-results: sourceware.org; auth=none
Native configuration is x86_64-unknown-freebsd8.4
=== g++ tests ===
Running target unix
FAIL: g++.dg/cpp0x/static_assert9.C -std=c++11 (test for excess errors)
FAIL: g++.dg/cpp0x/static_assert9.C -std=c++1y (test for excess errors)
UNRESOLVED: g++.dg/ipa/devirt-35.C -std=gnu++98 scan-ipa-dump fre1 "converting indirect call to function virtual int B::t"
UNRESOLVED: g++.dg/ipa/devirt-35.C -std=gnu++11 scan-ipa-dump fre1 "converting indirect call to function virtual int B::t"
UNRESOLVED: g++.dg/ipa/devirt-35.C -std=gnu++1y scan-ipa-dump fre1 "converting indirect call to function virtual int B::t"
UNRESOLVED: g++.dg/ipa/devirt-36.C -std=gnu++98 scan-ipa-dump fre1 "converting indirect call to function virtual int B::t"
UNRESOLVED: g++.dg/ipa/devirt-36.C -std=gnu++11 scan-ipa-dump fre1 "converting indirect call to function virtual int B::t"
UNRESOLVED: g++.dg/ipa/devirt-36.C -std=gnu++1y scan-ipa-dump fre1 "converting indirect call to function virtual int B::t"
FAIL: g++.dg/plugin/attribute_plugin.c compilation
FAIL: g++.dg/plugin/pragma_plugin.c compilation
FAIL: g++.dg/plugin/selfassign.c compilation
FAIL: g++.dg/plugin/dumb_plugin.c compilation
FAIL: g++.dg/plugin/header_plugin.c compilation
FAIL: g++.dg/plugin/decl_plugin.c compilation
FAIL: g++.dg/tls/thread_local3.C -std=gnu++11 execution test
FAIL: g++.dg/tls/thread_local3.C -std=gnu++1y execution test
FAIL: g++.dg/tls/thread_local3g.C -std=gnu++11 execution test
FAIL: g++.dg/tls/thread_local3g.C -std=gnu++1y execution test
FAIL: g++.dg/tls/thread_local4.C -std=gnu++11 execution test
FAIL: g++.dg/tls/thread_local4.C -std=gnu++1y execution test
FAIL: g++.dg/tls/thread_local4g.C -std=gnu++11 execution test
FAIL: g++.dg/tls/thread_local4g.C -std=gnu++1y execution test
FAIL: g++.dg/tls/thread_local5.C -std=gnu++11 execution test
FAIL: g++.dg/tls/thread_local5.C -std=gnu++1y execution test
FAIL: g++.dg/tls/thread_local5g.C -std=gnu++11 execution test
FAIL: g++.dg/tls/thread_local5g.C -std=gnu++1y execution test
FAIL: g++.old-deja/g++.law/profile1.C -std=gnu++98 (test for excess errors)
UNRESOLVED: g++.old-deja/g++.law/profile1.C -std=gnu++98 compilation failed to produce executable
FAIL: g++.old-deja/g++.law/profile1.C -std=gnu++11 (test for excess errors)
UNRESOLVED: g++.old-deja/g++.law/profile1.C -std=gnu++11 compilation failed to produce executable
FAIL: g++.old-deja/g++.law/profile1.C -std=gnu++1y (test for excess errors)
UNRESOLVED: g++.old-deja/g++.law/profile1.C -std=gnu++1y compilation failed to produce executable
FAIL: g++.old-deja/g++.other/init18.C -std=c++98 execution test
FAIL: g++.old-deja/g++.other/init18.C -std=c++11 execution test
FAIL: g++.old-deja/g++.other/init18.C -std=c++1y execution test
FAIL: g++.old-deja/g++.other/init19.C -std=c++98 execution test
FAIL: g++.old-deja/g++.other/init19.C -std=c++11 execution test
FAIL: g++.old-deja/g++.other/init19.C -std=c++1y execution test
=== g++ Summary ===
# of expected passes 82274
# of unexpected failures 29
# of expected failures 443
# of unresolved testcases 9
# of unsupported tests 3150
/scratch/tmp/gerald/OBJ-0809-1848/gcc/testsuite/g++/../../xg++ version 4.10.0 20140809 (experimental) (GCC)
=== gcc tests ===
Running target unix
FAIL: gcc.dg/c99-stdint-1.c (test for excess errors)
FAIL: gcc.dg/c99-stdint-2.c (test for excess errors)
FAIL: gcc.dg/c99-stdint-5.c (test for excess errors)
FAIL: gcc.dg/c99-stdint-6.c (test for excess errors)
FAIL: gcc.dg/mallign.c execution test
FAIL: gcc.dg/nest.c (test for excess errors)
UNRESOLVED: gcc.dg/nest.c compilation failed to produce executable
FAIL: gcc.dg/nested-func-4.c (test for excess errors)
UNRESOLVED: gcc.dg/nested-func-4.c compilation failed to produce executable
FAIL: gcc.dg/pr32450.c (test for excess errors)
UNRESOLVED: gcc.dg/pr32450.c compilation failed to produce executable
FAIL: gcc.dg/pr43643.c (test for excess errors)
UNRESOLVED: gcc.dg/pr43643.c compilation failed to produce executable
FAIL: gcc.dg/utf-array-short-wchar.c (test for errors, line 39)
FAIL: gcc.dg/utf-array-short-wchar.c (test for errors, line 41)
FAIL: gcc.dg/utf-array-short-wchar.c (test for excess errors)
FAIL: gcc.dg/plugin/selfassign.c compilation
FAIL: gcc.dg/plugin/ggcplug.c compilation
FAIL: gcc.dg/plugin/one_time_plugin.c compilation
FAIL: gcc.dg/plugin/start_unit_plugin.c compilation
FAIL: gcc.dg/plugin/finish_unit_plugin.c compilation
FAIL: gcc.target/i386/avx512f-ceil-sfix-vec-2.c scan-assembler vrndscalepd[^\\n]*zmm[0-9]
FAIL: gcc.target/i386/avx512f-ceil-sfix-vec-2.c scan-assembler vcvttpd2dq[^\\n]*zmm[0-9]
FAIL: gcc.target/i386/avx512f-floor-sfix-vec-2.c scan-assembler vrndscalepd[^\\n]*zmm[0-9]
FAIL: gcc.target/i386/avx512f-floor-sfix-vec-2.c scan-assembler vcvttpd2dq[^\\n]*zmm[0-9]
FAIL: gcc.target/i386/avx512f-gather-5.c scan-assembler gather[^\\n]*zmm
=== gcc Summary ===
# of expected passes 102425
# of unexpected failures 22
# of expected failures 249
# of unresolved testcases 4
# of unsupported tests 1915
/scratch/tmp/gerald/OBJ-0809-1848/gcc/xgcc version 4.10.0 20140809 (experimental) (GCC)
=== gfortran tests ===
Running target unix
UNRESOLVED: gfortran.dg/large_real_kind_2.F90 -O0 compilation failed to produce executable
UNRESOLVED: gfortran.dg/large_real_kind_2.F90 -O1 compilation failed to produce executable
UNRESOLVED: gfortran.dg/large_real_kind_2.F90 -O2 compilation failed to produce executable
UNRESOLVED: gfortran.dg/large_real_kind_2.F90 -O3 -fomit-frame-pointer compilation failed to produce executable
UNRESOLVED: gfortran.dg/large_real_kind_2.F90 -O3 -fomit-frame-pointer -funroll-loops compilation failed to produce executable
UNRESOLVED: gfortran.dg/large_real_kind_2.F90 -O3 -fomit-frame-pointer -funroll-all-loops -finline-functions compilation failed to produce executable
UNRESOLVED: gfortran.dg/large_real_kind_2.F90 -O3 -g compilation failed to produce executable
UNRESOLVED: gfortran.dg/large_real_kind_2.F90 -Os compilation failed to produce executable
UNRESOLVED: gfortran.dg/large_real_kind_3.F90 -O0 compilation failed to produce executable
XPASS: gfortran.dg/large_real_kind_3.F90 -O1 (test for excess errors)
XPASS: gfortran.dg/large_real_kind_3.F90 -O2 (test for excess errors)
XPASS: gfortran.dg/large_real_kind_3.F90 -O3 -fomit-frame-pointer (test for excess errors)
XPASS: gfortran.dg/large_real_kind_3.F90 -O3 -fomit-frame-pointer -funroll-loops (test for excess errors)
XPASS: gfortran.dg/large_real_kind_3.F90 -O3 -fomit-frame-pointer -funroll-all-loops -finline-functions (test for excess errors)
XPASS: gfortran.dg/large_real_kind_3.F90 -O3 -g (test for excess errors)
XPASS: gfortran.dg/large_real_kind_3.F90 -Os (test for excess errors)
=== gfortran Summary ===
# of expected passes 46382
# of unexpected successes 7
# of expected failures 47
# of unresolved testcases 9
# of unsupported tests 79
/scratch/tmp/gerald/OBJ-0809-1848/gcc/testsuite/gfortran/../../gfortran version 4.10.0 20140809 (experimental) (GCC)
=== objc tests ===
Running target unix
=== objc Summary ===
# of expected passes 3004
# of expected failures 6
# of unsupported tests 74
/scratch/tmp/gerald/OBJ-0809-1848/gcc/xgcc version 4.10.0 20140809 (experimental) (GCC)
=== boehm-gc tests ===
Running target unix
=== boehm-gc Summary ===
# of expected passes 12
# of unsupported tests 1
=== libatomic tests ===
Running target unix
=== libatomic Summary ===
# of expected passes 54
=== libffi tests ===
Running target unix
=== libffi Summary ===
# of expected passes 1819
# of unsupported tests 55
=== libgomp tests ===
Running target unix
FAIL: libgomp.fortran/pr25162.f -O3 -fomit-frame-pointer execution test
FAIL: libgomp.fortran/pr25162.f -O3 -fomit-frame-pointer -funroll-loops execution test
FAIL: libgomp.fortran/pr25162.f -O3 -fomit-frame-pointer -funroll-all-loops -finline-functions execution test
FAIL: libgomp.fortran/pr25162.f -O3 -g execution test
=== libgomp Summary ===
# of expected passes 3224
# of unexpected failures 4
# of unsupported tests 19
=== libitm tests ===
Running target unix
=== libitm Summary ===
# of expected passes 26
# of expected failures 3
# of unsupported tests 1
=== libjava tests ===
Running target unix
FAIL: PR16923.c compilation
FAIL: Throw_2 execution - source compiled test
FAIL: Throw_2 -findirect-dispatch execution - source compiled test
FAIL: Throw_2 -O3 execution - source compiled test
FAIL: Throw_2 -O3 -findirect-dispatch execution - source compiled test
=== libjava Summary ===
# of expected passes 2572
# of unexpected failures 5
# of expected failures 4
# of untested testcases 4
=== libstdc++ tests ===
Running target unix
FAIL: 22_locale/locale/cons/12438.cc execution test
FAIL: 26_numerics/complex/56111.cc (test for excess errors)
FAIL: 26_numerics/complex/c99.cc (test for excess errors)
FAIL: 26_numerics/headers/cmath/c99_classification_macros_c.cc (test for excess errors)
FAIL: 27_io/basic_istream/extractors_arithmetic/char/12.cc execution test
FAIL: 27_io/basic_istream/extractors_arithmetic/wchar_t/12.cc execution test
FAIL: 27_io/basic_ofstream/pthread2.cc execution test
FAIL: 27_io/basic_ostringstream/pthread3.cc execution test
FAIL: 30_threads/async/49668.cc execution test
FAIL: 30_threads/async/54297.cc execution test
FAIL: 30_threads/async/async.cc execution test
FAIL: 30_threads/call_once/39909.cc execution test
FAIL: 30_threads/condition_variable/54185.cc execution test
FAIL: 30_threads/condition_variable_any/50862.cc execution test
FAIL: 30_threads/condition_variable_any/53830.cc execution test
FAIL: 30_threads/future/members/wait.cc execution test
FAIL: 30_threads/lock/2.cc execution test
FAIL: 30_threads/mutex/try_lock/2.cc execution test
FAIL: 30_threads/packaged_task/cons/3.cc execution test
FAIL: 30_threads/packaged_task/members/invoke5.cc execution test
FAIL: 30_threads/promise/60966.cc execution test
FAIL: 30_threads/shared_future/members/wait.cc execution test
FAIL: 30_threads/shared_timed_mutex/try_lock/2.cc execution test
FAIL: 30_threads/this_thread/3.cc execution test
FAIL: 30_threads/this_thread/4.cc execution test
FAIL: 30_threads/thread/cons/2.cc execution test
FAIL: 30_threads/thread/cons/3.cc execution test
FAIL: 30_threads/thread/cons/4.cc execution test
FAIL: 30_threads/thread/cons/49668.cc execution test
FAIL: 30_threads/thread/cons/5.cc execution test
FAIL: 30_threads/thread/cons/6.cc execution test
FAIL: 30_threads/thread/cons/7.cc execution test
FAIL: 30_threads/thread/cons/8.cc execution test
FAIL: 30_threads/thread/cons/9.cc execution test
FAIL: 30_threads/thread/cons/moveable.cc execution test
FAIL: 30_threads/thread/members/1.cc execution test
FAIL: 30_threads/thread/members/2.cc execution test
FAIL: 30_threads/thread/members/3.cc execution test
FAIL: 30_threads/thread/native_handle/cancel.cc execution test
FAIL: 30_threads/thread/swap/1.cc execution test
FAIL: 30_threads/timed_mutex/try_lock_until/57641.cc execution test
FAIL: ext/random/arcsine_distribution/cons/default.cc (test for excess errors)
UNRESOLVED: ext/random/arcsine_distribution/cons/default.cc compilation failed to produce executable
FAIL: ext/random/arcsine_distribution/cons/parms.cc (test for excess errors)
UNRESOLVED: ext/random/arcsine_distribution/cons/parms.cc compilation failed to produce executable
FAIL: ext/random/arcsine_distribution/operators/equal.cc (test for excess errors)
UNRESOLVED: ext/random/arcsine_distribution/operators/equal.cc compilation failed to produce executable
FAIL: ext/random/arcsine_distribution/operators/inequal.cc (test for excess errors)
UNRESOLVED: ext/random/arcsine_distribution/operators/inequal.cc compilation failed to produce executable
FAIL: ext/random/arcsine_distribution/operators/serialize.cc (test for excess errors)
UNRESOLVED: ext/random/arcsine_distribution/operators/serialize.cc compilation failed to produce executable
FAIL: ext/random/arcsine_distribution/requirements/explicit_instantiation/1.cc (test for excess errors)
FAIL: ext/random/arcsine_distribution/requirements/typedefs.cc (test for excess errors)
FAIL: ext/random/beta_distribution/cons/default.cc (test for excess errors)
UNRESOLVED: ext/random/beta_distribution/cons/default.cc compilation failed to produce executable
FAIL: ext/random/beta_distribution/cons/parms.cc (test for excess errors)
UNRESOLVED: ext/random/beta_distribution/cons/parms.cc compilation failed to produce executable
FAIL: ext/random/beta_distribution/operators/equal.cc (test for excess errors)
UNRESOLVED: ext/random/beta_distribution/operators/equal.cc compilation failed to produce executable
FAIL: ext/random/beta_distribution/operators/inequal.cc (test for excess errors)
UNRESOLVED: ext/random/beta_distribution/operators/inequal.cc compilation failed to produce executable
FAIL: ext/random/beta_distribution/operators/serialize.cc (test for excess errors)
UNRESOLVED: ext/random/beta_distribution/operators/serialize.cc compilation failed to produce executable
FAIL: ext/random/beta_distribution/requirements/explicit_instantiation/1.cc (test for excess errors)
FAIL: ext/random/beta_distribution/requirements/typedefs.cc (test for excess errors)
FAIL: ext/random/hoyt_distribution/cons/default.cc (test for excess errors)
UNRESOLVED: ext/random/hoyt_distribution/cons/default.cc compilation failed to produce executable
FAIL: ext/random/hoyt_distribution/cons/parms.cc (test for excess errors)
UNRESOLVED: ext/random/hoyt_distribution/cons/parms.cc compilation failed to produce executable
FAIL: ext/random/hoyt_distribution/operators/equal.cc (test for excess errors)
UNRESOLVED: ext/random/hoyt_distribution/operators/equal.cc compilation failed to produce executable
FAIL: ext/random/hoyt_distribution/operators/inequal.cc (test for excess errors)
UNRESOLVED: ext/random/hoyt_distribution/operators/inequal.cc compilation failed to produce executable
FAIL: ext/random/hoyt_distribution/operators/serialize.cc (test for excess errors)
UNRESOLVED: ext/random/hoyt_distribution/operators/serialize.cc compilation failed to produce executable
FAIL: ext/random/hoyt_distribution/requirements/explicit_instantiation/1.cc (test for excess errors)
FAIL: ext/random/hoyt_distribution/requirements/typedefs.cc (test for excess errors)
FAIL: ext/random/hypergeometric_distribution/cons/default.cc (test for excess errors)
UNRESOLVED: ext/random/hypergeometric_distribution/cons/default.cc compilation failed to produce executable
FAIL: ext/random/hypergeometric_distribution/cons/parms.cc (test for excess errors)
UNRESOLVED: ext/random/hypergeometric_distribution/cons/parms.cc compilation failed to produce executable
FAIL: ext/random/hypergeometric_distribution/operators/equal.cc (test for excess errors)
UNRESOLVED: ext/random/hypergeometric_distribution/operators/equal.cc compilation failed to produce executable
FAIL: ext/random/hypergeometric_distribution/operators/inequal.cc (test for excess errors)
UNRESOLVED: ext/random/hypergeometric_distribution/operators/inequal.cc compilation failed to produce executable
FAIL: ext/random/hypergeometric_distribution/operators/serialize.cc (test for excess errors)
UNRESOLVED: ext/random/hypergeometric_distribution/operators/serialize.cc compilation failed to produce executable
FAIL: ext/random/hypergeometric_distribution/requirements/explicit_instantiation/1.cc (test for excess errors)
FAIL: ext/random/hypergeometric_distribution/requirements/typedefs.cc (test for excess errors)
FAIL: ext/random/k_distribution/cons/default.cc (test for excess errors)
UNRESOLVED: ext/random/k_distribution/cons/default.cc compilation failed to produce executable
FAIL: ext/random/k_distribution/cons/parms.cc (test for excess errors)
UNRESOLVED: ext/random/k_distribution/cons/parms.cc compilation failed to produce executable
FAIL: ext/random/k_distribution/operators/equal.cc (test for excess errors)
UNRESOLVED: ext/random/k_distribution/operators/equal.cc compilation failed to produce executable
FAIL: ext/random/k_distribution/operators/inequal.cc (test for excess errors)
UNRESOLVED: ext/random/k_distribution/operators/inequal.cc compilation failed to produce executable
FAIL: ext/random/k_distribution/operators/serialize.cc (test for excess errors)
UNRESOLVED: ext/random/k_distribution/operators/serialize.cc compilation failed to produce executable
FAIL: ext/random/k_distribution/requirements/explicit_instantiation/1.cc (test for excess errors)
FAIL: ext/random/k_distribution/requirements/typedefs.cc (test for excess errors)
FAIL: ext/random/logistic_distribution/cons/default.cc (test for excess errors)
UNRESOLVED: ext/random/logistic_distribution/cons/default.cc compilation failed to produce executable
FAIL: ext/random/logistic_distribution/cons/parms.cc (test for excess errors)
UNRESOLVED: ext/random/logistic_distribution/cons/parms.cc compilation failed to produce executable
FAIL: ext/random/logistic_distribution/operators/equal.cc (test for excess errors)
UNRESOLVED: ext/random/logistic_distribution/operators/equal.cc compilation failed to produce executable
FAIL: ext/random/logistic_distribution/operators/inequal.cc (test for excess errors)
UNRESOLVED: ext/random/logistic_distribution/operators/inequal.cc compilation failed to produce executable
FAIL: ext/random/logistic_distribution/operators/serialize.cc (test for excess errors)
UNRESOLVED: ext/random/logistic_distribution/operators/serialize.cc compilation failed to produce executable
FAIL: ext/random/logistic_distribution/requirements/typedefs.cc (test for excess errors)
FAIL: ext/random/nakagami_distribution/cons/default.cc (test for excess errors)
UNRESOLVED: ext/random/nakagami_distribution/cons/default.cc compilation failed to produce executable
FAIL: ext/random/nakagami_distribution/cons/parms.cc (test for excess errors)
UNRESOLVED: ext/random/nakagami_distribution/cons/parms.cc compilation failed to produce executable
FAIL: ext/random/nakagami_distribution/operators/equal.cc (test for excess errors)
UNRESOLVED: ext/random/nakagami_distribution/operators/equal.cc compilation failed to produce executable
FAIL: ext/random/nakagami_distribution/operators/inequal.cc (test for excess errors)
UNRESOLVED: ext/random/nakagami_distribution/operators/inequal.cc compilation failed to produce executable
FAIL: ext/random/nakagami_distribution/operators/serialize.cc (test for excess errors)
UNRESOLVED: ext/random/nakagami_distribution/operators/serialize.cc compilation failed to produce executable
FAIL: ext/random/nakagami_distribution/requirements/explicit_instantiation/1.cc (test for excess errors)
FAIL: ext/random/nakagami_distribution/requirements/typedefs.cc (test for excess errors)
FAIL: ext/random/normal_mv_distribution/cons/default.cc (test for excess errors)
UNRESOLVED: ext/random/normal_mv_distribution/cons/default.cc compilation failed to produce executable
FAIL: ext/random/normal_mv_distribution/cons/parms.cc (test for excess errors)
UNRESOLVED: ext/random/normal_mv_distribution/cons/parms.cc compilation failed to produce executable
FAIL: ext/random/normal_mv_distribution/operators/equal.cc (test for excess errors)
UNRESOLVED: ext/random/normal_mv_distribution/operators/equal.cc compilation failed to produce executable
FAIL: ext/random/normal_mv_distribution/operators/inequal.cc (test for excess errors)
UNRESOLVED: ext/random/normal_mv_distribution/operators/inequal.cc compilation failed to produce executable
FAIL: ext/random/normal_mv_distribution/operators/serialize.cc (test for excess errors)
UNRESOLVED: ext/random/normal_mv_distribution/operators/serialize.cc compilation failed to produce executable
FAIL: ext/random/normal_mv_distribution/requirements/explicit_instantiation/1.cc (test for excess errors)
FAIL: ext/random/normal_mv_distribution/requirements/typedefs.cc (test for excess errors)
FAIL: ext/random/pareto_distribution/cons/default.cc (test for excess errors)
UNRESOLVED: ext/random/pareto_distribution/cons/default.cc compilation failed to produce executable
FAIL: ext/random/pareto_distribution/cons/parms.cc (test for excess errors)
UNRESOLVED: ext/random/pareto_distribution/cons/parms.cc compilation failed to produce executable
FAIL: ext/random/pareto_distribution/operators/equal.cc (test for excess errors)
UNRESOLVED: ext/random/pareto_distribution/operators/equal.cc compilation failed to produce executable
FAIL: ext/random/pareto_distribution/operators/inequal.cc (test for excess errors)
UNRESOLVED: ext/random/pareto_distribution/operators/inequal.cc compilation failed to produce executable
FAIL: ext/random/pareto_distribution/operators/serialize.cc (test for excess errors)
UNRESOLVED: ext/random/pareto_distribution/operators/serialize.cc compilation failed to produce executable
FAIL: ext/random/pareto_distribution/requirements/explicit_instantiation/1.cc (test for excess errors)
FAIL: ext/random/pareto_distribution/requirements/typedefs.cc (test for excess errors)
FAIL: ext/random/rice_distribution/cons/default.cc (test for excess errors)
UNRESOLVED: ext/random/rice_distribution/cons/default.cc compilation failed to produce executable
FAIL: ext/random/rice_distribution/cons/parms.cc (test for excess errors)
UNRESOLVED: ext/random/rice_distribution/cons/parms.cc compilation failed to produce executable
FAIL: ext/random/rice_distribution/operators/equal.cc (test for excess errors)
UNRESOLVED: ext/random/rice_distribution/operators/equal.cc compilation failed to produce executable
FAIL: ext/random/rice_distribution/operators/inequal.cc (test for excess errors)
UNRESOLVED: ext/random/rice_distribution/operators/inequal.cc compilation failed to produce executable
FAIL: ext/random/rice_distribution/operators/serialize.cc (test for excess errors)
UNRESOLVED: ext/random/rice_distribution/operators/serialize.cc compilation failed to produce executable
FAIL: ext/random/rice_distribution/requirements/explicit_instantiation/1.cc (test for excess errors)
FAIL: ext/random/rice_distribution/requirements/typedefs.cc (test for excess errors)
FAIL: ext/random/simd_fast_mersenne_twister_engine/cons/copy.cc (test for excess errors)
UNRESOLVED: ext/random/simd_fast_mersenne_twister_engine/cons/copy.cc compilation failed to produce executable
FAIL: ext/random/simd_fast_mersenne_twister_engine/cons/default.cc (test for excess errors)
UNRESOLVED: ext/random/simd_fast_mersenne_twister_engine/cons/default.cc compilation failed to produce executable
FAIL: ext/random/simd_fast_mersenne_twister_engine/cons/seed1.cc (test for excess errors)
UNRESOLVED: ext/random/simd_fast_mersenne_twister_engine/cons/seed1.cc compilation failed to produce executable
FAIL: ext/random/simd_fast_mersenne_twister_engine/cons/seed2.cc (test for excess errors)
UNRESOLVED: ext/random/simd_fast_mersenne_twister_engine/cons/seed2.cc compilation failed to produce executable
FAIL: ext/random/simd_fast_mersenne_twister_engine/cons/seed_seq.cc (test for excess errors)
UNRESOLVED: ext/random/simd_fast_mersenne_twister_engine/cons/seed_seq.cc compilation failed to produce executable
FAIL: ext/random/simd_fast_mersenne_twister_engine/operators/equal.cc (test for excess errors)
UNRESOLVED: ext/random/simd_fast_mersenne_twister_engine/operators/equal.cc compilation failed to produce executable
FAIL: ext/random/simd_fast_mersenne_twister_engine/operators/inequal.cc (test for excess errors)
UNRESOLVED: ext/random/simd_fast_mersenne_twister_engine/operators/inequal.cc compilation failed to produce executable
FAIL: ext/random/simd_fast_mersenne_twister_engine/operators/serialize.cc (test for excess errors)
UNRESOLVED: ext/random/simd_fast_mersenne_twister_engine/operators/serialize.cc compilation failed to produce executable
FAIL: ext/random/triangular_distribution/cons/default.cc (test for excess errors)
UNRESOLVED: ext/random/triangular_distribution/cons/default.cc compilation failed to produce executable
FAIL: ext/random/triangular_distribution/cons/parms.cc (test for excess errors)
UNRESOLVED: ext/random/triangular_distribution/cons/parms.cc compilation failed to produce executable
FAIL: ext/random/triangular_distribution/operators/equal.cc (test for excess errors)
UNRESOLVED: ext/random/triangular_distribution/operators/equal.cc compilation failed to produce executable
FAIL: ext/random/triangular_distribution/operators/inequal.cc (test for excess errors)
UNRESOLVED: ext/random/triangular_distribution/operators/inequal.cc compilation failed to produce executable
FAIL: ext/random/triangular_distribution/operators/serialize.cc (test for excess errors)
UNRESOLVED: ext/random/triangular_distribution/operators/serialize.cc compilation failed to produce executable
FAIL: ext/random/triangular_distribution/requirements/explicit_instantiation/1.cc (test for excess errors)
FAIL: ext/random/triangular_distribution/requirements/typedefs.cc (test for excess errors)
FAIL: ext/random/uniform_on_sphere_distribution/cons/default.cc (test for excess errors)
UNRESOLVED: ext/random/uniform_on_sphere_distribution/cons/default.cc compilation failed to produce executable
FAIL: ext/random/uniform_on_sphere_distribution/operators/equal.cc (test for excess errors)
UNRESOLVED: ext/random/uniform_on_sphere_distribution/operators/equal.cc compilation failed to produce executable
FAIL: ext/random/uniform_on_sphere_distribution/operators/generate.cc (test for excess errors)
UNRESOLVED: ext/random/uniform_on_sphere_distribution/operators/generate.cc compilation failed to produce executable
FAIL: ext/random/uniform_on_sphere_distribution/operators/inequal.cc (test for excess errors)
UNRESOLVED: ext/random/uniform_on_sphere_distribution/operators/inequal.cc compilation failed to produce executable
FAIL: ext/random/uniform_on_sphere_distribution/operators/serialize.cc (test for excess errors)
UNRESOLVED: ext/random/uniform_on_sphere_distribution/operators/serialize.cc compilation failed to produce executable
FAIL: ext/random/von_mises_distribution/cons/default.cc (test for excess errors)
UNRESOLVED: ext/random/von_mises_distribution/cons/default.cc compilation failed to produce executable
FAIL: ext/random/von_mises_distribution/cons/parms.cc (test for excess errors)
UNRESOLVED: ext/random/von_mises_distribution/cons/parms.cc compilation failed to produce executable
FAIL: ext/random/von_mises_distribution/operators/equal.cc (test for excess errors)
UNRESOLVED: ext/random/von_mises_distribution/operators/equal.cc compilation failed to produce executable
FAIL: ext/random/von_mises_distribution/operators/inequal.cc (test for excess errors)
UNRESOLVED: ext/random/von_mises_distribution/operators/inequal.cc compilation failed to produce executable
FAIL: ext/random/von_mises_distribution/operators/serialize.cc (test for excess errors)
UNRESOLVED: ext/random/von_mises_distribution/operators/serialize.cc compilation failed to produce executable
FAIL: ext/random/von_mises_distribution/requirements/explicit_instantiation/1.cc (test for excess errors)
FAIL: ext/random/von_mises_distribution/requirements/typedefs.cc (test for excess errors)
=== libstdc++ Summary ===
# of expected passes 8716
# of unexpected failures 137
# of expected failures 68
# of unresolved testcases 73
# of unsupported tests 652
Compiler version: 4.10.0 20140809 (experimental) (GCC)
Platform: x86_64-unknown-freebsd8.4
configure flags: --prefix=/scratch/tmp/gerald/gcc-ref8-amd64 --with-gmp=/home/gerald/8-amd64 --with-as=/home/gerald/8-amd64/bin/as --with-ld=/home/gerald/8-amd64/bin/ld