This is the mail archive of the
gcc-testresults@gcc.gnu.org
mailing list for the GCC project.
Results for 4.10.0 20140725 (experimental) [trunk revision 213049] (GCC) testsuite on x86_64-pc-solaris2.10
- From: Rainer Orth <ro at CeBiTec dot Uni-Bielefeld dot DE>
- To: gcc-testresults at gcc dot gnu dot org
- Date: Sat, 26 Jul 2014 22:33:35 +0200 (MEST)
- Subject: Results for 4.10.0 20140725 (experimental) [trunk revision 213049] (GCC) testsuite on x86_64-pc-solaris2.10
- Authentication-results: sourceware.org; auth=none
LAST_UPDATED: Fri Jul 25 10:44:59 UTC 2014 (revision 213049)
Native configuration is x86_64-pc-solaris2.10
=== boehm-gc tests ===
Running target unix/-m32
=== boehm-gc Summary for unix/-m32 ===
# of expected passes 12
# of unsupported tests 1
Running target unix
=== boehm-gc Summary for unix ===
# of expected passes 12
# of unsupported tests 1
=== boehm-gc Summary ===
# of expected passes 24
# of unsupported tests 2
=== libatomic tests ===
Running target unix/-m32
=== libatomic Summary for unix/-m32 ===
# of expected passes 44
# of unsupported tests 5
Running target unix
=== libatomic Summary for unix ===
# of expected passes 54
=== libatomic Summary ===
# of expected passes 98
# of unsupported tests 5
=== libffi tests ===
Running target unix/-m32
=== libffi Summary for unix/-m32 ===
# of expected passes 1819
# of unsupported tests 55
Running target unix
=== libffi Summary for unix ===
# of expected passes 1819
# of unsupported tests 55
=== libffi Summary ===
# of expected passes 3638
# of unsupported tests 110
=== libgo tests ===
Running target unix
=== libgo Summary for unix ===
# of expected passes 123
Running target unix/-m32
FAIL: net
FAIL: runtime
FAIL: database/sql
FAIL: log/syslog
FAIL: net/http
FAIL: sync/atomic
=== libgo Summary for unix/-m32 ===
# of expected passes 117
# of unexpected failures 6
=== libgo Summary ===
# of expected passes 240
# of unexpected failures 6
/var/gcc/regression/trunk/10-gcc-64/build/./gcc/gccgo version 4.10.0 20140725 (experimental) [trunk revision 213049] (GCC)
=== libgomp tests ===
Running target unix/-m32
=== libgomp Summary for unix/-m32 ===
# of expected passes 3259
# of unsupported tests 22
Running target unix
=== libgomp Summary for unix ===
# of expected passes 3259
# of unsupported tests 22
=== libgomp Summary ===
# of expected passes 6518
# of unsupported tests 44
=== libitm tests ===
Running target unix/-m32
=== libitm Summary for unix/-m32 ===
# of expected passes 26
# of expected failures 3
# of unsupported tests 1
Running target unix
=== libitm Summary for unix ===
# of expected passes 26
# of expected failures 3
# of unsupported tests 1
=== libitm Summary ===
# of expected passes 52
# of expected failures 6
# of unsupported tests 2
=== libjava tests ===
Running target unix/-m32
FAIL: Thread_Wait_Interrupt -O3 output - source compiled test
=== libjava Summary for unix/-m32 ===
# of expected passes 2581
# of unexpected failures 1
# of expected failures 4
Running target unix
=== libjava Summary for unix ===
# of expected passes 2582
# of expected failures 4
=== libjava Summary ===
# of expected passes 5163
# of unexpected failures 1
# of expected failures 8
=== libstdc++ tests ===
Running target unix
FAIL: ext/random/hypergeometric_distribution/operators/values.cc execution test
=== libstdc++ Summary for unix ===
# of expected passes 9085
# of unexpected failures 1
# of expected failures 70
# of unsupported tests 599
Running target unix/-m32
FAIL: ext/random/hypergeometric_distribution/operators/values.cc execution test
=== libstdc++ Summary for unix/-m32 ===
# of expected passes 9085
# of unexpected failures 1
# of expected failures 70
# of unsupported tests 599
=== libstdc++ Summary ===
# of expected passes 18170
# of unexpected failures 2
# of expected failures 140
# of unsupported tests 1198
=== acats tests ===
=== acats Summary ===
# of expected passes 2320
# of unexpected failures 0
=== g++ tests ===
Running target unix
FAIL: g++.dg/cpp0x/static_assert9.C -std=c++11 (test for excess errors)
FAIL: g++.dg/cpp0x/static_assert9.C -std=c++1y (test for excess errors)
WARNING: program timed out.
FAIL: c-c++-common/torture/complex-sign-add.c -O2 -flto -flto-partition=none (test for excess errors)
WARNING: program timed out.
FAIL: c-c++-common/torture/complex-sign-add.c -O2 -flto (test for excess errors)
WARNING: program timed out.
FAIL: c-c++-common/torture/complex-sign-mixed-add.c -O2 -flto -flto-partition=none (test for excess errors)
WARNING: program timed out.
FAIL: c-c++-common/torture/complex-sign-mixed-add.c -O2 -flto (test for excess errors)
WARNING: program timed out.
FAIL: c-c++-common/torture/complex-sign-mixed-mul.c -O2 -flto -flto-partition=none (test for excess errors)
WARNING: program timed out.
FAIL: c-c++-common/torture/complex-sign-mixed-mul.c -O2 -flto (test for excess errors)
WARNING: program timed out.
FAIL: c-c++-common/torture/complex-sign-mixed-sub.c -O2 -flto -flto-partition=none (test for excess errors)
WARNING: program timed out.
FAIL: c-c++-common/torture/complex-sign-mixed-sub.c -O2 -flto (test for excess errors)
WARNING: program timed out.
FAIL: c-c++-common/torture/complex-sign-mul-one.c -O2 -flto (test for excess errors)
WARNING: program timed out.
FAIL: c-c++-common/torture/complex-sign-mul.c -O2 -flto -flto-partition=none (test for excess errors)
WARNING: program timed out.
FAIL: c-c++-common/torture/complex-sign-mul.c -O2 -flto (test for excess errors)
=== g++ Summary for unix ===
# of expected passes 81995
# of unexpected failures 13
# of expected failures 443
# of unsupported tests 3151
Running target unix/-m32
FAIL: g++.dg/cilk-plus/CK/catch_exc.cc -O1 -fcilkplus execution test
FAIL: g++.dg/cilk-plus/CK/catch_exc.cc -O3 -fcilkplus execution test
FAIL: g++.dg/cilk-plus/CK/catch_exc.cc -g -fcilkplus execution test
FAIL: g++.dg/cilk-plus/CK/catch_exc.cc -g -O2 -fcilkplus execution test
FAIL: g++.dg/cpp0x/static_assert9.C -std=c++11 (test for excess errors)
FAIL: g++.dg/cpp0x/static_assert9.C -std=c++1y (test for excess errors)
=== g++ Summary for unix/-m32 ===
# of expected passes 80670
# of unexpected failures 6
# of expected failures 443
# of unsupported tests 2891
=== g++ Summary ===
# of expected passes 162665
# of unexpected failures 19
# of expected failures 886
# of unsupported tests 6042
/var/gcc/regression/trunk/10-gcc-64/build/gcc/testsuite/g++/../../xg++ version 4.10.0 20140725 (experimental) [trunk revision 213049] (GCC)
=== gcc tests ===
Running target unix
WARNING: program timed out.
FAIL: gcc.c-torture/execute/builtins/memcpy-chk.c compilation, -O2 -flto -flto-partition=none
UNRESOLVED: gcc.c-torture/execute/builtins/memcpy-chk.c execution, -O2 -flto -flto-partition=none
WARNING: program timed out.
FAIL: gcc.c-torture/execute/builtins/memcpy-chk.c compilation, -O2 -flto
UNRESOLVED: gcc.c-torture/execute/builtins/memcpy-chk.c execution, -O2 -flto
WARNING: program timed out.
FAIL: gcc.c-torture/execute/builtins/memmove-chk.c compilation, -O2 -flto -flto-partition=none
UNRESOLVED: gcc.c-torture/execute/builtins/memmove-chk.c execution, -O2 -flto -flto-partition=none
WARNING: program timed out.
FAIL: gcc.c-torture/execute/builtins/memmove-chk.c compilation, -O2 -flto
UNRESOLVED: gcc.c-torture/execute/builtins/memmove-chk.c execution, -O2 -flto
WARNING: program timed out.
FAIL: gcc.c-torture/execute/builtins/mempcpy-chk.c compilation, -O2 -flto -flto-partition=none
UNRESOLVED: gcc.c-torture/execute/builtins/mempcpy-chk.c execution, -O2 -flto -flto-partition=none
WARNING: program timed out.
FAIL: gcc.c-torture/execute/builtins/mempcpy-chk.c compilation, -O2 -flto
UNRESOLVED: gcc.c-torture/execute/builtins/mempcpy-chk.c execution, -O2 -flto
WARNING: program timed out.
FAIL: gcc.c-torture/execute/builtins/memset-chk.c compilation, -O2 -flto -flto-partition=none
UNRESOLVED: gcc.c-torture/execute/builtins/memset-chk.c execution, -O2 -flto -flto-partition=none
WARNING: program timed out.
FAIL: gcc.dg/atomic/c11-atomic-exec-4.c -O2 -flto -flto-partition=none (test for excess errors)
WARNING: program timed out.
FAIL: gcc.dg/atomic/c11-atomic-exec-4.c -O2 -flto (test for excess errors)
WARNING: program timed out.
FAIL: gcc.dg/atomic/c11-atomic-exec-5.c -O2 -flto -flto-partition=none (test for excess errors)
WARNING: program timed out.
FAIL: gcc.dg/atomic/c11-atomic-exec-5.c -O2 -flto (test for excess errors)
WARNING: program timed out.
FAIL: c-c++-common/torture/complex-sign-add.c -O2 -flto -flto-partition=none (test for excess errors)
WARNING: program timed out.
FAIL: c-c++-common/torture/complex-sign-add.c -O2 -flto (test for excess errors)
WARNING: program timed out.
FAIL: c-c++-common/torture/complex-sign-mixed-add.c -O2 -flto -flto-partition=none (test for excess errors)
WARNING: program timed out.
FAIL: c-c++-common/torture/complex-sign-mixed-add.c -O2 -flto (test for excess errors)
WARNING: program timed out.
FAIL: c-c++-common/torture/complex-sign-mixed-div.c -O2 -flto -flto-partition=none (test for excess errors)
WARNING: program timed out.
FAIL: c-c++-common/torture/complex-sign-mixed-mul.c -O2 -flto -flto-partition=none (test for excess errors)
WARNING: program timed out.
FAIL: c-c++-common/torture/complex-sign-mixed-mul.c -O2 -flto (test for excess errors)
WARNING: program timed out.
FAIL: c-c++-common/torture/complex-sign-mixed-sub.c -O2 -flto -flto-partition=none (test for excess errors)
WARNING: program timed out.
FAIL: c-c++-common/torture/complex-sign-mixed-sub.c -O2 -flto (test for excess errors)
WARNING: program timed out.
FAIL: c-c++-common/torture/complex-sign-mul-minus-one.c -O2 -flto -flto-partition=none (test for excess errors)
WARNING: program timed out.
FAIL: c-c++-common/torture/complex-sign-mul-minus-one.c -O2 -flto (test for excess errors)
WARNING: program timed out.
FAIL: c-c++-common/torture/complex-sign-mul-one.c -O2 -flto -flto-partition=none (test for excess errors)
WARNING: program timed out.
FAIL: gcc.dg/vect/vect-15.c -flto -ffat-lto-objects (test for excess errors)
FAIL: gcc.target/i386/pr58218.c (test for excess errors)
FAIL: gcc.target/i386/pr61599-1.c (test for excess errors)
WARNING: gcc.target/i386/pr61599-1.c compilation failed to produce executable
=== gcc Summary for unix ===
# of expected passes 102668
# of unexpected failures 26
# of expected failures 253
# of unresolved testcases 7
# of unsupported tests 1897
Running target unix/-m32
FAIL: gcc.target/i386/pr49095.c scan-assembler-not test[lq]
=== gcc Summary for unix/-m32 ===
# of expected passes 102127
# of unexpected failures 1
# of expected failures 251
# of unsupported tests 1657
=== gcc Summary ===
# of expected passes 204795
# of unexpected failures 27
# of expected failures 504
# of unresolved testcases 7
# of unsupported tests 3554
/var/gcc/regression/trunk/10-gcc-64/build/gcc/xgcc version 4.10.0 20140725 (experimental) [trunk revision 213049] (GCC)
=== gfortran tests ===
Running target unix
=== gfortran Summary for unix ===
# of expected passes 46496
# of expected failures 52
# of unsupported tests 80
Running target unix/-m32
=== gfortran Summary for unix/-m32 ===
# of expected passes 46209
# of expected failures 52
# of unsupported tests 218
=== gfortran Summary ===
# of expected passes 92705
# of expected failures 104
# of unsupported tests 298
/var/gcc/regression/trunk/10-gcc-64/build/gcc/testsuite/gfortran/../../gfortran version 4.10.0 20140725 (experimental) [trunk revision 213049] (GCC)
=== gnat tests ===
Running target unix/-m32
FAIL: gnat.dg/weak2.adb (test for excess errors)
=== gnat Summary for unix/-m32 ===
# of expected passes 1247
# of unexpected failures 1
# of expected failures 18
# of unsupported tests 7
Running target unix
FAIL: gnat.dg/weak2.adb (test for excess errors)
=== gnat Summary for unix ===
# of expected passes 1247
# of unexpected failures 1
# of expected failures 18
# of unsupported tests 7
=== gnat Summary ===
# of expected passes 2494
# of unexpected failures 2
# of expected failures 36
# of unsupported tests 14
/var/gcc/regression/trunk/10-gcc-64/build/gcc/gnatmake version 4.10.0 20140725 (experimental) [trunk revision 213049]
=== go tests ===
Running target unix
=== go Summary for unix ===
# of expected passes 7252
# of expected failures 1
# of untested testcases 9
# of unsupported tests 1
Running target unix/-m32
FAIL: ./index0-out.go execution, -O0 -g -fno-var-tracking-assignments
FAIL: go.test/test/fixedbugs/bug272.go execution, -O2 -g
=== go Summary for unix/-m32 ===
# of expected passes 7369
# of unexpected failures 2
# of expected failures 1
# of untested testcases 9
# of unsupported tests 2
=== go Summary ===
# of expected passes 14621
# of unexpected failures 2
# of expected failures 2
# of untested testcases 18
# of unsupported tests 3
=== obj-c++ tests ===
Running target unix/-m32
=== obj-c++ Summary for unix/-m32 ===
# of expected passes 1447
# of expected failures 2
# of unsupported tests 86
Running target unix
=== obj-c++ Summary for unix ===
# of expected passes 1439
# of expected failures 10
# of unsupported tests 86
=== obj-c++ Summary ===
# of expected passes 2886
# of expected failures 12
# of unsupported tests 172
/var/gcc/regression/trunk/10-gcc-64/build/gcc/testsuite/obj-c++/../../xg++ version 4.10.0 20140725 (experimental) [trunk revision 213049] (GCC)
=== objc tests ===
Running target unix
=== objc Summary for unix ===
# of expected passes 3004
# of expected failures 6
# of unsupported tests 74
Running target unix/-m32
=== objc Summary for unix/-m32 ===
# of expected passes 3004
# of expected failures 6
# of unsupported tests 74
=== objc Summary ===
# of expected passes 6008
# of expected failures 12
# of unsupported tests 148
/var/gcc/regression/trunk/10-gcc-64/build/gcc/xgcc version 4.10.0 20140725 (experimental) [trunk revision 213049] (GCC)
Compiler version: 4.10.0 20140725 (experimental) [trunk revision 213049] (GCC)
Platform: x86_64-pc-solaris2.10
configure flags: --prefix=/vol/gcc --target=amd64-pc-solaris2.10 --enable-objc-gc --with-gmp-include=/vol/gcc/include --with-gmp-lib=/vol/gcc/lib/amd64 --with-mpfr-include=/vol/gcc/include --with-mpfr-lib=/vol/gcc/lib/amd64 --with-mpc-include=/vol/gcc/include --with-mpc-lib=/vol/gcc/lib/amd64 --enable-languages=all,ada,obj-c++,go --with-isl-include=/vol/gcc/include --with-isl-lib=/vol/gcc/lib/amd64 --with-cloog-include=/vol/gcc/include --with-cloog-lib=/vol/gcc/lib/amd64 --enable-cloog-backend=isl --build=amd64-pc-solaris2.10 --host=amd64-pc-solaris2.10
BOOT_CFLAGS=-g -O2