This is the mail archive of the
gcc-testresults@gcc.gnu.org
mailing list for the GCC project.
Results for 4.10.0 20140718 (experimental) [trunk revision 212815] (GCC) testsuite on sparc-sun-solaris2.11
- From: Rainer Orth <ro at CeBiTec dot Uni-Bielefeld dot DE>
- To: gcc-testresults at gcc dot gnu dot org
- Date: Sat, 19 Jul 2014 00:52:33 +0200 (MEST)
- Subject: Results for 4.10.0 20140718 (experimental) [trunk revision 212815] (GCC) testsuite on sparc-sun-solaris2.11
- Authentication-results: sourceware.org; auth=none
LAST_UPDATED: Fri Jul 18 12:34:07 UTC 2014 (revision 212815)
=== acats tests ===
=== acats Summary ===
# of expected passes 2320
# of unexpected failures 0
Native configuration is sparc-sun-solaris2.11
=== g++ tests ===
Running target unix
FAIL: g++.dg/cpp0x/static_assert9.C -std=c++11 (test for excess errors)
FAIL: g++.dg/cpp0x/static_assert9.C -std=c++1y (test for excess errors)
FAIL: g++.dg/ipa/imm-devirt-2.C -std=gnu++98 scan-tree-dump einline "C::_ZThn24_N1C3fooEi \\\\("
FAIL: g++.dg/ipa/imm-devirt-2.C -std=gnu++11 scan-tree-dump einline "C::_ZThn24_N1C3fooEi \\\\("
FAIL: g++.dg/ipa/imm-devirt-2.C -std=gnu++1y scan-tree-dump einline "C::_ZThn24_N1C3fooEi \\\\("
=== g++ Summary for unix ===
# of expected passes 77804
# of unexpected failures 5
# of expected failures 443
# of unsupported tests 3299
Running target unix/-m64
FAIL: g++.dg/cpp0x/static_assert9.C -std=c++11 (test for excess errors)
FAIL: g++.dg/cpp0x/static_assert9.C -std=c++1y (test for excess errors)
=== g++ Summary for unix/-m64 ===
# of expected passes 79657
# of unexpected failures 2
# of expected failures 443
# of unsupported tests 3287
=== g++ Summary ===
# of expected passes 157461
# of unexpected failures 7
# of expected failures 886
# of unsupported tests 6586
/var/gcc/regression/trunk/11-gcc/build/gcc/testsuite/g++/../../xg++ version 4.10.0 20140718 (experimental) [trunk revision 212815] (GCC)
=== gcc tests ===
Running target unix
FAIL: gcc.dg/20020312-2.c (internal compiler error)
FAIL: gcc.dg/20020312-2.c (test for excess errors)
WARNING: gcc.dg/20020312-2.c compilation failed to produce executable
WARNING: program timed out.
FAIL: gcc.dg/c11-atomic-2.c (test for excess errors)
UNRESOLVED: gcc.dg/pr44024.c scan-tree-dump-not ccp1 "foo"
XPASS: gcc.dg/strlenopt-8.c scan-tree-dump-times strlen "strlen \\\\(" 0
XPASS: gcc.dg/strlenopt-8.c scan-tree-dump-times strlen "memcpy \\\\(" 4
FAIL: gcc.dg/unroll_1.c (test for warnings, line 14)
FAIL: gcc.dg/unroll_1.c (test for warnings, line 24)
FAIL: gcc.dg/graphite/isl-codegen-loop-dumping.c (internal compiler error)
FAIL: gcc.dg/graphite/isl-codegen-loop-dumping.c (test for excess errors)
FAIL: gcc.dg/simulate-thread/atomic-other-int.c -O2 -g thread simulation test
FAIL: gcc.dg/simulate-thread/atomic-other-int.c -O3 -g thread simulation test
FAIL: gcc.dg/simulate-thread/speculative-store-4.c -O0 -g thread simulation test
FAIL: gcc.dg/simulate-thread/speculative-store-4.c -O2 -g thread simulation test
FAIL: gcc.dg/simulate-thread/speculative-store-4.c -O3 -g thread simulation test
FAIL: gcc.dg/simulate-thread/speculative-store.c -O0 -g thread simulation test
FAIL: gcc.dg/vect/vect-cond-reduc-1.c scan-tree-dump-times vect "vectorized 1 loops" 1
FAIL: gcc.dg/vect/vect-cond-reduc-1.c -flto -ffat-lto-objects scan-tree-dump-times vect "vectorized 1 loops" 1
=== gcc Summary for unix ===
# of expected passes 88780
# of unexpected failures 15
# of unexpected successes 2
# of expected failures 320
# of unresolved testcases 1
# of unsupported tests 1866
Running target unix/-m64
FAIL: gcc.dg/20020312-2.c (internal compiler error)
FAIL: gcc.dg/20020312-2.c (test for excess errors)
WARNING: gcc.dg/20020312-2.c compilation failed to produce executable
WARNING: program timed out.
FAIL: gcc.dg/c11-atomic-2.c (test for excess errors)
UNRESOLVED: gcc.dg/pr44024.c scan-tree-dump-not ccp1 "foo"
XPASS: gcc.dg/strlenopt-8.c scan-tree-dump-times strlen "strlen \\\\(" 0
XPASS: gcc.dg/strlenopt-8.c scan-tree-dump-times strlen "memcpy \\\\(" 4
FAIL: gcc.dg/unroll_1.c (test for warnings, line 14)
FAIL: gcc.dg/unroll_1.c (test for warnings, line 24)
FAIL: gcc.dg/vect/vect-cond-reduc-1.c scan-tree-dump-times vect "vectorized 1 loops" 1
FAIL: gcc.dg/vect/vect-singleton_1.c (internal compiler error)
FAIL: gcc.dg/vect/vect-singleton_1.c (test for excess errors)
FAIL: gcc.dg/vect/vect-cond-reduc-1.c -flto -ffat-lto-objects scan-tree-dump-times vect "vectorized 1 loops" 1
FAIL: gcc.dg/vect/vect-singleton_1.c -flto -ffat-lto-objects (internal compiler error)
FAIL: gcc.dg/vect/vect-singleton_1.c -flto -ffat-lto-objects (test for excess errors)
=== gcc Summary for unix/-m64 ===
# of expected passes 89552
# of unexpected failures 11
# of unexpected successes 2
# of expected failures 309
# of unresolved testcases 1
# of unsupported tests 1811
=== gcc Summary ===
# of expected passes 178332
# of unexpected failures 26
# of unexpected successes 4
# of expected failures 629
# of unresolved testcases 2
# of unsupported tests 3677
/var/gcc/regression/trunk/11-gcc/build/gcc/xgcc version 4.10.0 20140718 (experimental) [trunk revision 212815] (GCC)
=== gfortran tests ===
Running target unix
=== gfortran Summary for unix ===
# of expected passes 46102
# of expected failures 54
# of unsupported tests 268
Running target unix/-m64
=== gfortran Summary for unix/-m64 ===
# of expected passes 46429
# of expected failures 54
# of unsupported tests 107
=== gfortran Summary ===
# of expected passes 92531
# of expected failures 108
# of unsupported tests 375
/var/gcc/regression/trunk/11-gcc/build/gcc/testsuite/gfortran/../../gfortran version 4.10.0 20140718 (experimental) [trunk revision 212815] (GCC)
=== gnat tests ===
Running target unix
=== gnat Summary for unix ===
# of expected passes 1223
# of expected failures 18
# of unsupported tests 18
Running target unix/-m64
=== gnat Summary for unix/-m64 ===
# of expected passes 1223
# of expected failures 18
# of unsupported tests 18
=== gnat Summary ===
# of expected passes 2446
# of expected failures 36
# of unsupported tests 36
/var/gcc/regression/trunk/11-gcc/build/gcc/gnatmake version 4.10.0 20140718 (experimental) [trunk revision 212815]
=== go tests ===
Running target unix
FAIL: ./index0-out.go compilation, -O0 -g -fno-var-tracking-assignments
FAIL: ./slice3-out.go compilation, -O0 -g -fno-var-tracking-assignments
FAIL: go.test/test/fixedbugs/bug272.go execution, -O2 -g
FAIL: go.test/test/recover.go execution, -O2 -g
WARNING: program timed out.
WARNING: program timed out.
=== go Summary for unix ===
# of expected passes 7362
# of unexpected failures 4
# of expected failures 1
# of untested testcases 12
# of unsupported tests 3
Running target unix/-m64
FAIL: ./index0-out.go compilation, -O0 -g -fno-var-tracking-assignments
FAIL: ./slice3-out.go compilation, -O0 -g -fno-var-tracking-assignments
FAIL: go.test/test/fixedbugs/issue4348.go -O (test for excess errors)
FAIL: go.test/test/recover.go execution, -O2 -g
WARNING: program timed out.
WARNING: program timed out.
=== go Summary for unix/-m64 ===
# of expected passes 7242
# of unexpected failures 4
# of expected failures 1
# of untested testcases 12
# of unsupported tests 3
=== go Summary ===
# of expected passes 14604
# of unexpected failures 8
# of expected failures 2
# of untested testcases 24
# of unsupported tests 6
=== obj-c++ tests ===
Running target unix
=== obj-c++ Summary for unix ===
# of expected passes 1447
# of expected failures 2
# of unsupported tests 86
Running target unix/-m64
=== obj-c++ Summary for unix/-m64 ===
# of expected passes 1439
# of expected failures 10
# of unsupported tests 86
=== obj-c++ Summary ===
# of expected passes 2886
# of expected failures 12
# of unsupported tests 172
/var/gcc/regression/trunk/11-gcc/build/gcc/testsuite/obj-c++/../../xg++ version 4.10.0 20140718 (experimental) [trunk revision 212815] (GCC)
=== objc tests ===
Running target unix
=== objc Summary for unix ===
# of expected passes 3010
# of unsupported tests 74
Running target unix/-m64
=== objc Summary for unix/-m64 ===
# of expected passes 3010
# of unsupported tests 74
=== objc Summary ===
# of expected passes 6020
# of unsupported tests 148
/var/gcc/regression/trunk/11-gcc/build/gcc/xgcc version 4.10.0 20140718 (experimental) [trunk revision 212815] (GCC)
=== boehm-gc tests ===
Running target unix
=== boehm-gc Summary for unix ===
# of expected passes 12
# of unsupported tests 1
Running target unix/-m64
=== boehm-gc Summary for unix/-m64 ===
# of expected passes 12
# of unsupported tests 1
=== boehm-gc Summary ===
# of expected passes 24
# of unsupported tests 2
=== libatomic tests ===
Running target unix
=== libatomic Summary for unix ===
# of expected passes 44
# of unsupported tests 5
Running target unix/-m64
=== libatomic Summary for unix/-m64 ===
# of expected passes 54
=== libatomic Summary ===
# of expected passes 98
# of unsupported tests 5
=== libffi tests ===
Running target unix
=== libffi Summary for unix ===
# of expected passes 1819
# of unsupported tests 55
Running target unix/-m64
=== libffi Summary for unix/-m64 ===
# of expected passes 1819
# of unsupported tests 55
=== libffi Summary ===
# of expected passes 3638
# of unsupported tests 110
=== libgo tests ===
Running target unix
FAIL: reflect
FAIL: runtime
FAIL: sync
FAIL: os/exec
FAIL: text/tabwriter
FAIL: text/template
FAIL: testing/quick
=== libgo Summary for unix ===
# of expected passes 116
# of unexpected failures 7
Running target unix/-m64
FAIL: reflect
=== libgo Summary for unix/-m64 ===
# of expected passes 122
# of unexpected failures 1
=== libgo Summary ===
# of expected passes 238
# of unexpected failures 8
/var/gcc/regression/trunk/11-gcc/build/./gcc/gccgo version 4.10.0 20140718 (experimental) [trunk revision 212815] (GCC)
=== libgomp tests ===
Running target unix
=== libgomp Summary for unix ===
# of expected passes 3227
# of unsupported tests 38
Running target unix/-m64
=== libgomp Summary for unix/-m64 ===
# of expected passes 3227
# of unsupported tests 38
=== libgomp Summary ===
# of expected passes 6454
# of unsupported tests 76
=== libitm tests ===
Running target unix
=== libitm Summary for unix ===
# of expected passes 26
# of expected failures 3
# of unsupported tests 1
Running target unix/-m64
=== libitm Summary for unix/-m64 ===
# of expected passes 26
# of expected failures 3
# of unsupported tests 1
=== libitm Summary ===
# of expected passes 52
# of expected failures 6
# of unsupported tests 2
=== libjava tests ===
Running target unix
=== libjava Summary for unix ===
# of expected passes 2582
# of expected failures 4
Running target unix/-m64
=== libjava Summary for unix/-m64 ===
# of expected passes 2582
# of expected failures 4
=== libjava Summary ===
# of expected passes 5164
# of expected failures 8
=== libstdc++ tests ===
Running target unix
=== libstdc++ Summary for unix ===
# of expected passes 9068
# of expected failures 69
# of unsupported tests 608
Running target unix/-m64
=== libstdc++ Summary for unix/-m64 ===
# of expected passes 9068
# of expected failures 69
# of unsupported tests 608
=== libstdc++ Summary ===
# of expected passes 18136
# of expected failures 138
# of unsupported tests 1216
Compiler version: 4.10.0 20140718 (experimental) [trunk revision 212815] (GCC)
Platform: sparc-sun-solaris2.11
configure flags: --prefix=/vol/gcc --target=sparc-sun-solaris2.11 --enable-objc-gc --enable-libmudflap --with-gmp-include=/vol/gcc/include --with-gmp-lib=/vol/gcc/lib --with-mpfr-include=/vol/gcc/include --with-mpfr-lib=/vol/gcc/lib --with-mpc-include=/vol/gcc/include --with-mpc-lib=/vol/gcc/lib --enable-languages=all,ada,obj-c++,go --with-isl-include=/vol/gcc/include --with-isl-lib=/vol/gcc/lib --with-cloog-include=/vol/gcc/include --with-cloog-lib=/vol/gcc/lib --enable-cloog-backend=isl
BOOT_CFLAGS=-g -O2