This is the mail archive of the
gcc-testresults@gcc.gnu.org
mailing list for the GCC project.
Results for 4.10.0 20140711 (experimental) [trunk revision 212451] (GCC) testsuite on i386-pc-solaris2.11
- From: Rainer Orth <ro at CeBiTec dot Uni-Bielefeld dot DE>
- To: gcc-testresults at gcc dot gnu dot org
- Date: Mon, 14 Jul 2014 17:48:19 +0200 (MEST)
- Subject: Results for 4.10.0 20140711 (experimental) [trunk revision 212451] (GCC) testsuite on i386-pc-solaris2.11
- Authentication-results: sourceware.org; auth=none
LAST_UPDATED: Fri Jul 11 11:57:13 UTC 2014 (revision 212451)
=== acats tests ===
=== acats Summary ===
# of expected passes 2320
# of unexpected failures 0
Native configuration is i386-pc-solaris2.11
=== g++ tests ===
Running target unix
FAIL: g++.dg/cilk-plus/CK/catch_exc.cc -O1 -fcilkplus execution test
FAIL: g++.dg/cilk-plus/CK/catch_exc.cc -O3 -fcilkplus execution test
FAIL: g++.dg/cilk-plus/CK/catch_exc.cc -g -fcilkplus execution test
FAIL: g++.dg/cilk-plus/CK/catch_exc.cc -g -O2 -fcilkplus execution test
FAIL: g++.dg/init/cleanup3.C -std=c++98 scan-assembler-not _tcf
FAIL: g++.dg/init/cleanup3.C -std=c++11 scan-assembler-not _tcf
FAIL: g++.dg/init/cleanup3.C -std=c++1y scan-assembler-not _tcf
FAIL: g++.dg/ipa/imm-devirt-2.C -std=gnu++98 scan-tree-dump einline "C::_ZThn24_N1C3fooEi \\\\("
FAIL: g++.dg/ipa/imm-devirt-2.C -std=gnu++11 scan-tree-dump einline "C::_ZThn24_N1C3fooEi \\\\("
FAIL: g++.dg/ipa/imm-devirt-2.C -std=gnu++1y scan-tree-dump einline "C::_ZThn24_N1C3fooEi \\\\("
FAIL: g++.dg/ipa/pr61160-3.C -std=gnu++98 execution test
FAIL: g++.dg/ipa/pr61160-3.C -std=gnu++11 execution test
FAIL: g++.dg/ipa/pr61160-3.C -std=gnu++1y execution test
FAIL: g++.dg/lto/20100302 cp_lto_20100302_0.o-cp_lto_20100302_1.o link, -flto -fabi-version=2
UNRESOLVED: g++.dg/lto/20100302 cp_lto_20100302_0.o-cp_lto_20100302_1.o execute -flto -fabi-version=2
FAIL: g++.dg/tls/thread_local-order1.C -std=c++11 execution test
FAIL: g++.dg/tls/thread_local-order1.C -std=c++1y execution test
FAIL: g++.dg/tls/thread_local3g.C -std=gnu++11 execution test
FAIL: g++.dg/tls/thread_local3g.C -std=gnu++1y execution test
FAIL: g++.dg/tls/thread_local4g.C -std=gnu++11 execution test
FAIL: g++.dg/tls/thread_local4g.C -std=gnu++1y execution test
FAIL: g++.dg/tls/thread_local5g.C -std=gnu++11 execution test
FAIL: g++.dg/tls/thread_local5g.C -std=gnu++1y execution test
FAIL: g++.dg/tls/thread_local6g.C -std=c++11 execution test
FAIL: g++.dg/tls/thread_local6g.C -std=c++1y execution test
FAIL: g++.old-deja/g++.other/init5.C -std=c++98 execution test
FAIL: g++.old-deja/g++.other/init5.C -std=c++11 execution test
FAIL: g++.old-deja/g++.other/init5.C -std=c++1y execution test
=== g++ Summary for unix ===
# of expected passes 80512
# of unexpected failures 27
# of expected failures 440
# of unresolved testcases 1
# of unsupported tests 2853
Running target unix/-m64
FAIL: g++.dg/init/cleanup3.C -std=c++98 scan-assembler-not _tcf
FAIL: g++.dg/init/cleanup3.C -std=c++11 scan-assembler-not _tcf
FAIL: g++.dg/init/cleanup3.C -std=c++1y scan-assembler-not _tcf
FAIL: g++.dg/lto/20100302 cp_lto_20100302_0.o-cp_lto_20100302_1.o link, -flto -fabi-version=2
UNRESOLVED: g++.dg/lto/20100302 cp_lto_20100302_0.o-cp_lto_20100302_1.o execute -flto -fabi-version=2
FAIL: g++.dg/tls/thread_local-order1.C -std=c++11 execution test
FAIL: g++.dg/tls/thread_local-order1.C -std=c++1y execution test
FAIL: g++.dg/tls/thread_local3g.C -std=gnu++11 execution test
FAIL: g++.dg/tls/thread_local3g.C -std=gnu++1y execution test
FAIL: g++.dg/tls/thread_local4g.C -std=gnu++11 execution test
FAIL: g++.dg/tls/thread_local4g.C -std=gnu++1y execution test
FAIL: g++.dg/tls/thread_local5g.C -std=gnu++11 execution test
FAIL: g++.dg/tls/thread_local5g.C -std=gnu++1y execution test
FAIL: g++.dg/tls/thread_local6g.C -std=c++11 execution test
FAIL: g++.dg/tls/thread_local6g.C -std=c++1y execution test
FAIL: g++.old-deja/g++.other/init5.C -std=c++98 execution test
FAIL: g++.old-deja/g++.other/init5.C -std=c++11 execution test
FAIL: g++.old-deja/g++.other/init5.C -std=c++1y execution test
=== g++ Summary for unix/-m64 ===
# of expected passes 81827
# of unexpected failures 17
# of expected failures 440
# of unresolved testcases 1
# of unsupported tests 3132
=== g++ Summary ===
# of expected passes 162339
# of unexpected failures 44
# of expected failures 880
# of unresolved testcases 2
# of unsupported tests 5985
/var/gcc/regression/trunk/11-gcc-gld/build/gcc/testsuite/g++/../../xg++ version 4.10.0 20140711 (experimental) [trunk revision 212451] (GCC)
=== gcc tests ===
Running target unix
FAIL: gcc.dg/cpp/macsyntx.c (test for warnings, line 54)
FAIL: gcc.dg/cpp/macsyntx.c (test for warnings, line 55)
FAIL: gcc.dg/cpp/macsyntx.c (test for warnings, line 62)
FAIL: gcc.dg/cpp/macsyntx.c (test for excess errors)
FAIL: gcc.dg/cpp/sysmac1.c (test for warnings, line 25)
FAIL: gcc.dg/cpp/sysmac1.c (test for excess errors)
FAIL: gcc.dg/unroll_1.c (test for warnings, line 14)
FAIL: gcc.dg/unroll_1.c (test for warnings, line 24)
FAIL: gcc.target/i386/3dnowA-1.c (test for excess errors)
FAIL: gcc.target/i386/3dnowA-2.c (test for excess errors)
FAIL: gcc.target/i386/bmi-tzcnt-2.c (test for excess errors)
WARNING: gcc.target/i386/bmi-tzcnt-2.c compilation failed to produce executable
FAIL: gcc.target/i386/pr49095.c scan-assembler-not test[lq]
=== gcc Summary for unix ===
# of expected passes 101905
# of unexpected failures 12
# of expected failures 250
# of unsupported tests 1666
Running target unix/-m64
FAIL: gcc.dg/cpp/macsyntx.c (test for warnings, line 54)
FAIL: gcc.dg/cpp/macsyntx.c (test for warnings, line 55)
FAIL: gcc.dg/cpp/macsyntx.c (test for warnings, line 62)
FAIL: gcc.dg/cpp/macsyntx.c (test for excess errors)
FAIL: gcc.dg/cpp/sysmac1.c (test for warnings, line 25)
FAIL: gcc.dg/cpp/sysmac1.c (test for excess errors)
FAIL: gcc.dg/unroll_1.c (test for warnings, line 14)
FAIL: gcc.dg/unroll_1.c (test for warnings, line 24)
FAIL: gcc.misc-tests/linkage.c link
FAIL: gcc.target/i386/3dnowA-1.c (test for excess errors)
FAIL: gcc.target/i386/3dnowA-2.c (test for excess errors)
FAIL: gcc.target/i386/bmi-tzcnt-1.c (test for excess errors)
WARNING: gcc.target/i386/bmi-tzcnt-1.c compilation failed to produce executable
FAIL: gcc.target/i386/bmi-tzcnt-2.c (test for excess errors)
WARNING: gcc.target/i386/bmi-tzcnt-2.c compilation failed to produce executable
FAIL: gcc.target/i386/pr58218.c (test for excess errors)
FAIL: gcc.target/i386/pr61599-1.c (test for excess errors)
WARNING: gcc.target/i386/pr61599-1.c compilation failed to produce executable
=== gcc Summary for unix/-m64 ===
# of expected passes 102453
# of unexpected failures 15
# of expected failures 252
# of unsupported tests 1920
=== gcc Summary ===
# of expected passes 204358
# of unexpected failures 27
# of expected failures 502
# of unsupported tests 3586
/var/gcc/regression/trunk/11-gcc-gld/build/gcc/xgcc version 4.10.0 20140711 (experimental) [trunk revision 212451] (GCC)
=== gfortran tests ===
Running target unix
=== gfortran Summary for unix ===
# of expected passes 46075
# of expected failures 52
# of unsupported tests 230
Running target unix/-m64
=== gfortran Summary for unix/-m64 ===
# of expected passes 46378
# of expected failures 52
# of unsupported tests 84
=== gfortran Summary ===
# of expected passes 92453
# of expected failures 104
# of unsupported tests 314
/var/gcc/regression/trunk/11-gcc-gld/build/gcc/testsuite/gfortran/../../gfortran version 4.10.0 20140711 (experimental) [trunk revision 212451] (GCC)
=== gnat tests ===
Running target unix
=== gnat Summary for unix ===
# of expected passes 1247
# of expected failures 18
# of unsupported tests 7
Running target unix/-m64
=== gnat Summary for unix/-m64 ===
# of expected passes 1247
# of expected failures 18
# of unsupported tests 7
=== gnat Summary ===
# of expected passes 2494
# of expected failures 36
# of unsupported tests 14
/var/gcc/regression/trunk/11-gcc-gld/build/gcc/gnatmake version 4.10.0 20140711 (experimental) [trunk revision 212451]
=== go tests ===
Running target unix
FAIL: ./index0-out.go execution, -O0 -g -fno-var-tracking-assignments
FAIL: go.test/test/fixedbugs/bug272.go execution, -O2 -g
=== go Summary for unix ===
# of expected passes 7369
# of unexpected failures 2
# of expected failures 1
# of untested testcases 9
# of unsupported tests 2
Running target unix/-m64
FAIL: go.test/test/fixedbugs/issue4348.go -O (test for excess errors)
FAIL: go.test/test/fixedbugs/issue6036.go -O (internal compiler error)
FAIL: go.test/test/fixedbugs/issue6036.go -O (test for excess errors)
=== go Summary for unix/-m64 ===
# of expected passes 7250
# of unexpected failures 3
# of expected failures 1
# of untested testcases 9
# of unsupported tests 1
=== go Summary ===
# of expected passes 14619
# of unexpected failures 5
# of expected failures 2
# of untested testcases 18
# of unsupported tests 3
/var/gcc/regression/trunk/11-gcc-gld/build/gcc/testsuite/go/../../gccgo version 4.10.0 20140711 (experimental) [trunk revision 212451] (GCC)
=== obj-c++ tests ===
Running target unix
=== obj-c++ Summary for unix ===
# of expected passes 1447
# of expected failures 2
# of unsupported tests 86
Running target unix/-m64
=== obj-c++ Summary for unix/-m64 ===
# of expected passes 1439
# of expected failures 10
# of unsupported tests 86
=== obj-c++ Summary ===
# of expected passes 2886
# of expected failures 12
# of unsupported tests 172
/var/gcc/regression/trunk/11-gcc-gld/build/gcc/testsuite/obj-c++/../../xg++ version 4.10.0 20140711 (experimental) [trunk revision 212451] (GCC)
=== objc tests ===
Running target unix
=== objc Summary for unix ===
# of expected passes 3004
# of expected failures 6
# of unsupported tests 74
Running target unix/-m64
=== objc Summary for unix/-m64 ===
# of expected passes 3004
# of expected failures 6
# of unsupported tests 74
=== objc Summary ===
# of expected passes 6008
# of expected failures 12
# of unsupported tests 148
/var/gcc/regression/trunk/11-gcc-gld/build/gcc/xgcc version 4.10.0 20140711 (experimental) [trunk revision 212451] (GCC)
=== boehm-gc tests ===
Running target unix
=== boehm-gc Summary for unix ===
# of expected passes 12
# of unsupported tests 1
Running target unix/-m64
=== boehm-gc Summary for unix/-m64 ===
# of expected passes 12
# of unsupported tests 1
=== boehm-gc Summary ===
# of expected passes 24
# of unsupported tests 2
=== libatomic tests ===
Running target unix
=== libatomic Summary for unix ===
# of expected passes 44
# of unsupported tests 5
Running target unix/-m64
=== libatomic Summary for unix/-m64 ===
# of expected passes 54
=== libatomic Summary ===
# of expected passes 98
# of unsupported tests 5
=== libffi tests ===
Running target unix
=== libffi Summary for unix ===
# of expected passes 1819
# of unsupported tests 55
Running target unix/-m64
=== libffi Summary for unix/-m64 ===
# of expected passes 1819
# of unsupported tests 55
=== libffi Summary ===
# of expected passes 3638
# of unsupported tests 110
=== libgo tests ===
Running target unix
FAIL: net
FAIL: runtime
FAIL: sync
FAIL: log/syslog
FAIL: net/http
FAIL: os/exec
FAIL: sync/atomic
FAIL: text/tabwriter
=== libgo Summary for unix ===
# of expected passes 115
# of unexpected failures 8
Running target unix/-m64
FAIL: sync
=== libgo Summary for unix/-m64 ===
# of expected passes 122
# of unexpected failures 1
=== libgo Summary ===
# of expected passes 237
# of unexpected failures 9
/var/gcc/regression/trunk/11-gcc-gld/build/./gcc/gccgo version 4.10.0 20140711 (experimental) [trunk revision 212451] (GCC)
=== libgomp tests ===
Running target unix
=== libgomp Summary for unix ===
# of expected passes 3259
# of unsupported tests 22
Running target unix/-m64
=== libgomp Summary for unix/-m64 ===
# of expected passes 3259
# of unsupported tests 22
=== libgomp Summary ===
# of expected passes 6518
# of unsupported tests 44
=== libitm tests ===
Running target unix
=== libitm Summary for unix ===
# of expected passes 26
# of expected failures 3
# of unsupported tests 1
Running target unix/-m64
=== libitm Summary for unix/-m64 ===
# of expected passes 26
# of expected failures 3
# of unsupported tests 1
=== libitm Summary ===
# of expected passes 52
# of expected failures 6
# of unsupported tests 2
=== libjava tests ===
Running target unix
=== libjava Summary for unix ===
# of expected passes 2582
# of expected failures 4
Running target unix/-m64
=== libjava Summary for unix/-m64 ===
# of expected passes 2582
# of expected failures 4
=== libjava Summary ===
# of expected passes 5164
# of expected failures 8
=== libstdc++ tests ===
Running target unix
FAIL: libstdc++-abi/abi_check
FAIL: ext/random/hypergeometric_distribution/operators/values.cc execution test
=== libstdc++ Summary for unix ===
# of expected passes 9076
# of unexpected failures 2
# of expected failures 69
# of unsupported tests 593
Running target unix/-m64
FAIL: libstdc++-abi/abi_check
FAIL: ext/random/hypergeometric_distribution/operators/values.cc execution test
=== libstdc++ Summary for unix/-m64 ===
# of expected passes 9076
# of unexpected failures 2
# of expected failures 69
# of unsupported tests 593
=== libstdc++ Summary ===
# of expected passes 18152
# of unexpected failures 4
# of expected failures 138
# of unsupported tests 1186
Compiler version: 4.10.0 20140711 (experimental) [trunk revision 212451] (GCC)
Platform: i386-pc-solaris2.11
configure flags: --prefix=/vol/gcc --target=i386-pc-solaris2.11 --enable-objc-gc --enable-libmudflap --with-ld=/vol/gcc/bin/gld-2.24 --with-gnu-ld --with-gmp-include=/vol/gcc/include --with-gmp-lib=/vol/gcc/lib --with-mpfr-include=/vol/gcc/include --with-mpfr-lib=/vol/gcc/lib --with-mpc-include=/vol/gcc/include --with-mpc-lib=/vol/gcc/lib --enable-languages=all,ada,obj-c++,go --with-isl-include=/vol/gcc/include --with-isl-lib=/vol/gcc/lib --with-cloog-include=/vol/gcc/include --with-cloog-lib=/vol/gcc/lib --enable-cloog-backend=isl
BOOT_CFLAGS=-g -O2