This is the mail archive of the
gcc-testresults@gcc.gnu.org
mailing list for the GCC project.
Results for 4.10.0 20140714 (experimental) [trunk revision 212502] (GCC) testsuite on powerpc64le-unknown-linux-gnu
- From: Bill Schmidt <wschmidt at us dot ibm dot com>
- To: gcc-testresults at gcc dot gnu dot org
- Date: Mon, 14 Jul 2014 06:11:03 -0500
- Subject: Results for 4.10.0 20140714 (experimental) [trunk revision 212502] (GCC) testsuite on powerpc64le-unknown-linux-gnu
- Authentication-results: sourceware.org; auth=none
Linux 3.13.0-27-generic ppc64le
GNU C Library (Ubuntu EGLIBC 2.19-0ubuntu6) stable release version 2.19
GNU ld (GNU Binutils for Ubuntu) 2.24
GNU assembler (GNU Binutils for Ubuntu) 2.24
GNU Make 3.81
DejaGnu:
Expect version is 5.45
Tcl version is 8.6
Framework version is 1.5
64-bit
LAST_UPDATED: Mon Jul 14 04:34:32 UTC 2014 (revision 212502)
Native configuration is powerpc64le-unknown-linux-gnu
=== gcc tests ===
Running target unix
FAIL: gcc.c-torture/execute/builtins/memops-asm.c execution, -O2 -flto -fno-use-linker-plugin -flto-partition=none
FAIL: gcc.c-torture/execute/20000412-6.c execution, -O2 -flto -fno-use-linker-plugin -flto-partition=none
FAIL: gcc.c-torture/execute/20000412-6.c execution, -O2 -flto -fuse-linker-plugin -fno-fat-lto-objects
FAIL: gcc.c-torture/execute/20000422-1.c execution, -O2 -flto -fuse-linker-plugin -fno-fat-lto-objects
FAIL: gcc.c-torture/execute/20000801-3.c execution, -O2 -flto -fno-use-linker-plugin -flto-partition=none
FAIL: gcc.c-torture/execute/20000910-2.c execution, -O2 -flto -fno-use-linker-plugin -flto-partition=none
FAIL: gcc.c-torture/execute/20001013-1.c execution, -O2 -flto -fno-use-linker-plugin -flto-partition=none
FAIL: gcc.c-torture/execute/20001013-1.c execution, -O2 -flto -fuse-linker-plugin -fno-fat-lto-objects
FAIL: gcc.c-torture/execute/20010122-1.c execution, -O2 -flto -fno-use-linker-plugin -flto-partition=none
FAIL: gcc.c-torture/execute/20010222-1.c execution, -O2 -flto -fno-use-linker-plugin -flto-partition=none
FAIL: gcc.c-torture/execute/20010224-1.c execution, -O2 -flto -fno-use-linker-plugin -flto-partition=none
FAIL: gcc.c-torture/execute/20010924-1.c execution, -O2 -flto -fno-use-linker-plugin -flto-partition=none
FAIL: gcc.c-torture/execute/20011113-1.c execution, -O2 -flto -fno-use-linker-plugin -flto-partition=none
FAIL: gcc.c-torture/execute/20011113-1.c execution, -O2 -flto -fuse-linker-plugin -fno-fat-lto-objects
FAIL: gcc.c-torture/execute/20020615-1.c execution, -O2 -flto -fno-use-linker-plugin -flto-partition=none
FAIL: gcc.c-torture/execute/20020615-1.c execution, -O2 -flto -fuse-linker-plugin -fno-fat-lto-objects
FAIL: gcc.c-torture/execute/20021010-2.c execution, -O2 -flto -fno-use-linker-plugin -flto-partition=none
FAIL: gcc.c-torture/execute/20030109-1.c execution, -O2 -flto -fno-use-linker-plugin -flto-partition=none
FAIL: gcc.c-torture/execute/20030313-1.c execution, -O2 -flto -fno-use-linker-plugin -flto-partition=none
FAIL: gcc.c-torture/execute/20040302-1.c execution, -O2 -flto -fno-use-linker-plugin -flto-partition=none
FAIL: gcc.c-torture/execute/20040302-1.c execution, -O2 -flto -fuse-linker-plugin -fno-fat-lto-objects
FAIL: gcc.c-torture/execute/20040703-1.c execution, -O2 -flto -fno-use-linker-plugin -flto-partition=none
FAIL: gcc.c-torture/execute/20040805-1.c execution, -O2 -flto -fno-use-linker-plugin -flto-partition=none
FAIL: gcc.c-torture/execute/20040805-1.c execution, -O2 -flto -fuse-linker-plugin -fno-fat-lto-objects
FAIL: gcc.c-torture/execute/20041201-1.c execution, -O2 -flto -fno-use-linker-plugin -flto-partition=none
FAIL: gcc.c-torture/execute/20050218-1.c execution, -O2 -flto -fno-use-linker-plugin -flto-partition=none
FAIL: gcc.c-torture/execute/20050929-1.c execution, -O2 -flto -fno-use-linker-plugin -flto-partition=none
FAIL: gcc.c-torture/execute/20050929-1.c execution, -O2 -flto -fuse-linker-plugin -fno-fat-lto-objects
FAIL: gcc.c-torture/execute/20071210-1.c execution, -O2 -flto -fno-use-linker-plugin -flto-partition=none
FAIL: gcc.c-torture/execute/20071210-1.c execution, -O2 -flto -fuse-linker-plugin -fno-fat-lto-objects
FAIL: gcc.c-torture/execute/20080222-1.c execution, -O2 -flto -fno-use-linker-plugin -flto-partition=none
FAIL: gcc.c-torture/execute/20081117-1.c execution, -O2 -flto -fno-use-linker-plugin -flto-partition=none
FAIL: gcc.c-torture/execute/20081117-1.c execution, -O2 -flto -fuse-linker-plugin -fno-fat-lto-objects
FAIL: gcc.c-torture/execute/20100416-1.c execution, -O2 -flto -fno-use-linker-plugin -flto-partition=none
FAIL: gcc.c-torture/execute/20120427-1.c execution, -O2 -flto -fno-use-linker-plugin -flto-partition=none
FAIL: gcc.c-torture/execute/20120427-1.c execution, -O2 -flto -fuse-linker-plugin -fno-fat-lto-objects
FAIL: gcc.c-torture/execute/20120427-2.c execution, -O2 -flto -fno-use-linker-plugin -flto-partition=none
FAIL: gcc.c-torture/execute/20120427-2.c execution, -O2 -flto -fuse-linker-plugin -fno-fat-lto-objects
FAIL: gcc.c-torture/execute/20120919-1.c execution, -O2 -flto -fuse-linker-plugin -fno-fat-lto-objects
FAIL: gcc.c-torture/execute/921019-1.c execution, -O2 -flto -fno-use-linker-plugin -flto-partition=none
FAIL: gcc.c-torture/execute/921113-1.c execution, -O2 -flto -fno-use-linker-plugin -flto-partition=none
FAIL: gcc.c-torture/execute/921113-1.c execution, -O2 -flto -fuse-linker-plugin -fno-fat-lto-objects
FAIL: gcc.c-torture/execute/950714-1.c execution, -O2 -flto -fno-use-linker-plugin -flto-partition=none
FAIL: gcc.c-torture/execute/950714-1.c execution, -O2 -flto -fuse-linker-plugin -fno-fat-lto-objects
FAIL: gcc.c-torture/execute/950809-1.c execution, -O2 -flto -fno-use-linker-plugin -flto-partition=none
FAIL: gcc.c-torture/execute/950809-1.c execution, -O2 -flto -fuse-linker-plugin -fno-fat-lto-objects
FAIL: gcc.c-torture/execute/960312-1.c execution, -O2 -flto -fno-use-linker-plugin -flto-partition=none
FAIL: gcc.c-torture/execute/960312-1.c execution, -O2 -flto -fuse-linker-plugin -fno-fat-lto-objects
FAIL: gcc.c-torture/execute/960326-1.c execution, -O2 -flto -fno-use-linker-plugin -flto-partition=none
FAIL: gcc.c-torture/execute/980612-1.c execution, -O2 -flto -fno-use-linker-plugin -flto-partition=none
FAIL: gcc.c-torture/execute/980612-1.c execution, -O2 -flto -fuse-linker-plugin -fno-fat-lto-objects
FAIL: gcc.c-torture/execute/981130-1.c execution, -O2 -flto -fno-use-linker-plugin -flto-partition=none
FAIL: gcc.c-torture/execute/990222-1.c execution, -O2 -flto -fno-use-linker-plugin -flto-partition=none
FAIL: gcc.c-torture/execute/990222-1.c execution, -O2 -flto -fuse-linker-plugin -fno-fat-lto-objects
FAIL: gcc.c-torture/execute/991118-1.c execution, -O2 -flto -fno-use-linker-plugin -flto-partition=none
FAIL: gcc.c-torture/execute/991118-1.c execution, -O2 -flto -fuse-linker-plugin -fno-fat-lto-objects
FAIL: gcc.c-torture/execute/991201-1.c execution, -O2 -flto -fno-use-linker-plugin -flto-partition=none
FAIL: gcc.c-torture/execute/align-2.c execution, -O2 -flto -fno-use-linker-plugin -flto-partition=none
FAIL: gcc.c-torture/execute/bcp-1.c execution, -O2 -flto -fno-use-linker-plugin -flto-partition=none
FAIL: gcc.c-torture/execute/bcp-1.c execution, -O2 -flto -fuse-linker-plugin -fno-fat-lto-objects
FAIL: gcc.c-torture/execute/bitfld-3.c execution, -O2 -flto -fno-use-linker-plugin -flto-partition=none
FAIL: gcc.c-torture/execute/bitfld-3.c execution, -O2 -flto -fuse-linker-plugin -fno-fat-lto-objects
FAIL: gcc.c-torture/execute/bitfld-4.c execution, -O2 -flto -fno-use-linker-plugin -flto-partition=none
FAIL: gcc.c-torture/execute/cmpdi-1.c execution, -O2 -flto -fno-use-linker-plugin -flto-partition=none
FAIL: gcc.c-torture/execute/cmpdi-1.c execution, -O2 -flto -fuse-linker-plugin -fno-fat-lto-objects
FAIL: gcc.c-torture/execute/cmpsf-1.c execution, -O2 -flto -fno-use-linker-plugin -flto-partition=none
FAIL: gcc.c-torture/execute/cmpsf-1.c execution, -O2 -flto -fuse-linker-plugin -fno-fat-lto-objects
FAIL: gcc.c-torture/execute/cmpsi-2.c execution, -O2 -flto -fno-use-linker-plugin -flto-partition=none
FAIL: gcc.c-torture/execute/cmpsi-2.c execution, -O2 -flto -fuse-linker-plugin -fno-fat-lto-objects
FAIL: gcc.c-torture/execute/compndlit-1.c execution, -O2 -flto -fno-use-linker-plugin -flto-partition=none
FAIL: gcc.c-torture/execute/compndlit-1.c execution, -O2 -flto -fuse-linker-plugin -fno-fat-lto-objects
FAIL: gcc.c-torture/execute/const-addr-expr-1.c execution, -O2 -flto -fuse-linker-plugin -fno-fat-lto-objects
FAIL: gcc.c-torture/execute/index-1.c execution, -O2 -flto -fno-use-linker-plugin -flto-partition=none
FAIL: gcc.c-torture/execute/loop-8.c execution, -O2 -flto -fno-use-linker-plugin -flto-partition=none
FAIL: gcc.c-torture/execute/pr20527-1.c execution, -O2 -flto -fno-use-linker-plugin -flto-partition=none
FAIL: gcc.c-torture/execute/pr20527-1.c execution, -O2 -flto -fuse-linker-plugin -fno-fat-lto-objects
FAIL: gcc.c-torture/execute/pr20601-1.c execution, -O2 -flto -fno-use-linker-plugin -flto-partition=none
FAIL: gcc.c-torture/execute/pr20601-1.c execution, -O2 -flto -fuse-linker-plugin -fno-fat-lto-objects
FAIL: gcc.c-torture/execute/pr24716.c execution, -O2 -flto -fno-use-linker-plugin -flto-partition=none
FAIL: gcc.c-torture/execute/pr24716.c execution, -O2 -flto -fuse-linker-plugin -fno-fat-lto-objects
FAIL: gcc.c-torture/execute/pr28865.c execution, -O2 -flto -fno-use-linker-plugin -flto-partition=none
FAIL: gcc.c-torture/execute/pr28865.c execution, -O2 -flto -fuse-linker-plugin -fno-fat-lto-objects
FAIL: gcc.c-torture/execute/pr34456.c execution, -O2 -flto -fno-use-linker-plugin -flto-partition=none
FAIL: gcc.c-torture/execute/pr34456.c execution, -O2 -flto -fuse-linker-plugin -fno-fat-lto-objects
FAIL: gcc.c-torture/execute/pr36038.c execution, -O2 -flto -fno-use-linker-plugin -flto-partition=none
FAIL: gcc.c-torture/execute/pr36038.c execution, -O2 -flto -fuse-linker-plugin -fno-fat-lto-objects
FAIL: gcc.c-torture/execute/pr37573.c execution, -O2 -flto -fno-use-linker-plugin -flto-partition=none
FAIL: gcc.c-torture/execute/pr37573.c execution, -O2 -flto -fuse-linker-plugin -fno-fat-lto-objects
FAIL: gcc.c-torture/execute/pr48814-1.c execution, -O2 -flto -fno-use-linker-plugin -flto-partition=none
FAIL: gcc.c-torture/execute/pr48814-1.c execution, -O2 -flto -fuse-linker-plugin -fno-fat-lto-objects
FAIL: gcc.c-torture/execute/pr48814-2.c execution, -O2 -flto -fno-use-linker-plugin -flto-partition=none
FAIL: gcc.c-torture/execute/pr48814-2.c execution, -O2 -flto -fuse-linker-plugin -fno-fat-lto-objects
FAIL: gcc.c-torture/execute/pr49073.c execution, -O2 -flto -fno-use-linker-plugin -flto-partition=none
FAIL: gcc.c-torture/execute/pr57130.c execution, -O2 -flto -fno-use-linker-plugin -flto-partition=none
FAIL: gcc.c-torture/execute/pr57130.c execution, -O2 -flto -fuse-linker-plugin -fno-fat-lto-objects
FAIL: gcc.c-torture/execute/pr58943.c execution, -O2 -flto -fno-use-linker-plugin -flto-partition=none
FAIL: gcc.c-torture/execute/pr58943.c execution, -O2 -flto -fuse-linker-plugin -fno-fat-lto-objects
FAIL: gcc.c-torture/execute/pr59643.c execution, -O2 -flto -fno-use-linker-plugin -flto-partition=none
FAIL: gcc.c-torture/execute/pr60017.c execution, -O2 -flto -fno-use-linker-plugin -flto-partition=none
FAIL: gcc.c-torture/execute/struct-ini-1.c execution, -O2 -flto -fno-use-linker-plugin -flto-partition=none
FAIL: gcc.c-torture/execute/struct-ini-2.c execution, -O2 -flto -fno-use-linker-plugin -flto-partition=none
FAIL: gcc.c-torture/execute/struct-ini-4.c execution, -O2 -flto -fno-use-linker-plugin -flto-partition=none
FAIL: gcc.c-torture/execute/va-arg-4.c execution, -O2 -flto -fno-use-linker-plugin -flto-partition=none
FAIL: gcc.c-torture/execute/va-arg-4.c execution, -O2 -flto -fuse-linker-plugin -fno-fat-lto-objects
WARNING: program timed out.
FAIL: gcc.dg/atomic/c11-atomic-exec-5.c -O0 execution test
FAIL: gcc.dg/atomic/c11-atomic-exec-5.c -O1 execution test
FAIL: gcc.dg/atomic/c11-atomic-exec-5.c -O2 execution test
FAIL: gcc.dg/atomic/c11-atomic-exec-5.c -O3 -fomit-frame-pointer execution test
FAIL: gcc.dg/atomic/c11-atomic-exec-5.c -O3 -fomit-frame-pointer -funroll-loops execution test
FAIL: gcc.dg/atomic/c11-atomic-exec-5.c -O3 -fomit-frame-pointer -funroll-all-loops -finline-functions execution test
FAIL: gcc.dg/atomic/c11-atomic-exec-5.c -O3 -g execution test
FAIL: gcc.dg/atomic/c11-atomic-exec-5.c -Os execution test
FAIL: gcc.dg/atomic/c11-atomic-exec-5.c -O2 -flto -fno-use-linker-plugin -flto-partition=none execution test
FAIL: gcc.dg/atomic/c11-atomic-exec-5.c -O2 -flto -fuse-linker-plugin -fno-fat-lto-objects execution test
FAIL: gcc.dg/atomic/stdatomic-generic.c -O2 -flto -fno-use-linker-plugin -flto-partition=none execution test
FAIL: gcc.dg/atomic/stdatomic-generic.c -O2 -flto -fuse-linker-plugin -fno-fat-lto-objects execution test
FAIL: gcc.dg/and-1.c scan-assembler-not nand
FAIL: gcc.dg/pr34856.c (internal compiler error)
FAIL: gcc.dg/pr34856.c (test for excess errors)
UNRESOLVED: gcc.dg/pr44024.c scan-tree-dump-not ccp1 "foo"
FAIL: gcc.dg/lto/pr55660 c_lto_pr55660_0.o-c_lto_pr55660_1.o execute -O2 -flto -flto-partition=none -fuse-linker-plugin -fno-fat-lto-objects
FAIL: gcc.dg/lto/pr55660 c_lto_pr55660_0.o-c_lto_pr55660_1.o execute -O2 -flto -fuse-linker-plugin
FAIL: gcc.dg/lto/pr60720 c_lto_pr60720_0.o-c_lto_pr60720_1.o execute -O2 -flto -flto-partition=1to1 -fno-use-linker-plugin
FAIL: gcc.dg/noncompile/920507-1.c -O1 (internal compiler error)
FAIL: gcc.dg/noncompile/920507-1.c -O1 (test for excess errors)
FAIL: gcc.dg/noncompile/920507-1.c -O2 (internal compiler error)
FAIL: gcc.dg/noncompile/920507-1.c -O2 (test for excess errors)
FAIL: gcc.dg/noncompile/920507-1.c -O3 -fomit-frame-pointer (internal compiler error)
FAIL: gcc.dg/noncompile/920507-1.c -O3 -fomit-frame-pointer (test for excess errors)
FAIL: gcc.dg/noncompile/920507-1.c -O3 -g (internal compiler error)
FAIL: gcc.dg/noncompile/920507-1.c -O3 -g (test for excess errors)
FAIL: gcc.dg/noncompile/920507-1.c -Os (internal compiler error)
FAIL: gcc.dg/noncompile/920507-1.c -Os (test for excess errors)
FAIL: gcc.dg/noncompile/920507-1.c -O2 -flto -fno-use-linker-plugin -flto-partition=none (internal compiler error)
FAIL: gcc.dg/noncompile/920507-1.c -O2 -flto -fno-use-linker-plugin -flto-partition=none (test for excess errors)
FAIL: gcc.dg/noncompile/920507-1.c -O2 -flto -fuse-linker-plugin -fno-fat-lto-objects (internal compiler error)
FAIL: gcc.dg/noncompile/920507-1.c -O2 -flto -fuse-linker-plugin -fno-fat-lto-objects (test for excess errors)
FAIL: gcc.dg/simulate-thread/atomic-other-short.c -O0 -g thread simulation test
FAIL: gcc.dg/simulate-thread/atomic-other-short.c -O2 -g thread simulation test
FAIL: gcc.dg/simulate-thread/atomic-other-short.c -O3 -g thread simulation test
FAIL: gcc.dg/torture/pr43879_1.c -O2 -flto -fno-use-linker-plugin -flto-partition=none execution test
FAIL: gcc.dg/torture/pr45830.c -O2 -flto -fno-use-linker-plugin -flto-partition=none execution test
FAIL: gcc.dg/torture/pr47365.c -O2 -flto -fno-use-linker-plugin -flto-partition=none execution test
FAIL: gcc.dg/torture/pr47365.c -O2 -flto -fuse-linker-plugin -fno-fat-lto-objects execution test
FAIL: gcc.dg/torture/pr48124-4.c -O2 -flto -fno-use-linker-plugin -flto-partition=none execution test
FAIL: gcc.dg/torture/pr48124-4.c -O2 -flto -fuse-linker-plugin -fno-fat-lto-objects execution test
FAIL: gcc.dg/torture/pr52407.c -O2 -flto -fno-use-linker-plugin -flto-partition=none execution test
FAIL: gcc.dg/torture/pr52407.c -O2 -flto -fuse-linker-plugin -fno-fat-lto-objects execution test
FAIL: gcc.dg/torture/pr53908.c -O2 -flto -fno-use-linker-plugin -flto-partition=none execution test
FAIL: gcc.dg/torture/pr53908.c -O2 -flto -fuse-linker-plugin -fno-fat-lto-objects execution test
FAIL: gcc.dg/torture/pr55305.c -O2 -flto -fno-use-linker-plugin -flto-partition=none execution test
FAIL: gcc.dg/torture/pr55555.c -O2 -flto -fno-use-linker-plugin -flto-partition=none execution test
FAIL: gcc.dg/torture/pr58228.c -O2 -flto -fno-use-linker-plugin -flto-partition=none execution test
FAIL: gcc.dg/torture/pr58228.c -O2 -flto -fuse-linker-plugin -fno-fat-lto-objects execution test
FAIL: gcc.dg/torture/pr58417.c -O2 -flto -fno-use-linker-plugin -flto-partition=none execution test
FAIL: gcc.dg/torture/pr58626.c -O2 -flto -fno-use-linker-plugin -flto-partition=none execution test
FAIL: gcc.dg/torture/pr58626.c -O2 -flto -fuse-linker-plugin -fno-fat-lto-objects execution test
FAIL: gcc.dg/torture/pr58955-1.c -O2 -flto -fno-use-linker-plugin -flto-partition=none execution test
FAIL: gcc.dg/torture/pr58955-1.c -O2 -flto -fuse-linker-plugin -fno-fat-lto-objects execution test
FAIL: gcc.dg/torture/pr58956.c -O2 -flto -fno-use-linker-plugin -flto-partition=none execution test
FAIL: gcc.dg/torture/pr59990.c -O2 -flto -fno-use-linker-plugin -flto-partition=none execution test
FAIL: gcc.dg/tree-prof/crossmodule-indircall-1.c execution, -fprofile-generate -D_PROFILE_GENERATE
UNRESOLVED: gcc.dg/tree-prof/crossmodule-indircall-1.c compilation, -fprofile-use -D_PROFILE_USE
UNRESOLVED: gcc.dg/tree-prof/crossmodule-indircall-1.c execution, -fprofile-use -D_PROFILE_USE
FAIL: gcc.dg/tree-ssa/20030922-2.c scan-tree-dump-times dom1 "if " 2
FAIL: gcc.dg/vect/costmodel/ppc/costmodel-bb-slp-9a.c scan-tree-dump-times slp2 "basic block vectorized using SLP" 1
FAIL: gcc.dg/vect/pr43430-1.c -flto -ffat-lto-objects execution test
FAIL: gcc.dg/vect/vect-117.c -flto -ffat-lto-objects execution test
FAIL: gcc.dg/vect/vect-all.c -flto -ffat-lto-objects execution test
FAIL: gcc.dg/vect/vect-ifcvt-16.c -flto -ffat-lto-objects execution test
FAIL: gcc.dg/vect/vect-ifcvt-17.c -flto -ffat-lto-objects execution test
FAIL: gcc.dg/vect/vect-ifcvt-2.c -flto -ffat-lto-objects execution test
FAIL: gcc.dg/vect/vect-ifcvt-3.c -flto -ffat-lto-objects execution test
FAIL: gcc.dg/vect/vect-ifcvt-4.c -flto -ffat-lto-objects execution test
FAIL: gcc.dg/vect/vect-ifcvt-5.c -flto -ffat-lto-objects execution test
FAIL: gcc.dg/vect/vect-ifcvt-6.c -flto -ffat-lto-objects execution test
FAIL: gcc.dg/vect/vect-ifcvt-7.c -flto -ffat-lto-objects execution test
FAIL: gcc.dg/vect/vect-ifcvt-9.c -flto -ffat-lto-objects execution test
FAIL: gcc.dg/vect/vect-reduc-7.c -flto -ffat-lto-objects execution test
FAIL: gcc.dg/vect/vect-reduc-8.c -flto -ffat-lto-objects execution test
FAIL: gcc.dg/vect/vect-reduc-9.c -flto -ffat-lto-objects execution test
FAIL: gcc.dg/vect/vect-shift-1.c -flto -ffat-lto-objects execution test
FAIL: gcc.dg/vect/vect-vfa-01.c -flto -ffat-lto-objects execution test
FAIL: gcc.dg/vect/vect-vfa-02.c -flto -ffat-lto-objects execution test
FAIL: gcc.dg/vect/vect-vfa-03.c -flto -ffat-lto-objects execution test
FAIL: gcc.dg/vect/vect-vfa-04.c -flto -ffat-lto-objects execution test
FAIL: gcc.dg/vect/vect-vfa-slp.c -flto -ffat-lto-objects execution test
FAIL: gcc.dg/vect/slp-28.c -flto -ffat-lto-objects execution test
FAIL: gcc.dg/vect/no-vfa-vect-depend-2.c scan-tree-dump-times vect "vectorized 1 loops" 1
FAIL: gcc.dg/vect/no-vfa-vect-depend-3.c scan-tree-dump-times vect "vectorized 1 loops" 4
FAIL: gcc.dg/vmx/gcc-bug-5.c -O3 -g (internal compiler error)
FAIL: gcc.dg/vmx/gcc-bug-5.c -O3 -g (test for excess errors)
FAIL: gcc.dg/vmx/gcc-bug-6.c -O3 -g (internal compiler error)
FAIL: gcc.dg/vmx/gcc-bug-6.c -O3 -g (test for excess errors)
FAIL: gcc.dg/vmx/varargs-7.c -O3 -g (internal compiler error)
FAIL: gcc.dg/vmx/varargs-7.c -O3 -g (test for excess errors)
UNRESOLVED: gcc.dg/vmx/varargs-7.c -O3 -g compilation failed to produce executable
=== gcc Summary ===
# of expected passes 95379
# of unexpected failures 193
# of expected failures 229
# of unresolved testcases 4
# of unsupported tests 1507
/home/gccbuild/build/nightly/build-gcc-trunk/gcc/xgcc version 4.10.0 20140714 (experimental) [trunk revision 212502] (GCC)
=== gfortran tests ===
Running target unix
FAIL: gfortran.dg/coarray/atomic_1.f90 -fcoarray=lib -O2 -lcaf_single execution test
FAIL: gfortran.dg/bessel_7.f90 -O0 execution test
FAIL: gfortran.dg/bessel_7.f90 -O1 execution test
FAIL: gfortran.dg/bessel_7.f90 -O2 execution test
FAIL: gfortran.dg/bessel_7.f90 -O3 -fomit-frame-pointer execution test
FAIL: gfortran.dg/bessel_7.f90 -O3 -fomit-frame-pointer -funroll-loops execution test
FAIL: gfortran.dg/bessel_7.f90 -O3 -fomit-frame-pointer -funroll-all-loops -finline-functions execution test
FAIL: gfortran.dg/bessel_7.f90 -O3 -g execution test
FAIL: gfortran.dg/bessel_7.f90 -Os execution test
=== gfortran Summary ===
# of expected passes 46327
# of unexpected failures 9
# of expected failures 54
# of unsupported tests 91
/home/gccbuild/build/nightly/build-gcc-trunk/gcc/testsuite/gfortran/../../gfortran version 4.10.0 20140714 (experimental) [trunk revision 212502] (GCC)
=== g++ tests ===
Running target unix
FAIL: g++.dg/cpp0x/static_assert9.C -std=c++11 (test for excess errors)
FAIL: g++.dg/cpp0x/static_assert9.C -std=c++1y (test for excess errors)
FAIL: g++.dg/cpp1y/vla-initlist1.C -std=c++1y execution test
FAIL: g++.dg/torture/pr33572.C -O2 -flto -fuse-linker-plugin -fno-fat-lto-objects execution test
FAIL: g++.dg/torture/pr39678.C -O2 -flto -fno-use-linker-plugin -flto-partition=none execution test
FAIL: g++.dg/torture/pr39678.C -O2 -flto -fuse-linker-plugin -fno-fat-lto-objects execution test
FAIL: g++.dg/torture/pr48661.C -O2 -flto -fuse-linker-plugin -fno-fat-lto-objects execution test
FAIL: g++.dg/torture/pr49115.C -O2 -flto -fuse-linker-plugin -fno-fat-lto-objects execution test
FAIL: g++.dg/torture/pr56837.C -O2 -flto -fno-use-linker-plugin -flto-partition=none execution test
FAIL: g++.dg/torture/pr56837.C -O2 -flto -fuse-linker-plugin -fno-fat-lto-objects execution test
FAIL: g++.dg/torture/stackalign/eh-alloca-1.C -O2 -flto -fuse-linker-plugin -fno-fat-lto-objects execution test
FAIL: g++.dg/torture/stackalign/eh-alloca-1.C -O2 -flto -fuse-linker-plugin -fno-fat-lto-objects -fpic execution test
FAIL: g++.dg/torture/stackalign/eh-global-1.C -O2 -flto -fuse-linker-plugin -fno-fat-lto-objects execution test
FAIL: g++.dg/torture/stackalign/eh-global-1.C -O2 -flto -fuse-linker-plugin -fno-fat-lto-objects -fpic execution test
FAIL: g++.dg/torture/stackalign/eh-inline-1.C -O2 -flto -fuse-linker-plugin -fno-fat-lto-objects execution test
FAIL: g++.dg/torture/stackalign/eh-inline-1.C -O2 -flto -fuse-linker-plugin -fno-fat-lto-objects -fpic execution test
FAIL: g++.dg/torture/stackalign/eh-inline-2.C -O2 -flto -fuse-linker-plugin -fno-fat-lto-objects execution test
FAIL: g++.dg/torture/stackalign/eh-inline-2.C -O2 -flto -fuse-linker-plugin -fno-fat-lto-objects -fpic execution test
FAIL: g++.dg/torture/stackalign/eh-vararg-1.C -O2 -flto -fuse-linker-plugin -fno-fat-lto-objects execution test
FAIL: g++.dg/torture/stackalign/eh-vararg-1.C -O2 -flto -fuse-linker-plugin -fno-fat-lto-objects -fpic execution test
FAIL: g++.dg/torture/stackalign/eh-vararg-2.C -O2 -flto -fuse-linker-plugin -fno-fat-lto-objects execution test
FAIL: g++.dg/torture/stackalign/eh-vararg-2.C -O2 -flto -fuse-linker-plugin -fno-fat-lto-objects -fpic execution test
=== g++ Summary ===
# of expected passes 80690
# of unexpected failures 22
# of expected failures 440
# of unsupported tests 3076
/home/gccbuild/build/nightly/build-gcc-trunk/gcc/testsuite/g++/../../xg++ version 4.10.0 20140714 (experimental) [trunk revision 212502] (GCC)
=== go tests ===
Running target unix
FAIL: go.test/test/fixedbugs/bug168.go execution, -O2 -g
FAIL: go.test/test/ken/cplx2.go execution, -O2 -g
FAIL: go.test/test/recover.go execution, -O2 -g
=== go Summary ===
# of expected passes 7245
# of unexpected failures 3
# of expected failures 1
# of untested testcases 10
# of unsupported tests 3
/home/gccbuild/build/nightly/build-gcc-trunk/gcc/testsuite/go/../../gccgo version 4.10.0 20140714 (experimental) [trunk revision 212502] (GCC)
=== obj-c++ tests ===
Running target unix
FAIL: obj-c++.dg/lto/trivial-1 obj_cpp_lto_trivial-1_0.o-obj_cpp_lto_trivial-1_0.o execute -O2 -flto -fgnu-runtime
FAIL: obj-c++.dg/lto/trivial-1 obj_cpp_lto_trivial-1_0.o-obj_cpp_lto_trivial-1_0.o execute -O2 -flto -flto-partition=none -fgnu-runtime
FAIL: obj-c++.dg/torture/trivial.mm -O2 -flto -fno-use-linker-plugin -flto-partition=none -fgnu-runtime execution test
FAIL: obj-c++.dg/torture/trivial.mm -O2 -flto -fuse-linker-plugin -fno-fat-lto-objects -fgnu-runtime execution test
FAIL: obj-c++.dg/torture/strings/const-str-7.mm -O2 -flto -fno-use-linker-plugin -flto-partition=none -fgnu-runtime execution test
FAIL: obj-c++.dg/torture/strings/const-str-7.mm -O2 -flto -fuse-linker-plugin -fno-fat-lto-objects -fgnu-runtime execution test
FAIL: obj-c++.dg/torture/strings/string1.mm -O2 -flto -fno-use-linker-plugin -flto-partition=none -fgnu-runtime execution test
FAIL: obj-c++.dg/torture/strings/string1.mm -O2 -flto -fuse-linker-plugin -fno-fat-lto-objects -fgnu-runtime execution test
FAIL: obj-c++.dg/torture/tls/thr-init-3.mm -O2 -flto -fno-use-linker-plugin -flto-partition=none -fgnu-runtime execution test
FAIL: obj-c++.dg/torture/tls/thr-init-3.mm -O2 -flto -fuse-linker-plugin -fno-fat-lto-objects -fgnu-runtime execution test
=== obj-c++ Summary ===
# of expected passes 1429
# of unexpected failures 10
# of expected failures 10
# of unsupported tests 86
/home/gccbuild/build/nightly/build-gcc-trunk/gcc/testsuite/obj-c++/../../xg++ version 4.10.0 20140714 (experimental) [trunk revision 212502] (GCC)
=== objc tests ===
Running target unix
FAIL: objc.dg/lto/trivial-1 objc_lto_trivial-1_0.o-objc_lto_trivial-1_0.o execute -O2 -flto -fgnu-runtime
FAIL: objc.dg/lto/trivial-1 objc_lto_trivial-1_0.o-objc_lto_trivial-1_0.o execute -O2 -flto -flto-partition=none -fgnu-runtime
FAIL: objc.dg/torture/forward-1.m -O2 -flto -fno-use-linker-plugin -flto-partition=none -fgnu-runtime execution test
FAIL: objc.dg/torture/forward-1.m -O2 -flto -fuse-linker-plugin -fno-fat-lto-objects -fgnu-runtime execution test
FAIL: objc.dg/torture/trivial.m -O2 -flto -fno-use-linker-plugin -flto-partition=none -fgnu-runtime execution test
FAIL: objc.dg/torture/trivial.m -O2 -flto -fuse-linker-plugin -fno-fat-lto-objects -fgnu-runtime execution test
FAIL: objc.dg/torture/strings/const-str-3.m -O2 -flto -fno-use-linker-plugin -flto-partition=none -fgnu-runtime execution test
FAIL: objc.dg/torture/strings/const-str-3.m -O2 -flto -fuse-linker-plugin -fno-fat-lto-objects -fgnu-runtime execution test
FAIL: objc.dg/torture/strings/const-str-4.m -O2 -flto -fno-use-linker-plugin -flto-partition=none -fgnu-runtime execution test
FAIL: objc.dg/torture/strings/const-str-4.m -O2 -flto -fuse-linker-plugin -fno-fat-lto-objects -fgnu-runtime execution test
FAIL: objc.dg/torture/strings/const-str-7.m -O2 -flto -fno-use-linker-plugin -flto-partition=none -fgnu-runtime execution test
FAIL: objc.dg/torture/strings/const-str-7.m -O2 -flto -fuse-linker-plugin -fno-fat-lto-objects -fgnu-runtime execution test
FAIL: objc.dg/torture/strings/const-str-8.m -O2 -flto -fno-use-linker-plugin -flto-partition=none -fgnu-runtime execution test
FAIL: objc.dg/torture/strings/const-str-8.m -O2 -flto -fuse-linker-plugin -fno-fat-lto-objects -fgnu-runtime execution test
FAIL: objc.dg/torture/strings/string1.m -O2 -flto -fno-use-linker-plugin -flto-partition=none -fgnu-runtime execution test
FAIL: objc.dg/torture/strings/string1.m -O2 -flto -fuse-linker-plugin -fno-fat-lto-objects -fgnu-runtime execution test
FAIL: objc.dg/torture/strings/string2.m -O2 -flto -fno-use-linker-plugin -flto-partition=none -fgnu-runtime execution test
FAIL: objc.dg/torture/strings/string2.m -O2 -flto -fuse-linker-plugin -fno-fat-lto-objects -fgnu-runtime execution test
FAIL: objc.dg/torture/strings/string3.m -O2 -flto -fno-use-linker-plugin -flto-partition=none -fgnu-runtime execution test
FAIL: objc.dg/torture/strings/string3.m -O2 -flto -fuse-linker-plugin -fno-fat-lto-objects -fgnu-runtime execution test
FAIL: objc.dg/torture/strings/string4.m -O2 -flto -fno-use-linker-plugin -flto-partition=none -fgnu-runtime execution test
FAIL: objc.dg/torture/strings/string4.m -O2 -flto -fuse-linker-plugin -fno-fat-lto-objects -fgnu-runtime execution test
FAIL: objc.dg/torture/tls/thr-init-3.m -O2 -flto -fno-use-linker-plugin -flto-partition=none -fgnu-runtime execution test
FAIL: objc.dg/torture/tls/thr-init-3.m -O2 -flto -fuse-linker-plugin -fno-fat-lto-objects -fgnu-runtime execution test
=== objc Summary ===
# of expected passes 2986
# of unexpected failures 24
# of unsupported tests 74
/home/gccbuild/build/nightly/build-gcc-trunk/gcc/xgcc version 4.10.0 20140714 (experimental) [trunk revision 212502] (GCC)
=== boehm-gc tests ===
Running target unix
=== boehm-gc Summary ===
# of expected passes 12
# of unsupported tests 1
=== libatomic tests ===
Running target unix
=== libatomic Summary ===
# of expected passes 54
=== libffi tests ===
Running target unix
=== libffi Summary ===
# of expected passes 1819
# of unsupported tests 55
=== libgo tests ===
Running target unix
FAIL: bufio
FAIL: bytes
FAIL: errors
FAIL: expvar
FAIL: flag
FAIL: fmt
FAIL: html
FAIL: image
FAIL: io
FAIL: log
FAIL: math
FAIL: mime
FAIL: net
FAIL: os
FAIL: path
FAIL: reflect
FAIL: regexp
FAIL: runtime
FAIL: sort
FAIL: strconv
FAIL: strings
FAIL: sync
FAIL: syscall
FAIL: time
FAIL: unicode
FAIL: archive/tar
FAIL: archive/zip
FAIL: compress/bzip2
FAIL: compress/flate
FAIL: compress/gzip
FAIL: compress/lzw
FAIL: compress/zlib
FAIL: container/heap
FAIL: container/list
FAIL: container/ring
FAIL: crypto/aes
FAIL: crypto/cipher
FAIL: crypto/des
FAIL: crypto/dsa
FAIL: crypto/ecdsa
FAIL: crypto/elliptic
FAIL: crypto/hmac
FAIL: crypto/md5
FAIL: crypto/rand
FAIL: crypto/rc4
FAIL: crypto/rsa
FAIL: crypto/sha1
FAIL: crypto/sha256
FAIL: crypto/sha512
FAIL: crypto/subtle
FAIL: crypto/tls
FAIL: crypto/x509
FAIL: database/sql
FAIL: database/sql/driver
FAIL: debug/dwarf
FAIL: debug/elf
FAIL: debug/macho
FAIL: debug/pe
FAIL: debug/plan9obj
FAIL: encoding/ascii85
FAIL: encoding/asn1
FAIL: encoding/base32
FAIL: encoding/base64
FAIL: encoding/binary
FAIL: encoding/csv
FAIL: encoding/gob
FAIL: encoding/hex
FAIL: encoding/json
FAIL: encoding/pem
FAIL: encoding/xml
FAIL: exp/proxy
FAIL: exp/terminal
FAIL: html/template
FAIL: go/ast
FAIL: go/doc
FAIL: go/format
FAIL: go/parser
FAIL: go/printer
FAIL: go/scanner
FAIL: go/token
FAIL: hash/adler32
FAIL: hash/crc32
FAIL: hash/crc64
FAIL: hash/fnv
FAIL: image/color
FAIL: image/draw
FAIL: image/jpeg
FAIL: image/png
FAIL: index/suffixarray
FAIL: io/ioutil
FAIL: log/syslog
FAIL: math/big
FAIL: math/cmplx
FAIL: math/rand
FAIL: mime/multipart
FAIL: net/http
FAIL: net/http/cgi
FAIL: net/http/cookiejar
FAIL: net/http/fcgi
FAIL: net/http/httptest
FAIL: net/http/httputil
FAIL: net/mail
FAIL: net/rpc
FAIL: net/smtp
FAIL: net/textproto
FAIL: net/url
FAIL: net/rpc/jsonrpc
FAIL: old/regexp
FAIL: old/template
FAIL: os/exec
FAIL: os/signal
FAIL: os/user
FAIL: path/filepath
FAIL: regexp/syntax
FAIL: runtime/pprof
FAIL: sync/atomic
FAIL: text/scanner
FAIL: text/tabwriter
FAIL: text/template
FAIL: text/template/parse
FAIL: testing/quick
FAIL: unicode/utf16
FAIL: unicode/utf8
=== libgo Summary ===
# of unexpected failures 123
/home/gccbuild/build/nightly/build-gcc-trunk/./gcc/gccgo version 4.10.0 20140714 (experimental) [trunk revision 212502] (GCC)
=== libgomp tests ===
Running target unix
=== libgomp Summary ===
# of expected passes 3182
# of unsupported tests 36
=== libitm tests ===
Running target unix
=== libitm Summary ===
# of expected passes 26
# of expected failures 3
# of unsupported tests 1
=== libjava tests ===
Running target unix
=== libjava Summary ===
# of expected passes 2582
# of expected failures 4
=== libstdc++ tests ===
Running target unix
FAIL: ext/random/arcsine_distribution/cons/default.cc (test for excess errors)
UNRESOLVED: ext/random/arcsine_distribution/cons/default.cc compilation failed to produce executable
FAIL: ext/random/arcsine_distribution/cons/parms.cc (test for excess errors)
UNRESOLVED: ext/random/arcsine_distribution/cons/parms.cc compilation failed to produce executable
FAIL: ext/random/arcsine_distribution/operators/equal.cc (test for excess errors)
UNRESOLVED: ext/random/arcsine_distribution/operators/equal.cc compilation failed to produce executable
FAIL: ext/random/arcsine_distribution/operators/inequal.cc (test for excess errors)
UNRESOLVED: ext/random/arcsine_distribution/operators/inequal.cc compilation failed to produce executable
FAIL: ext/random/arcsine_distribution/operators/serialize.cc (test for excess errors)
UNRESOLVED: ext/random/arcsine_distribution/operators/serialize.cc compilation failed to produce executable
FAIL: ext/random/arcsine_distribution/requirements/explicit_instantiation/1.cc (test for excess errors)
FAIL: ext/random/arcsine_distribution/requirements/typedefs.cc (test for excess errors)
FAIL: ext/random/beta_distribution/cons/default.cc (test for excess errors)
UNRESOLVED: ext/random/beta_distribution/cons/default.cc compilation failed to produce executable
FAIL: ext/random/beta_distribution/cons/parms.cc (test for excess errors)
UNRESOLVED: ext/random/beta_distribution/cons/parms.cc compilation failed to produce executable
FAIL: ext/random/beta_distribution/operators/equal.cc (test for excess errors)
UNRESOLVED: ext/random/beta_distribution/operators/equal.cc compilation failed to produce executable
FAIL: ext/random/beta_distribution/operators/inequal.cc (test for excess errors)
UNRESOLVED: ext/random/beta_distribution/operators/inequal.cc compilation failed to produce executable
FAIL: ext/random/beta_distribution/operators/serialize.cc (test for excess errors)
UNRESOLVED: ext/random/beta_distribution/operators/serialize.cc compilation failed to produce executable
FAIL: ext/random/beta_distribution/requirements/explicit_instantiation/1.cc (test for excess errors)
FAIL: ext/random/beta_distribution/requirements/typedefs.cc (test for excess errors)
FAIL: ext/random/hoyt_distribution/cons/default.cc (test for excess errors)
UNRESOLVED: ext/random/hoyt_distribution/cons/default.cc compilation failed to produce executable
FAIL: ext/random/hoyt_distribution/cons/parms.cc (test for excess errors)
UNRESOLVED: ext/random/hoyt_distribution/cons/parms.cc compilation failed to produce executable
FAIL: ext/random/hoyt_distribution/operators/equal.cc (test for excess errors)
UNRESOLVED: ext/random/hoyt_distribution/operators/equal.cc compilation failed to produce executable
FAIL: ext/random/hoyt_distribution/operators/inequal.cc (test for excess errors)
UNRESOLVED: ext/random/hoyt_distribution/operators/inequal.cc compilation failed to produce executable
FAIL: ext/random/hoyt_distribution/operators/serialize.cc (test for excess errors)
UNRESOLVED: ext/random/hoyt_distribution/operators/serialize.cc compilation failed to produce executable
FAIL: ext/random/hoyt_distribution/requirements/explicit_instantiation/1.cc (test for excess errors)
FAIL: ext/random/hoyt_distribution/requirements/typedefs.cc (test for excess errors)
FAIL: ext/random/hypergeometric_distribution/cons/default.cc (test for excess errors)
UNRESOLVED: ext/random/hypergeometric_distribution/cons/default.cc compilation failed to produce executable
FAIL: ext/random/hypergeometric_distribution/cons/parms.cc (test for excess errors)
UNRESOLVED: ext/random/hypergeometric_distribution/cons/parms.cc compilation failed to produce executable
FAIL: ext/random/hypergeometric_distribution/operators/equal.cc (test for excess errors)
UNRESOLVED: ext/random/hypergeometric_distribution/operators/equal.cc compilation failed to produce executable
FAIL: ext/random/hypergeometric_distribution/operators/inequal.cc (test for excess errors)
UNRESOLVED: ext/random/hypergeometric_distribution/operators/inequal.cc compilation failed to produce executable
FAIL: ext/random/hypergeometric_distribution/operators/serialize.cc (test for excess errors)
UNRESOLVED: ext/random/hypergeometric_distribution/operators/serialize.cc compilation failed to produce executable
FAIL: ext/random/hypergeometric_distribution/operators/values.cc (test for excess errors)
UNRESOLVED: ext/random/hypergeometric_distribution/operators/values.cc compilation failed to produce executable
FAIL: ext/random/hypergeometric_distribution/requirements/explicit_instantiation/1.cc (test for excess errors)
FAIL: ext/random/hypergeometric_distribution/requirements/typedefs.cc (test for excess errors)
FAIL: ext/random/k_distribution/cons/default.cc (test for excess errors)
UNRESOLVED: ext/random/k_distribution/cons/default.cc compilation failed to produce executable
FAIL: ext/random/k_distribution/cons/parms.cc (test for excess errors)
UNRESOLVED: ext/random/k_distribution/cons/parms.cc compilation failed to produce executable
FAIL: ext/random/k_distribution/operators/equal.cc (test for excess errors)
UNRESOLVED: ext/random/k_distribution/operators/equal.cc compilation failed to produce executable
FAIL: ext/random/k_distribution/operators/inequal.cc (test for excess errors)
UNRESOLVED: ext/random/k_distribution/operators/inequal.cc compilation failed to produce executable
FAIL: ext/random/k_distribution/operators/serialize.cc (test for excess errors)
UNRESOLVED: ext/random/k_distribution/operators/serialize.cc compilation failed to produce executable
FAIL: ext/random/k_distribution/requirements/explicit_instantiation/1.cc (test for excess errors)
FAIL: ext/random/k_distribution/requirements/typedefs.cc (test for excess errors)
FAIL: ext/random/logistic_distribution/cons/default.cc (test for excess errors)
UNRESOLVED: ext/random/logistic_distribution/cons/default.cc compilation failed to produce executable
FAIL: ext/random/logistic_distribution/cons/parms.cc (test for excess errors)
UNRESOLVED: ext/random/logistic_distribution/cons/parms.cc compilation failed to produce executable
FAIL: ext/random/logistic_distribution/operators/equal.cc (test for excess errors)
UNRESOLVED: ext/random/logistic_distribution/operators/equal.cc compilation failed to produce executable
FAIL: ext/random/logistic_distribution/operators/inequal.cc (test for excess errors)
UNRESOLVED: ext/random/logistic_distribution/operators/inequal.cc compilation failed to produce executable
FAIL: ext/random/logistic_distribution/operators/serialize.cc (test for excess errors)
UNRESOLVED: ext/random/logistic_distribution/operators/serialize.cc compilation failed to produce executable
FAIL: ext/random/logistic_distribution/requirements/typedefs.cc (test for excess errors)
FAIL: ext/random/nakagami_distribution/cons/default.cc (test for excess errors)
UNRESOLVED: ext/random/nakagami_distribution/cons/default.cc compilation failed to produce executable
FAIL: ext/random/nakagami_distribution/cons/parms.cc (test for excess errors)
UNRESOLVED: ext/random/nakagami_distribution/cons/parms.cc compilation failed to produce executable
FAIL: ext/random/nakagami_distribution/operators/equal.cc (test for excess errors)
UNRESOLVED: ext/random/nakagami_distribution/operators/equal.cc compilation failed to produce executable
FAIL: ext/random/nakagami_distribution/operators/inequal.cc (test for excess errors)
UNRESOLVED: ext/random/nakagami_distribution/operators/inequal.cc compilation failed to produce executable
FAIL: ext/random/nakagami_distribution/operators/serialize.cc (test for excess errors)
UNRESOLVED: ext/random/nakagami_distribution/operators/serialize.cc compilation failed to produce executable
FAIL: ext/random/nakagami_distribution/requirements/explicit_instantiation/1.cc (test for excess errors)
FAIL: ext/random/nakagami_distribution/requirements/typedefs.cc (test for excess errors)
FAIL: ext/random/normal_mv_distribution/cons/default.cc (test for excess errors)
UNRESOLVED: ext/random/normal_mv_distribution/cons/default.cc compilation failed to produce executable
FAIL: ext/random/normal_mv_distribution/cons/parms.cc (test for excess errors)
UNRESOLVED: ext/random/normal_mv_distribution/cons/parms.cc compilation failed to produce executable
FAIL: ext/random/normal_mv_distribution/operators/equal.cc (test for excess errors)
UNRESOLVED: ext/random/normal_mv_distribution/operators/equal.cc compilation failed to produce executable
FAIL: ext/random/normal_mv_distribution/operators/inequal.cc (test for excess errors)
UNRESOLVED: ext/random/normal_mv_distribution/operators/inequal.cc compilation failed to produce executable
FAIL: ext/random/normal_mv_distribution/operators/serialize.cc (test for excess errors)
UNRESOLVED: ext/random/normal_mv_distribution/operators/serialize.cc compilation failed to produce executable
FAIL: ext/random/normal_mv_distribution/requirements/explicit_instantiation/1.cc (test for excess errors)
FAIL: ext/random/normal_mv_distribution/requirements/typedefs.cc (test for excess errors)
FAIL: ext/random/pareto_distribution/cons/default.cc (test for excess errors)
UNRESOLVED: ext/random/pareto_distribution/cons/default.cc compilation failed to produce executable
FAIL: ext/random/pareto_distribution/cons/parms.cc (test for excess errors)
UNRESOLVED: ext/random/pareto_distribution/cons/parms.cc compilation failed to produce executable
FAIL: ext/random/pareto_distribution/operators/equal.cc (test for excess errors)
UNRESOLVED: ext/random/pareto_distribution/operators/equal.cc compilation failed to produce executable
FAIL: ext/random/pareto_distribution/operators/inequal.cc (test for excess errors)
UNRESOLVED: ext/random/pareto_distribution/operators/inequal.cc compilation failed to produce executable
FAIL: ext/random/pareto_distribution/operators/serialize.cc (test for excess errors)
UNRESOLVED: ext/random/pareto_distribution/operators/serialize.cc compilation failed to produce executable
FAIL: ext/random/pareto_distribution/requirements/explicit_instantiation/1.cc (test for excess errors)
FAIL: ext/random/pareto_distribution/requirements/typedefs.cc (test for excess errors)
FAIL: ext/random/rice_distribution/cons/default.cc (test for excess errors)
UNRESOLVED: ext/random/rice_distribution/cons/default.cc compilation failed to produce executable
FAIL: ext/random/rice_distribution/cons/parms.cc (test for excess errors)
UNRESOLVED: ext/random/rice_distribution/cons/parms.cc compilation failed to produce executable
FAIL: ext/random/rice_distribution/operators/equal.cc (test for excess errors)
UNRESOLVED: ext/random/rice_distribution/operators/equal.cc compilation failed to produce executable
FAIL: ext/random/rice_distribution/operators/inequal.cc (test for excess errors)
UNRESOLVED: ext/random/rice_distribution/operators/inequal.cc compilation failed to produce executable
FAIL: ext/random/rice_distribution/operators/serialize.cc (test for excess errors)
UNRESOLVED: ext/random/rice_distribution/operators/serialize.cc compilation failed to produce executable
FAIL: ext/random/rice_distribution/requirements/explicit_instantiation/1.cc (test for excess errors)
FAIL: ext/random/rice_distribution/requirements/typedefs.cc (test for excess errors)
FAIL: ext/random/simd_fast_mersenne_twister_engine/cons/copy.cc (test for excess errors)
UNRESOLVED: ext/random/simd_fast_mersenne_twister_engine/cons/copy.cc compilation failed to produce executable
FAIL: ext/random/simd_fast_mersenne_twister_engine/cons/default.cc (test for excess errors)
UNRESOLVED: ext/random/simd_fast_mersenne_twister_engine/cons/default.cc compilation failed to produce executable
FAIL: ext/random/simd_fast_mersenne_twister_engine/cons/seed1.cc (test for excess errors)
UNRESOLVED: ext/random/simd_fast_mersenne_twister_engine/cons/seed1.cc compilation failed to produce executable
FAIL: ext/random/simd_fast_mersenne_twister_engine/cons/seed2.cc (test for excess errors)
UNRESOLVED: ext/random/simd_fast_mersenne_twister_engine/cons/seed2.cc compilation failed to produce executable
FAIL: ext/random/simd_fast_mersenne_twister_engine/cons/seed_seq.cc (test for excess errors)
UNRESOLVED: ext/random/simd_fast_mersenne_twister_engine/cons/seed_seq.cc compilation failed to produce executable
FAIL: ext/random/simd_fast_mersenne_twister_engine/operators/equal.cc (test for excess errors)
UNRESOLVED: ext/random/simd_fast_mersenne_twister_engine/operators/equal.cc compilation failed to produce executable
FAIL: ext/random/simd_fast_mersenne_twister_engine/operators/inequal.cc (test for excess errors)
UNRESOLVED: ext/random/simd_fast_mersenne_twister_engine/operators/inequal.cc compilation failed to produce executable
FAIL: ext/random/simd_fast_mersenne_twister_engine/operators/serialize.cc (test for excess errors)
UNRESOLVED: ext/random/simd_fast_mersenne_twister_engine/operators/serialize.cc compilation failed to produce executable
FAIL: ext/random/triangular_distribution/cons/default.cc (test for excess errors)
UNRESOLVED: ext/random/triangular_distribution/cons/default.cc compilation failed to produce executable
FAIL: ext/random/triangular_distribution/cons/parms.cc (test for excess errors)
UNRESOLVED: ext/random/triangular_distribution/cons/parms.cc compilation failed to produce executable
FAIL: ext/random/triangular_distribution/operators/equal.cc (test for excess errors)
UNRESOLVED: ext/random/triangular_distribution/operators/equal.cc compilation failed to produce executable
FAIL: ext/random/triangular_distribution/operators/inequal.cc (test for excess errors)
UNRESOLVED: ext/random/triangular_distribution/operators/inequal.cc compilation failed to produce executable
FAIL: ext/random/triangular_distribution/operators/serialize.cc (test for excess errors)
UNRESOLVED: ext/random/triangular_distribution/operators/serialize.cc compilation failed to produce executable
FAIL: ext/random/triangular_distribution/requirements/explicit_instantiation/1.cc (test for excess errors)
FAIL: ext/random/triangular_distribution/requirements/typedefs.cc (test for excess errors)
FAIL: ext/random/uniform_on_sphere_distribution/cons/default.cc (test for excess errors)
UNRESOLVED: ext/random/uniform_on_sphere_distribution/cons/default.cc compilation failed to produce executable
FAIL: ext/random/uniform_on_sphere_distribution/operators/equal.cc (test for excess errors)
UNRESOLVED: ext/random/uniform_on_sphere_distribution/operators/equal.cc compilation failed to produce executable
FAIL: ext/random/uniform_on_sphere_distribution/operators/inequal.cc (test for excess errors)
UNRESOLVED: ext/random/uniform_on_sphere_distribution/operators/inequal.cc compilation failed to produce executable
FAIL: ext/random/uniform_on_sphere_distribution/operators/serialize.cc (test for excess errors)
UNRESOLVED: ext/random/uniform_on_sphere_distribution/operators/serialize.cc compilation failed to produce executable
FAIL: ext/random/von_mises_distribution/cons/default.cc (test for excess errors)
UNRESOLVED: ext/random/von_mises_distribution/cons/default.cc compilation failed to produce executable
FAIL: ext/random/von_mises_distribution/cons/parms.cc (test for excess errors)
UNRESOLVED: ext/random/von_mises_distribution/cons/parms.cc compilation failed to produce executable
FAIL: ext/random/von_mises_distribution/operators/equal.cc (test for excess errors)
UNRESOLVED: ext/random/von_mises_distribution/operators/equal.cc compilation failed to produce executable
FAIL: ext/random/von_mises_distribution/operators/inequal.cc (test for excess errors)
UNRESOLVED: ext/random/von_mises_distribution/operators/inequal.cc compilation failed to produce executable
FAIL: ext/random/von_mises_distribution/operators/serialize.cc (test for excess errors)
UNRESOLVED: ext/random/von_mises_distribution/operators/serialize.cc compilation failed to produce executable
FAIL: ext/random/von_mises_distribution/requirements/explicit_instantiation/1.cc (test for excess errors)
FAIL: ext/random/von_mises_distribution/requirements/typedefs.cc (test for excess errors)
=== libstdc++ Summary ===
# of expected passes 9359
# of unexpected failures 96
# of expected failures 69
# of unresolved testcases 73
# of unsupported tests 537
Compiler version: 4.10.0 20140714 (experimental) [trunk revision 212502] (GCC)
Platform: powerpc64le-unknown-linux-gnu
configure flags: --prefix=/opt/gcc-nightly/trunk --with-as=/usr/bin/as --with-ld=/usr/bin/ld --enable-languages=c,c++,fortran,objc,obj-c++,java,go --with-cpu=power8 --enable-lto --disable-multilib --disable-libsanitizer --enable-decimal-float --with-long-double-128
=== Test Framework Summary ===
# of expected passes 2531