This is the mail archive of the
gcc-testresults@gcc.gnu.org
mailing list for the GCC project.
Results for 4.10.0 20140704 (experimental) [trunk revision 212295] (GCC) testsuite on x86_64-pc-solaris2.11
- From: Rainer Orth <ro at CeBiTec dot Uni-Bielefeld dot DE>
- To: gcc-testresults at gcc dot gnu dot org
- Date: Sun, 6 Jul 2014 09:51:46 +0200 (MEST)
- Subject: Results for 4.10.0 20140704 (experimental) [trunk revision 212295] (GCC) testsuite on x86_64-pc-solaris2.11
- Authentication-results: sourceware.org; auth=none
LAST_UPDATED: Fri Jul 4 12:17:56 UTC 2014 (revision 212295)
Native configuration is x86_64-pc-solaris2.11
=== boehm-gc tests ===
Running target unix/-m32
=== boehm-gc Summary for unix/-m32 ===
# of expected passes 12
# of unsupported tests 1
Running target unix
=== boehm-gc Summary for unix ===
# of expected passes 12
# of unsupported tests 1
=== boehm-gc Summary ===
# of expected passes 24
# of unsupported tests 2
=== libatomic tests ===
Running target unix/-m32
=== libatomic Summary for unix/-m32 ===
# of expected passes 44
# of unsupported tests 5
Running target unix
=== libatomic Summary for unix ===
# of expected passes 54
=== libatomic Summary ===
# of expected passes 98
# of unsupported tests 5
=== libffi tests ===
Running target unix/-m32
=== libffi Summary for unix/-m32 ===
# of expected passes 1819
# of unsupported tests 55
Running target unix
=== libffi Summary for unix ===
# of expected passes 1819
# of unsupported tests 55
=== libffi Summary ===
# of expected passes 3638
# of unsupported tests 110
=== libgo tests ===
Running target unix
=== libgo Summary for unix ===
# of expected passes 123
Running target unix/-m32
FAIL: net
FAIL: runtime
FAIL: sync
FAIL: log/syslog
FAIL: net/http
FAIL: os/exec
FAIL: sync/atomic
FAIL: text/tabwriter
=== libgo Summary for unix/-m32 ===
# of expected passes 115
# of unexpected failures 8
=== libgo Summary ===
# of expected passes 238
# of unexpected failures 8
/var/gcc/regression/trunk/11-gcc-64/build/./gcc/gccgo version 4.10.0 20140704 (experimental) [trunk revision 212295] (GCC)
=== libgomp tests ===
Running target unix/-m32
=== libgomp Summary for unix/-m32 ===
# of expected passes 3208
# of unsupported tests 22
Running target unix
=== libgomp Summary for unix ===
# of expected passes 3208
# of unsupported tests 22
=== libgomp Summary ===
# of expected passes 6416
# of unsupported tests 44
=== libitm tests ===
Running target unix/-m32
=== libitm Summary for unix/-m32 ===
# of expected passes 26
# of expected failures 3
# of unsupported tests 1
Running target unix
=== libitm Summary for unix ===
# of expected passes 26
# of expected failures 3
# of unsupported tests 1
=== libitm Summary ===
# of expected passes 52
# of expected failures 6
# of unsupported tests 2
=== libjava tests ===
Running target unix/-m32
=== libjava Summary for unix/-m32 ===
# of expected passes 2582
# of expected failures 4
Running target unix
=== libjava Summary for unix ===
# of expected passes 2582
# of expected failures 4
=== libjava Summary ===
# of expected passes 5164
# of expected failures 8
=== libstdc++ tests ===
Running target unix
FAIL: libstdc++-abi/abi_check
FAIL: ext/random/hypergeometric_distribution/operators/values.cc execution test
=== libstdc++ Summary for unix ===
# of expected passes 9062
# of unexpected failures 2
# of expected failures 69
# of unsupported tests 599
Running target unix/-m32
FAIL: libstdc++-abi/abi_check
FAIL: ext/random/hypergeometric_distribution/operators/values.cc execution test
=== libstdc++ Summary for unix/-m32 ===
# of expected passes 9062
# of unexpected failures 2
# of expected failures 69
# of unsupported tests 599
=== libstdc++ Summary ===
# of expected passes 18124
# of unexpected failures 4
# of expected failures 138
# of unsupported tests 1198
=== acats tests ===
=== acats Summary ===
# of expected passes 2320
# of unexpected failures 0
=== g++ tests ===
Running target unix
=== g++ Summary for unix ===
# of expected passes 81668
# of expected failures 443
# of unsupported tests 3134
Running target unix/-m32
FAIL: g++.dg/cilk-plus/CK/catch_exc.cc -O1 -fcilkplus execution test
FAIL: g++.dg/cilk-plus/CK/catch_exc.cc -O3 -fcilkplus execution test
FAIL: g++.dg/cilk-plus/CK/catch_exc.cc -g -fcilkplus execution test
FAIL: g++.dg/cilk-plus/CK/catch_exc.cc -g -O2 -fcilkplus execution test
FAIL: g++.dg/ipa/pr61160-3.C -std=gnu++98 execution test
FAIL: g++.dg/ipa/pr61160-3.C -std=gnu++11 execution test
FAIL: g++.dg/ipa/pr61160-3.C -std=gnu++1y execution test
FAIL: g++.dg/opt/pr59470.C -std=gnu++98 (test for excess errors)
WARNING: g++.dg/opt/pr59470.C -std=gnu++98 compilation failed to produce executable
FAIL: g++.dg/opt/pr59470.C -std=gnu++11 (test for excess errors)
WARNING: g++.dg/opt/pr59470.C -std=gnu++11 compilation failed to produce executable
FAIL: g++.dg/opt/pr59470.C -std=gnu++1y (test for excess errors)
WARNING: g++.dg/opt/pr59470.C -std=gnu++1y compilation failed to produce executable
=== g++ Summary for unix/-m32 ===
# of expected passes 80329
# of unexpected failures 10
# of expected failures 443
# of unsupported tests 2871
=== g++ Summary ===
# of expected passes 161997
# of unexpected failures 10
# of expected failures 886
# of unsupported tests 6005
/var/gcc/regression/trunk/11-gcc-64/build/gcc/testsuite/g++/../../xg++ version 4.10.0 20140704 (experimental) [trunk revision 212295] (GCC)
=== gcc tests ===
Running target unix
FAIL: gcc.dg/unroll_1.c (test for warnings, line 14)
FAIL: gcc.dg/unroll_1.c (test for warnings, line 24)
FAIL: gcc.target/i386/3dnowA-1.c (test for excess errors)
FAIL: gcc.target/i386/3dnowA-2.c (test for excess errors)
FAIL: gcc.target/i386/bmi-tzcnt-1.c (test for excess errors)
WARNING: gcc.target/i386/bmi-tzcnt-1.c compilation failed to produce executable
FAIL: gcc.target/i386/bmi-tzcnt-2.c (test for excess errors)
WARNING: gcc.target/i386/bmi-tzcnt-2.c compilation failed to produce executable
FAIL: gcc.target/i386/pr58218.c (test for excess errors)
=== gcc Summary for unix ===
# of expected passes 102180
# of unexpected failures 7
# of expected failures 248
# of unsupported tests 1859
Running target unix/-m32
FAIL: gcc.dg/unroll_1.c (test for warnings, line 14)
FAIL: gcc.dg/unroll_1.c (test for warnings, line 24)
FAIL: gcc.target/i386/3dnowA-1.c (test for excess errors)
FAIL: gcc.target/i386/3dnowA-2.c (test for excess errors)
FAIL: gcc.target/i386/bmi-tzcnt-2.c (test for excess errors)
WARNING: gcc.target/i386/bmi-tzcnt-2.c compilation failed to produce executable
FAIL: gcc.target/i386/pr49095.c scan-assembler-not test[lq]
=== gcc Summary for unix/-m32 ===
# of expected passes 101598
# of unexpected failures 6
# of expected failures 246
# of unsupported tests 1621
=== gcc Summary ===
# of expected passes 203778
# of unexpected failures 13
# of expected failures 494
# of unsupported tests 3480
/var/gcc/regression/trunk/11-gcc-64/build/gcc/xgcc version 4.10.0 20140704 (experimental) [trunk revision 212295] (GCC)
=== gfortran tests ===
Running target unix
=== gfortran Summary for unix ===
# of expected passes 46220
# of expected failures 38
# of unsupported tests 78
Running target unix/-m32
=== gfortran Summary for unix/-m32 ===
# of expected passes 45931
# of expected failures 38
# of unsupported tests 218
=== gfortran Summary ===
# of expected passes 92151
# of expected failures 76
# of unsupported tests 296
/var/gcc/regression/trunk/11-gcc-64/build/gcc/testsuite/gfortran/../../gfortran version 4.10.0 20140704 (experimental) [trunk revision 212295] (GCC)
=== gnat tests ===
Running target unix/-m32
=== gnat Summary for unix/-m32 ===
# of expected passes 1245
# of expected failures 18
# of unsupported tests 7
Running target unix
=== gnat Summary for unix ===
# of expected passes 1245
# of expected failures 18
# of unsupported tests 7
=== gnat Summary ===
# of expected passes 2490
# of expected failures 36
# of unsupported tests 14
/var/gcc/regression/trunk/11-gcc-64/build/gcc/gnatmake version 4.10.0 20140704 (experimental) [trunk revision 212295]
=== go tests ===
Running target unix
=== go Summary for unix ===
# of expected passes 7252
# of expected failures 1
# of untested testcases 9
# of unsupported tests 1
Running target unix/-m32
=== go Summary for unix/-m32 ===
# of expected passes 7371
# of expected failures 1
# of untested testcases 9
# of unsupported tests 2
=== go Summary ===
# of expected passes 14623
# of expected failures 2
# of untested testcases 18
# of unsupported tests 3
=== obj-c++ tests ===
Running target unix/-m32
=== obj-c++ Summary for unix/-m32 ===
# of expected passes 1447
# of expected failures 2
# of unsupported tests 86
Running target unix
=== obj-c++ Summary for unix ===
# of expected passes 1439
# of expected failures 10
# of unsupported tests 86
=== obj-c++ Summary ===
# of expected passes 2886
# of expected failures 12
# of unsupported tests 172
/var/gcc/regression/trunk/11-gcc-64/build/gcc/testsuite/obj-c++/../../xg++ version 4.10.0 20140704 (experimental) [trunk revision 212295] (GCC)
=== objc tests ===
Running target unix
=== objc Summary for unix ===
# of expected passes 3004
# of expected failures 6
# of unsupported tests 74
Running target unix/-m32
=== objc Summary for unix/-m32 ===
# of expected passes 3004
# of expected failures 6
# of unsupported tests 74
=== objc Summary ===
# of expected passes 6008
# of expected failures 12
# of unsupported tests 148
/var/gcc/regression/trunk/11-gcc-64/build/gcc/xgcc version 4.10.0 20140704 (experimental) [trunk revision 212295] (GCC)
Compiler version: 4.10.0 20140704 (experimental) [trunk revision 212295] (GCC)
Platform: x86_64-pc-solaris2.11
configure flags: --prefix=/vol/gcc --target=amd64-pc-solaris2.11 --enable-objc-gc --enable-libmudflap --with-gmp-include=/vol/gcc/include --with-gmp-lib=/vol/gcc/lib/amd64 --with-mpfr-include=/vol/gcc/include --with-mpfr-lib=/vol/gcc/lib/amd64 --with-mpc-include=/vol/gcc/include --with-mpc-lib=/vol/gcc/lib/amd64 --enable-languages=all,ada,obj-c++,go --without-isl --without-cloog --build=amd64-pc-solaris2.11 --host=amd64-pc-solaris2.11
BOOT_CFLAGS=-g -O2