This is the mail archive of the
gcc-testresults@gcc.gnu.org
mailing list for the GCC project.
Results for 4.10.0 20140704 (experimental) [trunk revision 212295] (GCC) testsuite on i386-pc-solaris2.10
- From: Rainer Orth <ro at CeBiTec dot Uni-Bielefeld dot DE>
- To: gcc-testresults at gcc dot gnu dot org
- Date: Sat, 5 Jul 2014 06:54:56 +0200 (MEST)
- Subject: Results for 4.10.0 20140704 (experimental) [trunk revision 212295] (GCC) testsuite on i386-pc-solaris2.10
- Authentication-results: sourceware.org; auth=none
LAST_UPDATED: Fri Jul 4 12:17:56 UTC 2014 (revision 212295)
=== acats tests ===
=== acats Summary ===
# of expected passes 2320
# of unexpected failures 0
Native configuration is i386-pc-solaris2.10
=== g++ tests ===
Running target unix
FAIL: g++.dg/cilk-plus/CK/catch_exc.cc -O1 -fcilkplus execution test
FAIL: g++.dg/cilk-plus/CK/catch_exc.cc -O3 -fcilkplus execution test
FAIL: g++.dg/cilk-plus/CK/catch_exc.cc -g -fcilkplus execution test
FAIL: g++.dg/cilk-plus/CK/catch_exc.cc -g -O2 -fcilkplus execution test
FAIL: g++.dg/ipa/pr61160-3.C -std=gnu++98 execution test
FAIL: g++.dg/ipa/pr61160-3.C -std=gnu++11 execution test
FAIL: g++.dg/ipa/pr61160-3.C -std=gnu++1y execution test
=== g++ Summary for unix ===
# of expected passes 80371
# of unexpected failures 7
# of expected failures 443
# of unsupported tests 2873
Running target unix/-m64
=== g++ Summary for unix/-m64 ===
# of expected passes 81677
# of expected failures 443
# of unsupported tests 3155
=== g++ Summary ===
# of expected passes 162048
# of unexpected failures 7
# of expected failures 886
# of unsupported tests 6028
/var/gcc/regression/trunk/10-gcc-gas/build/gcc/testsuite/g++/../../xg++ version 4.10.0 20140704 (experimental) [trunk revision 212295] (GCC)
=== gcc tests ===
Running target unix
FAIL: gcc.target/i386/pr49095.c scan-assembler-not test[lq]
=== gcc Summary for unix ===
# of expected passes 102616
# of unexpected failures 1
# of expected failures 249
# of unsupported tests 1268
Running target unix/-m64
=== gcc Summary for unix/-m64 ===
# of expected passes 103243
# of expected failures 251
# of unsupported tests 1522
=== gcc Summary ===
# of expected passes 205859
# of unexpected failures 1
# of expected failures 500
# of unsupported tests 2790
/var/gcc/regression/trunk/10-gcc-gas/build/gcc/xgcc version 4.10.0 20140704 (experimental) [trunk revision 212295] (GCC)
=== gfortran tests ===
Running target unix
=== gfortran Summary for unix ===
# of expected passes 46023
# of expected failures 52
# of unsupported tests 230
Running target unix/-m64
=== gfortran Summary for unix/-m64 ===
# of expected passes 46326
# of expected failures 52
# of unsupported tests 84
=== gfortran Summary ===
# of expected passes 92349
# of expected failures 104
# of unsupported tests 314
/var/gcc/regression/trunk/10-gcc-gas/build/gcc/testsuite/gfortran/../../gfortran version 4.10.0 20140704 (experimental) [trunk revision 212295] (GCC)
=== gnat tests ===
Running target unix
=== gnat Summary for unix ===
# of expected passes 1245
# of expected failures 18
# of unsupported tests 7
Running target unix/-m64
=== gnat Summary for unix/-m64 ===
# of expected passes 1245
# of expected failures 18
# of unsupported tests 7
=== gnat Summary ===
# of expected passes 2490
# of expected failures 36
# of unsupported tests 14
/var/gcc/regression/trunk/10-gcc-gas/build/gcc/gnatmake version 4.10.0 20140704 (experimental) [trunk revision 212295]
=== go tests ===
Running target unix
=== go Summary for unix ===
# of expected passes 7371
# of expected failures 1
# of untested testcases 9
# of unsupported tests 2
Running target unix/-m64
FAIL: go.test/test/fixedbugs/issue4348.go -O (test for excess errors)
FAIL: go.test/test/fixedbugs/issue6036.go -O (internal compiler error)
FAIL: go.test/test/fixedbugs/issue6036.go -O (test for excess errors)
=== go Summary for unix/-m64 ===
# of expected passes 7250
# of unexpected failures 3
# of expected failures 1
# of untested testcases 9
# of unsupported tests 1
=== go Summary ===
# of expected passes 14621
# of unexpected failures 3
# of expected failures 2
# of untested testcases 18
# of unsupported tests 3
=== obj-c++ tests ===
Running target unix
=== obj-c++ Summary for unix ===
# of expected passes 1447
# of expected failures 2
# of unsupported tests 86
Running target unix/-m64
=== obj-c++ Summary for unix/-m64 ===
# of expected passes 1439
# of expected failures 10
# of unsupported tests 86
=== obj-c++ Summary ===
# of expected passes 2886
# of expected failures 12
# of unsupported tests 172
/var/gcc/regression/trunk/10-gcc-gas/build/gcc/testsuite/obj-c++/../../xg++ version 4.10.0 20140704 (experimental) [trunk revision 212295] (GCC)
=== objc tests ===
Running target unix
=== objc Summary for unix ===
# of expected passes 3004
# of expected failures 6
# of unsupported tests 74
Running target unix/-m64
=== objc Summary for unix/-m64 ===
# of expected passes 3004
# of expected failures 6
# of unsupported tests 74
=== objc Summary ===
# of expected passes 6008
# of expected failures 12
# of unsupported tests 148
/var/gcc/regression/trunk/10-gcc-gas/build/gcc/xgcc version 4.10.0 20140704 (experimental) [trunk revision 212295] (GCC)
=== boehm-gc tests ===
Running target unix
=== boehm-gc Summary for unix ===
# of expected passes 12
# of unsupported tests 1
Running target unix/-m64
=== boehm-gc Summary for unix/-m64 ===
# of expected passes 12
# of unsupported tests 1
=== boehm-gc Summary ===
# of expected passes 24
# of unsupported tests 2
=== libatomic tests ===
Running target unix
=== libatomic Summary for unix ===
# of expected passes 44
# of unsupported tests 5
Running target unix/-m64
=== libatomic Summary for unix/-m64 ===
# of expected passes 54
=== libatomic Summary ===
# of expected passes 98
# of unsupported tests 5
=== libffi tests ===
Running target unix
=== libffi Summary for unix ===
# of expected passes 1819
# of unsupported tests 55
Running target unix/-m64
=== libffi Summary for unix/-m64 ===
# of expected passes 1819
# of unsupported tests 55
=== libffi Summary ===
# of expected passes 3638
# of unsupported tests 110
=== libgo tests ===
Running target unix
FAIL: runtime
FAIL: sync
FAIL: os/exec
FAIL: text/tabwriter
=== libgo Summary for unix ===
# of expected passes 119
# of unexpected failures 4
Running target unix/-m64
=== libgo Summary for unix/-m64 ===
# of expected passes 123
=== libgo Summary ===
# of expected passes 242
# of unexpected failures 4
/var/gcc/regression/trunk/10-gcc-gas/build/./gcc/gccgo version 4.10.0 20140704 (experimental) [trunk revision 212295] (GCC)
=== libgomp tests ===
Running target unix
=== libgomp Summary for unix ===
# of expected passes 3257
# of unsupported tests 22
Running target unix/-m64
=== libgomp Summary for unix/-m64 ===
# of expected passes 3257
# of unsupported tests 22
=== libgomp Summary ===
# of expected passes 6514
# of unsupported tests 44
=== libitm tests ===
Running target unix
=== libitm Summary for unix ===
# of expected passes 26
# of expected failures 3
# of unsupported tests 1
Running target unix/-m64
=== libitm Summary for unix/-m64 ===
# of expected passes 26
# of expected failures 3
# of unsupported tests 1
=== libitm Summary ===
# of expected passes 52
# of expected failures 6
# of unsupported tests 2
=== libjava tests ===
Running target unix
=== libjava Summary for unix ===
# of expected passes 2582
# of expected failures 4
Running target unix/-m64
=== libjava Summary for unix/-m64 ===
# of expected passes 2582
# of expected failures 4
=== libjava Summary ===
# of expected passes 5164
# of expected failures 8
=== libstdc++ tests ===
Running target unix
FAIL: libstdc++-abi/abi_check
FAIL: ext/random/hypergeometric_distribution/operators/values.cc execution test
=== libstdc++ Summary for unix ===
# of expected passes 9061
# of unexpected failures 2
# of expected failures 70
# of unsupported tests 599
Running target unix/-m64
FAIL: libstdc++-abi/abi_check
FAIL: ext/random/hypergeometric_distribution/operators/values.cc execution test
=== libstdc++ Summary for unix/-m64 ===
# of expected passes 9061
# of unexpected failures 2
# of expected failures 70
# of unsupported tests 599
=== libstdc++ Summary ===
# of expected passes 18122
# of unexpected failures 4
# of expected failures 140
# of unsupported tests 1198
Compiler version: 4.10.0 20140704 (experimental) [trunk revision 212295] (GCC)
Platform: i386-pc-solaris2.10
configure flags: --prefix=/vol/gcc --target=i386-pc-solaris2.10 --enable-objc-gc --with-as=/vol/gcc/bin/gas-2.24 --with-gnu-as --with-gmp-include=/vol/gcc/include --with-gmp-lib=/vol/gcc/lib --with-mpfr-include=/vol/gcc/include --with-mpfr-lib=/vol/gcc/lib --with-mpc-include=/vol/gcc/include --with-mpc-lib=/vol/gcc/lib --enable-languages=all,ada,obj-c++,go --with-isl-include=/vol/gcc/include --with-isl-lib=/vol/gcc/lib --with-cloog-include=/vol/gcc/include --with-cloog-lib=/vol/gcc/lib --enable-cloog-backend=isl
BOOT_CFLAGS=-g -O2