This is the mail archive of the
gcc-testresults@gcc.gnu.org
mailing list for the GCC project.
Results for 4.10.0 20140626 (experimental) (GCC) testsuite on x86_64-unknown-cygwin
- From: Tim Prince <n8tm at aol dot com>
- To: gcc-testresults at gcc dot gnu dot org
- Date: Thu, 26 Jun 2014 09:17:36 -0400
- Subject: Results for 4.10.0 20140626 (experimental) (GCC) testsuite on x86_64-unknown-cygwin
- Authentication-results: sourceware.org; auth=none
- Reply-to: tprince at computer dot org
Native configuration is x86_64-unknown-cygwin
=== g++ tests ===
Running target unix
FAIL: g++.dg/debug/const1.C -gstabs1 (test for excess errors)
FAIL: g++.dg/debug/const1.C -gstabs1 -O2 (test for excess errors)
FAIL: g++.dg/debug/const1.C -gstabs1 -O3 (test for excess errors)
FAIL: g++.dg/debug/const1.C -gstabs (test for excess errors)
FAIL: g++.dg/debug/const1.C -gstabs -O2 (test for excess errors)
FAIL: g++.dg/debug/const1.C -gstabs -O3 (test for excess errors)
FAIL: g++.dg/debug/const1.C -gstabs3 (test for excess errors)
FAIL: g++.dg/debug/const1.C -gstabs3 -O2 (test for excess errors)
FAIL: g++.dg/debug/const1.C -gstabs3 -O3 (test for excess errors)
FAIL: g++.dg/debug/const1.C -gstabs+1 (test for excess errors)
FAIL: g++.dg/debug/const1.C -gstabs+1 -O2 (test for excess errors)
FAIL: g++.dg/debug/const1.C -gstabs+1 -O3 (test for excess errors)
FAIL: g++.dg/debug/const1.C -gstabs+ (test for excess errors)
FAIL: g++.dg/debug/const1.C -gstabs+ -O2 (test for excess errors)
FAIL: g++.dg/debug/const1.C -gstabs+ -O3 (test for excess errors)
FAIL: g++.dg/debug/const1.C -gstabs+3 (test for excess errors)
FAIL: g++.dg/debug/const1.C -gstabs+3 -O2 (test for excess errors)
FAIL: g++.dg/debug/const1.C -gstabs+3 -O3 (test for excess errors)
FAIL: g++.dg/debug/debug4.C -gstabs1 (test for excess errors)
FAIL: g++.dg/debug/debug4.C -gstabs1 -O2 (test for excess errors)
FAIL: g++.dg/debug/debug4.C -gstabs1 -O3 (test for excess errors)
FAIL: g++.dg/debug/debug4.C -gstabs (test for excess errors)
FAIL: g++.dg/debug/debug4.C -gstabs -O2 (test for excess errors)
FAIL: g++.dg/debug/debug4.C -gstabs -O3 (test for excess errors)
FAIL: g++.dg/debug/debug4.C -gstabs3 (test for excess errors)
FAIL: g++.dg/debug/debug4.C -gstabs3 -O2 (test for excess errors)
FAIL: g++.dg/debug/debug4.C -gstabs3 -O3 (test for excess errors)
FAIL: g++.dg/debug/debug4.C -gstabs+1 (test for excess errors)
FAIL: g++.dg/debug/debug4.C -gstabs+1 -O2 (test for excess errors)
FAIL: g++.dg/debug/debug4.C -gstabs+1 -O3 (test for excess errors)
FAIL: g++.dg/debug/debug4.C -gstabs+ (test for excess errors)
FAIL: g++.dg/debug/debug4.C -gstabs+ -O2 (test for excess errors)
FAIL: g++.dg/debug/debug4.C -gstabs+ -O3 (test for excess errors)
FAIL: g++.dg/debug/debug4.C -gstabs+3 (test for excess errors)
FAIL: g++.dg/debug/debug4.C -gstabs+3 -O2 (test for excess errors)
FAIL: g++.dg/debug/debug4.C -gstabs+3 -O3 (test for excess errors)
FAIL: g++.dg/debug/pr27657.C -gstabs1 (test for excess errors)
FAIL: g++.dg/debug/pr27657.C -gstabs1 -O2 (test for excess errors)
FAIL: g++.dg/debug/pr27657.C -gstabs1 -O3 (test for excess errors)
FAIL: g++.dg/debug/pr27657.C -gstabs (test for excess errors)
FAIL: g++.dg/debug/pr27657.C -gstabs -O2 (test for excess errors)
FAIL: g++.dg/debug/pr27657.C -gstabs -O3 (test for excess errors)
FAIL: g++.dg/debug/pr27657.C -gstabs3 (test for excess errors)
FAIL: g++.dg/debug/pr27657.C -gstabs3 -O2 (test for excess errors)
FAIL: g++.dg/debug/pr27657.C -gstabs3 -O3 (test for excess errors)
FAIL: g++.dg/debug/pr27657.C -gstabs+1 (test for excess errors)
FAIL: g++.dg/debug/pr27657.C -gstabs+1 -O2 (test for excess errors)
FAIL: g++.dg/debug/pr27657.C -gstabs+1 -O3 (test for excess errors)
FAIL: g++.dg/debug/pr27657.C -gstabs+ (test for excess errors)
FAIL: g++.dg/debug/pr27657.C -gstabs+ -O2 (test for excess errors)
FAIL: g++.dg/debug/pr27657.C -gstabs+ -O3 (test for excess errors)
FAIL: g++.dg/debug/pr27657.C -gstabs+3 (test for excess errors)
FAIL: g++.dg/debug/pr27657.C -gstabs+3 -O2 (test for excess errors)
FAIL: g++.dg/debug/pr27657.C -gstabs+3 -O3 (test for excess errors)
FAIL: g++.dg/debug/pr54831.C -gdwarf-2 -g1 -O2 (test for excess errors)
FAIL: g++.dg/debug/pr54831.C -gdwarf-2 -g1 -O3 (test for excess errors)
FAIL: g++.dg/debug/trivial.C -gstabs1 (test for excess errors)
UNRESOLVED: g++.dg/debug/trivial.C -gstabs1 compilation failed to
produce executable
FAIL: g++.dg/debug/trivial.C -gstabs1 -O2 (test for excess errors)
UNRESOLVED: g++.dg/debug/trivial.C -gstabs1 -O2 compilation failed to
produce executable
FAIL: g++.dg/debug/trivial.C -gstabs1 -O3 (test for excess errors)
UNRESOLVED: g++.dg/debug/trivial.C -gstabs1 -O3 compilation failed to
produce executable
FAIL: g++.dg/debug/trivial.C -gstabs (test for excess errors)
UNRESOLVED: g++.dg/debug/trivial.C -gstabs compilation failed to produce
executable
FAIL: g++.dg/debug/trivial.C -gstabs -O2 (test for excess errors)
UNRESOLVED: g++.dg/debug/trivial.C -gstabs -O2 compilation failed to
produce executable
FAIL: g++.dg/debug/trivial.C -gstabs -O3 (test for excess errors)
UNRESOLVED: g++.dg/debug/trivial.C -gstabs -O3 compilation failed to
produce executable
FAIL: g++.dg/debug/trivial.C -gstabs3 (test for excess errors)
UNRESOLVED: g++.dg/debug/trivial.C -gstabs3 compilation failed to
produce executable
FAIL: g++.dg/debug/trivial.C -gstabs3 -O2 (test for excess errors)
UNRESOLVED: g++.dg/debug/trivial.C -gstabs3 -O2 compilation failed to
produce executable
FAIL: g++.dg/debug/trivial.C -gstabs3 -O3 (test for excess errors)
UNRESOLVED: g++.dg/debug/trivial.C -gstabs3 -O3 compilation failed to
produce executable
FAIL: g++.dg/debug/trivial.C -gstabs+1 (test for excess errors)
UNRESOLVED: g++.dg/debug/trivial.C -gstabs+1 compilation failed to
produce executable
FAIL: g++.dg/debug/trivial.C -gstabs+1 -O2 (test for excess errors)
UNRESOLVED: g++.dg/debug/trivial.C -gstabs+1 -O2 compilation failed to
produce executable
FAIL: g++.dg/debug/trivial.C -gstabs+1 -O3 (test for excess errors)
UNRESOLVED: g++.dg/debug/trivial.C -gstabs+1 -O3 compilation failed to
produce executable
FAIL: g++.dg/debug/trivial.C -gstabs+ (test for excess errors)
UNRESOLVED: g++.dg/debug/trivial.C -gstabs+ compilation failed to
produce executable
FAIL: g++.dg/debug/trivial.C -gstabs+ -O2 (test for excess errors)
UNRESOLVED: g++.dg/debug/trivial.C -gstabs+ -O2 compilation failed to
produce executable
FAIL: g++.dg/debug/trivial.C -gstabs+ -O3 (test for excess errors)
UNRESOLVED: g++.dg/debug/trivial.C -gstabs+ -O3 compilation failed to
produce executable
FAIL: g++.dg/debug/trivial.C -gstabs+3 (test for excess errors)
UNRESOLVED: g++.dg/debug/trivial.C -gstabs+3 compilation failed to
produce executable
FAIL: g++.dg/debug/trivial.C -gstabs+3 -O2 (test for excess errors)
UNRESOLVED: g++.dg/debug/trivial.C -gstabs+3 -O2 compilation failed to
produce executable
FAIL: g++.dg/debug/trivial.C -gstabs+3 -O3 (test for excess errors)
UNRESOLVED: g++.dg/debug/trivial.C -gstabs+3 -O3 compilation failed to
produce executable
FAIL: g++.dg/debug/dwarf2/nested-4.C -std=gnu++98 scan-assembler-times
debug_types 2
FAIL: g++.dg/debug/dwarf2/nested-4.C -std=gnu++11 scan-assembler-times
debug_types 2
FAIL: g++.dg/debug/dwarf2/nested-4.C -std=gnu++1y scan-assembler-times
debug_types 2
FAIL: g++.dg/abi/anon2.C -std=c++11 scan-assembler .weak(_definition)?[
\\t]_?_ZN2N11D1C3fn1ENS0_1BE
FAIL: g++.dg/abi/anon2.C -std=c++11 scan-assembler .weak(_definition)?[
\\t]_?_ZN2N11D1C3fn2ES1_
FAIL: g++.dg/abi/anon2.C -std=c++11 scan-assembler .weak(_definition)?[
\\t]_?_ZN2N31D1CIiE3fn1ENS0_1BE
FAIL: g++.dg/abi/anon2.C -std=c++11 scan-assembler .weak(_definition)?[
\\t]_?_ZN2N31D1CIiE3fn2ES2_
FAIL: g++.dg/abi/anon2.C -std=c++1y scan-assembler .weak(_definition)?[
\\t]_?_ZN2N11D1C3fn1ENS0_1BE
FAIL: g++.dg/abi/anon2.C -std=c++1y scan-assembler .weak(_definition)?[
\\t]_?_ZN2N11D1C3fn2ES1_
FAIL: g++.dg/abi/anon2.C -std=c++1y scan-assembler .weak(_definition)?[
\\t]_?_ZN2N31D1CIiE3fn1ENS0_1BE
FAIL: g++.dg/abi/anon2.C -std=c++1y scan-assembler .weak(_definition)?[
\\t]_?_ZN2N31D1CIiE3fn2ES2_
FAIL: g++.dg/abi/anon3.C -std=c++98 scan-assembler .weak(_definition)?[
\\t]_?_ZN4Heya4blahEv
FAIL: g++.dg/abi/anon3.C -std=c++98 scan-assembler .weak(_definition)?[
\\t]_?_ZTI4Heya
FAIL: g++.dg/abi/anon3.C -std=c++98 scan-assembler .weak(_definition)?[
\\t]_?_ZTV4Heya
FAIL: g++.dg/abi/anon3.C -std=c++98 scan-assembler .weak(_definition)?[
\\t]_?_ZN4Heya1A1fEv
FAIL: g++.dg/abi/anon3.C -std=c++98 scan-assembler .weak(_definition)?[
\\t]_?_ZTIN4Heya1AE
FAIL: g++.dg/abi/anon3.C -std=c++98 scan-assembler .weak(_definition)?[
\\t]_?_ZTVN4Heya1AE
FAIL: g++.dg/abi/anon3.C -std=c++11 scan-assembler .weak(_definition)?[
\\t]_?_ZN4Heya4blahEv
FAIL: g++.dg/abi/anon3.C -std=c++11 scan-assembler .weak(_definition)?[
\\t]_?_ZTI4Heya
FAIL: g++.dg/abi/anon3.C -std=c++11 scan-assembler .weak(_definition)?[
\\t]_?_ZTV4Heya
FAIL: g++.dg/abi/anon3.C -std=c++11 scan-assembler .weak(_definition)?[
\\t]_?_ZN4Heya1A1fEv
FAIL: g++.dg/abi/anon3.C -std=c++11 scan-assembler .weak(_definition)?[
\\t]_?_ZTIN4Heya1AE
FAIL: g++.dg/abi/anon3.C -std=c++11 scan-assembler .weak(_definition)?[
\\t]_?_ZTVN4Heya1AE
FAIL: g++.dg/abi/anon3.C -std=c++1y scan-assembler .weak(_definition)?[
\\t]_?_ZN4Heya4blahEv
FAIL: g++.dg/abi/anon3.C -std=c++1y scan-assembler .weak(_definition)?[
\\t]_?_ZTI4Heya
FAIL: g++.dg/abi/anon3.C -std=c++1y scan-assembler .weak(_definition)?[
\\t]_?_ZTV4Heya
FAIL: g++.dg/abi/anon3.C -std=c++1y scan-assembler .weak(_definition)?[
\\t]_?_ZN4Heya1A1fEv
FAIL: g++.dg/abi/anon3.C -std=c++1y scan-assembler .weak(_definition)?[
\\t]_?_ZTIN4Heya1AE
FAIL: g++.dg/abi/anon3.C -std=c++1y scan-assembler .weak(_definition)?[
\\t]_?_ZTVN4Heya1AE
FAIL: g++.dg/abi/rtti1.C -std=c++98 scan-assembler-dem-not
\\\\ntypeinfo for A[: \\\\t\\\\n]
FAIL: g++.dg/abi/rtti1.C -std=c++11 scan-assembler-dem-not
\\\\ntypeinfo for A[: \\\\t\\\\n]
FAIL: g++.dg/abi/rtti1.C -std=c++1y scan-assembler-dem-not
\\\\ntypeinfo for A[: \\\\t\\\\n]
FAIL: g++.dg/abi/thunk5.C -std=c++98 scan-assembler weak.*ZTv
FAIL: g++.dg/abi/thunk5.C -std=c++11 scan-assembler weak.*ZTv
FAIL: g++.dg/abi/thunk5.C -std=c++1y scan-assembler weak.*ZTv
FAIL: g++.dg/cpp0x/auto27.C -std=c++98 no type (test for errors, line 3)
FAIL: g++.dg/cpp0x/decltype31.C -std=c++11 (test for errors, line 11)
FAIL: g++.dg/cpp0x/decltype31.C -std=c++1y (test for errors, line 11)
FAIL: g++.dg/cpp0x/decltype50.C -std=c++11 (test for errors, line 7)
FAIL: g++.dg/cpp0x/decltype50.C -std=c++11 (test for errors, line 9)
FAIL: g++.dg/cpp0x/decltype50.C -std=c++11 (test for errors, line 12)
FAIL: g++.dg/cpp0x/decltype50.C -std=c++11 (test for errors, line 16)
FAIL: g++.dg/cpp0x/decltype50.C -std=c++11 (test for excess errors)
FAIL: g++.dg/cpp0x/decltype50.C -std=c++1y (test for errors, line 7)
FAIL: g++.dg/cpp0x/decltype50.C -std=c++1y (test for errors, line 9)
FAIL: g++.dg/cpp0x/decltype50.C -std=c++1y (test for errors, line 12)
FAIL: g++.dg/cpp0x/decltype50.C -std=c++1y (test for errors, line 16)
FAIL: g++.dg/cpp0x/decltype50.C -std=c++1y (test for excess errors)
=== gcc tests ===
Running target unix
FAIL: gcc.c-torture/compile/limits-exprparen.c -O0 (internal compiler
error)
FAIL: gcc.c-torture/compile/limits-exprparen.c -O0 (test for excess
errors)
FAIL: gcc.c-torture/compile/limits-exprparen.c -O1 (internal compiler
error)
FAIL: gcc.c-torture/compile/limits-exprparen.c -O1 (test for excess
errors)
FAIL: gcc.c-torture/compile/limits-exprparen.c -O2 (internal compiler
error)
FAIL: gcc.c-torture/compile/limits-exprparen.c -O2 (test for excess
errors)
FAIL: gcc.c-torture/compile/limits-exprparen.c -O3
-fomit-frame-pointer (internal compiler error)
FAIL: gcc.c-torture/compile/limits-exprparen.c -O3
-fomit-frame-pointer (test for excess errors)
FAIL: gcc.c-torture/compile/limits-exprparen.c -O3 -g (internal
compiler error)
FAIL: gcc.c-torture/compile/limits-exprparen.c -O3 -g (test for excess
errors)
FAIL: gcc.c-torture/compile/limits-exprparen.c -Os (internal compiler
error)
FAIL: gcc.c-torture/compile/limits-exprparen.c -Os (test for excess
errors)
FAIL: gcc.c-torture/compile/limits-exprparen.c -O2 -flto
-fno-use-linker-plugin -flto-partition=none (internal compiler error)
FAIL: gcc.c-torture/compile/limits-exprparen.c -O2 -flto
-fno-use-linker-plugin -flto-partition=none (test for excess errors)
FAIL: gcc.c-torture/compile/limits-exprparen.c -O2 -flto
-fuse-linker-plugin -fno-fat-lto-objects (internal compiler error)
FAIL: gcc.c-torture/compile/limits-exprparen.c -O2 -flto
-fuse-linker-plugin -fno-fat-lto-objects (test for excess errors)
FAIL: gcc.c-torture/compile/limits-fndefn.c -O2 -flto
-fno-use-linker-plugin -flto-partition=none (internal compiler error)
FAIL: gcc.c-torture/compile/limits-fndefn.c -O2 -flto
-fno-use-linker-plugin -flto-partition=none (test for excess errors)
FAIL: gcc.c-torture/compile/limits-fndefn.c -O2 -flto
-fuse-linker-plugin -fno-fat-lto-objects (internal compiler error)
FAIL: gcc.c-torture/compile/limits-fndefn.c -O2 -flto
-fuse-linker-plugin -fno-fat-lto-objects (test for excess errors)
FAIL: gcc.c-torture/execute/20000822-1.c execution, -O0
FAIL: gcc.c-torture/execute/20000822-1.c execution, -O1
FAIL: gcc.c-torture/execute/20000822-1.c execution, -O2
FAIL: gcc.c-torture/execute/20000822-1.c execution, -O3
-fomit-frame-pointer
FAIL: gcc.c-torture/execute/20000822-1.c execution, -O3 -g
FAIL: gcc.c-torture/execute/20000822-1.c execution, -Os
FAIL: gcc.c-torture/execute/20000822-1.c execution, -Og -g
FAIL: gcc.c-torture/execute/20000822-1.c execution, -O2 -flto
-fno-use-linker-plugin -flto-partition=none
FAIL: gcc.c-torture/execute/20000822-1.c execution, -O2 -flto
-fuse-linker-plugin -fno-fat-lto-objects
ERROR: tcl error sourcing
/cygdrive/c/users/tim/tim/tim/src/gnu/gcc1/gcc/testsuite/gcc.c-torture/execute/execute.exp.
ERROR: rm: cannot remove
\`/cygdrive/c/users/tim/tim/tim/src/gnu/gcc1/cyg64/gcc/testsuite/gcc/20010209-1.x4':
Device or resource busy
ERROR: tcl error sourcing
/cygdrive/c/users/tim/tim/tim/src/gnu/gcc1/gcc/testsuite/gcc.c-torture/execute/ieee/ieee.exp.
ERROR: torture-init: torture_without_loops is not empty as expected
ERROR: tcl error sourcing
/cygdrive/c/users/tim/tim/tim/src/gnu/gcc1/gcc/testsuite/gcc.c-torture/unsorted/unsorted.exp.
ERROR: torture-init: torture_without_loops is not empty as expected
FAIL: gcc.dg/compat/vector-1b c_compat_x_tst.o-c_compat_y_tst.o execute
FAIL: gcc.dg/compat/vector-2b c_compat_x_tst.o-c_compat_y_tst.o execute
FAIL: gcc.dg/cpp/_Pragma3.c (test for excess errors)
FAIL: gcc.dg/cpp/include2.c (test for excess errors)
FAIL: gcc.dg/debug/20020220-1.c -gstabs1 (test for excess errors)
UNRESOLVED: gcc.dg/debug/20020220-1.c -gstabs1 compilation failed to
produce executable
FAIL: gcc.dg/debug/20020220-1.c -gstabs1 -O (test for excess errors)
UNRESOLVED: gcc.dg/debug/20020220-1.c -gstabs1 -O compilation failed to
produce executable
FAIL: gcc.dg/debug/20020220-1.c -gstabs1 -O3 (test for excess errors)
UNRESOLVED: gcc.dg/debug/20020220-1.c -gstabs1 -O3 compilation failed to
produce executable
FAIL: gcc.dg/debug/20020220-1.c -gstabs (test for excess errors)
UNRESOLVED: gcc.dg/debug/20020220-1.c -gstabs compilation failed to
produce executable
FAIL: gcc.dg/debug/20020220-1.c -gstabs -O (test for excess errors)
UNRESOLVED: gcc.dg/debug/20020220-1.c -gstabs -O compilation failed to
produce executable
FAIL: gcc.dg/debug/20020220-1.c -gstabs -O3 (test for excess errors)
UNRESOLVED: gcc.dg/debug/20020220-1.c -gstabs -O3 compilation failed to
produce executable
FAIL: gcc.dg/debug/20020220-1.c -gstabs3 (test for excess errors)
UNRESOLVED: gcc.dg/debug/20020220-1.c -gstabs3 compilation failed to
produce executable
FAIL: gcc.dg/debug/20020220-1.c -gstabs3 -O (test for excess errors)
UNRESOLVED: gcc.dg/debug/20020220-1.c -gstabs3 -O compilation failed to
produce executable
FAIL: gcc.dg/debug/20020220-1.c -gstabs3 -O3 (test for excess errors)
UNRESOLVED: gcc.dg/debug/20020220-1.c -gstabs3 -O3 compilation failed to
produce executable
FAIL: gcc.dg/debug/20020220-1.c -gstabs+1 (test for excess errors)
UNRESOLVED: gcc.dg/debug/20020220-1.c -gstabs+1 compilation failed to
produce executable
FAIL: gcc.dg/debug/20020220-1.c -gstabs+1 -O (test for excess errors)
UNRESOLVED: gcc.dg/debug/20020220-1.c -gstabs+1 -O compilation failed to
produce executable
FAIL: gcc.dg/debug/20020220-1.c -gstabs+1 -O3 (test for excess errors)
UNRESOLVED: gcc.dg/debug/20020220-1.c -gstabs+1 -O3 compilation failed
to produce executable
FAIL: gcc.dg/debug/20020220-1.c -gstabs+ (test for excess errors)
UNRESOLVED: gcc.dg/debug/20020220-1.c -gstabs+ compilation failed to
produce executable
FAIL: gcc.dg/debug/20020220-1.c -gstabs+ -O (test for excess errors)
UNRESOLVED: gcc.dg/debug/20020220-1.c -gstabs+ -O compilation failed to
produce executable
FAIL: gcc.dg/debug/20020220-1.c -gstabs+ -O3 (test for excess errors)
UNRESOLVED: gcc.dg/debug/20020220-1.c -gstabs+ -O3 compilation failed to
produce executable
FAIL: gcc.dg/debug/20020220-1.c -gstabs+3 (test for excess errors)
UNRESOLVED: gcc.dg/debug/20020220-1.c -gstabs+3 compilation failed to
produce executable
FAIL: gcc.dg/debug/20020220-1.c -gstabs+3 -O (test for excess errors)
UNRESOLVED: gcc.dg/debug/20020220-1.c -gstabs+3 -O compilation failed to
produce executable
FAIL: gcc.dg/debug/20020220-1.c -gstabs+3 -O3 (test for excess errors)
UNRESOLVED: gcc.dg/debug/20020220-1.c -gstabs+3 -O3 compilation failed
to produce executable
FAIL: gcc.dg/debug/20020327-1.c -gstabs1 (test for excess errors)
FAIL: gcc.dg/debug/20020327-1.c -gstabs1 -O (test for excess errors)
FAIL: gcc.dg/debug/20020327-1.c -gstabs1 -O3 (test for excess errors)
FAIL: gcc.dg/debug/20020327-1.c -gstabs (test for excess errors)
FAIL: gcc.dg/debug/20020327-1.c -gstabs -O (test for excess errors)
FAIL: gcc.dg/debug/20020327-1.c -gstabs -O3 (test for excess errors)
FAIL: gcc.dg/debug/20020327-1.c -gstabs3 (test for excess errors)
FAIL: gcc.dg/debug/20020327-1.c -gstabs3 -O (test for excess errors)
FAIL: gcc.dg/debug/20020327-1.c -gstabs3 -O3 (test for excess errors)
FAIL: gcc.dg/debug/20020327-1.c -gstabs+1 (test for excess errors)
FAIL: gcc.dg/debug/20020327-1.c -gstabs+1 -O (test for excess errors)
FAIL: gcc.dg/debug/20020327-1.c -gstabs+1 -O3 (test for excess errors)
FAIL: gcc.dg/debug/20020327-1.c -gstabs+ (test for excess errors)
FAIL: gcc.dg/debug/20020327-1.c -gstabs+ -O (test for excess errors)
FAIL: gcc.dg/debug/20020327-1.c -gstabs+ -O3 (test for excess errors)
FAIL: gcc.dg/debug/20020327-1.c -gstabs+3 (test for excess errors)
FAIL: gcc.dg/debug/20020327-1.c -gstabs+3 -O (test for excess errors)
FAIL: gcc.dg/debug/20020327-1.c -gstabs+3 -O3 (test for excess errors)
FAIL: gcc.dg/debug/20050907-1.c -gstabs1 (test for excess errors)
FAIL: gcc.dg/debug/20050907-1.c -gstabs1 -O (test for excess errors)
FAIL: gcc.dg/debug/20050907-1.c -gstabs1 -O3 (test for excess errors)
FAIL: gcc.dg/debug/20050907-1.c -gstabs (test for excess errors)
FAIL: gcc.dg/debug/20050907-1.c -gstabs -O (test for excess errors)
FAIL: gcc.dg/debug/20050907-1.c -gstabs -O3 (test for excess errors)
FAIL: gcc.dg/debug/20050907-1.c -gstabs3 (test for excess errors)
FAIL: gcc.dg/debug/20050907-1.c -gstabs3 -O (test for excess errors)
FAIL: gcc.dg/debug/20050907-1.c -gstabs3 -O3 (test for excess errors)
FAIL: gcc.dg/debug/20050907-1.c -gstabs+1 (test for excess errors)
FAIL: gcc.dg/debug/20050907-1.c -gstabs+1 -O (test for excess errors)
FAIL: gcc.dg/debug/20050907-1.c -gstabs+1 -O3 (test for excess errors)
FAIL: gcc.dg/debug/20050907-1.c -gstabs+ (test for excess errors)
FAIL: gcc.dg/debug/20050907-1.c -gstabs+ -O (test for excess errors)
FAIL: gcc.dg/debug/20050907-1.c -gstabs+ -O3 (test for excess errors)
FAIL: gcc.dg/debug/20050907-1.c -gstabs+3 (test for excess errors)
FAIL: gcc.dg/debug/20050907-1.c -gstabs+3 -O (test for excess errors)
FAIL: gcc.dg/debug/20050907-1.c -gstabs+3 -O3 (test for excess errors)
FAIL: gcc.dg/debug/pr29609-1.c -gstabs1 (test for excess errors)
UNRESOLVED: gcc.dg/debug/pr29609-1.c -gstabs1 compilation failed to
produce executable
FAIL: gcc.dg/debug/pr29609-1.c -gstabs1 -O (test for excess errors)
UNRESOLVED: gcc.dg/debug/pr29609-1.c -gstabs1 -O compilation failed to
produce executable
FAIL: gcc.dg/debug/pr29609-1.c -gstabs1 -O3 (test for excess errors)
UNRESOLVED: gcc.dg/debug/pr29609-1.c -gstabs1 -O3 compilation failed to
produce executable
FAIL: gcc.dg/debug/pr29609-1.c -gstabs (test for excess errors)
UNRESOLVED: gcc.dg/debug/pr29609-1.c -gstabs compilation failed to
produce executable
FAIL: gcc.dg/debug/pr29609-1.c -gstabs -O (test for excess errors)
UNRESOLVED: gcc.dg/debug/pr29609-1.c -gstabs -O compilation failed to
produce executable
FAIL: gcc.dg/debug/pr29609-1.c -gstabs -O3 (test for excess errors)
UNRESOLVED: gcc.dg/debug/pr29609-1.c -gstabs -O3 compilation failed to
produce executable
FAIL: gcc.dg/debug/pr29609-1.c -gstabs3 (test for excess errors)
UNRESOLVED: gcc.dg/debug/pr29609-1.c -gstabs3 compilation failed to
produce executable
FAIL: gcc.dg/debug/pr29609-1.c -gstabs3 -O (test for excess errors)
UNRESOLVED: gcc.dg/debug/pr29609-1.c -gstabs3 -O compilation failed to
produce executable
FAIL: gcc.dg/debug/pr29609-1.c -gstabs3 -O3 (test for excess errors)
UNRESOLVED: gcc.dg/debug/pr29609-1.c -gstabs3 -O3 compilation failed to
produce executable
FAIL: gcc.dg/debug/pr29609-1.c -gstabs+1 (test for excess errors)
UNRESOLVED: gcc.dg/debug/pr29609-1.c -gstabs+1 compilation failed to
produce executable
FAIL: gcc.dg/debug/pr29609-1.c -gstabs+1 -O (test for excess errors)
UNRESOLVED: gcc.dg/debug/pr29609-1.c -gstabs+1 -O compilation failed to
produce executable
FAIL: gcc.dg/debug/pr29609-1.c -gstabs+1 -O3 (test for excess errors)
UNRESOLVED: gcc.dg/debug/pr29609-1.c -gstabs+1 -O3 compilation failed to
produce executable
FAIL: gcc.dg/debug/pr29609-1.c -gstabs+ (test for excess errors)
UNRESOLVED: gcc.dg/debug/pr29609-1.c -gstabs+ compilation failed to
produce executable
FAIL: gcc.dg/debug/pr29609-1.c -gstabs+ -O (test for excess errors)
UNRESOLVED: gcc.dg/debug/pr29609-1.c -gstabs+ -O compilation failed to
produce executable
FAIL: gcc.dg/debug/pr29609-1.c -gstabs+ -O3 (test for excess errors)
UNRESOLVED: gcc.dg/debug/pr29609-1.c -gstabs+ -O3 compilation failed to
produce executable
FAIL: gcc.dg/debug/pr29609-1.c -gstabs+3 (test for excess errors)
UNRESOLVED: gcc.dg/debug/pr29609-1.c -gstabs+3 compilation failed to
produce executable
FAIL: gcc.dg/debug/pr29609-1.c -gstabs+3 -O (test for excess errors)
UNRESOLVED: gcc.dg/debug/pr29609-1.c -gstabs+3 -O compilation failed to
produce executable
FAIL: gcc.dg/debug/pr29609-1.c -gstabs+3 -O3 (test for excess errors)
UNRESOLVED: gcc.dg/debug/pr29609-1.c -gstabs+3 -O3 compilation failed to
produce executable
FAIL: gcc.dg/debug/pr29609-2.c -gstabs1 (test for excess errors)
UNRESOLVED: gcc.dg/debug/pr29609-2.c -gstabs1 compilation failed to
produce executable
FAIL: gcc.dg/debug/pr29609-2.c -gstabs1 -O (test for excess errors)
UNRESOLVED: gcc.dg/debug/pr29609-2.c -gstabs1 -O compilation failed to
produce executable
FAIL: gcc.dg/debug/pr29609-2.c -gstabs1 -O3 (test for excess errors)
UNRESOLVED: gcc.dg/debug/pr29609-2.c -gstabs1 -O3 compilation failed to
produce executable
FAIL: gcc.dg/debug/pr29609-2.c -gstabs (test for excess errors)
UNRESOLVED: gcc.dg/debug/pr29609-2.c -gstabs compilation failed to
produce executable
FAIL: gcc.dg/debug/pr29609-2.c -gstabs -O (test for excess errors)
UNRESOLVED: gcc.dg/debug/pr29609-2.c -gstabs -O compilation failed to
produce executable
FAIL: gcc.dg/debug/pr29609-2.c -gstabs -O3 (test for excess errors)
UNRESOLVED: gcc.dg/debug/pr29609-2.c -gstabs -O3 compilation failed to
produce executable
FAIL: gcc.dg/debug/pr29609-2.c -gstabs3 (test for excess errors)
UNRESOLVED: gcc.dg/debug/pr29609-2.c -gstabs3 compilation failed to
produce executable
FAIL: gcc.dg/debug/pr29609-2.c -gstabs3 -O (test for excess errors)
UNRESOLVED: gcc.dg/debug/pr29609-2.c -gstabs3 -O compilation failed to
produce executable
FAIL: gcc.dg/debug/pr29609-2.c -gstabs3 -O3 (test for excess errors)
UNRESOLVED: gcc.dg/debug/pr29609-2.c -gstabs3 -O3 compilation failed to
produce executable
FAIL: gcc.dg/debug/pr29609-2.c -gstabs+1 (test for excess errors)
UNRESOLVED: gcc.dg/debug/pr29609-2.c -gstabs+1 compilation failed to
produce executable
FAIL: gcc.dg/debug/pr29609-2.c -gstabs+1 -O (test for excess errors)
UNRESOLVED: gcc.dg/debug/pr29609-2.c -gstabs+1 -O compilation failed to
produce executable
FAIL: gcc.dg/debug/pr29609-2.c -gstabs+1 -O3 (test for excess errors)
UNRESOLVED: gcc.dg/debug/pr29609-2.c -gstabs+1 -O3 compilation failed to
produce executable
FAIL: gcc.dg/debug/pr29609-2.c -gstabs+ (test for excess errors)
UNRESOLVED: gcc.dg/debug/pr29609-2.c -gstabs+ compilation failed to
produce executable
FAIL: gcc.dg/debug/pr29609-2.c -gstabs+ -O (test for excess errors)
UNRESOLVED: gcc.dg/debug/pr29609-2.c -gstabs+ -O compilation failed to
produce executable
FAIL: gcc.dg/debug/pr29609-2.c -gstabs+ -O3 (test for excess errors)
UNRESOLVED: gcc.dg/debug/pr29609-2.c -gstabs+ -O3 compilation failed to
produce executable
FAIL: gcc.dg/debug/pr29609-2.c -gstabs+3 (test for excess errors)
UNRESOLVED: gcc.dg/debug/pr29609-2.c -gstabs+3 compilation failed to
produce executable
FAIL: gcc.dg/debug/pr29609-2.c -gstabs+3 -O (test for excess errors)
UNRESOLVED: gcc.dg/debug/pr29609-2.c -gstabs+3 -O compilation failed to
produce executable
FAIL: gcc.dg/debug/pr29609-2.c -gstabs+3 -O3 (test for excess errors)
UNRESOLVED: gcc.dg/debug/pr29609-2.c -gstabs+3 -O3 compilation failed to
produce executable
FAIL: gcc.dg/debug/pr36690-1.c -gstabs1 (test for excess errors)
UNRESOLVED: gcc.dg/debug/pr36690-1.c -gstabs1 compilation failed to
produce executable
FAIL: gcc.dg/debug/pr36690-1.c -gstabs1 -O (test for excess errors)
UNRESOLVED: gcc.dg/debug/pr36690-1.c -gstabs1 -O compilation failed to
produce executable
FAIL: gcc.dg/debug/pr36690-1.c -gstabs1 -O3 (test for excess errors)
UNRESOLVED: gcc.dg/debug/pr36690-1.c -gstabs1 -O3 compilation failed to
produce executable
FAIL: gcc.dg/debug/pr36690-1.c -gstabs (test for excess errors)
UNRESOLVED: gcc.dg/debug/pr36690-1.c -gstabs compilation failed to
produce executable
FAIL: gcc.dg/debug/pr36690-1.c -gstabs -O (test for excess errors)
UNRESOLVED: gcc.dg/debug/pr36690-1.c -gstabs -O compilation failed to
produce executable
FAIL: gcc.dg/debug/pr36690-1.c -gstabs -O3 (test for excess errors)
UNRESOLVED: gcc.dg/debug/pr36690-1.c -gstabs -O3 compilation failed to
produce executable
FAIL: gcc.dg/debug/pr36690-1.c -gstabs3 (test for excess errors)
UNRESOLVED: gcc.dg/debug/pr36690-1.c -gstabs3 compilation failed to
produce executable
FAIL: gcc.dg/debug/pr36690-1.c -gstabs3 -O (test for excess errors)
UNRESOLVED: gcc.dg/debug/pr36690-1.c -gstabs3 -O compilation failed to
produce executable
FAIL: gcc.dg/debug/pr36690-1.c -gstabs3 -O3 (test for excess errors)
UNRESOLVED: gcc.dg/debug/pr36690-1.c -gstabs3 -O3 compilation failed to
produce executable
FAIL: gcc.dg/debug/pr36690-1.c -gstabs+1 (test for excess errors)
UNRESOLVED: gcc.dg/debug/pr36690-1.c -gstabs+1 compilation failed to
produce executable
FAIL: gcc.dg/debug/pr36690-1.c -gstabs+1 -O (test for excess errors)
UNRESOLVED: gcc.dg/debug/pr36690-1.c -gstabs+1 -O compilation failed to
produce executable
FAIL: gcc.dg/debug/pr36690-1.c -gstabs+1 -O3 (test for excess errors)
UNRESOLVED: gcc.dg/debug/pr36690-1.c -gstabs+1 -O3 compilation failed to
produce executable
FAIL: gcc.dg/debug/pr36690-1.c -gstabs+ (test for excess errors)
UNRESOLVED: gcc.dg/debug/pr36690-1.c -gstabs+ compilation failed to
produce executable
FAIL: gcc.dg/debug/pr36690-1.c -gstabs+ -O (test for excess errors)
UNRESOLVED: gcc.dg/debug/pr36690-1.c -gstabs+ -O compilation failed to
produce executable
FAIL: gcc.dg/debug/pr36690-1.c -gstabs+ -O3 (test for excess errors)
UNRESOLVED: gcc.dg/debug/pr36690-1.c -gstabs+ -O3 compilation failed to
produce executable
FAIL: gcc.dg/debug/pr36690-1.c -gstabs+3 (test for excess errors)
UNRESOLVED: gcc.dg/debug/pr36690-1.c -gstabs+3 compilation failed to
produce executable
FAIL: gcc.dg/debug/pr36690-1.c -gstabs+3 -O (test for excess errors)
UNRESOLVED: gcc.dg/debug/pr36690-1.c -gstabs+3 -O compilation failed to
produce executable
FAIL: gcc.dg/debug/pr36690-1.c -gstabs+3 -O3 (test for excess errors)
UNRESOLVED: gcc.dg/debug/pr36690-1.c -gstabs+3 -O3 compilation failed to
produce executable
FAIL: gcc.dg/debug/pr36690-2.c -gstabs1 (test for excess errors)
UNRESOLVED: gcc.dg/debug/pr36690-2.c -gstabs1 compilation failed to
produce executable
FAIL: gcc.dg/debug/pr36690-2.c -gstabs1 -O (test for excess errors)
UNRESOLVED: gcc.dg/debug/pr36690-2.c -gstabs1 -O compilation failed to
produce executable
FAIL: gcc.dg/debug/pr36690-2.c -gstabs1 -O3 (test for excess errors)
UNRESOLVED: gcc.dg/debug/pr36690-2.c -gstabs1 -O3 compilation failed to
produce executable
FAIL: gcc.dg/debug/pr36690-2.c -gstabs (test for excess errors)
UNRESOLVED: gcc.dg/debug/pr36690-2.c -gstabs compilation failed to
produce executable
FAIL: gcc.dg/debug/pr36690-2.c -gstabs -O (test for excess errors)
UNRESOLVED: gcc.dg/debug/pr36690-2.c -gstabs -O compilation failed to
produce executable
FAIL: gcc.dg/debug/pr36690-2.c -gstabs -O3 (test for excess errors)
UNRESOLVED: gcc.dg/debug/pr36690-2.c -gstabs -O3 compilation failed to
produce executable
FAIL: gcc.dg/debug/pr36690-2.c -gstabs3 (test for excess errors)
UNRESOLVED: gcc.dg/debug/pr36690-2.c -gstabs3 compilation failed to
produce executable
FAIL: gcc.dg/debug/pr36690-2.c -gstabs3 -O (test for excess errors)
UNRESOLVED: gcc.dg/debug/pr36690-2.c -gstabs3 -O compilation failed to
produce executable
FAIL: gcc.dg/debug/pr36690-2.c -gstabs3 -O3 (test for excess errors)
UNRESOLVED: gcc.dg/debug/pr36690-2.c -gstabs3 -O3 compilation failed to
produce executable
FAIL: gcc.dg/debug/pr36690-2.c -gstabs+1 (test for excess errors)
UNRESOLVED: gcc.dg/debug/pr36690-2.c -gstabs+1 compilation failed to
produce executable
FAIL: gcc.dg/debug/pr36690-2.c -gstabs+1 -O (test for excess errors)
UNRESOLVED: gcc.dg/debug/pr36690-2.c -gstabs+1 -O compilation failed to
produce executable
FAIL: gcc.dg/debug/pr36690-2.c -gstabs+1 -O3 (test for excess errors)
UNRESOLVED: gcc.dg/debug/pr36690-2.c -gstabs+1 -O3 compilation failed to
produce executable
FAIL: gcc.dg/debug/pr36690-2.c -gstabs+ (test for excess errors)
UNRESOLVED: gcc.dg/debug/pr36690-2.c -gstabs+ compilation failed to
produce executable
FAIL: gcc.dg/debug/pr36690-2.c -gstabs+ -O (test for excess errors)
UNRESOLVED: gcc.dg/debug/pr36690-2.c -gstabs+ -O compilation failed to
produce executable
FAIL: gcc.dg/debug/pr36690-2.c -gstabs+ -O3 (test for excess errors)
UNRESOLVED: gcc.dg/debug/pr36690-2.c -gstabs+ -O3 compilation failed to
produce executable
FAIL: gcc.dg/debug/pr36690-2.c -gstabs+3 (test for excess errors)
UNRESOLVED: gcc.dg/debug/pr36690-2.c -gstabs+3 compilation failed to
produce executable
FAIL: gcc.dg/debug/pr36690-2.c -gstabs+3 -O (test for excess errors)
UNRESOLVED: gcc.dg/debug/pr36690-2.c -gstabs+3 -O compilation failed to
produce executable
FAIL: gcc.dg/debug/pr36690-2.c -gstabs+3 -O3 (test for excess errors)
UNRESOLVED: gcc.dg/debug/pr36690-2.c -gstabs+3 -O3 compilation failed to
produce executable
FAIL: gcc.dg/debug/pr36690-3.c -gstabs1 (test for excess errors)
UNRESOLVED: gcc.dg/debug/pr36690-3.c -gstabs1 compilation failed to
produce executable
FAIL: gcc.dg/debug/pr36690-3.c -gstabs1 -O (test for excess errors)
UNRESOLVED: gcc.dg/debug/pr36690-3.c -gstabs1 -O compilation failed to
produce executable
FAIL: gcc.dg/debug/pr36690-3.c -gstabs1 -O3 (test for excess errors)
UNRESOLVED: gcc.dg/debug/pr36690-3.c -gstabs1 -O3 compilation failed to
produce executable
FAIL: gcc.dg/debug/pr36690-3.c -gstabs (test for excess errors)
UNRESOLVED: gcc.dg/debug/pr36690-3.c -gstabs compilation failed to
produce executable
FAIL: gcc.dg/debug/pr36690-3.c -gstabs -O (test for excess errors)
UNRESOLVED: gcc.dg/debug/pr36690-3.c -gstabs -O compilation failed to
produce executable
FAIL: gcc.dg/debug/pr36690-3.c -gstabs -O3 (test for excess errors)
UNRESOLVED: gcc.dg/debug/pr36690-3.c -gstabs -O3 compilation failed to
produce executable
FAIL: gcc.dg/debug/pr36690-3.c -gstabs3 (test for excess errors)
UNRESOLVED: gcc.dg/debug/pr36690-3.c -gstabs3 compilation failed to
produce executable
FAIL: gcc.dg/debug/pr36690-3.c -gstabs3 -O (test for excess errors)
UNRESOLVED: gcc.dg/debug/pr36690-3.c -gstabs3 -O compilation failed to
produce executable
FAIL: gcc.dg/debug/pr36690-3.c -gstabs3 -O3 (test for excess errors)
UNRESOLVED: gcc.dg/debug/pr36690-3.c -gstabs3 -O3 compilation failed to
produce executable
FAIL: gcc.dg/debug/pr36690-3.c -gstabs+1 (test for excess errors)
UNRESOLVED: gcc.dg/debug/pr36690-3.c -gstabs+1 compilation failed to
produce executable
FAIL: gcc.dg/debug/pr36690-3.c -gstabs+1 -O (test for excess errors)
UNRESOLVED: gcc.dg/debug/pr36690-3.c -gstabs+1 -O compilation failed to
produce executable
FAIL: gcc.dg/debug/pr36690-3.c -gstabs+1 -O3 (test for excess errors)
UNRESOLVED: gcc.dg/debug/pr36690-3.c -gstabs+1 -O3 compilation failed to
produce executable
FAIL: gcc.dg/debug/pr36690-3.c -gstabs+ (test for excess errors)
UNRESOLVED: gcc.dg/debug/pr36690-3.c -gstabs+ compilation failed to
produce executable
FAIL: gcc.dg/debug/pr36690-3.c -gstabs+ -O (test for excess errors)
UNRESOLVED: gcc.dg/debug/pr36690-3.c -gstabs+ -O compilation failed to
produce executable
FAIL: gcc.dg/debug/pr36690-3.c -gstabs+ -O3 (test for excess errors)
UNRESOLVED: gcc.dg/debug/pr36690-3.c -gstabs+ -O3 compilation failed to
produce executable
FAIL: gcc.dg/debug/pr36690-3.c -gstabs+3 (test for excess errors)
UNRESOLVED: gcc.dg/debug/pr36690-3.c -gstabs+3 compilation failed to
produce executable
FAIL: gcc.dg/debug/pr36690-3.c -gstabs+3 -O (test for excess errors)
UNRESOLVED: gcc.dg/debug/pr36690-3.c -gstabs+3 -O compilation failed to
produce executable
FAIL: gcc.dg/debug/pr36690-3.c -gstabs+3 -O3 (test for excess errors)
UNRESOLVED: gcc.dg/debug/pr36690-3.c -gstabs+3 -O3 compilation failed to
produce executable
FAIL: gcc.dg/debug/pr37616.c -gstabs1 (test for excess errors)
UNRESOLVED: gcc.dg/debug/pr37616.c -gstabs1 compilation failed to
produce executable
FAIL: gcc.dg/debug/pr37616.c -gstabs1 -O (test for excess errors)
FAIL: gcc.dg/debug/pr37616.c -gstabs1 -O execution test
FAIL: gcc.dg/debug/pr37616.c -gstabs1 -O3 (test for excess errors)
UNRESOLVED: gcc.dg/debug/pr37616.c -gstabs1 -O3 compilation failed to
produce executable
FAIL: gcc.dg/debug/pr37616.c -gstabs (test for excess errors)
UNRESOLVED: gcc.dg/debug/pr37616.c -gstabs compilation failed to produce
executable
FAIL: gcc.dg/debug/pr37616.c -gstabs -O (test for excess errors)
UNRESOLVED: gcc.dg/debug/pr37616.c -gstabs -O compilation failed to
produce executable
FAIL: gcc.dg/debug/pr37616.c -gstabs -O3 (test for excess errors)
UNRESOLVED: gcc.dg/debug/pr37616.c -gstabs -O3 compilation failed to
produce executable
FAIL: gcc.dg/debug/pr37616.c -gstabs3 (test for excess errors)
UNRESOLVED: gcc.dg/debug/pr37616.c -gstabs3 compilation failed to
produce executable
FAIL: gcc.dg/debug/pr37616.c -gstabs3 -O (test for excess errors)
UNRESOLVED: gcc.dg/debug/pr37616.c -gstabs3 -O compilation failed to
produce executable
FAIL: gcc.dg/debug/pr37616.c -gstabs3 -O3 (test for excess errors)
UNRESOLVED: gcc.dg/debug/pr37616.c -gstabs3 -O3 compilation failed to
produce executable
FAIL: gcc.dg/debug/pr37616.c -gstabs+1 (test for excess errors)
UNRESOLVED: gcc.dg/debug/pr37616.c -gstabs+1 compilation failed to
produce executable
FAIL: gcc.dg/debug/pr37616.c -gstabs+1 -O (test for excess errors)
UNRESOLVED: gcc.dg/debug/pr37616.c -gstabs+1 -O compilation failed to
produce executable
FAIL: gcc.dg/debug/pr37616.c -gstabs+1 -O3 (test for excess errors)
UNRESOLVED: gcc.dg/debug/pr37616.c -gstabs+1 -O3 compilation failed to
produce executable
FAIL: gcc.dg/debug/pr37616.c -gstabs+ (test for excess errors)
UNRESOLVED: gcc.dg/debug/pr37616.c -gstabs+ compilation failed to
produce executable
FAIL: gcc.dg/debug/pr37616.c -gstabs+ -O (test for excess errors)
UNRESOLVED: gcc.dg/debug/pr37616.c -gstabs+ -O compilation failed to
produce executable
FAIL: gcc.dg/debug/pr37616.c -gstabs+ -O3 (test for excess errors)
UNRESOLVED: gcc.dg/debug/pr37616.c -gstabs+ -O3 compilation failed to
produce executable
FAIL: gcc.dg/debug/pr37616.c -gstabs+3 (test for excess errors)
UNRESOLVED: gcc.dg/debug/pr37616.c -gstabs+3 compilation failed to
produce executable
FAIL: gcc.dg/debug/pr37616.c -gstabs+3 -O (test for excess errors)
UNRESOLVED: gcc.dg/debug/pr37616.c -gstabs+3 -O compilation failed to
produce executable
FAIL: gcc.dg/debug/pr37616.c -gstabs+3 -O3 (test for excess errors)
UNRESOLVED: gcc.dg/debug/pr37616.c -gstabs+3 -O3 compilation failed to
produce executable
FAIL: gcc.dg/debug/pr41893-1.c -gstabs1 (test for excess errors)
FAIL: gcc.dg/debug/pr41893-1.c -gstabs1 -O (test for excess errors)
FAIL: gcc.dg/debug/pr41893-1.c -gstabs1 -O3 (test for excess errors)
FAIL: gcc.dg/debug/pr41893-1.c -gstabs (test for excess errors)
FAIL: gcc.dg/debug/pr41893-1.c -gstabs -O (test for excess errors)
FAIL: gcc.dg/debug/pr41893-1.c -gstabs -O3 (test for excess errors)
FAIL: gcc.dg/debug/pr41893-1.c -gstabs3 (test for excess errors)
FAIL: gcc.dg/debug/pr41893-1.c -gstabs3 -O (test for excess errors)
FAIL: gcc.dg/debug/pr41893-1.c -gstabs3 -O3 (test for excess errors)
FAIL: gcc.dg/debug/pr41893-1.c -gstabs+1 (test for excess errors)
FAIL: gcc.dg/debug/pr41893-1.c -gstabs+1 -O (test for excess errors)
FAIL: gcc.dg/debug/pr41893-1.c -gstabs+1 -O3 (test for excess errors)
FAIL: gcc.dg/debug/pr41893-1.c -gstabs+ (test for excess errors)
FAIL: gcc.dg/debug/pr41893-1.c -gstabs+ -O (test for excess errors)
FAIL: gcc.dg/debug/pr41893-1.c -gstabs+ -O3 (test for excess errors)
FAIL: gcc.dg/debug/pr41893-1.c -gstabs+3 (test for excess errors)
FAIL: gcc.dg/debug/pr41893-1.c -gstabs+3 -O (test for excess errors)
FAIL: gcc.dg/debug/pr41893-1.c -gstabs+3 -O3 (test for excess errors)
FAIL: gcc.dg/debug/pr49032.c -gstabs1 (test for excess errors)
FAIL: gcc.dg/debug/pr49032.c -gstabs1 -O (test for excess errors)
FAIL: gcc.dg/debug/pr49032.c -gstabs1 -O3 (test for excess errors)
FAIL: gcc.dg/debug/pr49032.c -gstabs (test for excess errors)
FAIL: gcc.dg/debug/pr49032.c -gstabs -O (test for excess errors)
FAIL: gcc.dg/debug/pr49032.c -gstabs -O3 (test for excess errors)
FAIL: gcc.dg/debug/pr49032.c -gstabs3 (test for excess errors)
FAIL: gcc.dg/debug/pr49032.c -gstabs3 -O (test for excess errors)
FAIL: gcc.dg/debug/pr49032.c -gstabs3 -O3 (test for excess errors)
FAIL: gcc.dg/debug/pr49032.c -gstabs+1 (test for excess errors)
FAIL: gcc.dg/debug/pr49032.c -gstabs+1 -O (test for excess errors)
FAIL: gcc.dg/debug/pr49032.c -gstabs+1 -O3 (test for excess errors)
FAIL: gcc.dg/debug/pr49032.c -gstabs+ (test for excess errors)
FAIL: gcc.dg/debug/pr49032.c -gstabs+ -O (test for excess errors)
FAIL: gcc.dg/debug/pr49032.c -gstabs+ -O3 (test for excess errors)
FAIL: gcc.dg/debug/pr49032.c -gstabs+3 (test for excess errors)
FAIL: gcc.dg/debug/pr49032.c -gstabs+3 -O (test for excess errors)
FAIL: gcc.dg/debug/pr49032.c -gstabs+3 -O3 (test for excess errors)
FAIL: gcc.dg/debug/tls-1.c -gstabs1 (test for excess errors)
FAIL: gcc.dg/debug/tls-1.c -gstabs1 -O (test for excess errors)
FAIL: gcc.dg/debug/tls-1.c -gstabs1 -O3 (test for excess errors)
FAIL: gcc.dg/debug/tls-1.c -gstabs (test for excess errors)
FAIL: gcc.dg/debug/tls-1.c -gstabs -O (test for excess errors)
FAIL: gcc.dg/debug/tls-1.c -gstabs -O3 (test for excess errors)
FAIL: gcc.dg/debug/tls-1.c -gstabs3 (test for excess errors)
FAIL: gcc.dg/debug/tls-1.c -gstabs3 -O (test for excess errors)
FAIL: gcc.dg/debug/tls-1.c -gstabs3 -O3 (test for excess errors)
FAIL: gcc.dg/debug/tls-1.c -gstabs+1 (test for excess errors)
FAIL: gcc.dg/debug/tls-1.c -gstabs+1 -O (test for excess errors)
FAIL: gcc.dg/debug/tls-1.c -gstabs+1 -O3 (test for excess errors)
FAIL: gcc.dg/debug/tls-1.c -gstabs+ (test for excess errors)
FAIL: gcc.dg/debug/tls-1.c -gstabs+ -O (test for excess errors)
FAIL: gcc.dg/debug/tls-1.c -gstabs+ -O3 (test for excess errors)
FAIL: gcc.dg/debug/tls-1.c -gstabs+3 (test for excess errors)
FAIL: gcc.dg/debug/tls-1.c -gstabs+3 -O (test for excess errors)
FAIL: gcc.dg/debug/tls-1.c -gstabs+3 -O3 (test for excess errors)
FAIL: gcc.dg/debug/trivial.c -gstabs1 (test for excess errors)
UNRESOLVED: gcc.dg/debug/trivial.c -gstabs1 compilation failed to
produce executable
FAIL: gcc.dg/debug/trivial.c -gstabs1 -O (test for excess errors)
UNRESOLVED: gcc.dg/debug/trivial.c -gstabs1 -O compilation failed to
produce executable
FAIL: gcc.dg/debug/trivial.c -gstabs1 -O3 (test for excess errors)
UNRESOLVED: gcc.dg/debug/trivial.c -gstabs1 -O3 compilation failed to
produce executable
FAIL: gcc.dg/debug/trivial.c -gstabs (test for excess errors)
UNRESOLVED: gcc.dg/debug/trivial.c -gstabs compilation failed to produce
executable
FAIL: gcc.dg/debug/trivial.c -gstabs -O (test for excess errors)
UNRESOLVED: gcc.dg/debug/trivial.c -gstabs -O compilation failed to
produce executable
FAIL: gcc.dg/debug/trivial.c -gstabs -O3 (test for excess errors)
UNRESOLVED: gcc.dg/debug/trivial.c -gstabs -O3 compilation failed to
produce executable
FAIL: gcc.dg/debug/trivial.c -gstabs3 (test for excess errors)
UNRESOLVED: gcc.dg/debug/trivial.c -gstabs3 compilation failed to
produce executable
FAIL: gcc.dg/debug/trivial.c -gstabs3 -O (test for excess errors)
UNRESOLVED: gcc.dg/debug/trivial.c -gstabs3 -O compilation failed to
produce executable
FAIL: gcc.dg/debug/trivial.c -gstabs3 -O3 (test for excess errors)
UNRESOLVED: gcc.dg/debug/trivial.c -gstabs3 -O3 compilation failed to
produce executable
FAIL: gcc.dg/debug/trivial.c -gstabs+1 (test for excess errors)
UNRESOLVED: gcc.dg/debug/trivial.c -gstabs+1 compilation failed to
produce executable
FAIL: gcc.dg/debug/trivial.c -gstabs+1 -O (test for excess errors)
UNRESOLVED: gcc.dg/debug/trivial.c -gstabs+1 -O compilation failed to
produce executable
FAIL: gcc.dg/debug/trivial.c -gstabs+1 -O3 (test for excess errors)
UNRESOLVED: gcc.dg/debug/trivial.c -gstabs+1 -O3 compilation failed to
produce executable
FAIL: gcc.dg/debug/trivial.c -gstabs+ (test for excess errors)
UNRESOLVED: gcc.dg/debug/trivial.c -gstabs+ compilation failed to
produce executable
FAIL: gcc.dg/debug/trivial.c -gstabs+ -O (test for excess errors)
UNRESOLVED: gcc.dg/debug/trivial.c -gstabs+ -O compilation failed to
produce executable
FAIL: gcc.dg/debug/trivial.c -gstabs+ -O3 (test for excess errors)
UNRESOLVED: gcc.dg/debug/trivial.c -gstabs+ -O3 compilation failed to
produce executable
FAIL: gcc.dg/debug/trivial.c -gstabs+3 (test for excess errors)
UNRESOLVED: gcc.dg/debug/trivial.c -gstabs+3 compilation failed to
produce executable
FAIL: gcc.dg/debug/trivial.c -gstabs+3 -O (test for excess errors)
UNRESOLVED: gcc.dg/debug/trivial.c -gstabs+3 -O compilation failed to
produce executable
FAIL: gcc.dg/debug/trivial.c -gstabs+3 -O3 (test for excess errors)
UNRESOLVED: gcc.dg/debug/trivial.c -gstabs+3 -O3 compilation failed to
produce executable
FAIL: gcc.dg/anon-struct-1.c (test for warnings, line 9)
FAIL: gcc.dg/anon-struct-1.c (test for warnings, line 16)
FAIL: gcc.dg/anon-struct-1.c (test for warnings, line 32)
FAIL: gcc.dg/anon-struct-1.c (test for excess errors)
FAIL: gcc.dg/anon-struct-11.c (test for warnings, line 18)
FAIL: gcc.dg/anon-struct-11.c (test for errors, line 37)
FAIL: gcc.dg/anon-struct-11.c (test for warnings, line 50)
FAIL: gcc.dg/anon-struct-11.c (test for warnings, line 53)
FAIL: gcc.dg/anon-struct-11.c (test for errors, line 88)
FAIL: gcc.dg/anon-struct-11.c (test for errors, line 90)
FAIL: gcc.dg/anon-struct-2.c (test for warnings, line 9)
FAIL: gcc.dg/anon-struct-2.c (test for warnings, line 16)
FAIL: gcc.dg/anon-struct-2.c (test for warnings, line 32)
FAIL: gcc.dg/anon-struct-2.c (test for excess errors)
FAIL: gcc.dg/attr-weakref-1.c (test for excess errors)
UNRESOLVED: gcc.dg/attr-weakref-1.c compilation failed to produce executable
FAIL: gcc.dg/c11-anon-struct-2.c (test for errors, line 14)
FAIL: gcc.dg/c11-anon-struct-2.c (test for errors, line 20)
FAIL: gcc.dg/c11-anon-struct-2.c (test for errors, line 41)
FAIL: gcc.dg/c11-anon-struct-3.c (test for errors, line 19)
FAIL: gcc.dg/c11-anon-struct-3.c (test for errors, line 29)
FAIL: gcc.dg/c99-predef-1.c (test for excess errors)
XPASS: gcc.dg/dll-10.c (test for excess errors)
XPASS: gcc.dg/dll-9.c (test for excess errors)
FAIL: gcc.dg/fstack-protector-strong.c scan-assembler-times
stack_chk_fail 12
FAIL: gcc.dg/ira-shrinkwrap-prep-1.c scan-rtl-dump pro_and_epilogue
"Performing shrink-wrapping"
FAIL: gcc.dg/ira-shrinkwrap-prep-2.c scan-rtl-dump pro_and_epilogue
"Performing shrink-wrapping"
FAIL: gcc.dg/pr10474.c scan-rtl-dump pro_and_epilogue "Performing
shrink-wrapping"
FAIL: gcc.dg/pr24683.c (internal compiler error)
FAIL: gcc.dg/pr24683.c (test for excess errors)
FAIL: gcc.dg/pr44194-1.c scan-rtl-dump dse1 "global deletions = (2|3)"
FAIL: gcc.dg/pr50251.c (test for excess errors)
FAIL: gcc.dg/shrink-wrap-loop.c scan-rtl-dump pro_and_epilogue
"Performing shrink-wrapping"
FAIL: gcc.dg/stack-usage-1.c scan-file foo\\t(256|264)\\tstatic
FAIL: gcc.dg/trampoline-1.c execution test
ERROR: tcl error sourcing
/cygdrive/c/users/tim/tim/tim/src/gnu/gcc1/gcc/testsuite/gcc.dg/format/format.exp.
ERROR: torture-init: torture_without_loops is not empty as expected
WARNING: program timed out.
XPASS: gcc.dg/guality/example.c -O1 execution test
XPASS: gcc.dg/guality/example.c -O2 execution test
XPASS: gcc.dg/guality/example.c -O3 -fomit-frame-pointer execution test
XPASS: gcc.dg/guality/example.c -O3 -fomit-frame-pointer
-funroll-loops execution test
XPASS: gcc.dg/guality/example.c -O3 -fomit-frame-pointer
-funroll-all-loops -finline-functions execution test
XPASS: gcc.dg/guality/example.c -O3 -g execution test
XPASS: gcc.dg/guality/example.c -Os execution test
XPASS: gcc.dg/guality/example.c -Og -g execution test
XPASS: gcc.dg/guality/example.c -O2 -flto -fno-use-linker-plugin
-flto-partition=none execution test
XPASS: gcc.dg/guality/example.c -O2 -flto -fuse-linker-plugin
-fno-fat-lto-objects execution test
XPASS: gcc.dg/guality/guality.c -O0 execution test
XPASS: gcc.dg/guality/guality.c -O1 execution test
XPASS: gcc.dg/guality/guality.c -O2 execution test
XPASS: gcc.dg/guality/guality.c -O3 -fomit-frame-pointer execution test
XPASS: gcc.dg/guality/guality.c -O3 -g execution test
XPASS: gcc.dg/guality/guality.c -Os execution test
XPASS: gcc.dg/guality/guality.c -Og -g execution test
XPASS: gcc.dg/guality/guality.c -O2 -flto -fno-use-linker-plugin
-flto-partition=none execution test
XPASS: gcc.dg/guality/guality.c -O2 -flto -fuse-linker-plugin
-fno-fat-lto-objects execution test
XPASS: gcc.dg/guality/inline-params.c -O2 execution test
XPASS: gcc.dg/guality/inline-params.c -O3 -fomit-frame-pointer
execution test
XPASS: gcc.dg/guality/inline-params.c -O3 -g execution test
XPASS: gcc.dg/guality/inline-params.c -Os execution test
XPASS: gcc.dg/guality/inline-params.c -O2 -flto -fno-use-linker-plugin
-flto-partition=none execution test
XPASS: gcc.dg/guality/inline-params.c -O2 -flto -fuse-linker-plugin
-fno-fat-lto-objects execution test
FAIL: gcc.dg/guality/pr36728-1.c -O1 line 16 arg2 == 2
FAIL: gcc.dg/guality/pr36728-1.c -O1 line 18 arg2 == 2
FAIL: gcc.dg/guality/pr36728-1.c -O2 line 16 arg2 == 2
FAIL: gcc.dg/guality/pr36728-1.c -O2 line 18 arg2 == 2
FAIL: gcc.dg/guality/pr36728-1.c -O3 -fomit-frame-pointer line 16 arg2
== 2
FAIL: gcc.dg/guality/pr36728-1.c -O3 -fomit-frame-pointer line 18 arg2
== 2
FAIL: gcc.dg/guality/pr36728-1.c -O3 -g line 16 arg2 == 2
FAIL: gcc.dg/guality/pr36728-1.c -O3 -g line 18 arg2 == 2
FAIL: gcc.dg/guality/pr36728-1.c -Os line 16 arg2 == 2
FAIL: gcc.dg/guality/pr36728-1.c -Os line 18 arg2 == 2
FAIL: gcc.dg/guality/pr36728-1.c -Og -g line 16 arg2 == 2
FAIL: gcc.dg/guality/pr36728-1.c -Og -g line 18 arg2 == 2
FAIL: gcc.dg/guality/pr36728-1.c -O2 -flto -fno-use-linker-plugin
-flto-partition=none line 16 arg2 == 2
FAIL: gcc.dg/guality/pr36728-1.c -O2 -flto -fno-use-linker-plugin
-flto-partition=none line 18 arg2 == 2
FAIL: gcc.dg/guality/pr36728-1.c -O2 -flto -fuse-linker-plugin
-fno-fat-lto-objects line 16 arg2 == 2
FAIL: gcc.dg/guality/pr36728-1.c -O2 -flto -fuse-linker-plugin
-fno-fat-lto-objects line 18 arg2 == 2
FAIL: gcc.dg/guality/pr36728-3.c -O1 line 14 arg2 == 2
FAIL: gcc.dg/guality/pr36728-3.c -O1 line 16 arg2 == 2
FAIL: gcc.dg/guality/pr36728-3.c -O2 line 14 arg2 == 2
FAIL: gcc.dg/guality/pr36728-3.c -O2 line 16 arg2 == 2
FAIL: gcc.dg/guality/pr36728-3.c -O3 -fomit-frame-pointer line 14 arg2
== 2
FAIL: gcc.dg/guality/pr36728-3.c -O3 -fomit-frame-pointer line 16 arg2
== 2
FAIL: gcc.dg/guality/pr36728-3.c -O3 -g line 14 arg2 == 2
FAIL: gcc.dg/guality/pr36728-3.c -O3 -g line 16 arg2 == 2
FAIL: gcc.dg/guality/pr36728-3.c -Os line 14 arg2 == 2
FAIL: gcc.dg/guality/pr36728-3.c -Os line 16 arg2 == 2
FAIL: gcc.dg/guality/pr36728-3.c -Og -g line 14 arg2 == 2
FAIL: gcc.dg/guality/pr36728-3.c -Og -g line 16 arg2 == 2
FAIL: gcc.dg/guality/pr36728-3.c -O2 -flto -fno-use-linker-plugin
-flto-partition=none line 14 arg2 == 2
FAIL: gcc.dg/guality/pr36728-3.c -O2 -flto -fno-use-linker-plugin
-flto-partition=none line 16 arg2 == 2
FAIL: gcc.dg/guality/pr36728-3.c -O2 -flto -fuse-linker-plugin
-fno-fat-lto-objects line 14 arg2 == 2
FAIL: gcc.dg/guality/pr36728-3.c -O2 -flto -fuse-linker-plugin
-fno-fat-lto-objects line 16 arg2 == 2
XPASS: gcc.dg/guality/pr41353-1.c -O0 line 28 j == 28 + 37
XPASS: gcc.dg/guality/pr41353-1.c -Og -g line 28 j == 28 + 37
XPASS: gcc.dg/guality/pr41447-1.c -O0 execution test
XPASS: gcc.dg/guality/pr41447-1.c -O1 execution test
XPASS: gcc.dg/guality/pr41447-1.c -O2 execution test
XPASS: gcc.dg/guality/pr41447-1.c -O3 -fomit-frame-pointer execution test
XPASS: gcc.dg/guality/pr41447-1.c -O3 -g execution test
XPASS: gcc.dg/guality/pr41447-1.c -Os execution test
XPASS: gcc.dg/guality/pr41447-1.c -Og -g execution test
XPASS: gcc.dg/guality/pr41447-1.c -O2 -flto -fno-use-linker-plugin
-flto-partition=none execution test
XPASS: gcc.dg/guality/pr41447-1.c -O2 -flto -fuse-linker-plugin
-fno-fat-lto-objects execution test
XPASS: gcc.dg/guality/pr41616-1.c -O0 execution test
XPASS: gcc.dg/guality/pr41616-1.c -O1 execution test
XPASS: gcc.dg/guality/pr41616-1.c -O2 execution test
XPASS: gcc.dg/guality/pr41616-1.c -O3 -fomit-frame-pointer execution test
XPASS: gcc.dg/guality/pr41616-1.c -O3 -g execution test
XPASS: gcc.dg/guality/pr41616-1.c -Os execution test
XPASS: gcc.dg/guality/pr41616-1.c -Og -g execution test
XPASS: gcc.dg/guality/pr41616-1.c -O2 -flto -fno-use-linker-plugin
-flto-partition=none execution test
XPASS: gcc.dg/guality/pr41616-1.c -O2 -flto -fuse-linker-plugin
-fno-fat-lto-objects execution test
FAIL: gcc.dg/guality/pr43051-1.c -O2 line 35 v == 1
FAIL: gcc.dg/guality/pr43051-1.c -O2 line 36 e == &a[1]
FAIL: gcc.dg/guality/pr43051-1.c -O2 line 39 c == &a[0]
FAIL: gcc.dg/guality/pr43051-1.c -O2 line 40 v == 1
FAIL: gcc.dg/guality/pr43051-1.c -O2 line 41 e == &a[1]
FAIL: gcc.dg/guality/pr43051-1.c -O3 -fomit-frame-pointer line 35 v == 1
FAIL: gcc.dg/guality/pr43051-1.c -O3 -fomit-frame-pointer line 36 e ==
&a[1]
FAIL: gcc.dg/guality/pr43051-1.c -O3 -fomit-frame-pointer line 39 c ==
&a[0]
FAIL: gcc.dg/guality/pr43051-1.c -O3 -fomit-frame-pointer line 40 v == 1
FAIL: gcc.dg/guality/pr43051-1.c -O3 -fomit-frame-pointer line 41 e ==
&a[1]
FAIL: gcc.dg/guality/pr43051-1.c -O3 -fomit-frame-pointer
-funroll-loops line 35 v == 1
FAIL: gcc.dg/guality/pr43051-1.c -O3 -fomit-frame-pointer
-funroll-loops line 36 e == &a[1]
FAIL: gcc.dg/guality/pr43051-1.c -O3 -fomit-frame-pointer
-funroll-loops line 39 c == &a[0]
FAIL: gcc.dg/guality/pr43051-1.c -O3 -fomit-frame-pointer
-funroll-loops line 40 v == 1
FAIL: gcc.dg/guality/pr43051-1.c -O3 -fomit-frame-pointer
-funroll-loops line 41 e == &a[1]
FAIL: gcc.dg/guality/pr43051-1.c -O3 -fomit-frame-pointer
-funroll-all-loops -finline-functions line 35 v == 1
FAIL: gcc.dg/guality/pr43051-1.c -O3 -fomit-frame-pointer
-funroll-all-loops -finline-functions line 36 e == &a[1]
FAIL: gcc.dg/guality/pr43051-1.c -O3 -fomit-frame-pointer
-funroll-all-loops -finline-functions line 39 c == &a[0]
FAIL: gcc.dg/guality/pr43051-1.c -O3 -fomit-frame-pointer
-funroll-all-loops -finline-functions line 40 v == 1
FAIL: gcc.dg/guality/pr43051-1.c -O3 -fomit-frame-pointer
-funroll-all-loops -finline-functions line 41 e == &a[1]
FAIL: gcc.dg/guality/pr43051-1.c -O3 -g line 35 v == 1
FAIL: gcc.dg/guality/pr43051-1.c -O3 -g line 36 e == &a[1]
FAIL: gcc.dg/guality/pr43051-1.c -O3 -g line 39 c == &a[0]
FAIL: gcc.dg/guality/pr43051-1.c -O3 -g line 40 v == 1
FAIL: gcc.dg/guality/pr43051-1.c -O3 -g line 41 e == &a[1]
FAIL: gcc.dg/guality/pr43051-1.c -Os line 35 v == 1
FAIL: gcc.dg/guality/pr43051-1.c -Os line 36 e == &a[1]
FAIL: gcc.dg/guality/pr43051-1.c -Os line 39 c == &a[0]
FAIL: gcc.dg/guality/pr43051-1.c -Os line 40 v == 1
FAIL: gcc.dg/guality/pr43051-1.c -Os line 41 e == &a[1]
FAIL: gcc.dg/guality/pr43051-1.c -O2 -flto -fno-use-linker-plugin
-flto-partition=none line 35 v == 1
FAIL: gcc.dg/guality/pr43051-1.c -O2 -flto -fno-use-linker-plugin
-flto-partition=none line 36 e == &a[1]
FAIL: gcc.dg/guality/pr43051-1.c -O2 -flto -fno-use-linker-plugin
-flto-partition=none line 39 c == &a[0]
FAIL: gcc.dg/guality/pr43051-1.c -O2 -flto -fno-use-linker-plugin
-flto-partition=none line 40 v == 1
FAIL: gcc.dg/guality/pr43051-1.c -O2 -flto -fno-use-linker-plugin
-flto-partition=none line 41 e == &a[1]
FAIL: gcc.dg/guality/pr43051-1.c -O2 -flto -fuse-linker-plugin
-fno-fat-lto-objects line 35 v == 1
FAIL: gcc.dg/guality/pr43051-1.c -O2 -flto -fuse-linker-plugin
-fno-fat-lto-objects line 36 e == &a[1]
FAIL: gcc.dg/guality/pr43051-1.c -O2 -flto -fuse-linker-plugin
-fno-fat-lto-objects line 39 c == &a[0]
FAIL: gcc.dg/guality/pr43051-1.c -O2 -flto -fuse-linker-plugin
-fno-fat-lto-objects line 40 v == 1
FAIL: gcc.dg/guality/pr43051-1.c -O2 -flto -fuse-linker-plugin
-fno-fat-lto-objects line 41 e == &a[1]
FAIL: gcc.dg/guality/pr43177.c -O2 line 15 l == 10
FAIL: gcc.dg/guality/pr43177.c -O2 line 15 x == 7
FAIL: gcc.dg/guality/pr43177.c -O2 line 24 l == 10
FAIL: gcc.dg/guality/pr43177.c -O2 line 24 x == 7
FAIL: gcc.dg/guality/pr43177.c -O3 -fomit-frame-pointer line 15 l == 10
FAIL: gcc.dg/guality/pr43177.c -O3 -fomit-frame-pointer line 15 x == 7
FAIL: gcc.dg/guality/pr43177.c -O3 -fomit-frame-pointer line 24 l == 10
FAIL: gcc.dg/guality/pr43177.c -O3 -fomit-frame-pointer line 24 x == 7
FAIL: gcc.dg/guality/pr43177.c -O3 -g line 15 l == 10
FAIL: gcc.dg/guality/pr43177.c -O3 -g line 15 x == 7
FAIL: gcc.dg/guality/pr43177.c -O3 -g line 24 l == 10
FAIL: gcc.dg/guality/pr43177.c -O3 -g line 24 x == 7
FAIL: gcc.dg/guality/pr43177.c -Os line 15 l == 10
FAIL: gcc.dg/guality/pr43177.c -Os line 15 x == 7
FAIL: gcc.dg/guality/pr43177.c -Os line 24 l == 10
FAIL: gcc.dg/guality/pr43177.c -Os line 24 x == 7
FAIL: gcc.dg/guality/pr43177.c -O2 -flto -fno-use-linker-plugin
-flto-partition=none line 15 l == 10
FAIL: gcc.dg/guality/pr43177.c -O2 -flto -fno-use-linker-plugin
-flto-partition=none line 15 x == 7
FAIL: gcc.dg/guality/pr43177.c -O2 -flto -fno-use-linker-plugin
-flto-partition=none line 24 l == 10
FAIL: gcc.dg/guality/pr43177.c -O2 -flto -fno-use-linker-plugin
-flto-partition=none line 24 x == 7
FAIL: gcc.dg/guality/pr43177.c -O2 -flto -fuse-linker-plugin
-fno-fat-lto-objects line 15 l == 10
FAIL: gcc.dg/guality/pr43177.c -O2 -flto -fuse-linker-plugin
-fno-fat-lto-objects line 15 x == 7
FAIL: gcc.dg/guality/pr43177.c -O2 -flto -fuse-linker-plugin
-fno-fat-lto-objects line 24 l == 10
FAIL: gcc.dg/guality/pr43177.c -O2 -flto -fuse-linker-plugin
-fno-fat-lto-objects line 24 x == 7
FAIL: gcc.dg/guality/pr45003-2.c -O2 -flto -fuse-linker-plugin
-fno-fat-lto-objects line 10 a == 0x8078
FAIL: gcc.dg/guality/pr45882.c -O2 -flto -fuse-linker-plugin
-fno-fat-lto-objects line 16 d == 112
FAIL: gcc.dg/guality/pr45882.c -O2 -flto -fuse-linker-plugin
-fno-fat-lto-objects line 16 e == 142
FAIL: gcc.dg/guality/pr48437.c -O2 -flto -fno-use-linker-plugin
-flto-partition=none line 14 i == 0
FAIL: gcc.dg/guality/pr48437.c -O2 -flto -fuse-linker-plugin
-fno-fat-lto-objects line 14 i == 0
FAIL: gcc.dg/guality/pr54200.c -Os line 20 z == 3
FAIL: gcc.dg/guality/pr54200.c -Og -g line 20 z == 3
FAIL: gcc.dg/guality/pr54519-1.c -O2 -flto -fno-use-linker-plugin
-flto-partition=none line 20 y == 25
FAIL: gcc.dg/guality/pr54519-1.c -O2 -flto -fno-use-linker-plugin
-flto-partition=none line 20 z == 6
FAIL: gcc.dg/guality/pr54519-1.c -O2 -flto -fno-use-linker-plugin
-flto-partition=none line 23 y == 117
FAIL: gcc.dg/guality/pr54519-1.c -O2 -flto -fno-use-linker-plugin
-flto-partition=none line 23 z == 8
FAIL: gcc.dg/guality/pr54519-2.c -O2 -flto -fno-use-linker-plugin
-flto-partition=none line 17 y == 25
FAIL: gcc.dg/guality/pr54519-2.c -O2 -flto -fuse-linker-plugin
-fno-fat-lto-objects line 17 y == 25
FAIL: gcc.dg/guality/pr54519-3.c -O2 -flto -fno-use-linker-plugin
-flto-partition=none line 20 y == 25
FAIL: gcc.dg/guality/pr54519-3.c -O2 -flto -fno-use-linker-plugin
-flto-partition=none line 20 z == 6
FAIL: gcc.dg/guality/pr54519-3.c -O2 -flto -fno-use-linker-plugin
-flto-partition=none line 23 y == 117
FAIL: gcc.dg/guality/pr54519-3.c -O2 -flto -fno-use-linker-plugin
-flto-partition=none line 23 z == 8
FAIL: gcc.dg/guality/pr54519-3.c -O2 -flto -fuse-linker-plugin
-fno-fat-lto-objects line 20 x == 36
FAIL: gcc.dg/guality/pr54519-3.c -O2 -flto -fuse-linker-plugin
-fno-fat-lto-objects line 20 y == 25
FAIL: gcc.dg/guality/pr54519-3.c -O2 -flto -fuse-linker-plugin
-fno-fat-lto-objects line 20 z == 6
FAIL: gcc.dg/guality/pr54519-3.c -O2 -flto -fuse-linker-plugin
-fno-fat-lto-objects line 23 x == 98
FAIL: gcc.dg/guality/pr54519-3.c -O2 -flto -fuse-linker-plugin
-fno-fat-lto-objects line 23 y == 117
FAIL: gcc.dg/guality/pr54519-3.c -O2 -flto -fuse-linker-plugin
-fno-fat-lto-objects line 23 z == 8
FAIL: gcc.dg/guality/pr54519-4.c -O2 -flto -fno-use-linker-plugin
-flto-partition=none line 17 y == 25
FAIL: gcc.dg/guality/pr54519-4.c -O2 -flto -fuse-linker-plugin
-fno-fat-lto-objects line 17 x == 6
FAIL: gcc.dg/guality/pr54519-4.c -O2 -flto -fuse-linker-plugin
-fno-fat-lto-objects line 17 y == 25
FAIL: gcc.dg/guality/pr54519-5.c -O2 -flto -fno-use-linker-plugin
-flto-partition=none line 17 y == 25
FAIL: gcc.dg/guality/pr54519-5.c -O2 -flto -fuse-linker-plugin
-fno-fat-lto-objects line 17 y == 25
FAIL: gcc.dg/guality/pr54693-2.c -Os line 21 x == 10 - i
FAIL: gcc.dg/guality/pr54693-2.c -Os line 21 y == 20 - 2 * i
FAIL: gcc.dg/guality/pr54693-2.c -O2 -flto -fuse-linker-plugin
-fno-fat-lto-objects line 21 i == v + 1
FAIL: gcc.dg/guality/pr54970.c -Og -g line 15 *p == 3
FAIL: gcc.dg/guality/pr54970.c -Og -g line 15 *q == 2
FAIL: gcc.dg/guality/pr54970.c -Og -g line 20 *p == 13
FAIL: gcc.dg/guality/pr54970.c -Og -g line 20 *q == 2
FAIL: gcc.dg/guality/pr54970.c -Og -g line 25 *p == 13
FAIL: gcc.dg/guality/pr54970.c -Og -g line 25 *q == 12
FAIL: gcc.dg/guality/pr54970.c -Og -g line 31 *p == 6
FAIL: gcc.dg/guality/pr54970.c -Og -g line 31 *q == 5
FAIL: gcc.dg/guality/pr54970.c -Og -g line 36 *p == 26
FAIL: gcc.dg/guality/pr54970.c -Og -g line 36 *q == 5
FAIL: gcc.dg/guality/pr54970.c -Og -g line 45 *p == 26
FAIL: gcc.dg/guality/pr54970.c -Og -g line 45 p[-1] == 25
FAIL: gcc.dg/guality/pr54970.c -Og -g line 45 p[-2] == 4
FAIL: gcc.dg/guality/pr54970.c -Og -g line 45 q[-1] == 4
FAIL: gcc.dg/guality/pr54970.c -Og -g line 45 q[1] == 26
FAIL: gcc.dg/guality/pr54970.c -Og -g line 45 *q == 25
FAIL: gcc.dg/guality/pr56154-1.c -O1 line pr56154-1.c:17 x.a == 4
FAIL: gcc.dg/guality/pr56154-1.c -O1 line pr56154-1.c:20 x.a == 6
FAIL: gcc.dg/guality/pr56154-1.c -O2 line pr56154-1.c:17 x.a == 4
FAIL: gcc.dg/guality/pr56154-1.c -O2 line pr56154-1.c:20 x.a == 6
FAIL: gcc.dg/guality/pr56154-1.c -O3 -fomit-frame-pointer line
pr56154-1.c:17 x.a == 4
FAIL: gcc.dg/guality/pr56154-1.c -O3 -fomit-frame-pointer line
pr56154-1.c:20 x.a == 6
FAIL: gcc.dg/guality/pr56154-1.c -O3 -g line pr56154-1.c:17 x.a == 4
FAIL: gcc.dg/guality/pr56154-1.c -O3 -g line pr56154-1.c:20 x.a == 6
FAIL: gcc.dg/guality/pr56154-1.c -Os line pr56154-1.c:17 x.a == 4
FAIL: gcc.dg/guality/pr56154-1.c -Os line pr56154-1.c:20 x.a == 6
FAIL: gcc.dg/guality/pr56154-1.c -Og -g line pr56154-1.c:20 x.a == 6
FAIL: gcc.dg/guality/pr56154-2.c -O1 line pr56154-2.c:30 x == 28
FAIL: gcc.dg/guality/pr56154-2.c -O2 line pr56154-2.c:30 x == 28
FAIL: gcc.dg/guality/pr56154-2.c -O3 -fomit-frame-pointer line
pr56154-2.c:30 x == 28
FAIL: gcc.dg/guality/pr56154-2.c -O3 -g line pr56154-2.c:30 x == 28
FAIL: gcc.dg/guality/pr56154-2.c -Os line pr56154-2.c:30 x == 28
FAIL: gcc.dg/guality/pr56154-2.c -Og -g line pr56154-2.c:30 x == 28
FAIL: gcc.dg/guality/pr56154-3.c -O1 line pr56154-3.c:22 x == 28
FAIL: gcc.dg/guality/pr56154-3.c -O2 line pr56154-3.c:22 x == 28
FAIL: gcc.dg/guality/pr56154-3.c -O3 -fomit-frame-pointer line
pr56154-3.c:22 x == 28
FAIL: gcc.dg/guality/pr56154-3.c -O3 -g line pr56154-3.c:22 x == 28
FAIL: gcc.dg/guality/pr56154-3.c -Os line pr56154-3.c:22 x == 28
FAIL: gcc.dg/guality/pr56154-3.c -Og -g line pr56154-3.c:22 x == 28
FAIL: gcc.dg/guality/pr58791-5.c -Og -g line pr58791-5.c:20 b4 == 4681
FAIL: gcc.dg/guality/pr58791-5.c -Og -g line pr58791-5.c:20 b3 == 585
FAIL: gcc.dg/guality/pr58791-5.c -Og -g line pr58791-5.c:20 b2 == 73
FAIL: gcc.dg/guality/pr58791-5.c -Og -g line pr58791-5.c:20 b1 == 9
FAIL: gcc.dg/guality/pr59776.c -Og -g line pr59776.c:17 s1.f == 5.0
FAIL: gcc.dg/guality/pr59776.c -Og -g line pr59776.c:17 s1.g == 6.0
FAIL: gcc.dg/guality/pr59776.c -Og -g line pr59776.c:17 s2.f == 0.0
FAIL: gcc.dg/guality/pr59776.c -Og -g line pr59776.c:17 s2.g == 6.0
FAIL: gcc.dg/guality/pr59776.c -Og -g line pr59776.c:20 s1.f == 5.0
FAIL: gcc.dg/guality/pr59776.c -Og -g line pr59776.c:20 s1.g == 6.0
FAIL: gcc.dg/guality/pr59776.c -Og -g line pr59776.c:20 s2.f == 5.0
FAIL: gcc.dg/guality/pr59776.c -Og -g line pr59776.c:20 s2.g == 6.0
FAIL: gcc.dg/guality/sra-1.c -O2 line 21 a.i == 4
FAIL: gcc.dg/guality/sra-1.c -O2 line 21 a.j == 14
FAIL: gcc.dg/guality/sra-1.c -O2 line 43 a.i == 4
FAIL: gcc.dg/guality/sra-1.c -O2 line 43 a.j == 14
FAIL: gcc.dg/guality/sra-1.c -O3 -fomit-frame-pointer line 21 a.i == 4
FAIL: gcc.dg/guality/sra-1.c -O3 -fomit-frame-pointer line 21 a.j == 14
FAIL: gcc.dg/guality/sra-1.c -O3 -fomit-frame-pointer line 43 a.i == 4
FAIL: gcc.dg/guality/sra-1.c -O3 -fomit-frame-pointer line 43 a.j == 14
FAIL: gcc.dg/guality/sra-1.c -O3 -g line 21 a.i == 4
FAIL: gcc.dg/guality/sra-1.c -O3 -g line 21 a.j == 14
FAIL: gcc.dg/guality/sra-1.c -O3 -g line 43 a.i == 4
FAIL: gcc.dg/guality/sra-1.c -O3 -g line 43 a.j == 14
FAIL: gcc.dg/guality/sra-1.c -Os line 21 a.i == 4
FAIL: gcc.dg/guality/sra-1.c -Os line 21 a.j == 14
FAIL: gcc.dg/guality/sra-1.c -Os line 43 a.i == 4
FAIL: gcc.dg/guality/sra-1.c -Os line 43 a.j == 14
FAIL: gcc.dg/guality/sra-1.c -Og -g line 21 a.i == 4
FAIL: gcc.dg/guality/sra-1.c -Og -g line 21 a.j == 14
FAIL: gcc.dg/guality/sra-1.c -Og -g line 43 a.i == 4
FAIL: gcc.dg/guality/sra-1.c -Og -g line 43 a.j == 14
FAIL: gcc.dg/guality/sra-1.c -O2 -flto -fno-use-linker-plugin
-flto-partition=none line 21 a.i == 4
FAIL: gcc.dg/guality/sra-1.c -O2 -flto -fno-use-linker-plugin
-flto-partition=none line 21 a.j == 14
FAIL: gcc.dg/guality/sra-1.c -O2 -flto -fno-use-linker-plugin
-flto-partition=none line 43 a.i == 4
FAIL: gcc.dg/guality/sra-1.c -O2 -flto -fno-use-linker-plugin
-flto-partition=none line 43 a.j == 14
FAIL: gcc.dg/guality/sra-1.c -O2 -flto -fuse-linker-plugin
-fno-fat-lto-objects line 21 a.i == 4
FAIL: gcc.dg/guality/sra-1.c -O2 -flto -fuse-linker-plugin
-fno-fat-lto-objects line 21 a.j == 14
FAIL: gcc.dg/guality/sra-1.c -O2 -flto -fuse-linker-plugin
-fno-fat-lto-objects line 43 a.i == 4
FAIL: gcc.dg/guality/sra-1.c -O2 -flto -fuse-linker-plugin
-fno-fat-lto-objects line 43 a.j == 14
FAIL: gcc.dg/guality/vla-1.c -O0 line 17 sizeof (a) == 6
FAIL: gcc.dg/guality/vla-1.c -O0 line 24 sizeof (a) == 17 * sizeof (short)
FAIL: gcc.dg/guality/vla-1.c -O1 line 17 sizeof (a) == 6
FAIL: gcc.dg/guality/vla-1.c -O1 line 24 sizeof (a) == 17 * sizeof (short)
FAIL: gcc.dg/guality/vla-1.c -O2 line 17 sizeof (a) == 6
FAIL: gcc.dg/guality/vla-1.c -O2 line 24 sizeof (a) == 17 * sizeof (short)
FAIL: gcc.dg/guality/vla-1.c -O3 -fomit-frame-pointer line 17 sizeof
(a) == 6
FAIL: gcc.dg/guality/vla-1.c -O3 -fomit-frame-pointer line 24 sizeof
(a) == 17 * sizeof (short)
FAIL: gcc.dg/guality/vla-1.c -O3 -g line 17 sizeof (a) == 6
FAIL: gcc.dg/guality/vla-1.c -O3 -g line 24 sizeof (a) == 17 * sizeof
(short)
FAIL: gcc.dg/guality/vla-1.c -Os line 17 sizeof (a) == 6
FAIL: gcc.dg/guality/vla-1.c -Os line 24 sizeof (a) == 17 * sizeof (short)
FAIL: gcc.dg/guality/vla-1.c -Og -g line 17 sizeof (a) == 6
FAIL: gcc.dg/guality/vla-1.c -Og -g line 24 sizeof (a) == 17 * sizeof
(short)
FAIL: gcc.dg/guality/vla-1.c -O2 -flto -fno-use-linker-plugin
-flto-partition=none line 17 sizeof (a) == 6
FAIL: gcc.dg/guality/vla-1.c -O2 -flto -fno-use-linker-plugin
-flto-partition=none line 24 sizeof (a) == 17 * sizeof (short)
FAIL: gcc.dg/guality/vla-1.c -O2 -flto -fuse-linker-plugin
-fno-fat-lto-objects line 17 sizeof (a) == 6
FAIL: gcc.dg/guality/vla-1.c -O2 -flto -fuse-linker-plugin
-fno-fat-lto-objects line 24 sizeof (a) == 17 * sizeof (short)
FAIL: gcc.dg/guality/vla-2.c -O0 line 16 sizeof (a) == 5 * sizeof (int)
FAIL: gcc.dg/guality/vla-2.c -O0 line 25 sizeof (a) == 6 * sizeof (int)
FAIL: gcc.dg/guality/vla-2.c -O1 line 16 sizeof (a) == 5 * sizeof (int)
FAIL: gcc.dg/guality/vla-2.c -O1 line 25 sizeof (a) == 6 * sizeof (int)
FAIL: gcc.dg/guality/vla-2.c -O2 line 16 sizeof (a) == 5 * sizeof (int)
FAIL: gcc.dg/guality/vla-2.c -O2 line 25 sizeof (a) == 6 * sizeof (int)
FAIL: gcc.dg/guality/vla-2.c -O3 -fomit-frame-pointer line 16 sizeof
(a) == 5 * sizeof (int)
FAIL: gcc.dg/guality/vla-2.c -O3 -fomit-frame-pointer line 25 sizeof
(a) == 6 * sizeof (int)
FAIL: gcc.dg/guality/vla-2.c -O3 -g line 16 sizeof (a) == 5 * sizeof (int)
FAIL: gcc.dg/guality/vla-2.c -O3 -g line 25 sizeof (a) == 6 * sizeof (int)
FAIL: gcc.dg/guality/vla-2.c -Os line 16 sizeof (a) == 5 * sizeof (int)
FAIL: gcc.dg/guality/vla-2.c -Os line 25 sizeof (a) == 6 * sizeof (int)
FAIL: gcc.dg/guality/vla-2.c -Og -g line 16 sizeof (a) == 5 * sizeof (int)
FAIL: gcc.dg/guality/vla-2.c -Og -g line 25 sizeof (a) == 6 * sizeof (int)
FAIL: gcc.dg/guality/vla-2.c -O2 -flto -fno-use-linker-plugin
-flto-partition=none line 16 sizeof (a) == 5 * sizeof (int)
FAIL: gcc.dg/guality/vla-2.c -O2 -flto -fno-use-linker-plugin
-flto-partition=none line 25 sizeof (a) == 6 * sizeof (int)
FAIL: gcc.dg/guality/vla-2.c -O2 -flto -fuse-linker-plugin
-fno-fat-lto-objects line 16 sizeof (a) == 5 * sizeof (int)
FAIL: gcc.dg/guality/vla-2.c -O2 -flto -fuse-linker-plugin
-fno-fat-lto-objects line 25 sizeof (a) == 6 * sizeof (int)
FAIL: gcc.dg/lto/pr61526 c_lto_pr61526_0.o-c_lto_pr61526_1.o link, -fPIC
-flto -flto-partition=1to1
UNRESOLVED: gcc.dg/lto/pr61526 c_lto_pr61526_0.o-c_lto_pr61526_1.o
execute -fPIC -flto -flto-partition=1to1
ERROR: tcl error sourcing
/cygdrive/c/users/tim/tim/tim/src/gnu/gcc1/gcc/testsuite/gcc.dg/pch/pch.exp.
ERROR: torture-init: torture_without_loops is not empty as expected
ERROR: tcl error sourcing
/cygdrive/c/users/tim/tim/tim/src/gnu/gcc1/gcc/testsuite/gcc.dg/simulate-thread/simulate-thread.exp.
ERROR: torture-init: torture_without_loops is not empty as expected
FAIL: gcc.dg/tls/thr-cse-1.c scan-assembler-not
emutls_get_address.*emutls_get_address.*
FAIL: gcc.dg/torture/builtin-cproj-1.c -Og -g (test for excess errors)
UNRESOLVED: gcc.dg/torture/pr23821.c -Og -g scan-tree-dump ivcanon
"Added canonical iv"
UNRESOLVED: gcc.dg/torture/pr39074-2.c -Og -g scan-tree-dump alias
"y.._. = { i }"
UNRESOLVED: gcc.dg/torture/pr39074-2.c -Og -g scan-tree-dump alias
"y.._., points-to vars: { D..... }"
UNRESOLVED: gcc.dg/torture/pr39074.c -Og -g scan-tree-dump alias
"y.._. = { i }"
UNRESOLVED: gcc.dg/torture/pr39074.c -Og -g scan-tree-dump alias
"y.._., points-to vars: { D..... }"
FAIL: gcc.dg/torture/pr53922.c -O0 (test for excess errors)
UNRESOLVED: gcc.dg/torture/pr53922.c -O0 compilation failed to produce
executable
FAIL: gcc.dg/torture/pr53922.c -O1 (test for excess errors)
UNRESOLVED: gcc.dg/torture/pr53922.c -O1 compilation failed to produce
executable
FAIL: gcc.dg/torture/pr53922.c -O2 (test for excess errors)
UNRESOLVED: gcc.dg/torture/pr53922.c -O2 compilation failed to produce
executable
FAIL: gcc.dg/torture/pr53922.c -O3 -fomit-frame-pointer (test for
excess errors)
UNRESOLVED: gcc.dg/torture/pr53922.c -O3 -fomit-frame-pointer
compilation failed to produce executable
FAIL: gcc.dg/torture/pr53922.c -O3 -g (test for excess errors)
UNRESOLVED: gcc.dg/torture/pr53922.c -O3 -g compilation failed to
produce executable
FAIL: gcc.dg/torture/pr53922.c -Os (test for excess errors)
UNRESOLVED: gcc.dg/torture/pr53922.c -Os compilation failed to produce
executable
FAIL: gcc.dg/torture/pr53922.c -Og -g (test for excess errors)
UNRESOLVED: gcc.dg/torture/pr53922.c -Og -g compilation failed to
produce executable
FAIL: gcc.dg/torture/pr53922.c -O2 -flto -fno-use-linker-plugin
-flto-partition=none (test for excess errors)
UNRESOLVED: gcc.dg/torture/pr53922.c -O2 -flto -fno-use-linker-plugin
-flto-partition=none compilation failed to produce executable
FAIL: gcc.dg/torture/pr53922.c -O2 -flto -fuse-linker-plugin
-fno-fat-lto-objects (test for excess errors)
UNRESOLVED: gcc.dg/torture/pr53922.c -O2 -flto -fuse-linker-plugin
-fno-fat-lto-objects compilation failed to produce executable
FAIL: gcc.dg/torture/pr59330.c -O2 -flto -fuse-linker-plugin
-fno-fat-lto-objects (test for excess errors)
UNRESOLVED: gcc.dg/torture/pr59330.c -O2 -flto -fuse-linker-plugin
-fno-fat-lto-objects compilation failed to produce executable
UNRESOLVED: gcc.dg/torture/pta-callused-1.c -Og -g scan-tree-dump
alias "p.._. = { i j }"
UNRESOLVED: gcc.dg/torture/pta-escape-1.c -Og -g scan-tree-dump alias
"ESCAPED = {[^\\n}]* i [^\\n}]*}"
UNRESOLVED: gcc.dg/torture/pta-ptrarith-1.c -Og -g scan-tree-dump
alias "ESCAPED = {[^\\n}]* i f [^\\n}]*}"
UNRESOLVED: gcc.dg/torture/pta-ptrarith-2.c -Og -g scan-tree-dump
alias "= { i j }"
UNRESOLVED: gcc.dg/torture/pta-ptrarith-3.c -Og -g scan-tree-dump
alias "q_. = { i j k }"
UNRESOLVED: gcc.dg/torture/pta-structcopy-1.c -Og -g scan-tree-dump
ealias "y.* = { i }"
UNRESOLVED: gcc.dg/torture/pta-structcopy-1.c -Og -g scan-tree-dump
ealias "y.*, points-to vars: { D..... }"
UNRESOLVED: gcc.dg/torture/ssa-pta-fn-1.c -Og -g scan-tree-dump alias
"q_const_. = { NONLOCAL i }"
UNRESOLVED: gcc.dg/torture/ssa-pta-fn-1.c -Og -g scan-tree-dump alias
"q_pure_. = { ESCAPED NONLOCAL i }"
UNRESOLVED: gcc.dg/torture/ssa-pta-fn-1.c -Og -g scan-tree-dump alias
"q_normal_. = { ESCAPED NONLOCAL }"
ERROR: tcl error sourcing
/cygdrive/c/users/tim/tim/tim/src/gnu/gcc1/gcc/testsuite/gcc.dg/torture/stackalign/stackalign.exp.
ERROR: torture-init: torture_without_loops is not empty as expected
ERROR: tcl error sourcing
/cygdrive/c/users/tim/tim/tim/src/gnu/gcc1/gcc/testsuite/gcc.dg/torture/tls/tls.exp.
ERROR: torture-init: torture_without_loops is not empty as expected
FAIL: gcc.dg/tree-ssa/loop-1.c scan-assembler-times foo 5
XPASS: gcc.dg/tree-ssa/ssa-store-ccp-2.c scan-tree-dump-times optimized
"conststaticvariable" 1
FAIL: gcc.dg/tree-ssa/ssa-store-ccp-3.c scan-tree-dump-times optimized
"conststaticvariable" 1
FAIL: gcc.dg/tree-ssa/ssa-store-ccp-4.c scan-tree-dump-times optimized
"conststaticvariable" 1
FAIL: gcc.dg/tree-ssa/stdarg-2.c scan-tree-dump stdarg "f1: va_list
escapes 0, needs to save 0 GPR units and 0 FPR units"
FAIL: gcc.dg/tree-ssa/stdarg-2.c scan-tree-dump stdarg "f2: va_list
escapes 0, needs to save [148] GPR units and 0 FPR units"
FAIL: gcc.dg/tree-ssa/stdarg-2.c scan-tree-dump stdarg "f3: va_list
escapes 0, needs to save 0 GPR units and [1-9][0-9]* FPR units"
FAIL: gcc.dg/tree-ssa/stdarg-2.c scan-tree-dump stdarg "f6: va_list
escapes 0, needs to save (3|12|24) GPR units and 0 FPR units"
FAIL: gcc.dg/tree-ssa/stdarg-2.c scan-tree-dump stdarg "f11: va_list
escapes 0, needs to save (3|12|24) GPR units and 0 FPR units"
FAIL: gcc.dg/tree-ssa/stdarg-2.c scan-tree-dump stdarg "f12: va_list
escapes 0, needs to save 0 GPR units and [1-9][0-9]* FPR units"
FAIL: gcc.dg/tree-ssa/stdarg-2.c scan-tree-dump stdarg "f13: va_list
escapes 0, needs to save 0 GPR units and [1-9][0-9]* FPR units"
FAIL: gcc.dg/tree-ssa/stdarg-2.c scan-tree-dump stdarg "f14: va_list
escapes 0, needs to save [148] GPR units and [1-9][0-9]* FPR units"
FAIL: gcc.dg/tree-ssa/stdarg-2.c scan-tree-dump stdarg "f15: va_list
escapes 0, needs to save [148] GPR units and [1-9][0-9]* FPR units"
FAIL: gcc.dg/tree-ssa/stdarg-4.c scan-tree-dump stdarg "f1: va_list
escapes 0, needs to save all GPR units and 0 FPR units"
FAIL: gcc.dg/tree-ssa/stdarg-4.c scan-tree-dump stdarg "f2: va_list
escapes 0, needs to save 0 GPR units and all FPR units"
FAIL: gcc.dg/tree-ssa/stdarg-4.c scan-tree-dump stdarg "f3: va_list
escapes 0, needs to save [148] GPR units and 0 FPR units"
FAIL: gcc.dg/tree-ssa/stdarg-4.c scan-tree-dump stdarg "f4: va_list
escapes 0, needs to save 0 GPR units and [1-9][0-9]* FPR units"
FAIL: gcc.dg/tree-ssa/stdarg-5.c scan-tree-dump stdarg "f1: va_list
escapes 0, needs to save 0 GPR units and 0 FPR units"
FAIL: gcc.dg/tree-ssa/stdarg-5.c scan-tree-dump stdarg "f2: va_list
escapes 0, needs to save all GPR units and all FPR units"
FAIL: gcc.dg/tree-ssa/stdarg-5.c scan-tree-dump stdarg "f3: va_list
escapes 0, needs to save 0 GPR units and 0 FPR units"
FAIL: gcc.dg/tree-ssa/stdarg-5.c scan-tree-dump stdarg "f4: va_list
escapes 0, needs to save 16 GPR units and 16 FPR units"
FAIL: gcc.dg/tree-ssa/stdarg-5.c scan-tree-dump stdarg "f5: va_list
escapes 0, needs to save 16 GPR units and 0 FPR units"
FAIL: gcc.dg/tree-ssa/stdarg-5.c scan-tree-dump stdarg "f6: va_list
escapes 0, needs to save 8 GPR units and 32 FPR units"
FAIL: gcc.dg/tree-ssa/stdarg-5.c scan-tree-dump stdarg "f7: va_list
escapes 0, needs to save 0 GPR units and 64 FPR units"
ERROR: tcl error sourcing
/cygdrive/c/users/tim/tim/tim/src/gnu/gcc1/gcc/testsuite/gcc.dg/tsan/tsan.exp.
ERROR: torture-init: torture_without_loops is not empty as expected
FAIL: gcc.dg/weak/weak-1.c scan-assembler weak[^ \\t]*[ \\t]_?j
FAIL: gcc.dg/weak/weak-15.c scan-assembler weak[^ \\t]*[ \\t]_?a
FAIL: gcc.dg/weak/weak-16.c scan-assembler weak[^ \\t]*[
\\t]_?kallsyms_token_index
FAIL: gcc.dg/weak/weak-16.c scan-assembler weak[^ \\t]*[
\\t]_?kallsyms_token_table
FAIL: gcc.dg/weak/weak-2.c scan-assembler weak[^ \\t]*[ \\t]_?ffoo1a
FAIL: gcc.dg/weak/weak-2.c scan-assembler weak[^ \\t]*[ \\t]_?ffoo1b
FAIL: gcc.dg/weak/weak-2.c scan-assembler weak[^ \\t]*[ \\t]_?ffoo1c
FAIL: gcc.dg/weak/weak-3.c scan-assembler weak[^ \\t]*[ \\t]_?ffoo1a
FAIL: gcc.dg/weak/weak-3.c scan-assembler weak[^ \\t]*[ \\t]_?ffoo1b
FAIL: gcc.dg/weak/weak-3.c scan-assembler weak[^ \\t]*[ \\t]_?ffoo1c
FAIL: gcc.dg/weak/weak-4.c scan-assembler weak[^ \\t]*[ \\t]_?vfoo1a
FAIL: gcc.dg/weak/weak-4.c scan-assembler weak[^ \\t]*[ \\t]_?vfoo1b
FAIL: gcc.dg/weak/weak-4.c scan-assembler weak[^ \\t]*[ \\t]_?vfoo1c
FAIL: gcc.dg/weak/weak-5.c scan-assembler weak[^ \\t]*[ \\t]_?vfoo1a
FAIL: gcc.dg/weak/weak-5.c scan-assembler weak[^ \\t]*[ \\t]_?vfoo1b
FAIL: gcc.dg/weak/weak-5.c scan-assembler weak[^ \\t]*[ \\t]_?vfoo1c
FAIL: gcc.dg/weak/weak-5.c scan-assembler weak[^ \\t]*[ \\t]_?vfoo1i
FAIL: gcc.dg/weak/weak-5.c scan-assembler weak[^ \\t]*[ \\t]_?vfoo1j
FAIL: gcc.misc-tests/gcov-14.c (test for excess errors)
UNRESOLVED: gcc.misc-tests/gcov-14.c compilation failed to produce
executable
FAIL: gcc.misc-tests/gcov-14.c gcov failed: gcov-14.c.gov does not exist
ERROR: tcl error sourcing
/cygdrive/c/users/tim/tim/tim/src/gnu/gcc1/gcc/testsuite/gcc.misc-tests/i386-prefetch.exp.
ERROR: torture-init: torture_without_loops is not empty as expected
FAIL: gcc.target/i386/abi-2.c scan-assembler-times ymm0 1
FAIL: gcc.target/i386/align-main-1.c (test for excess errors)
UNRESOLVED: gcc.target/i386/align-main-1.c scan-assembler and[lq]?[\\\\t
]*\\\\\$-128,[\\\\t ]*%[re]?sp
UNRESOLVED: gcc.target/i386/align-main-1.c scan-assembler-not
and[lq]?[\\\\t ]*\\\\\$-64,[\\\\t ]*%[re]?sp
FAIL: gcc.target/i386/align-main-2.c (test for excess errors)
UNRESOLVED: gcc.target/i386/align-main-2.c scan-assembler and[lq]?[\\\\t
]*\\\\\$-64,[\\\\t ]*%[re]?sp
UNRESOLVED: gcc.target/i386/align-main-2.c scan-assembler-not
and[lq]?[\\\\t ]*\\\\\$-128,[\\\\t ]*%[re]?sp
FAIL: gcc.target/i386/amd64-abi-1.c (test for errors, line 5)
FAIL: gcc.target/i386/amd64-abi-2.c (test for errors, line 6)
FAIL: gcc.target/i386/amd64-abi-3.c scan-assembler subq[\\\\t
]*\\\\\$88,[\\\\t ]*%rsp
FAIL: gcc.target/i386/avx-1.c (internal compiler error)
FAIL: gcc.target/i386/avx-1.c (test for excess errors)
FAIL: gcc.target/i386/avx-set-v16hi-1.c execution test
FAIL: gcc.target/i386/avx-set-v16hi-2.c execution test
FAIL: gcc.target/i386/avx-set-v16hi-3.c execution test
FAIL: gcc.target/i386/avx-set-v32qi-1.c execution test
FAIL: gcc.target/i386/avx-set-v32qi-2.c execution test
FAIL: gcc.target/i386/avx-set-v32qi-3.c execution test
FAIL: gcc.target/i386/avx-set-v4df-1.c execution test
FAIL: gcc.target/i386/avx-set-v4df-2.c execution test
FAIL: gcc.target/i386/avx-set-v4df-3.c execution test
FAIL: gcc.target/i386/avx-set-v4di-1.c execution test
FAIL: gcc.target/i386/avx-set-v4di-2.c execution test
FAIL: gcc.target/i386/avx-set-v4di-3.c execution test
FAIL: gcc.target/i386/avx-set-v8sf-1.c execution test
FAIL: gcc.target/i386/avx-set-v8sf-2.c execution test
FAIL: gcc.target/i386/avx-set-v8sf-3.c execution test
FAIL: gcc.target/i386/avx-set-v8si-1.c execution test
FAIL: gcc.target/i386/avx-set-v8si-2.c execution test
FAIL: gcc.target/i386/avx-set-v8si-3.c execution test
FAIL: gcc.target/i386/avx-vmovapd-256-1.c execution test
FAIL: gcc.target/i386/avx-vmovaps-256-1.c execution test
FAIL: gcc.target/i386/avx-vmovdqa-256-1.c execution test
FAIL: gcc.target/i386/avx-vmovupd-256-1.c execution test
FAIL: gcc.target/i386/avx-vmovups-256-1.c execution test
FAIL: gcc.target/i386/avx-vzeroupper-3.c execution test
FAIL: gcc.target/i386/avx-vzeroupper-4.c scan-assembler-not avx_vzeroupper
FAIL: gcc.target/i386/avx-vzeroupper-5.c scan-assembler-times
avx_vzeroupper 1
FAIL: gcc.target/i386/avx2-i32gatherpd256-4.c execution test
FAIL: gcc.target/i386/avx512f-ceil-sfix-vec-2.c scan-assembler
vrndscalepd[^\\n]*zmm[0-9]
FAIL: gcc.target/i386/avx512f-ceil-sfix-vec-2.c scan-assembler
vcvttpd2dq[^\\n]*zmm[0-9]
FAIL: gcc.target/i386/avx512f-floor-sfix-vec-2.c scan-assembler
vrndscalepd[^\\n]*zmm[0-9]
FAIL: gcc.target/i386/avx512f-floor-sfix-vec-2.c scan-assembler
vcvttpd2dq[^\\n]*zmm[0-9]
FAIL: gcc.target/i386/avx512f-gather-5.c scan-assembler gather[^\\n]*zmm
FAIL: gcc.target/i386/avx512f-vec-init.c scan-assembler-times vmovdqa64[
\\\\t]+%zmm 2
FAIL: gcc.target/i386/avx512f-vpermi2d-2.c (test for excess errors)
UNRESOLVED: gcc.target/i386/avx512f-vpermi2d-2.c compilation failed to
produce executable
FAIL: gcc.target/i386/avx512f-vpermi2pd-2.c (test for excess errors)
UNRESOLVED: gcc.target/i386/avx512f-vpermi2pd-2.c compilation failed to
produce executable
FAIL: gcc.target/i386/avx512f-vpermi2ps-2.c (test for excess errors)
UNRESOLVED: gcc.target/i386/avx512f-vpermi2ps-2.c compilation failed to
produce executable
FAIL: gcc.target/i386/avx512f-vpermi2q-2.c (test for excess errors)
UNRESOLVED: gcc.target/i386/avx512f-vpermi2q-2.c compilation failed to
produce executable
FAIL: gcc.target/i386/avx512f-vpermt2d-2.c (test for excess errors)
UNRESOLVED: gcc.target/i386/avx512f-vpermt2d-2.c compilation failed to
produce executable
FAIL: gcc.target/i386/avx512f-vpermt2pd-2.c (test for excess errors)
UNRESOLVED: gcc.target/i386/avx512f-vpermt2pd-2.c compilation failed to
produce executable
FAIL: gcc.target/i386/avx512f-vpermt2ps-2.c (test for excess errors)
UNRESOLVED: gcc.target/i386/avx512f-vpermt2ps-2.c compilation failed to
produce executable
FAIL: gcc.target/i386/avx512f-vpermt2q-2.c (test for excess errors)
UNRESOLVED: gcc.target/i386/avx512f-vpermt2q-2.c compilation failed to
produce executable
FAIL: gcc.target/i386/m256-1.c execution test
FAIL: gcc.target/i386/m256-2.c execution test
FAIL: gcc.target/i386/memcpy-strategy-3.c scan-assembler-times memcpy 2
FAIL: gcc.target/i386/memset-strategy-1.c scan-assembler-times memset 2
FAIL: gcc.target/i386/merge-1.c scan-assembler-times movsd 1
FAIL: gcc.target/i386/movti.c scan-assembler-not movabs
FAIL: gcc.target/i386/pad-1.c scan-assembler rep
FAIL: gcc.target/i386/pad-2.c scan-assembler-times nop 8
FAIL: gcc.target/i386/pad-5b.c scan-assembler-times nop 4
FAIL: gcc.target/i386/pad-6b.c scan-assembler-times nop 6
FAIL: gcc.target/i386/pad-8.c scan-assembler-times nop 6
FAIL: gcc.target/i386/pad-9.c scan-assembler-times nop 4
FAIL: gcc.target/i386/pr20020-1.c scan-rtl-dump expand "\\\\(set
\\\\(reg:TI [0-9]* \\\\[ <retval> \\\\]\\\\)"
FAIL: gcc.target/i386/pr20020-1.c scan-rtl-dump expand "\\\\(set
\\\\(reg/i:TI 0 ax\\\\)"
FAIL: gcc.target/i386/pr20020-2.c scan-rtl-dump expand "\\\\(set
\\\\(reg:TI [0-9]*"
FAIL: gcc.target/i386/pr22152.c scan-assembler-times movq[
\\\\t]+[^\\n]*%mm 1
FAIL: gcc.target/i386/pr25993.c (test for excess errors)
FAIL: gcc.target/i386/pr34256.c scan-assembler-times mov 4
FAIL: gcc.target/i386/pr35767-4.c scan-assembler movdqa
FAIL: gcc.target/i386/pr36222-1.c scan-assembler-not movdqa
FAIL: gcc.target/i386/pr39082-1.c (test for warnings, line 16)
FAIL: gcc.target/i386/pr39162.c (test for warnings, line 11)
FAIL: gcc.target/i386/pr39315-3.c scan-assembler and[lq]?[\\\\t
]*\\\\\$-128,[\\\\t ]*%[re]?sp
FAIL: gcc.target/i386/pr39545-1.c (test for warnings, line 20)
FAIL: gcc.target/i386/pr39545-2.c (test for warnings, line 14)
FAIL: gcc.target/i386/pr39678.c (test for warnings, line 13)
FAIL: gcc.target/i386/pr44130.c scan-assembler and[lq]?[\\\\t
]*\\\\\$-32,[\\\\t ]*%[re]?sp
FAIL: gcc.target/i386/pr44130.c scan-assembler vmovaps[\\\\t ]*%ymm
FAIL: gcc.target/i386/pr45336-1.c scan-assembler pextrd
FAIL: gcc.target/i386/pr45336-2.c scan-assembler pextrd
FAIL: gcc.target/i386/pr45336-3.c scan-assembler pextrb
FAIL: gcc.target/i386/pr45336-3.c scan-assembler pextrw
FAIL: gcc.target/i386/pr45336-3.c scan-assembler pextrd
FAIL: gcc.target/i386/pr45336-4.c scan-assembler pextrb
FAIL: gcc.target/i386/pr45336-4.c scan-assembler pextrw
FAIL: gcc.target/i386/pr45336-4.c scan-assembler pextrd
FAIL: gcc.target/i386/pr46295.c scan-assembler-times avx_vzeroupper 1
FAIL: gcc.target/i386/pr46470.c scan-assembler-not sp
FAIL: gcc.target/i386/pr53425-1.c (test for warnings, line 14)
FAIL: gcc.target/i386/pr53425-2.c (test for warnings, line 14)
FAIL: gcc.target/i386/pr55093.c (internal compiler error)
FAIL: gcc.target/i386/pr55093.c (test for excess errors)
FAIL: gcc.target/i386/pr57655.c (test for errors, line 8)
FAIL: gcc.target/i386/pr59021.c scan-assembler-not vzeroupper
FAIL: gcc.target/i386/pr59501-1.c (test for excess errors)
FAIL: gcc.target/i386/pr59501-1a.c (test for excess errors)
FAIL: gcc.target/i386/pr59501-1a.c scan-assembler-not r10
FAIL: gcc.target/i386/pr59501-2a.c scan-assembler-not r10
FAIL: gcc.target/i386/pr59501-3.c (test for excess errors)
FAIL: gcc.target/i386/pr59501-3a.c (test for excess errors)
XPASS: gcc.target/i386/pr59501-4a.c scan-assembler-not and[^\\n\\r]*sp
FAIL: gcc.target/i386/pr59501-5.c (test for excess errors)
FAIL: gcc.target/i386/pr59644.c execution test
FAIL: gcc.target/i386/pr59794-2.c (test for warnings, line 14)
FAIL: gcc.target/i386/pr59794-3.c (test for warnings, line 14)
FAIL: gcc.target/i386/pr59794-6.c (test for errors, line 12)
FAIL: gcc.target/i386/pr59929.c (test for excess errors)
FAIL: gcc.target/i386/pr60205-1.c (test for warnings, line 14)
FAIL: gcc.target/i386/sse-23.c (internal compiler error)
FAIL: gcc.target/i386/sse-23.c (test for excess errors)
FAIL: gcc.target/i386/sse-24.c (internal compiler error)
FAIL: gcc.target/i386/sse-24.c (test for excess errors)
FAIL: gcc.target/i386/sw-1.c scan-rtl-dump pro_and_epilogue "Performing
shrink-wrapping"
FAIL: gcc.target/i386/vararg-10.c execution test
FAIL: gcc.target/i386/vararg-5.c execution test
FAIL: gcc.target/i386/vararg-6.c execution test
FAIL: gcc.target/i386/vararg-9.c execution test
ERROR: tcl error sourcing
/cygdrive/c/users/tim/tim/tim/src/gnu/gcc1/gcc/testsuite/gcc.target/i386/math-torture/math-torture.exp.
ERROR: torture-init: torture_without_loops is not empty as expected
ERROR: tcl error sourcing
/cygdrive/c/users/tim/tim/tim/src/gnu/gcc1/gcc/testsuite/gcc.target/x86_64/abi/abi-x86_64.exp.
ERROR: torture-init: torture_without_loops is not empty as expected
ERROR: tcl error sourcing
/cygdrive/c/users/tim/tim/tim/src/gnu/gcc1/gcc/testsuite/gcc.target/x86_64/abi/avx/abi-avx.exp.
ERROR: torture-init: torture_without_loops is not empty as expected
ERROR: tcl error sourcing
/cygdrive/c/users/tim/tim/tim/src/gnu/gcc1/gcc/testsuite/gcc.target/x86_64/abi/avx512f/abi-avx512f.exp.
ERROR: torture-init: torture_without_loops is not empty as expected
=== gcc Summary ===
# of expected passes 70081
# of unexpected failures 713
# of unexpected successes 49
# of expected failures 255
# of unresolved testcases 183
# of unsupported tests 1278
/cygdrive/c/users/tim/tim/tim/src/gnu/gcc1/cyg64/gcc/xgcc version
4.10.0 20140626 (experimental) (GCC)
=== gfortran tests ===
Running target unix
FAIL: gfortran.dg/arrayio_14.f90 -O0 execution test
FAIL: gfortran.dg/arrayio_14.f90 -O1 execution test
FAIL: gfortran.dg/arrayio_14.f90 -O2 execution test
FAIL: gfortran.dg/arrayio_14.f90 -O3 -fomit-frame-pointer execution test
FAIL: gfortran.dg/arrayio_14.f90 -O3 -fomit-frame-pointer
-funroll-loops execution test
FAIL: gfortran.dg/arrayio_14.f90 -O3 -fomit-frame-pointer
-funroll-all-loops -finline-functions execution test
FAIL: gfortran.dg/arrayio_14.f90 -O3 -g execution test
FAIL: gfortran.dg/arrayio_14.f90 -Os execution test
XPASS: gfortran.dg/default_format_denormal_1.f90 -O0 execution test
XPASS: gfortran.dg/default_format_denormal_1.f90 -O1 execution test
XPASS: gfortran.dg/default_format_denormal_1.f90 -O2 execution test
XPASS: gfortran.dg/default_format_denormal_1.f90 -O3
-fomit-frame-pointer execution test
XPASS: gfortran.dg/default_format_denormal_1.f90 -O3
-fomit-frame-pointer -funroll-loops execution test
XPASS: gfortran.dg/default_format_denormal_1.f90 -O3
-fomit-frame-pointer -funroll-all-loops -finline-functions execution test
XPASS: gfortran.dg/default_format_denormal_1.f90 -O3 -g execution test
XPASS: gfortran.dg/default_format_denormal_1.f90 -Os execution test
FAIL: gfortran.dg/internal_dummy_2.f08 -O0 execution test
FAIL: gfortran.dg/internal_dummy_2.f08 -O1 execution test
FAIL: gfortran.dg/internal_dummy_2.f08 -O2 execution test
FAIL: gfortran.dg/internal_dummy_2.f08 -O3 -fomit-frame-pointer
execution test
FAIL: gfortran.dg/internal_dummy_2.f08 -O3 -fomit-frame-pointer
-funroll-loops execution test
FAIL: gfortran.dg/internal_dummy_2.f08 -O3 -fomit-frame-pointer
-funroll-all-loops -finline-functions execution test
FAIL: gfortran.dg/internal_dummy_2.f08 -O3 -g execution test
FAIL: gfortran.dg/internal_dummy_2.f08 -Os execution test
FAIL: gfortran.dg/internal_dummy_3.f08 -O0 execution test
FAIL: gfortran.dg/internal_dummy_3.f08 -O1 execution test
FAIL: gfortran.dg/internal_dummy_3.f08 -O2 execution test
FAIL: gfortran.dg/internal_dummy_3.f08 -O3 -fomit-frame-pointer
execution test
FAIL: gfortran.dg/internal_dummy_3.f08 -O3 -fomit-frame-pointer
-funroll-loops execution test
FAIL: gfortran.dg/internal_dummy_3.f08 -O3 -fomit-frame-pointer
-funroll-all-loops -finline-functions execution test
FAIL: gfortran.dg/internal_dummy_3.f08 -O3 -g execution test
FAIL: gfortran.dg/internal_dummy_3.f08 -Os execution test
FAIL: gfortran.dg/internal_dummy_4.f08 -O0 execution test
FAIL: gfortran.dg/list_read_13.f -O0 execution test
FAIL: gfortran.dg/list_read_13.f -O1 execution test
FAIL: gfortran.dg/list_read_13.f -O2 execution test
FAIL: gfortran.dg/list_read_13.f -O3 -fomit-frame-pointer execution test
FAIL: gfortran.dg/list_read_13.f -O3 -fomit-frame-pointer
-funroll-loops execution test
FAIL: gfortran.dg/list_read_13.f -O3 -fomit-frame-pointer
-funroll-all-loops -finline-functions execution test
FAIL: gfortran.dg/list_read_13.f -O3 -g execution test
FAIL: gfortran.dg/list_read_13.f -Os execution test
FAIL: gfortran.dg/namelist_85.f90 -O0 execution test
FAIL: gfortran.dg/namelist_85.f90 -O1 execution test
FAIL: gfortran.dg/namelist_85.f90 -O2 execution test
FAIL: gfortran.dg/namelist_85.f90 -O3 -fomit-frame-pointer execution test
FAIL: gfortran.dg/namelist_85.f90 -O3 -fomit-frame-pointer
-funroll-loops execution test
FAIL: gfortran.dg/namelist_85.f90 -O3 -fomit-frame-pointer
-funroll-all-loops -finline-functions execution test
FAIL: gfortran.dg/namelist_85.f90 -O3 -g execution test
FAIL: gfortran.dg/namelist_85.f90 -Os execution test
FAIL: gfortran.dg/namelist_utf8.f90 -O0 execution test
FAIL: gfortran.dg/namelist_utf8.f90 -O1 execution test
FAIL: gfortran.dg/namelist_utf8.f90 -O2 execution test
FAIL: gfortran.dg/namelist_utf8.f90 -O3 -fomit-frame-pointer execution test
FAIL: gfortran.dg/namelist_utf8.f90 -O3 -fomit-frame-pointer
-funroll-loops execution test
FAIL: gfortran.dg/namelist_utf8.f90 -O3 -fomit-frame-pointer
-funroll-all-loops -finline-functions execution test
FAIL: gfortran.dg/namelist_utf8.f90 -O3 -g execution test
FAIL: gfortran.dg/namelist_utf8.f90 -Os execution test
FAIL: gfortran.dg/pointer_check_1.f90 -O0 output pattern test, is
FAIL: gfortran.dg/pointer_check_2.f90 -O0 output pattern test, is
FAIL: gfortran.dg/pointer_check_3.f90 -O0 output pattern test, is
FAIL: gfortran.dg/pointer_check_4.f90 -O0 output pattern test, is
FAIL: gfortran.dg/proc_ptr_18.f90 -O0 execution test
FAIL: gfortran.dg/proc_ptr_19.f90 -O0 execution test
FAIL: gfortran.dg/proc_ptr_20.f90 -O0 execution test
FAIL: gfortran.dg/proc_ptr_21.f90 -O0 execution test
FAIL: gfortran.dg/proc_ptr_23.f90 -O0 execution test
FAIL: gfortran.dg/proc_ptr_25.f90 -O0 execution test
FAIL: gfortran.dg/proc_ptr_5.f90 -O0 execution test
FAIL: gfortran.dg/proc_ptr_7.f90 -O0 execution test
FAIL: gfortran.dg/proc_ptr_comp_1.f90 -O0 execution test
FAIL: gfortran.dg/proc_ptr_comp_11.f90 -O0 execution test
FAIL: gfortran.dg/proc_ptr_comp_13.f90 -O0 execution test
FAIL: gfortran.dg/proc_ptr_comp_14.f90 -O0 execution test
FAIL: gfortran.dg/proc_ptr_comp_18.f90 -O0 execution test
FAIL: gfortran.dg/proc_ptr_comp_19.f90 -O0 execution test
FAIL: gfortran.dg/proc_ptr_comp_2.f90 -O0 execution test
FAIL: gfortran.dg/proc_ptr_comp_29.f90 -O0 execution test
FAIL: gfortran.dg/proc_ptr_comp_34.f90 -O0 execution test
FAIL: gfortran.dg/proc_ptr_comp_5.f90 -O0 execution test
FAIL: gfortran.dg/proc_ptr_comp_8.f90 -O0 execution test
FAIL: gfortran.dg/proc_ptr_comp_9.f90 -O0 execution test
FAIL: gfortran.dg/proc_ptr_comp_pass_3.f90 -O0 execution test
FAIL: gfortran.dg/proc_ptr_result_7.f90 -O0 execution test
FAIL: gfortran.dg/round_4.f90 -O0 (test for excess errors)
UNRESOLVED: gfortran.dg/round_4.f90 -O0 compilation failed to produce
executable
FAIL: gfortran.dg/round_4.f90 -O1 (test for excess errors)
UNRESOLVED: gfortran.dg/round_4.f90 -O1 compilation failed to produce
executable
FAIL: gfortran.dg/round_4.f90 -O2 (test for excess errors)
UNRESOLVED: gfortran.dg/round_4.f90 -O2 compilation failed to produce
executable
FAIL: gfortran.dg/round_4.f90 -O3 -fomit-frame-pointer (test for
excess errors)
UNRESOLVED: gfortran.dg/round_4.f90 -O3 -fomit-frame-pointer
compilation failed to produce executable
FAIL: gfortran.dg/round_4.f90 -O3 -fomit-frame-pointer -funroll-loops
(test for excess errors)
UNRESOLVED: gfortran.dg/round_4.f90 -O3 -fomit-frame-pointer
-funroll-loops compilation failed to produce executable
FAIL: gfortran.dg/round_4.f90 -O3 -fomit-frame-pointer
-funroll-all-loops -finline-functions (test for excess errors)
UNRESOLVED: gfortran.dg/round_4.f90 -O3 -fomit-frame-pointer
-funroll-all-loops -finline-functions compilation failed to produce
executable
FAIL: gfortran.dg/round_4.f90 -O3 -g (test for excess errors)
UNRESOLVED: gfortran.dg/round_4.f90 -O3 -g compilation failed to
produce executable
FAIL: gfortran.dg/round_4.f90 -Os (test for excess errors)
UNRESOLVED: gfortran.dg/round_4.f90 -Os compilation failed to produce
executable
FAIL: gfortran.dg/structure_constructor_11.f90 -O0 execution test
FAIL: gfortran.dg/structure_constructor_11.f90 -O1 execution test
FAIL: gfortran.dg/structure_constructor_11.f90 -O2 execution test
FAIL: gfortran.dg/structure_constructor_11.f90 -O3
-fomit-frame-pointer execution test
FAIL: gfortran.dg/structure_constructor_11.f90 -O3 -fomit-frame-pointer
-funroll-loops execution test
FAIL: gfortran.dg/structure_constructor_11.f90 -O3 -fomit-frame-pointer
-funroll-all-loops -finline-functions execution test
FAIL: gfortran.dg/structure_constructor_11.f90 -O3 -g execution test
FAIL: gfortran.dg/structure_constructor_11.f90 -Os execution test
FAIL: gfortran.fortran-torture/compile/vrp_1.f90, -O3 -g (internal
compiler error)
=== gfortran Summary ===
# of expected passes 45714
# of unexpected failures 92
# of unexpected successes 8
# of expected failures 52
# of unresolved testcases 8
# of unsupported tests 275
/cygdrive/c/users/tim/tim/tim/src/gnu/gcc1/cyg64/gcc/testsuite/gfortran/../../gfortran
version 4.10.0 20140626 (experimental) (GCC)
=== libstdc++ tests ===
Running target unix
FAIL: 22_locale/codecvt/length/char/2.cc (test for excess errors)
UNRESOLVED: 22_locale/codecvt/length/char/2.cc compilation failed to
produce executable
FAIL: 22_locale/codecvt/length/wchar_t/6.cc (test for excess errors)
UNRESOLVED: 22_locale/codecvt/length/wchar_t/6.cc compilation failed to
produce executable
FAIL: 22_locale/ctype/scan/wchar_t/1.cc execution test
FAIL: 22_locale/facet/1.cc (test for excess errors)
UNRESOLVED: 22_locale/facet/1.cc compilation failed to produce executable
FAIL: 22_locale/facet/25421.cc (test for excess errors)
UNRESOLVED: 22_locale/facet/25421.cc compilation failed to produce
executable
FAIL: 22_locale/global_templates/1.cc (test for excess errors)
UNRESOLVED: 22_locale/global_templates/1.cc compilation failed to
produce executable
FAIL: 22_locale/locale/global_locale_objects/1.cc (test for excess errors)
UNRESOLVED: 22_locale/locale/global_locale_objects/1.cc compilation
failed to produce executable
FAIL: 22_locale/locale/operations/1.cc (test for excess errors)
UNRESOLVED: 22_locale/locale/operations/1.cc compilation failed to
produce executable
FAIL: 22_locale/num_get/get/char/10.cc execution test
FAIL: 22_locale/num_get/get/wchar_t/10.cc execution test
XPASS: 23_containers/array/element_access/at_neg.cc execution test
ERROR: 23_containers/map/debug/construct3_neg.cc: couldn't open
"debug_mode7136.cc": permission denied for " dg-require-debug-mode 18 "" "
UNRESOLVED: 23_containers/map/debug/construct3_neg.cc: couldn't open
"debug_mode7136.cc": permission denied for " dg-require-debug-mode 18 "" "
FAIL: 27_io/basic_filebuf/close/char/12790-1.cc (test for excess errors)
UNRESOLVED: 27_io/basic_filebuf/close/char/12790-1.cc compilation failed
to produce executable
FAIL: 27_io/basic_filebuf/close/char/12790-2.cc (test for excess errors)
UNRESOLVED: 27_io/basic_filebuf/close/char/12790-2.cc compilation failed
to produce executable
FAIL: 27_io/basic_filebuf/close/char/12790-3.cc (test for excess errors)
UNRESOLVED: 27_io/basic_filebuf/close/char/12790-3.cc compilation failed
to produce executable
FAIL: 27_io/basic_filebuf/close/char/12790-4.cc (test for excess errors)
UNRESOLVED: 27_io/basic_filebuf/close/char/12790-4.cc compilation failed
to produce executable
FAIL: 27_io/basic_filebuf/close/wchar_t/12790-1.cc (test for excess errors)
UNRESOLVED: 27_io/basic_filebuf/close/wchar_t/12790-1.cc compilation
failed to produce executable
FAIL: 27_io/basic_filebuf/close/wchar_t/12790-2.cc (test for excess errors)
UNRESOLVED: 27_io/basic_filebuf/close/wchar_t/12790-2.cc compilation
failed to produce executable
FAIL: 27_io/basic_filebuf/close/wchar_t/12790-3.cc (test for excess errors)
UNRESOLVED: 27_io/basic_filebuf/close/wchar_t/12790-3.cc compilation
failed to produce executable
FAIL: 27_io/basic_filebuf/close/wchar_t/12790-4.cc (test for excess errors)
UNRESOLVED: 27_io/basic_filebuf/close/wchar_t/12790-4.cc compilation
failed to produce executable
FAIL: 27_io/basic_filebuf/cons/wchar_t/10132-1.cc (test for excess errors)
UNRESOLVED: 27_io/basic_filebuf/cons/wchar_t/10132-1.cc compilation
failed to produce executable
FAIL: 27_io/basic_filebuf/imbue/char/3.cc (test for excess errors)
UNRESOLVED: 27_io/basic_filebuf/imbue/char/3.cc compilation failed to
produce executable
FAIL: 27_io/basic_filebuf/imbue/wchar_t/3.cc (test for excess errors)
UNRESOLVED: 27_io/basic_filebuf/imbue/wchar_t/3.cc compilation failed to
produce executable
FAIL: 27_io/basic_filebuf/overflow/char/13858.cc (test for excess errors)
UNRESOLVED: 27_io/basic_filebuf/overflow/char/13858.cc compilation
failed to produce executable
FAIL: 27_io/basic_filebuf/overflow/char/9169.cc (test for excess errors)
UNRESOLVED: 27_io/basic_filebuf/overflow/char/9169.cc compilation failed
to produce executable
FAIL: 27_io/basic_filebuf/overflow/char/9182-2.cc (test for excess errors)
UNRESOLVED: 27_io/basic_filebuf/overflow/char/9182-2.cc compilation
failed to produce executable
FAIL: 27_io/basic_filebuf/overflow/wchar_t/13858.cc (test for excess errors)
UNRESOLVED: 27_io/basic_filebuf/overflow/wchar_t/13858.cc compilation
failed to produce executable
FAIL: 27_io/basic_filebuf/seekoff/char/12790-1.cc (test for excess errors)
UNRESOLVED: 27_io/basic_filebuf/seekoff/char/12790-1.cc compilation
failed to produce executable
FAIL: 27_io/basic_filebuf/seekoff/char/12790-2.cc (test for excess errors)
UNRESOLVED: 27_io/basic_filebuf/seekoff/char/12790-2.cc compilation
failed to produce executable
FAIL: 27_io/basic_filebuf/seekoff/char/12790-3.cc (test for excess errors)
UNRESOLVED: 27_io/basic_filebuf/seekoff/char/12790-3.cc compilation
failed to produce executable
FAIL: 27_io/basic_filebuf/seekoff/char/12790-4.cc (test for excess errors)
UNRESOLVED: 27_io/basic_filebuf/seekoff/char/12790-4.cc compilation
failed to produce executable
FAIL: 27_io/basic_filebuf/seekoff/wchar_t/12790-1.cc (test for excess
errors)
UNRESOLVED: 27_io/basic_filebuf/seekoff/wchar_t/12790-1.cc compilation
failed to produce executable
FAIL: 27_io/basic_filebuf/seekoff/wchar_t/12790-2.cc (test for excess
errors)
UNRESOLVED: 27_io/basic_filebuf/seekoff/wchar_t/12790-2.cc compilation
failed to produce executable
FAIL: 27_io/basic_filebuf/seekoff/wchar_t/12790-3.cc (test for excess
errors)
UNRESOLVED: 27_io/basic_filebuf/seekoff/wchar_t/12790-3.cc compilation
failed to produce executable
FAIL: 27_io/basic_filebuf/seekoff/wchar_t/12790-4.cc (test for excess
errors)
UNRESOLVED: 27_io/basic_filebuf/seekoff/wchar_t/12790-4.cc compilation
failed to produce executable
FAIL: 27_io/basic_filebuf/seekoff/wchar_t/9875_seekoff.cc (test for
excess errors)
UNRESOLVED: 27_io/basic_filebuf/seekoff/wchar_t/9875_seekoff.cc
compilation failed to produce executable
FAIL: 27_io/basic_filebuf/seekpos/char/12790-1.cc (test for excess errors)
UNRESOLVED: 27_io/basic_filebuf/seekpos/char/12790-1.cc compilation
failed to produce executable
FAIL: 27_io/basic_filebuf/seekpos/char/12790-2.cc (test for excess errors)
UNRESOLVED: 27_io/basic_filebuf/seekpos/char/12790-2.cc compilation
failed to produce executable
FAIL: 27_io/basic_filebuf/seekpos/char/12790-3.cc (test for excess errors)
UNRESOLVED: 27_io/basic_filebuf/seekpos/char/12790-3.cc compilation
failed to produce executable
FAIL: 27_io/basic_filebuf/seekpos/char/12790-4.cc (test for excess errors)
UNRESOLVED: 27_io/basic_filebuf/seekpos/char/12790-4.cc compilation
failed to produce executable
FAIL: 27_io/basic_filebuf/seekpos/wchar_t/12790-1.cc (test for excess
errors)
UNRESOLVED: 27_io/basic_filebuf/seekpos/wchar_t/12790-1.cc compilation
failed to produce executable
FAIL: 27_io/basic_filebuf/seekpos/wchar_t/12790-2.cc (test for excess
errors)
UNRESOLVED: 27_io/basic_filebuf/seekpos/wchar_t/12790-2.cc compilation
failed to produce executable
FAIL: 27_io/basic_filebuf/seekpos/wchar_t/12790-3.cc (test for excess
errors)
UNRESOLVED: 27_io/basic_filebuf/seekpos/wchar_t/12790-3.cc compilation
failed to produce executable
FAIL: 27_io/basic_filebuf/seekpos/wchar_t/12790-4.cc (test for excess
errors)
UNRESOLVED: 27_io/basic_filebuf/seekpos/wchar_t/12790-4.cc compilation
failed to produce executable
FAIL: 27_io/basic_filebuf/seekpos/wchar_t/9875_seekpos.cc (test for
excess errors)
UNRESOLVED: 27_io/basic_filebuf/seekpos/wchar_t/9875_seekpos.cc
compilation failed to produce executable
FAIL: 27_io/basic_filebuf/sync/char/9182-1.cc (test for excess errors)
UNRESOLVED: 27_io/basic_filebuf/sync/char/9182-1.cc compilation failed
to produce executable
FAIL: 27_io/basic_filebuf/underflow/char/1.cc (test for excess errors)
UNRESOLVED: 27_io/basic_filebuf/underflow/char/1.cc compilation failed
to produce executable
FAIL: 27_io/basic_filebuf/underflow/char/3.cc (test for excess errors)
UNRESOLVED: 27_io/basic_filebuf/underflow/char/3.cc compilation failed
to produce executable
FAIL: 27_io/basic_filebuf/underflow/char/9027.cc (test for excess errors)
UNRESOLVED: 27_io/basic_filebuf/underflow/char/9027.cc compilation
failed to produce executable
FAIL: 27_io/basic_filebuf/underflow/wchar_t/11544-1.cc (test for excess
errors)
UNRESOLVED: 27_io/basic_filebuf/underflow/wchar_t/11544-1.cc compilation
failed to produce executable
FAIL: 27_io/basic_filebuf/underflow/wchar_t/11544-2.cc (test for excess
errors)
UNRESOLVED: 27_io/basic_filebuf/underflow/wchar_t/11544-2.cc compilation
failed to produce executable
FAIL: 27_io/basic_filebuf/underflow/wchar_t/9178.cc (test for excess errors)
UNRESOLVED: 27_io/basic_filebuf/underflow/wchar_t/9178.cc compilation
failed to produce executable
FAIL: ext/codecvt/wchar_t.cc execution test
FAIL: ext/random/k_distribution/cons/default.cc (test for excess errors)
UNRESOLVED: ext/random/k_distribution/cons/default.cc compilation failed
to produce executable
FAIL:
tr1/5_numerical_facilities/special_functions/08_cyl_bessel_i/check_value.cc
(test for excess errors)
UNRESOLVED:
tr1/5_numerical_facilities/special_functions/08_cyl_bessel_i/check_value.cc
compilation failed to produce executable
=== libstdc++ Summary ===
# of expected passes 8873
# of unexpected failures 53
# of unexpected successes 1
# of expected failures 68
# of unresolved testcases 50
# of unsupported tests 695
Compiler version: 4.10.0 20140626 (experimental) (GCC)
Platform: x86_64-unknown-cygwin
configure flags: --prefix=/usr/local/gcc4.10 --enable-languages='c c++
fortran' --enable-libgomp --enable-threads=posix --disable-__cxa_atexit
--with-dwarf2 --without-libiconv-prefix --without-libintl-prefix
--with-system-zlib --disable-werror
--
Tim Prince