This is the mail archive of the
gcc-testresults@gcc.gnu.org
mailing list for the GCC project.
Results for 4.9.1-alpha20140617 20140618 (prerelease) [gcc-4_9-branch revision 211779] (Gentoo 4.9.1_alpha20140617) testsuite on x86_64-pc-linux-gnu
- From: David Kredba <dave2 at static-84-42-246-37 dot net dot upcbroadband dot cz>
- To: gcc-testresults at gcc dot gnu dot org
- Date: Wed, 18 Jun 2014 20:01:13 +0200
- Subject: Results for 4.9.1-alpha20140617 20140618 (prerelease) [gcc-4_9-branch revision 211779] (Gentoo 4.9.1_alpha20140617) testsuite on x86_64-pc-linux-gnu
- Authentication-results: sourceware.org; auth=none
David Kredba ( nheghathivhistha at gmail dot com )
LAST_UPDATED: Wed Jun 18 11:35:37 UTC 2014 (revision 211779)
=== acats tests ===
=== acats Summary ===
# of expected passes 2320
# of unexpected failures 0
Native configuration is x86_64-pc-linux-gnu
=== g++ tests ===
Running target unix
FAIL: g++.dg/plugin/attribute_plugin.c compilation
FAIL: g++.dg/plugin/pragma_plugin.c compilation
FAIL: g++.dg/plugin/selfassign.c compilation
FAIL: g++.dg/plugin/dumb_plugin.c compilation
FAIL: g++.dg/plugin/header_plugin.c compilation
FAIL: g++.dg/plugin/decl_plugin.c compilation
=== g++ Summary ===
# of expected passes 87664
# of unexpected failures 6
# of expected failures 445
# of unsupported tests 3008
/var/tmp/portage/sys-devel/gcc-4.9.1_alpha20140617/work/build/gcc/testsuite/g++/../../xg++ version 4.9.1-alpha20140617 20140618 (prerelease) [gcc-4_9-branch revision 211779] (Gentoo 4.9.1_alpha20140617)
=== gcc tests ===
Running target unix
FAIL: gcc.dg/plugin/selfassign.c compilation
FAIL: gcc.dg/plugin/ggcplug.c compilation
FAIL: gcc.dg/plugin/one_time_plugin.c compilation
FAIL: gcc.dg/plugin/start_unit_plugin.c compilation
FAIL: gcc.dg/plugin/finish_unit_plugin.c compilation
=== gcc Summary ===
# of expected passes 105728
# of unexpected failures 5
# of expected failures 255
# of unsupported tests 1410
/var/tmp/portage/sys-devel/gcc-4.9.1_alpha20140617/work/build/gcc/xgcc version 4.9.1-alpha20140617 20140618 (prerelease) [gcc-4_9-branch revision 211779] (Gentoo 4.9.1_alpha20140617)
=== gfortran tests ===
Running target unix
=== gfortran Summary ===
# of expected passes 45710
# of expected failures 52
# of unsupported tests 81
/var/tmp/portage/sys-devel/gcc-4.9.1_alpha20140617/work/build/gcc/testsuite/gfortran/../../gfortran version 4.9.1-alpha20140617 20140618 (prerelease) [gcc-4_9-branch revision 211779] (Gentoo 4.9.1_alpha20140617)
=== gnat tests ===
Running target unix
=== gnat Summary ===
# of expected passes 1232
# of expected failures 18
# of unsupported tests 3
/var/tmp/portage/sys-devel/gcc-4.9.1_alpha20140617/work/build/gcc/gnatmake version 4.9.1-alpha20140617 20140618 (prerelease) [gcc-4_9-branch revision 211779]
=== go tests ===
Running target unix
=== go Summary ===
# of expected passes 7258
# of expected failures 1
# of untested testcases 6
# of unsupported tests 1
/var/tmp/portage/sys-devel/gcc-4.9.1_alpha20140617/work/build/gcc/testsuite/go/../../gccgo version 4.9.1-alpha20140617 20140618 (prerelease) [gcc-4_9-branch revision 211779] (Gentoo 4.9.1_alpha20140617)
=== obj-c++ tests ===
Running target unix
=== obj-c++ Summary ===
# of expected passes 1441
# of expected failures 10
# of unsupported tests 86
/var/tmp/portage/sys-devel/gcc-4.9.1_alpha20140617/work/build/gcc/testsuite/obj-c++/../../xg++ version 4.9.1-alpha20140617 20140618 (prerelease) [gcc-4_9-branch revision 211779] (Gentoo 4.9.1_alpha20140617)
=== objc tests ===
Running target unix
=== objc Summary ===
# of expected passes 2988
# of expected failures 6
# of unsupported tests 74
/var/tmp/portage/sys-devel/gcc-4.9.1_alpha20140617/work/build/gcc/xgcc version 4.9.1-alpha20140617 20140618 (prerelease) [gcc-4_9-branch revision 211779] (Gentoo 4.9.1_alpha20140617)
=== boehm-gc tests ===
Running target unix
=== boehm-gc Summary ===
# of expected passes 12
# of unsupported tests 1
=== libatomic tests ===
Running target unix
=== libatomic Summary ===
# of expected passes 54
=== libffi tests ===
Running target unix
=== libffi Summary ===
# of expected passes 1819
# of unsupported tests 55
=== libgo tests ===
Running target unix
FAIL: net
=== libgo Summary for unix ===
# of expected passes 121
# of unexpected failures 1
Running target unix/-m32
FAIL: net
=== libgo Summary for unix/-m32 ===
# of expected passes 121
# of unexpected failures 1
=== libgo Summary ===
# of expected passes 242
# of unexpected failures 2
/var/tmp/portage/sys-devel/gcc-4.9.1_alpha20140617/work/build/./gcc/gccgo version 4.9.1-alpha20140617 20140618 (prerelease) [gcc-4_9-branch revision 211779] (Gentoo 4.9.1_alpha20140617)
=== libgomp tests ===
Running target unix
=== libgomp Summary ===
# of expected passes 2430
=== libitm tests ===
Running target unix
=== libitm Summary ===
# of expected passes 26
# of expected failures 3
# of unsupported tests 1
=== libjava tests ===
Running target unix
=== libjava Summary ===
# of expected passes 2582
# of expected failures 4
=== libstdc++ tests ===
Running target unix
FAIL: 20_util/enable_shared_from_this/cons/constexpr.cc (test for excess errors)
FAIL: 20_util/shared_ptr/cons/constexpr.cc (test for excess errors)
FAIL: 20_util/unique_ptr/cons/constexpr.cc (test for excess errors)
FAIL: 20_util/weak_ptr/cons/constexpr.cc (test for excess errors)
FAIL: 30_threads/future/cons/constexpr.cc (test for excess errors)
FAIL: 30_threads/shared_future/cons/constexpr.cc (test for excess errors)
=== libstdc++ Summary ===
# of expected passes 9813
# of unexpected failures 6
# of expected failures 41
# of unsupported tests 279
Compiler version: 4.9.1-alpha20140617 20140618 (prerelease) [gcc-4_9-branch revision 211779] (Gentoo 4.9.1_alpha20140617)
Platform: x86_64-pc-linux-gnu
configure flags: --host=x86_64-pc-linux-gnu --build=x86_64-pc-linux-gnu --prefix=/usr --bindir=/usr/x86_64-pc-linux-gnu/gcc-bin/4.9.1-alpha20140617 --includedir=/usr/lib/gcc/x86_64-pc-linux-gnu/4.9.1-alpha20140617/include --datadir=/usr/share/gcc-data/x86_64-pc-linux-gnu/4.9.1-alpha20140617 --mandir=/usr/share/gcc-data/x86_64-pc-linux-gnu/4.9.1-alpha20140617/man --infodir=/usr/share/gcc-data/x86_64-pc-linux-gnu/4.9.1-alpha20140617/info --with-gxx-include-dir=/usr/lib/gcc/x86_64-pc-linux-gnu/4.9.1-alpha20140617/include/g++-v4 --with-python-dir=/share/gcc-data/x86_64-pc-linux-gnu/4.9.1-alpha20140617/python --enable-languages=c,c++,java,go,objc,obj-c++,fortran,ada --enable-obsolete --disable-werror --with-system-zlib --enable-nls --without-included-gettext --enable-checking=release --with-bugurl=https://bugs.gentoo.org/ --with-pkgversion='Gentoo 4.9.1_alpha20140617' --enable-libstdcxx-time --enable-shared --enable-threads=posix --enable-__cxa_atexit --enable-clocale=gnu --enabl!
e-multilib --disable-altivec --disable-fixed-point --enable-targets=all --enable-java-awt=gtk --enable-libgomp --enable-lto --with-cloog --disable-isl-version-check