This is the mail archive of the
gcc-testresults@gcc.gnu.org
mailing list for the GCC project.
Results for 4.10.0 20140613 (experimental) [trunk revision 211635] (GCC) testsuite on i386-pc-solaris2.11
- From: Rainer Orth <ro at CeBiTec dot Uni-Bielefeld dot DE>
- To: gcc-testresults at gcc dot gnu dot org
- Date: Fri, 13 Jun 2014 18:43:29 +0200 (MEST)
- Subject: Results for 4.10.0 20140613 (experimental) [trunk revision 211635] (GCC) testsuite on i386-pc-solaris2.11
- Authentication-results: sourceware.org; auth=none
LAST_UPDATED: Fri Jun 13 12:47:39 UTC 2014 (revision 211635)
=== acats tests ===
=== acats Summary ===
# of expected passes 2320
# of unexpected failures 0
Native configuration is i386-pc-solaris2.11
=== g++ tests ===
Running target unix
FAIL: g++.dg/cilk-plus/CK/catch_exc.cc -O1 -fcilkplus execution test
FAIL: g++.dg/cilk-plus/CK/catch_exc.cc -O3 -fcilkplus execution test
FAIL: g++.dg/cilk-plus/CK/catch_exc.cc -g -fcilkplus execution test
FAIL: g++.dg/cilk-plus/CK/catch_exc.cc -g -O2 -fcilkplus execution test
FAIL: g++.dg/abi/layout4.C -std=gnu++98 (test for excess errors)
WARNING: g++.dg/abi/layout4.C -std=gnu++98 compilation failed to produce executable
FAIL: g++.dg/abi/layout4.C -std=gnu++11 (test for excess errors)
WARNING: g++.dg/abi/layout4.C -std=gnu++11 compilation failed to produce executable
FAIL: g++.dg/abi/layout4.C -std=gnu++1y (test for excess errors)
WARNING: g++.dg/abi/layout4.C -std=gnu++1y compilation failed to produce executable
=== g++ Summary for unix ===
# of expected passes 80193
# of unexpected failures 7
# of expected failures 443
# of unsupported tests 2857
Running target unix/-m64
=== g++ Summary for unix/-m64 ===
# of expected passes 81502
# of expected failures 443
# of unsupported tests 3139
=== g++ Summary ===
# of expected passes 161695
# of unexpected failures 7
# of expected failures 886
# of unsupported tests 5996
/var/gcc/regression/trunk/11-gcc/build/gcc/testsuite/g++/../../xg++ version 4.10.0 20140613 (experimental) [trunk revision 211635] (GCC)
=== gcc tests ===
Running target unix
FAIL: gcc.dg/unroll_1.c (test for warnings, line 14)
FAIL: gcc.dg/unroll_1.c (test for warnings, line 24)
FAIL: gcc.target/i386/3dnowA-1.c (test for excess errors)
FAIL: gcc.target/i386/3dnowA-2.c (test for excess errors)
FAIL: gcc.target/i386/bmi-tzcnt-2.c (test for excess errors)
WARNING: gcc.target/i386/bmi-tzcnt-2.c compilation failed to produce executable
FAIL: gcc.target/i386/pr49095.c scan-assembler-not test[lq]
=== gcc Summary for unix ===
# of expected passes 101608
# of unexpected failures 6
# of expected failures 250
# of unsupported tests 1645
Running target unix/-m64
FAIL: gcc.dg/unroll_1.c (test for warnings, line 14)
FAIL: gcc.dg/unroll_1.c (test for warnings, line 24)
FAIL: gcc.target/i386/3dnowA-1.c (test for excess errors)
FAIL: gcc.target/i386/3dnowA-2.c (test for excess errors)
FAIL: gcc.target/i386/bmi-tzcnt-1.c (test for excess errors)
WARNING: gcc.target/i386/bmi-tzcnt-1.c compilation failed to produce executable
FAIL: gcc.target/i386/bmi-tzcnt-2.c (test for excess errors)
WARNING: gcc.target/i386/bmi-tzcnt-2.c compilation failed to produce executable
FAIL: gcc.target/i386/pr58218.c (test for excess errors)
=== gcc Summary for unix/-m64 ===
# of expected passes 102161
# of unexpected failures 7
# of expected failures 252
# of unsupported tests 1899
=== gcc Summary ===
# of expected passes 203769
# of unexpected failures 13
# of expected failures 502
# of unsupported tests 3544
/var/gcc/regression/trunk/11-gcc/build/gcc/xgcc version 4.10.0 20140613 (experimental) [trunk revision 211635] (GCC)
=== gfortran tests ===
Running target unix
FAIL: gfortran.dg/wextra_1.f -O (test for warnings, line 4)
=== gfortran Summary for unix ===
# of expected passes 45767
# of unexpected failures 1
# of expected failures 52
# of unsupported tests 230
Running target unix/-m64
FAIL: gfortran.dg/wextra_1.f -O (test for warnings, line 4)
=== gfortran Summary for unix/-m64 ===
# of expected passes 46070
# of unexpected failures 1
# of expected failures 52
# of unsupported tests 84
=== gfortran Summary ===
# of expected passes 91837
# of unexpected failures 2
# of expected failures 104
# of unsupported tests 314
/var/gcc/regression/trunk/11-gcc/build/gcc/testsuite/gfortran/../../gfortran version 4.10.0 20140613 (experimental) [trunk revision 211635] (GCC)
=== gnat tests ===
Running target unix
=== gnat Summary for unix ===
# of expected passes 1245
# of expected failures 18
# of unsupported tests 6
Running target unix/-m64
=== gnat Summary for unix/-m64 ===
# of expected passes 1245
# of expected failures 18
# of unsupported tests 6
=== gnat Summary ===
# of expected passes 2490
# of expected failures 36
# of unsupported tests 12
/var/gcc/regression/trunk/11-gcc/build/gcc/gnatmake version 4.10.0 20140613 (experimental) [trunk revision 211635]
=== obj-c++ tests ===
Running target unix
=== obj-c++ Summary for unix ===
# of expected passes 1447
# of expected failures 2
# of unsupported tests 86
Running target unix/-m64
=== obj-c++ Summary for unix/-m64 ===
# of expected passes 1439
# of expected failures 10
# of unsupported tests 86
=== obj-c++ Summary ===
# of expected passes 2886
# of expected failures 12
# of unsupported tests 172
/var/gcc/regression/trunk/11-gcc/build/gcc/testsuite/obj-c++/../../xg++ version 4.10.0 20140613 (experimental) [trunk revision 211635] (GCC)
=== objc tests ===
Running target unix
=== objc Summary for unix ===
# of expected passes 3004
# of expected failures 6
# of unsupported tests 74
Running target unix/-m64
=== objc Summary for unix/-m64 ===
# of expected passes 3004
# of expected failures 6
# of unsupported tests 74
=== objc Summary ===
# of expected passes 6008
# of expected failures 12
# of unsupported tests 148
/var/gcc/regression/trunk/11-gcc/build/gcc/xgcc version 4.10.0 20140613 (experimental) [trunk revision 211635] (GCC)
=== boehm-gc tests ===
Running target unix
=== boehm-gc Summary for unix ===
# of expected passes 12
# of unsupported tests 1
Running target unix/-m64
=== boehm-gc Summary for unix/-m64 ===
# of expected passes 12
# of unsupported tests 1
=== boehm-gc Summary ===
# of expected passes 24
# of unsupported tests 2
=== libatomic tests ===
Running target unix
=== libatomic Summary for unix ===
# of expected passes 44
# of unsupported tests 5
Running target unix/-m64
=== libatomic Summary for unix/-m64 ===
# of expected passes 54
=== libatomic Summary ===
# of expected passes 98
# of unsupported tests 5
=== libffi tests ===
Running target unix
=== libffi Summary for unix ===
# of expected passes 1819
# of unsupported tests 55
Running target unix/-m64
=== libffi Summary for unix/-m64 ===
# of expected passes 1819
# of unsupported tests 55
=== libffi Summary ===
# of expected passes 3638
# of unsupported tests 110
=== libgo tests ===
Running target unix
FAIL: net
FAIL: runtime
FAIL: sync
FAIL: log/syslog
FAIL: net/http
FAIL: os/exec
FAIL: sync/atomic
FAIL: text/tabwriter
=== libgo Summary for unix ===
# of expected passes 115
# of unexpected failures 8
Running target unix/-m64
FAIL: bufio
FAIL: bytes
FAIL: errors
FAIL: expvar
FAIL: flag
FAIL: fmt
FAIL: html
FAIL: image
FAIL: io
FAIL: log
FAIL: math
FAIL: mime
FAIL: net
FAIL: os
FAIL: path
FAIL: reflect
FAIL: regexp
FAIL: runtime
FAIL: sort
FAIL: strconv
FAIL: strings
FAIL: sync
FAIL: syscall
FAIL: time
FAIL: unicode
FAIL: archive/tar
FAIL: archive/zip
FAIL: compress/bzip2
FAIL: compress/flate
FAIL: compress/gzip
FAIL: compress/lzw
FAIL: compress/zlib
FAIL: container/heap
FAIL: container/list
FAIL: container/ring
FAIL: crypto/aes
FAIL: crypto/cipher
FAIL: crypto/des
FAIL: crypto/dsa
FAIL: crypto/ecdsa
FAIL: crypto/elliptic
FAIL: crypto/hmac
FAIL: crypto/md5
FAIL: crypto/rand
FAIL: crypto/rc4
FAIL: crypto/rsa
FAIL: crypto/sha1
FAIL: crypto/sha256
FAIL: crypto/sha512
FAIL: crypto/subtle
FAIL: crypto/tls
FAIL: crypto/x509
FAIL: database/sql
FAIL: database/sql/driver
FAIL: debug/dwarf
FAIL: debug/elf
FAIL: debug/macho
FAIL: debug/pe
FAIL: debug/plan9obj
FAIL: encoding/ascii85
FAIL: encoding/asn1
FAIL: encoding/base32
FAIL: encoding/base64
FAIL: encoding/binary
FAIL: encoding/csv
FAIL: encoding/gob
FAIL: encoding/hex
FAIL: encoding/json
FAIL: encoding/pem
FAIL: encoding/xml
FAIL: exp/proxy
FAIL: exp/terminal
FAIL: html/template
FAIL: go/ast
FAIL: go/doc
FAIL: go/format
FAIL: go/parser
FAIL: go/printer
FAIL: go/scanner
FAIL: go/token
FAIL: hash/adler32
FAIL: hash/crc32
FAIL: hash/crc64
FAIL: hash/fnv
FAIL: image/color
FAIL: image/draw
FAIL: image/jpeg
FAIL: image/png
FAIL: index/suffixarray
FAIL: io/ioutil
FAIL: log/syslog
FAIL: math/big
FAIL: math/cmplx
FAIL: math/rand
FAIL: mime/multipart
FAIL: net/http
FAIL: net/http/cgi
FAIL: net/http/cookiejar
FAIL: net/http/fcgi
FAIL: net/http/httptest
FAIL: net/http/httputil
FAIL: net/mail
FAIL: net/rpc
FAIL: net/smtp
FAIL: net/textproto
FAIL: net/url
FAIL: net/rpc/jsonrpc
FAIL: old/regexp
FAIL: old/template
FAIL: os/exec
FAIL: os/signal
FAIL: os/user
FAIL: path/filepath
FAIL: runtime/pprof
FAIL: sync/atomic
FAIL: text/scanner
FAIL: text/tabwriter
FAIL: text/template
FAIL: text/template/parse
FAIL: testing/quick
FAIL: unicode/utf16
FAIL: unicode/utf8
=== libgo Summary for unix/-m64 ===
# of expected passes 1
# of unexpected failures 122
=== libgo Summary ===
# of expected passes 116
# of unexpected failures 130
/var/gcc/regression/trunk/11-gcc/build/./gcc/gccgo version 4.10.0 20140613 (experimental) [trunk revision 211635] (GCC)
=== libgomp tests ===
Running target unix
=== libgomp Summary for unix ===
# of expected passes 2934
# of unsupported tests 38
Running target unix/-m64
=== libgomp Summary for unix/-m64 ===
# of expected passes 2934
# of unsupported tests 38
=== libgomp Summary ===
# of expected passes 5868
# of unsupported tests 76
=== libitm tests ===
Running target unix
=== libitm Summary for unix ===
# of expected passes 26
# of expected failures 3
# of unsupported tests 1
Running target unix/-m64
=== libitm Summary for unix/-m64 ===
# of expected passes 26
# of expected failures 3
# of unsupported tests 1
=== libitm Summary ===
# of expected passes 52
# of expected failures 6
# of unsupported tests 2
=== libjava tests ===
Running target unix
=== libjava Summary for unix ===
# of expected passes 2582
# of expected failures 4
Running target unix/-m64
=== libjava Summary for unix/-m64 ===
# of expected passes 2582
# of expected failures 4
=== libjava Summary ===
# of expected passes 5164
# of expected failures 8
=== libstdc++ tests ===
Running target unix
FAIL: ext/random/hypergeometric_distribution/operators/values.cc execution test
=== libstdc++ Summary for unix ===
# of expected passes 9033
# of unexpected failures 1
# of expected failures 69
# of unsupported tests 599
Running target unix/-m64
FAIL: ext/random/hypergeometric_distribution/operators/values.cc execution test
=== libstdc++ Summary for unix/-m64 ===
# of expected passes 9033
# of unexpected failures 1
# of expected failures 69
# of unsupported tests 599
=== libstdc++ Summary ===
# of expected passes 18066
# of unexpected failures 2
# of expected failures 138
# of unsupported tests 1198
Compiler version: 4.10.0 20140613 (experimental) [trunk revision 211635] (GCC)
Platform: i386-pc-solaris2.11
configure flags: --prefix=/vol/gcc --target=i386-pc-solaris2.11 --enable-objc-gc --enable-libmudflap --with-gmp-include=/vol/gcc/include --with-gmp-lib=/vol/gcc/lib --with-mpfr-include=/vol/gcc/include --with-mpfr-lib=/vol/gcc/lib --with-mpc-include=/vol/gcc/include --with-mpc-lib=/vol/gcc/lib --enable-languages=all,ada,obj-c++,go --with-isl-include=/vol/gcc/include --with-isl-lib=/vol/gcc/lib --with-cloog-include=/vol/gcc/include --with-cloog-lib=/vol/gcc/lib --enable-cloog-backend=isl
BOOT_CFLAGS=-g -O2