This is the mail archive of the
gcc-testresults@gcc.gnu.org
mailing list for the GCC project.
Results for 4.9.0 (Debian 4.9.0-5) testsuite on sparc-unknown-linux-gnu
- From: Matthias Klose <doko at debian dot org>
- To: gcc-testresults at gcc dot gnu dot org
- Cc: debian-gcc at lists dot debian dot org
- Date: Tue, 03 Jun 2014 17:54:22 +0000
- Subject: Results for 4.9.0 (Debian 4.9.0-5) testsuite on sparc-unknown-linux-gnu
- Authentication-results: sourceware.org; auth=none
- Reply-to: Matthias Klose <doko at debian dot org>
LAST_UPDATED: Tue May 27 06:50:47 UTC 2014 (revision 210956)
Target: sparc-linux-gnu
gcc version 4.9.0 (Debian 4.9.0-5)
Native configuration is sparc-unknown-linux-gnu
=== g++ tests ===
Running target unix
FAIL: g++.dg/guality/redeclaration1.C -O2 line 17 i == 24
FAIL: g++.dg/guality/redeclaration1.C -O3 -fomit-frame-pointer line 17 i == 24
FAIL: g++.dg/guality/redeclaration1.C -O3 -g line 17 i == 24
=== g++ Summary for unix ===
# of expected passes 57295
# of unexpected failures 3
# of expected failures 157
# of unsupported tests 2450
Running target unix/-fstack-protector
FAIL: g++.dg/guality/redeclaration1.C -O2 line 17 i == 24
FAIL: g++.dg/guality/redeclaration1.C -O3 -fomit-frame-pointer line 17 i == 24
FAIL: g++.dg/guality/redeclaration1.C -O3 -g line 17 i == 24
=== g++ Summary for unix/-fstack-protector ===
# of expected passes 57295
# of unexpected failures 3
# of expected failures 157
# of unsupported tests 2450
Running target unix/-m64
FAIL: c-c++-common/ubsan/null-1.c -O0 output pattern test, is ==27237==Sanitizer CHECK failed: ../../../../../src/libsanitizer/sanitizer_common/sanitizer_allocator.h:829 ((res)) < ((kNumPossibleRegions)) (1099511103746, 8388608)
FAIL: c-c++-common/ubsan/null-1.c -O1 output pattern test, is ==27282==Sanitizer CHECK failed: ../../../../../src/libsanitizer/sanitizer_common/sanitizer_allocator.h:829 ((res)) < ((kNumPossibleRegions)) (1099511103746, 8388608)
FAIL: c-c++-common/ubsan/null-1.c -O2 output pattern test, is ==27328==Sanitizer CHECK failed: ../../../../../src/libsanitizer/sanitizer_common/sanitizer_allocator.h:829 ((res)) < ((kNumPossibleRegions)) (1099511103746, 8388608)
FAIL: c-c++-common/ubsan/null-1.c -O3 -fomit-frame-pointer output pattern test, is ==27376==Sanitizer CHECK failed: ../../../../../src/libsanitizer/sanitizer_common/sanitizer_allocator.h:829 ((res)) < ((kNumPossibleRegions)) (1099511103746, 8388608)
FAIL: c-c++-common/ubsan/null-1.c -O3 -g output pattern test, is ==27414==Sanitizer CHECK failed: ../../../../../src/libsanitizer/sanitizer_common/sanitizer_allocator.h:829 ((res)) < ((kNumPossibleRegions)) (1099511103746, 8388608)
FAIL: c-c++-common/ubsan/null-1.c -Os output pattern test, is ==27453==Sanitizer CHECK failed: ../../../../../src/libsanitizer/sanitizer_common/sanitizer_allocator.h:829 ((res)) < ((kNumPossibleRegions)) (1099511103746, 8388608)
FAIL: c-c++-common/ubsan/null-1.c -O2 -flto -fno-use-linker-plugin -flto-partition=none output pattern test, is ==27520==Sanitizer CHECK failed: ../../../../../src/libsanitizer/sanitizer_common/sanitizer_allocator.h:829 ((res)) < ((kNumPossibleRegions)) (1099511103746, 8388608)
FAIL: c-c++-common/ubsan/null-1.c -O2 -flto -fuse-linker-plugin -fno-fat-lto-objects output pattern test, is ==27593==Sanitizer CHECK failed: ../../../../../src/libsanitizer/sanitizer_common/sanitizer_allocator.h:829 ((res)) < ((kNumPossibleRegions)) (1099511103746, 8388608)
FAIL: c-c++-common/ubsan/null-10.c -O0 output pattern test, is ==27683==Sanitizer CHECK failed: ../../../../../src/libsanitizer/sanitizer_common/sanitizer_allocator.h:829 ((res)) < ((kNumPossibleRegions)) (1099511103746, 8388608)
FAIL: c-c++-common/ubsan/null-10.c -O1 output pattern test, is ==27787==Sanitizer CHECK failed: ../../../../../src/libsanitizer/sanitizer_common/sanitizer_allocator.h:829 ((res)) < ((kNumPossibleRegions)) (1099511103746, 8388608)
FAIL: c-c++-common/ubsan/null-10.c -O2 output pattern test, is ==27914==Sanitizer CHECK failed: ../../../../../src/libsanitizer/sanitizer_common/sanitizer_allocator.h:829 ((res)) < ((kNumPossibleRegions)) (1099511103746, 8388608)
FAIL: c-c++-common/ubsan/null-10.c -O3 -fomit-frame-pointer output pattern test, is ==27958==Sanitizer CHECK failed: ../../../../../src/libsanitizer/sanitizer_common/sanitizer_allocator.h:829 ((res)) < ((kNumPossibleRegions)) (1099511103746, 8388608)
FAIL: c-c++-common/ubsan/null-10.c -O3 -g output pattern test, is ==28011==Sanitizer CHECK failed: ../../../../../src/libsanitizer/sanitizer_common/sanitizer_allocator.h:829 ((res)) < ((kNumPossibleRegions)) (1099511103746, 8388608)
FAIL: c-c++-common/ubsan/null-10.c -Os output pattern test, is ==28061==Sanitizer CHECK failed: ../../../../../src/libsanitizer/sanitizer_common/sanitizer_allocator.h:829 ((res)) < ((kNumPossibleRegions)) (1099511103746, 8388608)
FAIL: c-c++-common/ubsan/null-10.c -O2 -flto -fno-use-linker-plugin -flto-partition=none output pattern test, is ==28165==Sanitizer CHECK failed: ../../../../../src/libsanitizer/sanitizer_common/sanitizer_allocator.h:829 ((res)) < ((kNumPossibleRegions)) (1099511103746, 8388608)
FAIL: c-c++-common/ubsan/null-10.c -O2 -flto -fuse-linker-plugin -fno-fat-lto-objects output pattern test, is ==28255==Sanitizer CHECK failed: ../../../../../src/libsanitizer/sanitizer_common/sanitizer_allocator.h:829 ((res)) < ((kNumPossibleRegions)) (1099511103746, 8388608)
FAIL: c-c++-common/ubsan/null-11.c -O0 output pattern test, is ==28327==Sanitizer CHECK failed: ../../../../../src/libsanitizer/sanitizer_common/sanitizer_allocator.h:829 ((res)) < ((kNumPossibleRegions)) (1099511103746, 8388608)
FAIL: c-c++-common/ubsan/null-11.c -O1 output pattern test, is ==28394==Sanitizer CHECK failed: ../../../../../src/libsanitizer/sanitizer_common/sanitizer_allocator.h:829 ((res)) < ((kNumPossibleRegions)) (1099511103746, 8388608)
FAIL: c-c++-common/ubsan/null-11.c -O2 output pattern test, is ==28458==Sanitizer CHECK failed: ../../../../../src/libsanitizer/sanitizer_common/sanitizer_allocator.h:829 ((res)) < ((kNumPossibleRegions)) (1099511103746, 8388608)
FAIL: c-c++-common/ubsan/null-11.c -O3 -fomit-frame-pointer output pattern test, is ==28505==Sanitizer CHECK failed: ../../../../../src/libsanitizer/sanitizer_common/sanitizer_allocator.h:829 ((res)) < ((kNumPossibleRegions)) (1099511103746, 8388608)
FAIL: c-c++-common/ubsan/null-11.c -O3 -g output pattern test, is ==28557==Sanitizer CHECK failed: ../../../../../src/libsanitizer/sanitizer_common/sanitizer_allocator.h:829 ((res)) < ((kNumPossibleRegions)) (1099511103746, 8388608)
FAIL: c-c++-common/ubsan/null-11.c -Os output pattern test, is ==28607==Sanitizer CHECK failed: ../../../../../src/libsanitizer/sanitizer_common/sanitizer_allocator.h:829 ((res)) < ((kNumPossibleRegions)) (1099511103746, 8388608)
FAIL: c-c++-common/ubsan/null-11.c -O2 -flto -fno-use-linker-plugin -flto-partition=none output pattern test, is ==28728==Sanitizer CHECK failed: ../../../../../src/libsanitizer/sanitizer_common/sanitizer_allocator.h:829 ((res)) < ((kNumPossibleRegions)) (1099511103746, 8388608)
FAIL: c-c++-common/ubsan/null-11.c -O2 -flto -fuse-linker-plugin -fno-fat-lto-objects output pattern test, is ==28845==Sanitizer CHECK failed: ../../../../../src/libsanitizer/sanitizer_common/sanitizer_allocator.h:829 ((res)) < ((kNumPossibleRegions)) (1099511103746, 8388608)
FAIL: c-c++-common/ubsan/null-2.c -O0 output pattern test, is ==28888==Sanitizer CHECK failed: ../../../../../src/libsanitizer/sanitizer_common/sanitizer_allocator.h:829 ((res)) < ((kNumPossibleRegions)) (1099511103746, 8388608)
FAIL: c-c++-common/ubsan/null-2.c -O1 output pattern test, is ==28933==Sanitizer CHECK failed: ../../../../../src/libsanitizer/sanitizer_common/sanitizer_allocator.h:829 ((res)) < ((kNumPossibleRegions)) (1099511103746, 8388608)
FAIL: c-c++-common/ubsan/null-2.c -O2 output pattern test, is ==28965==Sanitizer CHECK failed: ../../../../../src/libsanitizer/sanitizer_common/sanitizer_allocator.h:829 ((res)) < ((kNumPossibleRegions)) (1099511103746, 8388608)
FAIL: c-c++-common/ubsan/null-2.c -O3 -fomit-frame-pointer output pattern test, is ==28993==Sanitizer CHECK failed: ../../../../../src/libsanitizer/sanitizer_common/sanitizer_allocator.h:829 ((res)) < ((kNumPossibleRegions)) (1099511103746, 8388608)
FAIL: c-c++-common/ubsan/null-2.c -O3 -g output pattern test, is ==29025==Sanitizer CHECK failed: ../../../../../src/libsanitizer/sanitizer_common/sanitizer_allocator.h:829 ((res)) < ((kNumPossibleRegions)) (1099511103746, 8388608)
FAIL: c-c++-common/ubsan/null-2.c -Os output pattern test, is ==29057==Sanitizer CHECK failed: ../../../../../src/libsanitizer/sanitizer_common/sanitizer_allocator.h:829 ((res)) < ((kNumPossibleRegions)) (1099511103746, 8388608)
FAIL: c-c++-common/ubsan/null-2.c -O2 -flto -fno-use-linker-plugin -flto-partition=none output pattern test, is ==29132==Sanitizer CHECK failed: ../../../../../src/libsanitizer/sanitizer_common/sanitizer_allocator.h:829 ((res)) < ((kNumPossibleRegions)) (1099511103746, 8388608)
FAIL: c-c++-common/ubsan/null-2.c -O2 -flto -fuse-linker-plugin -fno-fat-lto-objects output pattern test, is ==29173==Sanitizer CHECK failed: ../../../../../src/libsanitizer/sanitizer_common/sanitizer_allocator.h:829 ((res)) < ((kNumPossibleRegions)) (1099511103746, 8388608)
FAIL: c-c++-common/ubsan/null-3.c -O0 output pattern test, is ==29202==Sanitizer CHECK failed: ../../../../../src/libsanitizer/sanitizer_common/sanitizer_allocator.h:829 ((res)) < ((kNumPossibleRegions)) (1099511103746, 8388608)
FAIL: c-c++-common/ubsan/null-3.c -O1 output pattern test, is ==29232==Sanitizer CHECK failed: ../../../../../src/libsanitizer/sanitizer_common/sanitizer_allocator.h:829 ((res)) < ((kNumPossibleRegions)) (1099511103746, 8388608)
FAIL: c-c++-common/ubsan/null-3.c -O2 output pattern test, is ==29264==Sanitizer CHECK failed: ../../../../../src/libsanitizer/sanitizer_common/sanitizer_allocator.h:829 ((res)) < ((kNumPossibleRegions)) (1099511103746, 8388608)
FAIL: c-c++-common/ubsan/null-3.c -O3 -fomit-frame-pointer output pattern test, is ==29285==Sanitizer CHECK failed: ../../../../../src/libsanitizer/sanitizer_common/sanitizer_allocator.h:829 ((res)) < ((kNumPossibleRegions)) (1099511103746, 8388608)
FAIL: c-c++-common/ubsan/null-3.c -O3 -g output pattern test, is ==29317==Sanitizer CHECK failed: ../../../../../src/libsanitizer/sanitizer_common/sanitizer_allocator.h:829 ((res)) < ((kNumPossibleRegions)) (1099511103746, 8388608)
FAIL: c-c++-common/ubsan/null-3.c -Os output pattern test, is ==29349==Sanitizer CHECK failed: ../../../../../src/libsanitizer/sanitizer_common/sanitizer_allocator.h:829 ((res)) < ((kNumPossibleRegions)) (1099511103746, 8388608)
FAIL: c-c++-common/ubsan/null-3.c -O2 -flto -fno-use-linker-plugin -flto-partition=none output pattern test, is ==29417==Sanitizer CHECK failed: ../../../../../src/libsanitizer/sanitizer_common/sanitizer_allocator.h:829 ((res)) < ((kNumPossibleRegions)) (1099511103746, 8388608)
FAIL: c-c++-common/ubsan/null-3.c -O2 -flto -fuse-linker-plugin -fno-fat-lto-objects output pattern test, is ==29462==Sanitizer CHECK failed: ../../../../../src/libsanitizer/sanitizer_common/sanitizer_allocator.h:829 ((res)) < ((kNumPossibleRegions)) (1099511103746, 8388608)
FAIL: c-c++-common/ubsan/null-4.c -O0 output pattern test, is ==29487==Sanitizer CHECK failed: ../../../../../src/libsanitizer/sanitizer_common/sanitizer_allocator.h:829 ((res)) < ((kNumPossibleRegions)) (1099511103746, 8388608)
FAIL: c-c++-common/ubsan/null-4.c -O1 output pattern test, is ==29523==Sanitizer CHECK failed: ../../../../../src/libsanitizer/sanitizer_common/sanitizer_allocator.h:829 ((res)) < ((kNumPossibleRegions)) (1099511103746, 8388608)
FAIL: c-c++-common/ubsan/null-4.c -O2 output pattern test, is ==29551==Sanitizer CHECK failed: ../../../../../src/libsanitizer/sanitizer_common/sanitizer_allocator.h:829 ((res)) < ((kNumPossibleRegions)) (1099511103746, 8388608)
FAIL: c-c++-common/ubsan/null-4.c -O3 -fomit-frame-pointer output pattern test, is ==29580==Sanitizer CHECK failed: ../../../../../src/libsanitizer/sanitizer_common/sanitizer_allocator.h:829 ((res)) < ((kNumPossibleRegions)) (1099511103746, 8388608)
FAIL: c-c++-common/ubsan/null-4.c -O3 -g output pattern test, is ==29609==Sanitizer CHECK failed: ../../../../../src/libsanitizer/sanitizer_common/sanitizer_allocator.h:829 ((res)) < ((kNumPossibleRegions)) (1099511103746, 8388608)
FAIL: c-c++-common/ubsan/null-4.c -Os output pattern test, is ==29641==Sanitizer CHECK failed: ../../../../../src/libsanitizer/sanitizer_common/sanitizer_allocator.h:829 ((res)) < ((kNumPossibleRegions)) (1099511103746, 8388608)
FAIL: c-c++-common/ubsan/null-4.c -O2 -flto -fno-use-linker-plugin -flto-partition=none output pattern test, is ==29708==Sanitizer CHECK failed: ../../../../../src/libsanitizer/sanitizer_common/sanitizer_allocator.h:829 ((res)) < ((kNumPossibleRegions)) (1099511103746, 8388608)
FAIL: c-c++-common/ubsan/null-4.c -O2 -flto -fuse-linker-plugin -fno-fat-lto-objects output pattern test, is ==29750==Sanitizer CHECK failed: ../../../../../src/libsanitizer/sanitizer_common/sanitizer_allocator.h:829 ((res)) < ((kNumPossibleRegions)) (1099511103746, 8388608)
FAIL: c-c++-common/ubsan/null-5.c -O0 output pattern test, is ==29787==Sanitizer CHECK failed: ../../../../../src/libsanitizer/sanitizer_common/sanitizer_allocator.h:829 ((res)) < ((kNumPossibleRegions)) (1099511103746, 8388608)
FAIL: c-c++-common/ubsan/null-5.c -O1 output pattern test, is ==29818==Sanitizer CHECK failed: ../../../../../src/libsanitizer/sanitizer_common/sanitizer_allocator.h:829 ((res)) < ((kNumPossibleRegions)) (1099511103746, 8388608)
FAIL: c-c++-common/ubsan/null-5.c -O2 output pattern test, is ==29853==Sanitizer CHECK failed: ../../../../../src/libsanitizer/sanitizer_common/sanitizer_allocator.h:829 ((res)) < ((kNumPossibleRegions)) (1099511103746, 8388608)
FAIL: c-c++-common/ubsan/null-5.c -O3 -fomit-frame-pointer output pattern test, is ==29885==Sanitizer CHECK failed: ../../../../../src/libsanitizer/sanitizer_common/sanitizer_allocator.h:829 ((res)) < ((kNumPossibleRegions)) (1099511103746, 8388608)
FAIL: c-c++-common/ubsan/null-5.c -O3 -g output pattern test, is ==29917==Sanitizer CHECK failed: ../../../../../src/libsanitizer/sanitizer_common/sanitizer_allocator.h:829 ((res)) < ((kNumPossibleRegions)) (1099511103746, 8388608)
FAIL: c-c++-common/ubsan/null-5.c -Os output pattern test, is ==29949==Sanitizer CHECK failed: ../../../../../src/libsanitizer/sanitizer_common/sanitizer_allocator.h:829 ((res)) < ((kNumPossibleRegions)) (1099511103746, 8388608)
FAIL: c-c++-common/ubsan/null-5.c -O2 -flto -fno-use-linker-plugin -flto-partition=none output pattern test, is ==30016==Sanitizer CHECK failed: ../../../../../src/libsanitizer/sanitizer_common/sanitizer_allocator.h:829 ((res)) < ((kNumPossibleRegions)) (1099511103746, 8388608)
FAIL: c-c++-common/ubsan/null-5.c -O2 -flto -fuse-linker-plugin -fno-fat-lto-objects output pattern test, is ==30066==Sanitizer CHECK failed: ../../../../../src/libsanitizer/sanitizer_common/sanitizer_allocator.h:829 ((res)) < ((kNumPossibleRegions)) (1099511103746, 8388608)
FAIL: c-c++-common/ubsan/null-6.c -O0 output pattern test, is ==30097==Sanitizer CHECK failed: ../../../../../src/libsanitizer/sanitizer_common/sanitizer_allocator.h:829 ((res)) < ((kNumPossibleRegions)) (1099511103746, 8388608)
FAIL: c-c++-common/ubsan/null-6.c -O1 output pattern test, is ==30135==Sanitizer CHECK failed: ../../../../../src/libsanitizer/sanitizer_common/sanitizer_allocator.h:829 ((res)) < ((kNumPossibleRegions)) (1099511103746, 8388608)
FAIL: c-c++-common/ubsan/null-6.c -O2 output pattern test, is ==30175==Sanitizer CHECK failed: ../../../../../src/libsanitizer/sanitizer_common/sanitizer_allocator.h:829 ((res)) < ((kNumPossibleRegions)) (1099511103746, 8388608)
FAIL: c-c++-common/ubsan/null-6.c -O3 -fomit-frame-pointer output pattern test, is ==30212==Sanitizer CHECK failed: ../../../../../src/libsanitizer/sanitizer_common/sanitizer_allocator.h:829 ((res)) < ((kNumPossibleRegions)) (1099511103746, 8388608)
FAIL: c-c++-common/ubsan/null-6.c -O3 -g output pattern test, is ==30262==Sanitizer CHECK failed: ../../../../../src/libsanitizer/sanitizer_common/sanitizer_allocator.h:829 ((res)) < ((kNumPossibleRegions)) (1099511103746, 8388608)
FAIL: c-c++-common/ubsan/null-6.c -Os output pattern test, is ==30307==Sanitizer CHECK failed: ../../../../../src/libsanitizer/sanitizer_common/sanitizer_allocator.h:829 ((res)) < ((kNumPossibleRegions)) (1099511103746, 8388608)
FAIL: c-c++-common/ubsan/null-6.c -O2 -flto -fno-use-linker-plugin -flto-partition=none output pattern test, is ==30393==Sanitizer CHECK failed: ../../../../../src/libsanitizer/sanitizer_common/sanitizer_allocator.h:829 ((res)) < ((kNumPossibleRegions)) (1099511103746, 8388608)
FAIL: c-c++-common/ubsan/null-6.c -O2 -flto -fuse-linker-plugin -fno-fat-lto-objects output pattern test, is ==30456==Sanitizer CHECK failed: ../../../../../src/libsanitizer/sanitizer_common/sanitizer_allocator.h:829 ((res)) < ((kNumPossibleRegions)) (1099511103746, 8388608)
FAIL: c-c++-common/ubsan/null-7.c -O0 output pattern test, is ==30491==Sanitizer CHECK failed: ../../../../../src/libsanitizer/sanitizer_common/sanitizer_allocator.h:829 ((res)) < ((kNumPossibleRegions)) (1099511103746, 8388608)
FAIL: c-c++-common/ubsan/null-7.c -O1 output pattern test, is ==30523==Sanitizer CHECK failed: ../../../../../src/libsanitizer/sanitizer_common/sanitizer_allocator.h:829 ((res)) < ((kNumPossibleRegions)) (1099511103746, 8388608)
FAIL: c-c++-common/ubsan/null-7.c -O2 output pattern test, is ==30555==Sanitizer CHECK failed: ../../../../../src/libsanitizer/sanitizer_common/sanitizer_allocator.h:829 ((res)) < ((kNumPossibleRegions)) (1099511103746, 8388608)
FAIL: c-c++-common/ubsan/null-7.c -O3 -fomit-frame-pointer output pattern test, is ==30587==Sanitizer CHECK failed: ../../../../../src/libsanitizer/sanitizer_common/sanitizer_allocator.h:829 ((res)) < ((kNumPossibleRegions)) (1099511103746, 8388608)
FAIL: c-c++-common/ubsan/null-7.c -O3 -g output pattern test, is ==30619==Sanitizer CHECK failed: ../../../../../src/libsanitizer/sanitizer_common/sanitizer_allocator.h:829 ((res)) < ((kNumPossibleRegions)) (1099511103746, 8388608)
FAIL: c-c++-common/ubsan/null-7.c -Os output pattern test, is ==30651==Sanitizer CHECK failed: ../../../../../src/libsanitizer/sanitizer_common/sanitizer_allocator.h:829 ((res)) < ((kNumPossibleRegions)) (1099511103746, 8388608)
FAIL: c-c++-common/ubsan/null-7.c -O2 -flto -fno-use-linker-plugin -flto-partition=none output pattern test, is ==30718==Sanitizer CHECK failed: ../../../../../src/libsanitizer/sanitizer_common/sanitizer_allocator.h:829 ((res)) < ((kNumPossibleRegions)) (1099511103746, 8388608)
FAIL: c-c++-common/ubsan/null-7.c -O2 -flto -fuse-linker-plugin -fno-fat-lto-objects output pattern test, is ==30757==Sanitizer CHECK failed: ../../../../../src/libsanitizer/sanitizer_common/sanitizer_allocator.h:829 ((res)) < ((kNumPossibleRegions)) (1099511103746, 8388608)
FAIL: c-c++-common/ubsan/null-8.c -O0 output pattern test, is ==30792==Sanitizer CHECK failed: ../../../../../src/libsanitizer/sanitizer_common/sanitizer_allocator.h:829 ((res)) < ((kNumPossibleRegions)) (1099511103746, 8388608)
FAIL: c-c++-common/ubsan/null-8.c -O1 output pattern test, is ==30827==Sanitizer CHECK failed: ../../../../../src/libsanitizer/sanitizer_common/sanitizer_allocator.h:829 ((res)) < ((kNumPossibleRegions)) (1099511103746, 8388608)
FAIL: c-c++-common/ubsan/null-8.c -O2 output pattern test, is ==30858==Sanitizer CHECK failed: ../../../../../src/libsanitizer/sanitizer_common/sanitizer_allocator.h:829 ((res)) < ((kNumPossibleRegions)) (1099511103746, 8388608)
FAIL: c-c++-common/ubsan/null-8.c -O3 -fomit-frame-pointer output pattern test, is ==30890==Sanitizer CHECK failed: ../../../../../src/libsanitizer/sanitizer_common/sanitizer_allocator.h:829 ((res)) < ((kNumPossibleRegions)) (1099511103746, 8388608)
FAIL: c-c++-common/ubsan/null-8.c -O3 -g output pattern test, is ==30922==Sanitizer CHECK failed: ../../../../../src/libsanitizer/sanitizer_common/sanitizer_allocator.h:829 ((res)) < ((kNumPossibleRegions)) (1099511103746, 8388608)
FAIL: c-c++-common/ubsan/null-8.c -Os output pattern test, is ==30954==Sanitizer CHECK failed: ../../../../../src/libsanitizer/sanitizer_common/sanitizer_allocator.h:829 ((res)) < ((kNumPossibleRegions)) (1099511103746, 8388608)
FAIL: c-c++-common/ubsan/null-8.c -O2 -flto -fno-use-linker-plugin -flto-partition=none output pattern test, is ==31021==Sanitizer CHECK failed: ../../../../../src/libsanitizer/sanitizer_common/sanitizer_allocator.h:829 ((res)) < ((kNumPossibleRegions)) (1099511103746, 8388608)
FAIL: c-c++-common/ubsan/null-8.c -O2 -flto -fuse-linker-plugin -fno-fat-lto-objects output pattern test, is ==31065==Sanitizer CHECK failed: ../../../../../src/libsanitizer/sanitizer_common/sanitizer_allocator.h:829 ((res)) < ((kNumPossibleRegions)) (1099511103746, 8388608)
FAIL: c-c++-common/ubsan/null-9.c -O0 output pattern test, is ==31100==Sanitizer CHECK failed: ../../../../../src/libsanitizer/sanitizer_common/sanitizer_allocator.h:829 ((res)) < ((kNumPossibleRegions)) (1099511103746, 8388608)
FAIL: c-c++-common/ubsan/null-9.c -O1 output pattern test, is ==31135==Sanitizer CHECK failed: ../../../../../src/libsanitizer/sanitizer_common/sanitizer_allocator.h:829 ((res)) < ((kNumPossibleRegions)) (1099511103746, 8388608)
FAIL: c-c++-common/ubsan/null-9.c -O2 output pattern test, is ==31166==Sanitizer CHECK failed: ../../../../../src/libsanitizer/sanitizer_common/sanitizer_allocator.h:829 ((res)) < ((kNumPossibleRegions)) (1099511103746, 8388608)
FAIL: c-c++-common/ubsan/null-9.c -O3 -fomit-frame-pointer output pattern test, is ==31198==Sanitizer CHECK failed: ../../../../../src/libsanitizer/sanitizer_common/sanitizer_allocator.h:829 ((res)) < ((kNumPossibleRegions)) (1099511103746, 8388608)
FAIL: c-c++-common/ubsan/null-9.c -O3 -g output pattern test, is ==31235==Sanitizer CHECK failed: ../../../../../src/libsanitizer/sanitizer_common/sanitizer_allocator.h:829 ((res)) < ((kNumPossibleRegions)) (1099511103746, 8388608)
FAIL: c-c++-common/ubsan/null-9.c -Os output pattern test, is ==31267==Sanitizer CHECK failed: ../../../../../src/libsanitizer/sanitizer_common/sanitizer_allocator.h:829 ((res)) < ((kNumPossibleRegions)) (1099511103746, 8388608)
FAIL: c-c++-common/ubsan/null-9.c -O2 -flto -fno-use-linker-plugin -flto-partition=none output pattern test, is ==31334==Sanitizer CHECK failed: ../../../../../src/libsanitizer/sanitizer_common/sanitizer_allocator.h:829 ((res)) < ((kNumPossibleRegions)) (1099511103746, 8388608)
FAIL: c-c++-common/ubsan/null-9.c -O2 -flto -fuse-linker-plugin -fno-fat-lto-objects output pattern test, is ==31378==Sanitizer CHECK failed: ../../../../../src/libsanitizer/sanitizer_common/sanitizer_allocator.h:829 ((res)) < ((kNumPossibleRegions)) (1099511103746, 8388608)
FAIL: c-c++-common/ubsan/pr59667.c -O0 output pattern test, is ==4489==Sanitizer CHECK failed: ../../../../../src/libsanitizer/sanitizer_common/sanitizer_allocator.h:829 ((res)) < ((kNumPossibleRegions)) (1099511103746, 8388608)
FAIL: c-c++-common/ubsan/pr59667.c -O1 output pattern test, is ==4505==Sanitizer CHECK failed: ../../../../../src/libsanitizer/sanitizer_common/sanitizer_allocator.h:829 ((res)) < ((kNumPossibleRegions)) (1099511103746, 8388608)
FAIL: c-c++-common/ubsan/pr59667.c -O2 output pattern test, is ==4521==Sanitizer CHECK failed: ../../../../../src/libsanitizer/sanitizer_common/sanitizer_allocator.h:829 ((res)) < ((kNumPossibleRegions)) (1099511103746, 8388608)
FAIL: c-c++-common/ubsan/pr59667.c -O3 -fomit-frame-pointer output pattern test, is ==4537==Sanitizer CHECK failed: ../../../../../src/libsanitizer/sanitizer_common/sanitizer_allocator.h:829 ((res)) < ((kNumPossibleRegions)) (1099511103746, 8388608)
FAIL: c-c++-common/ubsan/pr59667.c -O3 -g output pattern test, is ==4569==Sanitizer CHECK failed: ../../../../../src/libsanitizer/sanitizer_common/sanitizer_allocator.h:829 ((res)) < ((kNumPossibleRegions)) (1099511103746, 8388608)
FAIL: c-c++-common/ubsan/pr59667.c -Os output pattern test, is ==4585==Sanitizer CHECK failed: ../../../../../src/libsanitizer/sanitizer_common/sanitizer_allocator.h:829 ((res)) < ((kNumPossibleRegions)) (1099511103746, 8388608)
FAIL: c-c++-common/ubsan/pr59667.c -O2 -flto -fno-use-linker-plugin -flto-partition=none output pattern test, is ==4620==Sanitizer CHECK failed: ../../../../../src/libsanitizer/sanitizer_common/sanitizer_allocator.h:829 ((res)) < ((kNumPossibleRegions)) (1099511103746, 8388608)
FAIL: c-c++-common/ubsan/pr59667.c -O2 -flto -fuse-linker-plugin -fno-fat-lto-objects output pattern test, is ==4643==Sanitizer CHECK failed: ../../../../../src/libsanitizer/sanitizer_common/sanitizer_allocator.h:829 ((res)) < ((kNumPossibleRegions)) (1099511103746, 8388608)
=== g++ Summary for unix/-m64 ===
# of expected passes 58966
# of unexpected failures 96
# of expected failures 157
# of unsupported tests 2448
=== g++ Summary ===
# of expected passes 173556
# of unexpected failures 102
# of expected failures 471
# of unsupported tests 7348
/build/gcc-4.9-Vb3ynW/gcc-4.9-4.9.0/build/gcc/testsuite/g++/../../xg++ version 4.9.0 (Debian 4.9.0-5)
=== gcc tests ===
Running target unix
XPASS: gcc.dg/guality/example.c -O0 execution test
XPASS: gcc.dg/guality/example.c -O1 execution test
XPASS: gcc.dg/guality/guality.c -O0 execution test
XPASS: gcc.dg/guality/guality.c -O1 execution test
XPASS: gcc.dg/guality/guality.c -O2 execution test
XPASS: gcc.dg/guality/guality.c -O3 -fomit-frame-pointer execution test
XPASS: gcc.dg/guality/guality.c -O3 -g execution test
XPASS: gcc.dg/guality/guality.c -Os execution test
XPASS: gcc.dg/guality/guality.c -O2 -flto -fno-use-linker-plugin -flto-partition=none execution test
XPASS: gcc.dg/guality/guality.c -O2 -flto -fuse-linker-plugin -fno-fat-lto-objects execution test
XPASS: gcc.dg/guality/inline-params.c -O2 execution test
XPASS: gcc.dg/guality/inline-params.c -O3 -fomit-frame-pointer execution test
XPASS: gcc.dg/guality/inline-params.c -O3 -g execution test
XPASS: gcc.dg/guality/inline-params.c -Os execution test
XPASS: gcc.dg/guality/inline-params.c -O2 -flto -fno-use-linker-plugin -flto-partition=none execution test
FAIL: gcc.dg/guality/pr36728-1.c -O2 line 16 y == 2
FAIL: gcc.dg/guality/pr36728-1.c -O3 -fomit-frame-pointer line 16 y == 2
FAIL: gcc.dg/guality/pr36728-1.c -O3 -g line 16 y == 2
FAIL: gcc.dg/guality/pr36728-1.c -O2 -flto -fno-use-linker-plugin -flto-partition=none line 16 y == 2
FAIL: gcc.dg/guality/pr36728-1.c -O2 -flto -fuse-linker-plugin -fno-fat-lto-objects line 16 y == 2
FAIL: gcc.dg/guality/pr36728-2.c -O2 line 16 y == 2
FAIL: gcc.dg/guality/pr36728-2.c -O3 -fomit-frame-pointer line 16 y == 2
FAIL: gcc.dg/guality/pr36728-2.c -O3 -g line 16 y == 2
FAIL: gcc.dg/guality/pr36728-2.c -Os line 18 y == 2
FAIL: gcc.dg/guality/pr36728-2.c -O2 -flto -fno-use-linker-plugin -flto-partition=none line 16 y == 2
FAIL: gcc.dg/guality/pr36728-2.c -O2 -flto -fuse-linker-plugin -fno-fat-lto-objects line 16 y == 2
XPASS: gcc.dg/guality/pr41353-1.c -O0 line 28 j == 28 + 37
FAIL: gcc.dg/guality/pr41353-1.c -O1 line 28 i1 == 2 * 37
FAIL: gcc.dg/guality/pr41353-1.c -O1 line 28 i2 == 3 * 37
FAIL: gcc.dg/guality/pr41353-1.c -O2 line 28 i1 == 2 * 37
FAIL: gcc.dg/guality/pr41353-1.c -O2 line 28 i2 == 3 * 37
FAIL: gcc.dg/guality/pr41353-1.c -O3 -fomit-frame-pointer line 28 i1 == 2 * 37
FAIL: gcc.dg/guality/pr41353-1.c -O3 -fomit-frame-pointer line 28 i2 == 3 * 37
FAIL: gcc.dg/guality/pr41353-1.c -O3 -g line 28 i1 == 2 * 37
FAIL: gcc.dg/guality/pr41353-1.c -O3 -g line 28 i2 == 3 * 37
FAIL: gcc.dg/guality/pr41353-1.c -Os line 28 i1 == 2 * 37
FAIL: gcc.dg/guality/pr41353-1.c -Os line 28 i2 == 3 * 37
FAIL: gcc.dg/guality/pr41353-1.c -O2 -flto -fno-use-linker-plugin -flto-partition=none line 28 i1 == 2 * 37
FAIL: gcc.dg/guality/pr41353-1.c -O2 -flto -fno-use-linker-plugin -flto-partition=none line 28 i2 == 3 * 37
FAIL: gcc.dg/guality/pr41353-1.c -O2 -flto -fuse-linker-plugin -fno-fat-lto-objects line 28 i1 == 2 * 37
FAIL: gcc.dg/guality/pr41353-1.c -O2 -flto -fuse-linker-plugin -fno-fat-lto-objects line 28 i2 == 3 * 37
FAIL: gcc.dg/guality/pr41404-1.c -O2 -flto -fno-use-linker-plugin -flto-partition=none line 10 *foo == 'f'
FAIL: gcc.dg/guality/pr41404-1.c -O2 -flto -fuse-linker-plugin -fno-fat-lto-objects line 10 *foo == 'f'
FAIL: gcc.dg/guality/pr41404-1.c -O2 -flto -fuse-linker-plugin -fno-fat-lto-objects line 14 *foo == 'b'
FAIL: gcc.dg/guality/pr41404-1.c -O2 -flto -fuse-linker-plugin -fno-fat-lto-objects line 24 *foo == 'f'
XPASS: gcc.dg/guality/pr41447-1.c -O0 execution test
XPASS: gcc.dg/guality/pr41447-1.c -O1 execution test
XPASS: gcc.dg/guality/pr41447-1.c -O2 execution test
XPASS: gcc.dg/guality/pr41447-1.c -O3 -fomit-frame-pointer execution test
XPASS: gcc.dg/guality/pr41447-1.c -O3 -g execution test
XPASS: gcc.dg/guality/pr41447-1.c -Os execution test
XPASS: gcc.dg/guality/pr41447-1.c -O2 -flto -fno-use-linker-plugin -flto-partition=none execution test
XPASS: gcc.dg/guality/pr41447-1.c -O2 -flto -fuse-linker-plugin -fno-fat-lto-objects execution test
XPASS: gcc.dg/guality/pr41616-1.c -O0 execution test
XPASS: gcc.dg/guality/pr41616-1.c -O1 execution test
XPASS: gcc.dg/guality/pr41616-1.c -O2 execution test
XPASS: gcc.dg/guality/pr41616-1.c -O3 -fomit-frame-pointer execution test
XPASS: gcc.dg/guality/pr41616-1.c -O3 -g execution test
XPASS: gcc.dg/guality/pr41616-1.c -Os execution test
XPASS: gcc.dg/guality/pr41616-1.c -O2 -flto -fno-use-linker-plugin -flto-partition=none execution test
FAIL: gcc.dg/guality/pr43479.c -O2 -flto -fno-use-linker-plugin -flto-partition=none line 13 h == 9
FAIL: gcc.dg/guality/pr43479.c -O2 -flto -fuse-linker-plugin -fno-fat-lto-objects line 13 h == 9
FAIL: gcc.dg/guality/pr48437.c -O2 -flto -fno-use-linker-plugin -flto-partition=none line 14 i == 0
FAIL: gcc.dg/guality/pr48437.c -O2 -flto -fuse-linker-plugin -fno-fat-lto-objects line 14 i == 0
FAIL: gcc.dg/guality/pr54200.c -O1 line 20 z == 3
FAIL: gcc.dg/guality/pr54200.c -O2 line 20 z == 3
FAIL: gcc.dg/guality/pr54200.c -O3 -fomit-frame-pointer line 20 z == 3
FAIL: gcc.dg/guality/pr54200.c -O3 -g line 20 z == 3
FAIL: gcc.dg/guality/pr54200.c -Os line 20 z == 3
FAIL: gcc.dg/guality/pr54200.c -O2 -flto -fno-use-linker-plugin -flto-partition=none line 20 z == 3
FAIL: gcc.dg/guality/pr54200.c -O2 -flto -fuse-linker-plugin -fno-fat-lto-objects line 20 z == 3
FAIL: gcc.dg/guality/pr54519-1.c -O2 -flto -fno-use-linker-plugin -flto-partition=none line 20 y == 25
FAIL: gcc.dg/guality/pr54519-1.c -O2 -flto -fno-use-linker-plugin -flto-partition=none line 20 z == 6
FAIL: gcc.dg/guality/pr54519-1.c -O2 -flto -fno-use-linker-plugin -flto-partition=none line 23 y == 117
FAIL: gcc.dg/guality/pr54519-1.c -O2 -flto -fno-use-linker-plugin -flto-partition=none line 23 z == 8
FAIL: gcc.dg/guality/pr54519-2.c -O2 -flto -fno-use-linker-plugin -flto-partition=none line 17 y == 25
FAIL: gcc.dg/guality/pr54519-2.c -O2 -flto -fuse-linker-plugin -fno-fat-lto-objects line 17 y == 25
FAIL: gcc.dg/guality/pr54519-3.c -O2 -flto -fno-use-linker-plugin -flto-partition=none line 20 y == 25
FAIL: gcc.dg/guality/pr54519-3.c -O2 -flto -fno-use-linker-plugin -flto-partition=none line 20 z == 6
FAIL: gcc.dg/guality/pr54519-3.c -O2 -flto -fno-use-linker-plugin -flto-partition=none line 23 y == 117
FAIL: gcc.dg/guality/pr54519-3.c -O2 -flto -fno-use-linker-plugin -flto-partition=none line 23 z == 8
FAIL: gcc.dg/guality/pr54519-3.c -O2 -flto -fuse-linker-plugin -fno-fat-lto-objects line 20 y == 25
FAIL: gcc.dg/guality/pr54519-3.c -O2 -flto -fuse-linker-plugin -fno-fat-lto-objects line 20 z == 6
FAIL: gcc.dg/guality/pr54519-3.c -O2 -flto -fuse-linker-plugin -fno-fat-lto-objects line 23 y == 117
FAIL: gcc.dg/guality/pr54519-3.c -O2 -flto -fuse-linker-plugin -fno-fat-lto-objects line 23 z == 8
FAIL: gcc.dg/guality/pr54519-4.c -O2 -flto -fno-use-linker-plugin -flto-partition=none line 17 y == 25
FAIL: gcc.dg/guality/pr54519-4.c -O2 -flto -fuse-linker-plugin -fno-fat-lto-objects line 17 y == 25
FAIL: gcc.dg/guality/pr54519-5.c -O2 -flto -fno-use-linker-plugin -flto-partition=none line 17 y == 25
FAIL: gcc.dg/guality/pr54519-5.c -O2 -flto -fuse-linker-plugin -fno-fat-lto-objects line 17 y == 25
FAIL: gcc.dg/guality/pr54693-2.c -O3 -fomit-frame-pointer -funroll-all-loops -finline-functions line 21 i == v + 1
FAIL: gcc.dg/guality/pr54693-2.c -Os line 21 y == 20 - 2 * i
FAIL: gcc.dg/guality/pr54970.c -Os line 15 a[0] == 1
FAIL: gcc.dg/guality/pr54970.c -Os line 20 a[0] == 1
FAIL: gcc.dg/guality/pr54970.c -Os line 25 a[0] == 1
FAIL: gcc.dg/guality/pr54970.c -Os line 31 *p == 6
FAIL: gcc.dg/guality/pr54970.c -Os line 31 *q == 5
FAIL: gcc.dg/guality/pr54970.c -Os line 36 *p == 26
FAIL: gcc.dg/guality/pr54970.c -Os line 36 *q == 5
FAIL: gcc.dg/guality/pr54970.c -Os line 45 *p == 26
FAIL: gcc.dg/guality/pr54970.c -Os line 45 p[-1] == 25
FAIL: gcc.dg/guality/pr54970.c -Os line 45 p[-2] == 4
FAIL: gcc.dg/guality/pr54970.c -Os line 45 q[-1] == 4
FAIL: gcc.dg/guality/pr54970.c -Os line 45 q[1] == 26
FAIL: gcc.dg/guality/pr54970.c -Os line 45 *q == 25
FAIL: gcc.dg/guality/pr54970.c -O2 -flto -fno-use-linker-plugin -flto-partition=none line 15 a[2] == 3
FAIL: gcc.dg/guality/pr54970.c -O2 -flto -fno-use-linker-plugin -flto-partition=none line 15 *p == 3
FAIL: gcc.dg/guality/pr54970.c -O2 -flto -fuse-linker-plugin -fno-fat-lto-objects line 15 a[2] == 3
FAIL: gcc.dg/guality/pr54970.c -O2 -flto -fuse-linker-plugin -fno-fat-lto-objects line 15 *p == 3
FAIL: gcc.dg/guality/sra-1.c -O1 line 43 a.i == 4
FAIL: gcc.dg/guality/sra-1.c -O1 line 43 a.j == 14
FAIL: gcc.dg/guality/sra-1.c -O2 line 21 a.i == 4
FAIL: gcc.dg/guality/sra-1.c -O2 line 32 a[0] == 4
FAIL: gcc.dg/guality/sra-1.c -O2 line 43 a.i == 4
FAIL: gcc.dg/guality/sra-1.c -O2 line 43 a.j == 14
FAIL: gcc.dg/guality/sra-1.c -O3 -fomit-frame-pointer line 21 a.i == 4
FAIL: gcc.dg/guality/sra-1.c -O3 -fomit-frame-pointer line 32 a[0] == 4
FAIL: gcc.dg/guality/sra-1.c -O3 -fomit-frame-pointer line 43 a.i == 4
FAIL: gcc.dg/guality/sra-1.c -O3 -fomit-frame-pointer line 43 a.j == 14
FAIL: gcc.dg/guality/sra-1.c -O3 -g line 21 a.i == 4
FAIL: gcc.dg/guality/sra-1.c -O3 -g line 32 a[0] == 4
FAIL: gcc.dg/guality/sra-1.c -O3 -g line 43 a.i == 4
FAIL: gcc.dg/guality/sra-1.c -O3 -g line 43 a.j == 14
FAIL: gcc.dg/guality/sra-1.c -Os line 43 a.i == 4
FAIL: gcc.dg/guality/sra-1.c -Os line 43 a.j == 14
FAIL: gcc.dg/guality/sra-1.c -O2 -flto -fno-use-linker-plugin -flto-partition=none line 21 a.i == 4
FAIL: gcc.dg/guality/sra-1.c -O2 -flto -fno-use-linker-plugin -flto-partition=none line 32 a[0] == 4
FAIL: gcc.dg/guality/sra-1.c -O2 -flto -fno-use-linker-plugin -flto-partition=none line 43 a.i == 4
FAIL: gcc.dg/guality/sra-1.c -O2 -flto -fno-use-linker-plugin -flto-partition=none line 43 a.j == 14
FAIL: gcc.dg/guality/sra-1.c -O2 -flto -fuse-linker-plugin -fno-fat-lto-objects line 21 a.i == 4
FAIL: gcc.dg/guality/sra-1.c -O2 -flto -fuse-linker-plugin -fno-fat-lto-objects line 32 a[0] == 4
FAIL: gcc.dg/guality/sra-1.c -O2 -flto -fuse-linker-plugin -fno-fat-lto-objects line 43 a.i == 4
FAIL: gcc.dg/guality/sra-1.c -O2 -flto -fuse-linker-plugin -fno-fat-lto-objects line 43 a.j == 14
FAIL: gcc.dg/guality/vla-1.c -O0 line 17 sizeof (a) == 6
FAIL: gcc.dg/guality/vla-1.c -O0 line 24 sizeof (a) == 17 * sizeof (short)
FAIL: gcc.dg/guality/vla-1.c -O1 line 17 sizeof (a) == 6
FAIL: gcc.dg/guality/vla-1.c -O1 line 24 sizeof (a) == 17 * sizeof (short)
FAIL: gcc.dg/guality/vla-1.c -O2 line 17 sizeof (a) == 6
FAIL: gcc.dg/guality/vla-1.c -O2 line 24 sizeof (a) == 17 * sizeof (short)
FAIL: gcc.dg/guality/vla-1.c -O3 -fomit-frame-pointer line 17 sizeof (a) == 6
FAIL: gcc.dg/guality/vla-1.c -O3 -fomit-frame-pointer line 24 sizeof (a) == 17 * sizeof (short)
FAIL: gcc.dg/guality/vla-1.c -O3 -g line 17 sizeof (a) == 6
FAIL: gcc.dg/guality/vla-1.c -O3 -g line 24 sizeof (a) == 17 * sizeof (short)
FAIL: gcc.dg/guality/vla-1.c -Os line 17 sizeof (a) == 6
FAIL: gcc.dg/guality/vla-1.c -Os line 24 sizeof (a) == 17 * sizeof (short)
FAIL: gcc.dg/guality/vla-1.c -O2 -flto -fno-use-linker-plugin -flto-partition=none line 17 sizeof (a) == 6
FAIL: gcc.dg/guality/vla-1.c -O2 -flto -fno-use-linker-plugin -flto-partition=none line 24 sizeof (a) == 17 * sizeof (short)
FAIL: gcc.dg/guality/vla-1.c -O2 -flto -fuse-linker-plugin -fno-fat-lto-objects line 17 sizeof (a) == 6
FAIL: gcc.dg/guality/vla-1.c -O2 -flto -fuse-linker-plugin -fno-fat-lto-objects line 24 sizeof (a) == 17 * sizeof (short)
FAIL: gcc.dg/guality/vla-2.c -O0 line 16 sizeof (a) == 5 * sizeof (int)
FAIL: gcc.dg/guality/vla-2.c -O0 line 25 sizeof (a) == 6 * sizeof (int)
FAIL: gcc.dg/guality/vla-2.c -O1 line 16 sizeof (a) == 5 * sizeof (int)
FAIL: gcc.dg/guality/vla-2.c -O1 line 25 sizeof (a) == 6 * sizeof (int)
FAIL: gcc.dg/guality/vla-2.c -O2 line 16 sizeof (a) == 5 * sizeof (int)
FAIL: gcc.dg/guality/vla-2.c -O2 line 25 sizeof (a) == 6 * sizeof (int)
FAIL: gcc.dg/guality/vla-2.c -O3 -fomit-frame-pointer line 16 sizeof (a) == 5 * sizeof (int)
FAIL: gcc.dg/guality/vla-2.c -O3 -fomit-frame-pointer line 25 sizeof (a) == 6 * sizeof (int)
FAIL: gcc.dg/guality/vla-2.c -O3 -g line 16 sizeof (a) == 5 * sizeof (int)
FAIL: gcc.dg/guality/vla-2.c -O3 -g line 25 sizeof (a) == 6 * sizeof (int)
FAIL: gcc.dg/guality/vla-2.c -Os line 16 sizeof (a) == 5 * sizeof (int)
FAIL: gcc.dg/guality/vla-2.c -Os line 25 sizeof (a) == 6 * sizeof (int)
FAIL: gcc.dg/guality/vla-2.c -O2 -flto -fno-use-linker-plugin -flto-partition=none line 16 sizeof (a) == 5 * sizeof (int)
FAIL: gcc.dg/guality/vla-2.c -O2 -flto -fno-use-linker-plugin -flto-partition=none line 25 sizeof (a) == 6 * sizeof (int)
FAIL: gcc.dg/guality/vla-2.c -O2 -flto -fuse-linker-plugin -fno-fat-lto-objects line 16 sizeof (a) == 5 * sizeof (int)
FAIL: gcc.dg/guality/vla-2.c -O2 -flto -fuse-linker-plugin -fno-fat-lto-objects line 25 sizeof (a) == 6 * sizeof (int)
FAIL: gcc.dg/special/gcsec-1.c (test for excess errors)
FAIL: gcc.dg/special/gcsec-1.c execution test
=== gcc Summary for unix ===
# of expected passes 91937
# of unexpected failures 135
# of unexpected successes 31
# of expected failures 339
# of unsupported tests 1964
Running target unix/-fstack-protector
FAIL: gcc.c-torture/compile/pr37381.c -O3 -g (test for excess errors)
FAIL: gcc.dg/superblock.c scan-rtl-dump-times sched2 "ADVANCING TO" 2
XPASS: gcc.dg/guality/example.c -O0 execution test
XPASS: gcc.dg/guality/example.c -O1 execution test
XPASS: gcc.dg/guality/guality.c -O0 execution test
XPASS: gcc.dg/guality/guality.c -O1 execution test
XPASS: gcc.dg/guality/guality.c -O2 execution test
XPASS: gcc.dg/guality/guality.c -O3 -fomit-frame-pointer execution test
XPASS: gcc.dg/guality/guality.c -O3 -g execution test
XPASS: gcc.dg/guality/guality.c -Os execution test
XPASS: gcc.dg/guality/guality.c -O2 -flto -fno-use-linker-plugin -flto-partition=none execution test
XPASS: gcc.dg/guality/guality.c -O2 -flto -fuse-linker-plugin -fno-fat-lto-objects execution test
XPASS: gcc.dg/guality/inline-params.c -O2 execution test
XPASS: gcc.dg/guality/inline-params.c -O3 -fomit-frame-pointer execution test
XPASS: gcc.dg/guality/inline-params.c -O3 -g execution test
XPASS: gcc.dg/guality/inline-params.c -Os execution test
XPASS: gcc.dg/guality/inline-params.c -O2 -flto -fno-use-linker-plugin -flto-partition=none execution test
FAIL: gcc.dg/guality/pr36728-2.c -Os line 18 y == 2
FAIL: gcc.dg/guality/pr36728-2.c -O2 -flto -fno-use-linker-plugin -flto-partition=none line 16 y == 2
FAIL: gcc.dg/guality/pr36728-2.c -O2 -flto -fuse-linker-plugin -fno-fat-lto-objects line 16 y == 2
XPASS: gcc.dg/guality/pr41353-1.c -O0 line 28 j == 28 + 37
FAIL: gcc.dg/guality/pr41353-1.c -O1 line 28 i1 == 2 * 37
FAIL: gcc.dg/guality/pr41353-1.c -O1 line 28 i2 == 3 * 37
FAIL: gcc.dg/guality/pr41353-1.c -O2 line 28 i1 == 2 * 37
FAIL: gcc.dg/guality/pr41353-1.c -O2 line 28 i2 == 3 * 37
FAIL: gcc.dg/guality/pr41353-1.c -O3 -fomit-frame-pointer line 28 i1 == 2 * 37
FAIL: gcc.dg/guality/pr41353-1.c -O3 -fomit-frame-pointer line 28 i2 == 3 * 37
FAIL: gcc.dg/guality/pr41353-1.c -O3 -g line 28 i1 == 2 * 37
FAIL: gcc.dg/guality/pr41353-1.c -O3 -g line 28 i2 == 3 * 37
FAIL: gcc.dg/guality/pr41353-1.c -Os line 28 i1 == 2 * 37
FAIL: gcc.dg/guality/pr41353-1.c -Os line 28 i2 == 3 * 37
FAIL: gcc.dg/guality/pr41353-1.c -O2 -flto -fno-use-linker-plugin -flto-partition=none line 28 i1 == 2 * 37
FAIL: gcc.dg/guality/pr41353-1.c -O2 -flto -fno-use-linker-plugin -flto-partition=none line 28 i2 == 3 * 37
FAIL: gcc.dg/guality/pr41353-1.c -O2 -flto -fuse-linker-plugin -fno-fat-lto-objects line 28 i1 == 2 * 37
FAIL: gcc.dg/guality/pr41353-1.c -O2 -flto -fuse-linker-plugin -fno-fat-lto-objects line 28 i2 == 3 * 37
FAIL: gcc.dg/guality/pr41404-1.c -O2 -flto -fno-use-linker-plugin -flto-partition=none line 10 *foo == 'f'
FAIL: gcc.dg/guality/pr41404-1.c -O2 -flto -fuse-linker-plugin -fno-fat-lto-objects line 10 *foo == 'f'
FAIL: gcc.dg/guality/pr41404-1.c -O2 -flto -fuse-linker-plugin -fno-fat-lto-objects line 14 *foo == 'b'
FAIL: gcc.dg/guality/pr41404-1.c -O2 -flto -fuse-linker-plugin -fno-fat-lto-objects line 24 *foo == 'f'
XPASS: gcc.dg/guality/pr41447-1.c -O0 execution test
XPASS: gcc.dg/guality/pr41447-1.c -O1 execution test
XPASS: gcc.dg/guality/pr41447-1.c -O2 execution test
XPASS: gcc.dg/guality/pr41447-1.c -O3 -fomit-frame-pointer execution test
XPASS: gcc.dg/guality/pr41447-1.c -O3 -g execution test
XPASS: gcc.dg/guality/pr41447-1.c -Os execution test
XPASS: gcc.dg/guality/pr41447-1.c -O2 -flto -fno-use-linker-plugin -flto-partition=none execution test
XPASS: gcc.dg/guality/pr41447-1.c -O2 -flto -fuse-linker-plugin -fno-fat-lto-objects execution test
XPASS: gcc.dg/guality/pr41616-1.c -O0 execution test
XPASS: gcc.dg/guality/pr41616-1.c -O1 execution test
XPASS: gcc.dg/guality/pr41616-1.c -O2 execution test
XPASS: gcc.dg/guality/pr41616-1.c -O3 -fomit-frame-pointer execution test
XPASS: gcc.dg/guality/pr41616-1.c -O3 -g execution test
XPASS: gcc.dg/guality/pr41616-1.c -Os execution test
XPASS: gcc.dg/guality/pr41616-1.c -O2 -flto -fno-use-linker-plugin -flto-partition=none execution test
FAIL: gcc.dg/guality/pr43479.c -O2 -flto -fno-use-linker-plugin -flto-partition=none line 13 h == 9
FAIL: gcc.dg/guality/pr43479.c -O2 -flto -fuse-linker-plugin -fno-fat-lto-objects line 13 h == 9
FAIL: gcc.dg/guality/pr48437.c -O2 -flto -fno-use-linker-plugin -flto-partition=none line 14 i == 0
FAIL: gcc.dg/guality/pr48437.c -O2 -flto -fuse-linker-plugin -fno-fat-lto-objects line 14 i == 0
FAIL: gcc.dg/guality/pr54200.c -O1 line 20 z == 3
FAIL: gcc.dg/guality/pr54200.c -O2 line 20 z == 3
FAIL: gcc.dg/guality/pr54200.c -O3 -fomit-frame-pointer line 20 z == 3
FAIL: gcc.dg/guality/pr54200.c -O3 -g line 20 z == 3
FAIL: gcc.dg/guality/pr54200.c -Os line 20 z == 3
FAIL: gcc.dg/guality/pr54200.c -O2 -flto -fno-use-linker-plugin -flto-partition=none line 20 z == 3
FAIL: gcc.dg/guality/pr54200.c -O2 -flto -fuse-linker-plugin -fno-fat-lto-objects line 20 z == 3
FAIL: gcc.dg/guality/pr54519-1.c -O2 -flto -fno-use-linker-plugin -flto-partition=none line 20 y == 25
FAIL: gcc.dg/guality/pr54519-1.c -O2 -flto -fno-use-linker-plugin -flto-partition=none line 20 z == 6
FAIL: gcc.dg/guality/pr54519-1.c -O2 -flto -fno-use-linker-plugin -flto-partition=none line 23 y == 117
FAIL: gcc.dg/guality/pr54519-1.c -O2 -flto -fno-use-linker-plugin -flto-partition=none line 23 z == 8
FAIL: gcc.dg/guality/pr54519-2.c -O2 -flto -fno-use-linker-plugin -flto-partition=none line 17 y == 25
FAIL: gcc.dg/guality/pr54519-2.c -O2 -flto -fuse-linker-plugin -fno-fat-lto-objects line 17 y == 25
FAIL: gcc.dg/guality/pr54519-3.c -O2 -flto -fno-use-linker-plugin -flto-partition=none line 20 y == 25
FAIL: gcc.dg/guality/pr54519-3.c -O2 -flto -fno-use-linker-plugin -flto-partition=none line 20 z == 6
FAIL: gcc.dg/guality/pr54519-3.c -O2 -flto -fno-use-linker-plugin -flto-partition=none line 23 y == 117
FAIL: gcc.dg/guality/pr54519-3.c -O2 -flto -fno-use-linker-plugin -flto-partition=none line 23 z == 8
FAIL: gcc.dg/guality/pr54519-3.c -O2 -flto -fuse-linker-plugin -fno-fat-lto-objects line 20 y == 25
FAIL: gcc.dg/guality/pr54519-3.c -O2 -flto -fuse-linker-plugin -fno-fat-lto-objects line 20 z == 6
FAIL: gcc.dg/guality/pr54519-3.c -O2 -flto -fuse-linker-plugin -fno-fat-lto-objects line 23 y == 117
FAIL: gcc.dg/guality/pr54519-3.c -O2 -flto -fuse-linker-plugin -fno-fat-lto-objects line 23 z == 8
FAIL: gcc.dg/guality/pr54519-4.c -O2 -flto -fno-use-linker-plugin -flto-partition=none line 17 y == 25
FAIL: gcc.dg/guality/pr54519-4.c -O2 -flto -fuse-linker-plugin -fno-fat-lto-objects line 17 y == 25
FAIL: gcc.dg/guality/pr54519-5.c -O2 -flto -fno-use-linker-plugin -flto-partition=none line 17 y == 25
FAIL: gcc.dg/guality/pr54519-5.c -O2 -flto -fuse-linker-plugin -fno-fat-lto-objects line 17 y == 25
FAIL: gcc.dg/guality/pr54693-2.c -O3 -fomit-frame-pointer -funroll-all-loops -finline-functions line 21 i == v + 1
FAIL: gcc.dg/guality/pr54693-2.c -Os line 21 y == 20 - 2 * i
FAIL: gcc.dg/guality/pr54970.c -Os line 15 a[0] == 1
FAIL: gcc.dg/guality/pr54970.c -Os line 20 a[0] == 1
FAIL: gcc.dg/guality/pr54970.c -Os line 25 a[0] == 1
FAIL: gcc.dg/guality/pr54970.c -Os line 31 *p == 6
FAIL: gcc.dg/guality/pr54970.c -Os line 31 *q == 5
FAIL: gcc.dg/guality/pr54970.c -Os line 36 *p == 26
FAIL: gcc.dg/guality/pr54970.c -Os line 36 *q == 5
FAIL: gcc.dg/guality/pr54970.c -Os line 45 *p == 26
FAIL: gcc.dg/guality/pr54970.c -Os line 45 p[-1] == 25
FAIL: gcc.dg/guality/pr54970.c -Os line 45 p[-2] == 4
FAIL: gcc.dg/guality/pr54970.c -Os line 45 q[-1] == 4
FAIL: gcc.dg/guality/pr54970.c -Os line 45 q[1] == 26
FAIL: gcc.dg/guality/pr54970.c -Os line 45 *q == 25
FAIL: gcc.dg/guality/pr54970.c -O2 -flto -fno-use-linker-plugin -flto-partition=none line 15 a[2] == 3
FAIL: gcc.dg/guality/pr54970.c -O2 -flto -fno-use-linker-plugin -flto-partition=none line 15 *p == 3
FAIL: gcc.dg/guality/pr54970.c -O2 -flto -fuse-linker-plugin -fno-fat-lto-objects line 15 a[2] == 3
FAIL: gcc.dg/guality/pr54970.c -O2 -flto -fuse-linker-plugin -fno-fat-lto-objects line 15 *p == 3
FAIL: gcc.dg/guality/sra-1.c -O1 line 43 a.i == 4
FAIL: gcc.dg/guality/sra-1.c -O1 line 43 a.j == 14
FAIL: gcc.dg/guality/sra-1.c -O2 line 21 a.i == 4
FAIL: gcc.dg/guality/sra-1.c -O2 line 32 a[0] == 4
FAIL: gcc.dg/guality/sra-1.c -O2 line 43 a.i == 4
FAIL: gcc.dg/guality/sra-1.c -O2 line 43 a.j == 14
FAIL: gcc.dg/guality/sra-1.c -O3 -fomit-frame-pointer line 21 a.i == 4
FAIL: gcc.dg/guality/sra-1.c -O3 -fomit-frame-pointer line 32 a[0] == 4
FAIL: gcc.dg/guality/sra-1.c -O3 -fomit-frame-pointer line 43 a.i == 4
FAIL: gcc.dg/guality/sra-1.c -O3 -fomit-frame-pointer line 43 a.j == 14
FAIL: gcc.dg/guality/sra-1.c -O3 -g line 21 a.i == 4
FAIL: gcc.dg/guality/sra-1.c -O3 -g line 32 a[0] == 4
FAIL: gcc.dg/guality/sra-1.c -O3 -g line 43 a.i == 4
FAIL: gcc.dg/guality/sra-1.c -O3 -g line 43 a.j == 14
FAIL: gcc.dg/guality/sra-1.c -Os line 43 a.i == 4
FAIL: gcc.dg/guality/sra-1.c -Os line 43 a.j == 14
FAIL: gcc.dg/guality/sra-1.c -O2 -flto -fno-use-linker-plugin -flto-partition=none line 21 a.i == 4
FAIL: gcc.dg/guality/sra-1.c -O2 -flto -fno-use-linker-plugin -flto-partition=none line 32 a[0] == 4
FAIL: gcc.dg/guality/sra-1.c -O2 -flto -fno-use-linker-plugin -flto-partition=none line 43 a.i == 4
FAIL: gcc.dg/guality/sra-1.c -O2 -flto -fno-use-linker-plugin -flto-partition=none line 43 a.j == 14
FAIL: gcc.dg/guality/sra-1.c -O2 -flto -fuse-linker-plugin -fno-fat-lto-objects line 21 a.i == 4
FAIL: gcc.dg/guality/sra-1.c -O2 -flto -fuse-linker-plugin -fno-fat-lto-objects line 32 a[0] == 4
FAIL: gcc.dg/guality/sra-1.c -O2 -flto -fuse-linker-plugin -fno-fat-lto-objects line 43 a.i == 4
FAIL: gcc.dg/guality/sra-1.c -O2 -flto -fuse-linker-plugin -fno-fat-lto-objects line 43 a.j == 14
FAIL: gcc.dg/guality/vla-1.c -O0 line 17 sizeof (a) == 6
FAIL: gcc.dg/guality/vla-1.c -O0 line 24 sizeof (a) == 17 * sizeof (short)
FAIL: gcc.dg/guality/vla-1.c -O1 line 17 sizeof (a) == 6
FAIL: gcc.dg/guality/vla-1.c -O1 line 24 sizeof (a) == 17 * sizeof (short)
FAIL: gcc.dg/guality/vla-1.c -O2 line 17 sizeof (a) == 6
FAIL: gcc.dg/guality/vla-1.c -O2 line 24 sizeof (a) == 17 * sizeof (short)
FAIL: gcc.dg/guality/vla-1.c -O3 -fomit-frame-pointer line 17 sizeof (a) == 6
FAIL: gcc.dg/guality/vla-1.c -O3 -fomit-frame-pointer line 24 sizeof (a) == 17 * sizeof (short)
FAIL: gcc.dg/guality/vla-1.c -O3 -g line 17 sizeof (a) == 6
FAIL: gcc.dg/guality/vla-1.c -O3 -g line 24 sizeof (a) == 17 * sizeof (short)
FAIL: gcc.dg/guality/vla-1.c -Os line 17 sizeof (a) == 6
FAIL: gcc.dg/guality/vla-1.c -Os line 24 sizeof (a) == 17 * sizeof (short)
FAIL: gcc.dg/guality/vla-1.c -O2 -flto -fno-use-linker-plugin -flto-partition=none line 17 sizeof (a) == 6
FAIL: gcc.dg/guality/vla-1.c -O2 -flto -fno-use-linker-plugin -flto-partition=none line 24 sizeof (a) == 17 * sizeof (short)
FAIL: gcc.dg/guality/vla-1.c -O2 -flto -fuse-linker-plugin -fno-fat-lto-objects line 17 sizeof (a) == 6
FAIL: gcc.dg/guality/vla-1.c -O2 -flto -fuse-linker-plugin -fno-fat-lto-objects line 24 sizeof (a) == 17 * sizeof (short)
FAIL: gcc.dg/guality/vla-2.c -O0 line 16 sizeof (a) == 5 * sizeof (int)
FAIL: gcc.dg/guality/vla-2.c -O0 line 25 sizeof (a) == 6 * sizeof (int)
FAIL: gcc.dg/guality/vla-2.c -O1 line 16 sizeof (a) == 5 * sizeof (int)
FAIL: gcc.dg/guality/vla-2.c -O1 line 25 sizeof (a) == 6 * sizeof (int)
FAIL: gcc.dg/guality/vla-2.c -O2 line 16 sizeof (a) == 5 * sizeof (int)
FAIL: gcc.dg/guality/vla-2.c -O2 line 25 sizeof (a) == 6 * sizeof (int)
FAIL: gcc.dg/guality/vla-2.c -O3 -fomit-frame-pointer line 16 sizeof (a) == 5 * sizeof (int)
FAIL: gcc.dg/guality/vla-2.c -O3 -fomit-frame-pointer line 25 sizeof (a) == 6 * sizeof (int)
FAIL: gcc.dg/guality/vla-2.c -O3 -g line 16 sizeof (a) == 5 * sizeof (int)
FAIL: gcc.dg/guality/vla-2.c -O3 -g line 25 sizeof (a) == 6 * sizeof (int)
FAIL: gcc.dg/guality/vla-2.c -Os line 16 sizeof (a) == 5 * sizeof (int)
FAIL: gcc.dg/guality/vla-2.c -Os line 25 sizeof (a) == 6 * sizeof (int)
FAIL: gcc.dg/guality/vla-2.c -O2 -flto -fno-use-linker-plugin -flto-partition=none line 16 sizeof (a) == 5 * sizeof (int)
FAIL: gcc.dg/guality/vla-2.c -O2 -flto -fno-use-linker-plugin -flto-partition=none line 25 sizeof (a) == 6 * sizeof (int)
FAIL: gcc.dg/guality/vla-2.c -O2 -flto -fuse-linker-plugin -fno-fat-lto-objects line 16 sizeof (a) == 5 * sizeof (int)
FAIL: gcc.dg/guality/vla-2.c -O2 -flto -fuse-linker-plugin -fno-fat-lto-objects line 25 sizeof (a) == 6 * sizeof (int)
FAIL: gcc.dg/special/gcsec-1.c (test for excess errors)
FAIL: gcc.dg/special/gcsec-1.c execution test
=== gcc Summary for unix/-fstack-protector ===
# of expected passes 91935
# of unexpected failures 129
# of unexpected successes 31
# of expected failures 339
# of unsupported tests 1972
Running target unix/-m64
ERROR: tcl error sourcing /build/gcc-4.9-Vb3ynW/gcc-4.9-4.9.0/src/gcc/testsuite/gcc.dg/compat/compat.exp.
ERROR: couldn't execute "rm": no such file or directory
FAIL: gcc.dg/special/gcsec-1.c (test for excess errors)
FAIL: gcc.dg/special/gcsec-1.c execution test
FAIL: c-c++-common/ubsan/null-1.c -O0 output pattern test, is ==466==Sanitizer CHECK failed: ../../../../../src/libsanitizer/sanitizer_common/sanitizer_allocator.h:829 ((res)) < ((kNumPossibleRegions)) (1099511103746, 8388608)
FAIL: c-c++-common/ubsan/null-1.c -O1 output pattern test, is ==487==Sanitizer CHECK failed: ../../../../../src/libsanitizer/sanitizer_common/sanitizer_allocator.h:829 ((res)) < ((kNumPossibleRegions)) (1099511103746, 8388608)
FAIL: c-c++-common/ubsan/null-1.c -O2 output pattern test, is ==514==Sanitizer CHECK failed: ../../../../../src/libsanitizer/sanitizer_common/sanitizer_allocator.h:829 ((res)) < ((kNumPossibleRegions)) (1099511103746, 8388608)
FAIL: c-c++-common/ubsan/null-1.c -O3 -fomit-frame-pointer output pattern test, is ==530==Sanitizer CHECK failed: ../../../../../src/libsanitizer/sanitizer_common/sanitizer_allocator.h:829 ((res)) < ((kNumPossibleRegions)) (1099511103746, 8388608)
FAIL: c-c++-common/ubsan/null-1.c -O3 -g output pattern test, is ==546==Sanitizer CHECK failed: ../../../../../src/libsanitizer/sanitizer_common/sanitizer_allocator.h:829 ((res)) < ((kNumPossibleRegions)) (1099511103746, 8388608)
FAIL: c-c++-common/ubsan/null-1.c -Os output pattern test, is ==564==Sanitizer CHECK failed: ../../../../../src/libsanitizer/sanitizer_common/sanitizer_allocator.h:829 ((res)) < ((kNumPossibleRegions)) (1099511103746, 8388608)
FAIL: c-c++-common/ubsan/null-1.c -O2 -flto -fno-use-linker-plugin -flto-partition=none output pattern test, is ==613==Sanitizer CHECK failed: ../../../../../src/libsanitizer/sanitizer_common/sanitizer_allocator.h:829 ((res)) < ((kNumPossibleRegions)) (1099511103746, 8388608)
FAIL: c-c++-common/ubsan/null-1.c -O2 -flto -fuse-linker-plugin -fno-fat-lto-objects output pattern test, is ==636==Sanitizer CHECK failed: ../../../../../src/libsanitizer/sanitizer_common/sanitizer_allocator.h:829 ((res)) < ((kNumPossibleRegions)) (1099511103746, 8388608)
FAIL: c-c++-common/ubsan/null-10.c -O0 output pattern test, is ==657==Sanitizer CHECK failed: ../../../../../src/libsanitizer/sanitizer_common/sanitizer_allocator.h:829 ((res)) < ((kNumPossibleRegions)) (1099511103746, 8388608)
FAIL: c-c++-common/ubsan/null-10.c -O1 output pattern test, is ==693==Sanitizer CHECK failed: ../../../../../src/libsanitizer/sanitizer_common/sanitizer_allocator.h:829 ((res)) < ((kNumPossibleRegions)) (1099511103746, 8388608)
FAIL: c-c++-common/ubsan/null-10.c -O2 output pattern test, is ==741==Sanitizer CHECK failed: ../../../../../src/libsanitizer/sanitizer_common/sanitizer_allocator.h:829 ((res)) < ((kNumPossibleRegions)) (1099511103746, 8388608)
FAIL: c-c++-common/ubsan/null-10.c -O3 -fomit-frame-pointer output pattern test, is ==787==Sanitizer CHECK failed: ../../../../../src/libsanitizer/sanitizer_common/sanitizer_allocator.h:829 ((res)) < ((kNumPossibleRegions)) (1099511103746, 8388608)
FAIL: c-c++-common/ubsan/null-10.c -O3 -g output pattern test, is ==823==Sanitizer CHECK failed: ../../../../../src/libsanitizer/sanitizer_common/sanitizer_allocator.h:829 ((res)) < ((kNumPossibleRegions)) (1099511103746, 8388608)
FAIL: c-c++-common/ubsan/null-10.c -Os output pattern test, is ==856==Sanitizer CHECK failed: ../../../../../src/libsanitizer/sanitizer_common/sanitizer_allocator.h:829 ((res)) < ((kNumPossibleRegions)) (1099511103746, 8388608)
FAIL: c-c++-common/ubsan/null-10.c -O2 -flto -fno-use-linker-plugin -flto-partition=none output pattern test, is ==935==Sanitizer CHECK failed: ../../../../../src/libsanitizer/sanitizer_common/sanitizer_allocator.h:829 ((res)) < ((kNumPossibleRegions)) (1099511103746, 8388608)
FAIL: c-c++-common/ubsan/null-10.c -O2 -flto -fuse-linker-plugin -fno-fat-lto-objects output pattern test, is ==985==Sanitizer CHECK failed: ../../../../../src/libsanitizer/sanitizer_common/sanitizer_allocator.h:829 ((res)) < ((kNumPossibleRegions)) (1099511103746, 8388608)
FAIL: c-c++-common/ubsan/null-11.c -O0 output pattern test, is ==1001==Sanitizer CHECK failed: ../../../../../src/libsanitizer/sanitizer_common/sanitizer_allocator.h:829 ((res)) < ((kNumPossibleRegions)) (1099511103746, 8388608)
FAIL: c-c++-common/ubsan/null-11.c -O1 output pattern test, is ==1022==Sanitizer CHECK failed: ../../../../../src/libsanitizer/sanitizer_common/sanitizer_allocator.h:829 ((res)) < ((kNumPossibleRegions)) (1099511103746, 8388608)
FAIL: c-c++-common/ubsan/null-11.c -O2 output pattern test, is ==1049==Sanitizer CHECK failed: ../../../../../src/libsanitizer/sanitizer_common/sanitizer_allocator.h:829 ((res)) < ((kNumPossibleRegions)) (1099511103746, 8388608)
FAIL: c-c++-common/ubsan/null-11.c -O3 -fomit-frame-pointer output pattern test, is ==1065==Sanitizer CHECK failed: ../../../../../src/libsanitizer/sanitizer_common/sanitizer_allocator.h:829 ((res)) < ((kNumPossibleRegions)) (1099511103746, 8388608)
FAIL: c-c++-common/ubsan/null-11.c -O3 -g output pattern test, is ==1081==Sanitizer CHECK failed: ../../../../../src/libsanitizer/sanitizer_common/sanitizer_allocator.h:829 ((res)) < ((kNumPossibleRegions)) (1099511103746, 8388608)
FAIL: c-c++-common/ubsan/null-11.c -Os output pattern test, is ==1097==Sanitizer CHECK failed: ../../../../../src/libsanitizer/sanitizer_common/sanitizer_allocator.h:829 ((res)) < ((kNumPossibleRegions)) (1099511103746, 8388608)
FAIL: c-c++-common/ubsan/null-11.c -O2 -flto -fno-use-linker-plugin -flto-partition=none output pattern test, is ==1148==Sanitizer CHECK failed: ../../../../../src/libsanitizer/sanitizer_common/sanitizer_allocator.h:829 ((res)) < ((kNumPossibleRegions)) (1099511103746, 8388608)
FAIL: c-c++-common/ubsan/null-11.c -O2 -flto -fuse-linker-plugin -fno-fat-lto-objects output pattern test, is ==1171==Sanitizer CHECK failed: ../../../../../src/libsanitizer/sanitizer_common/sanitizer_allocator.h:829 ((res)) < ((kNumPossibleRegions)) (1099511103746, 8388608)
FAIL: c-c++-common/ubsan/null-2.c -O0 output pattern test, is ==1187==Sanitizer CHECK failed: ../../../../../src/libsanitizer/sanitizer_common/sanitizer_allocator.h:829 ((res)) < ((kNumPossibleRegions)) (1099511103746, 8388608)
FAIL: c-c++-common/ubsan/null-2.c -O1 output pattern test, is ==1208==Sanitizer CHECK failed: ../../../../../src/libsanitizer/sanitizer_common/sanitizer_allocator.h:829 ((res)) < ((kNumPossibleRegions)) (1099511103748, 8388608)
FAIL: c-c++-common/ubsan/null-2.c -O2 output pattern test, is ==1235==Sanitizer CHECK failed: ../../../../../src/libsanitizer/sanitizer_common/sanitizer_allocator.h:829 ((res)) < ((kNumPossibleRegions)) (1099511103746, 8388608)
FAIL: c-c++-common/ubsan/null-2.c -O3 -fomit-frame-pointer output pattern test, is ==1251==Sanitizer CHECK failed: ../../../../../src/libsanitizer/sanitizer_common/sanitizer_allocator.h:829 ((res)) < ((kNumPossibleRegions)) (1099511103746, 8388608)
FAIL: c-c++-common/ubsan/null-2.c -O3 -g output pattern test, is ==1273==Sanitizer CHECK failed: ../../../../../src/libsanitizer/sanitizer_common/sanitizer_allocator.h:829 ((res)) < ((kNumPossibleRegions)) (1099511103746, 8388608)
FAIL: c-c++-common/ubsan/null-2.c -Os output pattern test, is ==1290==Sanitizer CHECK failed: ../../../../../src/libsanitizer/sanitizer_common/sanitizer_allocator.h:829 ((res)) < ((kNumPossibleRegions)) (1099511103746, 8388608)
FAIL: c-c++-common/ubsan/null-2.c -O2 -flto -fno-use-linker-plugin -flto-partition=none output pattern test, is ==1330==Sanitizer CHECK failed: ../../../../../src/libsanitizer/sanitizer_common/sanitizer_allocator.h:829 ((res)) < ((kNumPossibleRegions)) (1099511103746, 8388608)
FAIL: c-c++-common/ubsan/null-2.c -O2 -flto -fuse-linker-plugin -fno-fat-lto-objects output pattern test, is ==1360==Sanitizer CHECK failed: ../../../../../src/libsanitizer/sanitizer_common/sanitizer_allocator.h:829 ((res)) < ((kNumPossibleRegions)) (1099511103746, 8388608)
FAIL: c-c++-common/ubsan/null-3.c -O0 output pattern test, is ==1376==Sanitizer CHECK failed: ../../../../../src/libsanitizer/sanitizer_common/sanitizer_allocator.h:829 ((res)) < ((kNumPossibleRegions)) (1099511103746, 8388608)
FAIL: c-c++-common/ubsan/null-3.c -O1 output pattern test, is ==1392==Sanitizer CHECK failed: ../../../../../src/libsanitizer/sanitizer_common/sanitizer_allocator.h:829 ((res)) < ((kNumPossibleRegions)) (1099511103746, 8388608)
FAIL: c-c++-common/ubsan/null-3.c -O2 output pattern test, is ==1436==Sanitizer CHECK failed: ../../../../../src/libsanitizer/sanitizer_common/sanitizer_allocator.h:829 ((res)) < ((kNumPossibleRegions)) (1099511103746, 8388608)
FAIL: c-c++-common/ubsan/null-3.c -O3 -fomit-frame-pointer output pattern test, is ==1491==Sanitizer CHECK failed: ../../../../../src/libsanitizer/sanitizer_common/sanitizer_allocator.h:829 ((res)) < ((kNumPossibleRegions)) (1099511103746, 8388608)
FAIL: c-c++-common/ubsan/null-3.c -O3 -g output pattern test, is ==1523==Sanitizer CHECK failed: ../../../../../src/libsanitizer/sanitizer_common/sanitizer_allocator.h:829 ((res)) < ((kNumPossibleRegions)) (1099511103746, 8388608)
FAIL: c-c++-common/ubsan/null-3.c -Os output pattern test, is ==1555==Sanitizer CHECK failed: ../../../../../src/libsanitizer/sanitizer_common/sanitizer_allocator.h:829 ((res)) < ((kNumPossibleRegions)) (1099511103746, 8388608)
FAIL: c-c++-common/ubsan/null-3.c -O2 -flto -fno-use-linker-plugin -flto-partition=none output pattern test, is ==1606==Sanitizer CHECK failed: ../../../../../src/libsanitizer/sanitizer_common/sanitizer_allocator.h:829 ((res)) < ((kNumPossibleRegions)) (1099511103746, 8388608)
FAIL: c-c++-common/ubsan/null-3.c -O2 -flto -fuse-linker-plugin -fno-fat-lto-objects output pattern test, is ==1640==Sanitizer CHECK failed: ../../../../../src/libsanitizer/sanitizer_common/sanitizer_allocator.h:829 ((res)) < ((kNumPossibleRegions)) (1099511103746, 8388608)
FAIL: c-c++-common/ubsan/null-4.c -O0 output pattern test, is ==1656==Sanitizer CHECK failed: ../../../../../src/libsanitizer/sanitizer_common/sanitizer_allocator.h:829 ((res)) < ((kNumPossibleRegions)) (1099511103746, 8388608)
FAIL: c-c++-common/ubsan/null-4.c -O1 output pattern test, is ==1672==Sanitizer CHECK failed: ../../../../../src/libsanitizer/sanitizer_common/sanitizer_allocator.h:829 ((res)) < ((kNumPossibleRegions)) (1099511103746, 8388608)
FAIL: c-c++-common/ubsan/null-4.c -O2 output pattern test, is ==1693==Sanitizer CHECK failed: ../../../../../src/libsanitizer/sanitizer_common/sanitizer_allocator.h:829 ((res)) < ((kNumPossibleRegions)) (1099511103746, 8388608)
FAIL: c-c++-common/ubsan/null-4.c -O3 -fomit-frame-pointer output pattern test, is ==1720==Sanitizer CHECK failed: ../../../../../src/libsanitizer/sanitizer_common/sanitizer_allocator.h:829 ((res)) < ((kNumPossibleRegions)) (1099511103746, 8388608)
FAIL: c-c++-common/ubsan/null-4.c -O3 -g output pattern test, is ==1736==Sanitizer CHECK failed: ../../../../../src/libsanitizer/sanitizer_common/sanitizer_allocator.h:829 ((res)) < ((kNumPossibleRegions)) (1099511103746, 8388608)
FAIL: c-c++-common/ubsan/null-4.c -Os output pattern test, is ==1753==Sanitizer CHECK failed: ../../../../../src/libsanitizer/sanitizer_common/sanitizer_allocator.h:829 ((res)) < ((kNumPossibleRegions)) (1099511103746, 8388608)
FAIL: c-c++-common/ubsan/null-4.c -O2 -flto -fno-use-linker-plugin -flto-partition=none output pattern test, is ==1808==Sanitizer CHECK failed: ../../../../../src/libsanitizer/sanitizer_common/sanitizer_allocator.h:829 ((res)) < ((kNumPossibleRegions)) (1099511103746, 8388608)
FAIL: c-c++-common/ubsan/null-4.c -O2 -flto -fuse-linker-plugin -fno-fat-lto-objects output pattern test, is ==1854==Sanitizer CHECK failed: ../../../../../src/libsanitizer/sanitizer_common/sanitizer_allocator.h:829 ((res)) < ((kNumPossibleRegions)) (1099511103746, 8388608)
FAIL: c-c++-common/ubsan/null-5.c -O0 output pattern test, is ==1879==Sanitizer CHECK failed: ../../../../../src/libsanitizer/sanitizer_common/sanitizer_allocator.h:829 ((res)) < ((kNumPossibleRegions)) (1099511103746, 8388608)
FAIL: c-c++-common/ubsan/null-5.c -O1 output pattern test, is ==1895==Sanitizer CHECK failed: ../../../../../src/libsanitizer/sanitizer_common/sanitizer_allocator.h:829 ((res)) < ((kNumPossibleRegions)) (1099511103746, 8388608)
FAIL: c-c++-common/ubsan/null-5.c -O2 output pattern test, is ==1919==Sanitizer CHECK failed: ../../../../../src/libsanitizer/sanitizer_common/sanitizer_allocator.h:829 ((res)) < ((kNumPossibleRegions)) (1099511103746, 8388608)
FAIL: c-c++-common/ubsan/null-5.c -O3 -fomit-frame-pointer output pattern test, is ==1936==Sanitizer CHECK failed: ../../../../../src/libsanitizer/sanitizer_common/sanitizer_allocator.h:829 ((res)) < ((kNumPossibleRegions)) (1099511103746, 8388608)
FAIL: c-c++-common/ubsan/null-5.c -O3 -g output pattern test, is ==1952==Sanitizer CHECK failed: ../../../../../src/libsanitizer/sanitizer_common/sanitizer_allocator.h:829 ((res)) < ((kNumPossibleRegions)) (1099511103746, 8388608)
FAIL: c-c++-common/ubsan/null-5.c -Os output pattern test, is ==1991==Sanitizer CHECK failed: ../../../../../src/libsanitizer/sanitizer_common/sanitizer_allocator.h:829 ((res)) < ((kNumPossibleRegions)) (1099511103746, 8388608)
FAIL: c-c++-common/ubsan/null-5.c -O2 -flto -fno-use-linker-plugin -flto-partition=none output pattern test, is ==2049==Sanitizer CHECK failed: ../../../../../src/libsanitizer/sanitizer_common/sanitizer_allocator.h:829 ((res)) < ((kNumPossibleRegions)) (1099511103746, 8388608)
FAIL: c-c++-common/ubsan/null-5.c -O2 -flto -fuse-linker-plugin -fno-fat-lto-objects output pattern test, is ==2084==Sanitizer CHECK failed: ../../../../../src/libsanitizer/sanitizer_common/sanitizer_allocator.h:829 ((res)) < ((kNumPossibleRegions)) (1099511103746, 8388608)
FAIL: c-c++-common/ubsan/null-6.c -O0 output pattern test, is ==2101==Sanitizer CHECK failed: ../../../../../src/libsanitizer/sanitizer_common/sanitizer_allocator.h:829 ((res)) < ((kNumPossibleRegions)) (1099511103746, 8388608)
FAIL: c-c++-common/ubsan/null-6.c -O1 output pattern test, is ==2131==Sanitizer CHECK failed: ../../../../../src/libsanitizer/sanitizer_common/sanitizer_allocator.h:829 ((res)) < ((kNumPossibleRegions)) (1099511103746, 8388608)
FAIL: c-c++-common/ubsan/null-6.c -O2 output pattern test, is ==2160==Sanitizer CHECK failed: ../../../../../src/libsanitizer/sanitizer_common/sanitizer_allocator.h:829 ((res)) < ((kNumPossibleRegions)) (1099511103746, 8388608)
FAIL: c-c++-common/ubsan/null-6.c -O3 -fomit-frame-pointer output pattern test, is ==2192==Sanitizer CHECK failed: ../../../../../src/libsanitizer/sanitizer_common/sanitizer_allocator.h:829 ((res)) < ((kNumPossibleRegions)) (1099511103746, 8388608)
FAIL: c-c++-common/ubsan/null-6.c -O3 -g output pattern test, is ==2219==Sanitizer CHECK failed: ../../../../../src/libsanitizer/sanitizer_common/sanitizer_allocator.h:829 ((res)) < ((kNumPossibleRegions)) (1099511103746, 8388608)
FAIL: c-c++-common/ubsan/null-6.c -Os output pattern test, is ==2269==Sanitizer CHECK failed: ../../../../../src/libsanitizer/sanitizer_common/sanitizer_allocator.h:829 ((res)) < ((kNumPossibleRegions)) (1099511103746, 8388608)
FAIL: c-c++-common/ubsan/null-6.c -O2 -flto -fno-use-linker-plugin -flto-partition=none output pattern test, is ==2308==Sanitizer CHECK failed: ../../../../../src/libsanitizer/sanitizer_common/sanitizer_allocator.h:829 ((res)) < ((kNumPossibleRegions)) (1099511103746, 8388608)
FAIL: c-c++-common/ubsan/null-6.c -O2 -flto -fuse-linker-plugin -fno-fat-lto-objects output pattern test, is ==2346==Sanitizer CHECK failed: ../../../../../src/libsanitizer/sanitizer_common/sanitizer_allocator.h:829 ((res)) < ((kNumPossibleRegions)) (1099511103746, 8388608)
FAIL: c-c++-common/ubsan/null-7.c -O0 output pattern test, is ==2363==Sanitizer CHECK failed: ../../../../../src/libsanitizer/sanitizer_common/sanitizer_allocator.h:829 ((res)) < ((kNumPossibleRegions)) (1099511103746, 8388608)
FAIL: c-c++-common/ubsan/null-7.c -O1 output pattern test, is ==2380==Sanitizer CHECK failed: ../../../../../src/libsanitizer/sanitizer_common/sanitizer_allocator.h:829 ((res)) < ((kNumPossibleRegions)) (1099511103746, 8388608)
FAIL: c-c++-common/ubsan/null-7.c -O2 output pattern test, is ==2409==Sanitizer CHECK failed: ../../../../../src/libsanitizer/sanitizer_common/sanitizer_allocator.h:829 ((res)) < ((kNumPossibleRegions)) (1099511103746, 8388608)
FAIL: c-c++-common/ubsan/null-7.c -O3 -fomit-frame-pointer output pattern test, is ==2436==Sanitizer CHECK failed: ../../../../../src/libsanitizer/sanitizer_common/sanitizer_allocator.h:829 ((res)) < ((kNumPossibleRegions)) (1099511103746, 8388608)
FAIL: c-c++-common/ubsan/null-7.c -O3 -g output pattern test, is ==2453==Sanitizer CHECK failed: ../../../../../src/libsanitizer/sanitizer_common/sanitizer_allocator.h:829 ((res)) < ((kNumPossibleRegions)) (1099511103746, 8388608)
FAIL: c-c++-common/ubsan/null-7.c -Os output pattern test, is ==2469==Sanitizer CHECK failed: ../../../../../src/libsanitizer/sanitizer_common/sanitizer_allocator.h:829 ((res)) < ((kNumPossibleRegions)) (1099511103746, 8388608)
FAIL: c-c++-common/ubsan/null-7.c -O2 -flto -fno-use-linker-plugin -flto-partition=none output pattern test, is ==2521==Sanitizer CHECK failed: ../../../../../src/libsanitizer/sanitizer_common/sanitizer_allocator.h:829 ((res)) < ((kNumPossibleRegions)) (1099511103746, 8388608)
FAIL: c-c++-common/ubsan/null-7.c -O2 -flto -fuse-linker-plugin -fno-fat-lto-objects output pattern test, is ==2544==Sanitizer CHECK failed: ../../../../../src/libsanitizer/sanitizer_common/sanitizer_allocator.h:829 ((res)) < ((kNumPossibleRegions)) (1099511103746, 8388608)
FAIL: c-c++-common/ubsan/null-8.c -O0 output pattern test, is ==2571==Sanitizer CHECK failed: ../../../../../src/libsanitizer/sanitizer_common/sanitizer_allocator.h:829 ((res)) < ((kNumPossibleRegions)) (1099511103746, 8388608)
FAIL: c-c++-common/ubsan/null-8.c -O1 output pattern test, is ==2593==Sanitizer CHECK failed: ../../../../../src/libsanitizer/sanitizer_common/sanitizer_allocator.h:829 ((res)) < ((kNumPossibleRegions)) (1099511103746, 8388608)
FAIL: c-c++-common/ubsan/null-8.c -O2 output pattern test, is ==2609==Sanitizer CHECK failed: ../../../../../src/libsanitizer/sanitizer_common/sanitizer_allocator.h:829 ((res)) < ((kNumPossibleRegions)) (1099511103746, 8388608)
FAIL: c-c++-common/ubsan/null-8.c -O3 -fomit-frame-pointer output pattern test, is ==2625==Sanitizer CHECK failed: ../../../../../src/libsanitizer/sanitizer_common/sanitizer_allocator.h:829 ((res)) < ((kNumPossibleRegions)) (1099511103746, 8388608)
FAIL: c-c++-common/ubsan/null-8.c -O3 -g output pattern test, is ==2651==Sanitizer CHECK failed: ../../../../../src/libsanitizer/sanitizer_common/sanitizer_allocator.h:829 ((res)) < ((kNumPossibleRegions)) (1099511103746, 8388608)
FAIL: c-c++-common/ubsan/null-8.c -Os output pattern test, is ==2676==Sanitizer CHECK failed: ../../../../../src/libsanitizer/sanitizer_common/sanitizer_allocator.h:829 ((res)) < ((kNumPossibleRegions)) (1099511103746, 8388608)
FAIL: c-c++-common/ubsan/null-8.c -O2 -flto -fno-use-linker-plugin -flto-partition=none output pattern test, is ==2716==Sanitizer CHECK failed: ../../../../../src/libsanitizer/sanitizer_common/sanitizer_allocator.h:829 ((res)) < ((kNumPossibleRegions)) (1099511103746, 8388608)
FAIL: c-c++-common/ubsan/null-8.c -O2 -flto -fuse-linker-plugin -fno-fat-lto-objects output pattern test, is ==2761==Sanitizer CHECK failed: ../../../../../src/libsanitizer/sanitizer_common/sanitizer_allocator.h:829 ((res)) < ((kNumPossibleRegions)) (1099511103746, 8388608)
FAIL: c-c++-common/ubsan/null-9.c -O0 output pattern test, is ==2806==Sanitizer CHECK failed: ../../../../../src/libsanitizer/sanitizer_common/sanitizer_allocator.h:829 ((res)) < ((kNumPossibleRegions)) (1099511103746, 8388608)
FAIL: c-c++-common/ubsan/null-9.c -O1 output pattern test, is ==2829==Sanitizer CHECK failed: ../../../../../src/libsanitizer/sanitizer_common/sanitizer_allocator.h:829 ((res)) < ((kNumPossibleRegions)) (1099511103746, 8388608)
FAIL: c-c++-common/ubsan/null-9.c -O2 output pattern test, is ==2854==Sanitizer CHECK failed: ../../../../../src/libsanitizer/sanitizer_common/sanitizer_allocator.h:829 ((res)) < ((kNumPossibleRegions)) (1099511103746, 8388608)
FAIL: c-c++-common/ubsan/null-9.c -O3 -fomit-frame-pointer output pattern test, is ==2870==Sanitizer CHECK failed: ../../../../../src/libsanitizer/sanitizer_common/sanitizer_allocator.h:829 ((res)) < ((kNumPossibleRegions)) (1099511103746, 8388608)
FAIL: c-c++-common/ubsan/null-9.c -O3 -g output pattern test, is ==2886==Sanitizer CHECK failed: ../../../../../src/libsanitizer/sanitizer_common/sanitizer_allocator.h:829 ((res)) < ((kNumPossibleRegions)) (1099511103746, 8388608)
FAIL: c-c++-common/ubsan/null-9.c -Os output pattern test, is ==2911==Sanitizer CHECK failed: ../../../../../src/libsanitizer/sanitizer_common/sanitizer_allocator.h:829 ((res)) < ((kNumPossibleRegions)) (1099511103746, 8388608)
FAIL: c-c++-common/ubsan/null-9.c -O2 -flto -fno-use-linker-plugin -flto-partition=none output pattern test, is ==2963==Sanitizer CHECK failed: ../../../../../src/libsanitizer/sanitizer_common/sanitizer_allocator.h:829 ((res)) < ((kNumPossibleRegions)) (1099511103746, 8388608)
FAIL: c-c++-common/ubsan/null-9.c -O2 -flto -fuse-linker-plugin -fno-fat-lto-objects output pattern test, is ==3030==Sanitizer CHECK failed: ../../../../../src/libsanitizer/sanitizer_common/sanitizer_allocator.h:829 ((res)) < ((kNumPossibleRegions)) (1099511103746, 8388608)
FAIL: c-c++-common/ubsan/pr59667.c -O0 output pattern test, is ==8490==Sanitizer CHECK failed: ../../../../../src/libsanitizer/sanitizer_common/sanitizer_allocator.h:829 ((res)) < ((kNumPossibleRegions)) (1099511103746, 8388608)
FAIL: c-c++-common/ubsan/pr59667.c -O1 output pattern test, is ==8512==Sanitizer CHECK failed: ../../../../../src/libsanitizer/sanitizer_common/sanitizer_allocator.h:829 ((res)) < ((kNumPossibleRegions)) (1099511103746, 8388608)
FAIL: c-c++-common/ubsan/pr59667.c -O2 output pattern test, is ==8548==Sanitizer CHECK failed: ../../../../../src/libsanitizer/sanitizer_common/sanitizer_allocator.h:829 ((res)) < ((kNumPossibleRegions)) (1099511103746, 8388608)
FAIL: c-c++-common/ubsan/pr59667.c -O3 -fomit-frame-pointer output pattern test, is ==8569==Sanitizer CHECK failed: ../../../../../src/libsanitizer/sanitizer_common/sanitizer_allocator.h:829 ((res)) < ((kNumPossibleRegions)) (1099511103746, 8388608)
FAIL: c-c++-common/ubsan/pr59667.c -O3 -g output pattern test, is ==8626==Sanitizer CHECK failed: ../../../../../src/libsanitizer/sanitizer_common/sanitizer_allocator.h:829 ((res)) < ((kNumPossibleRegions)) (1099511103746, 8388608)
FAIL: c-c++-common/ubsan/pr59667.c -Os output pattern test, is ==8645==Sanitizer CHECK failed: ../../../../../src/libsanitizer/sanitizer_common/sanitizer_allocator.h:829 ((res)) < ((kNumPossibleRegions)) (1099511103746, 8388608)
FAIL: c-c++-common/ubsan/pr59667.c -O2 -flto -fno-use-linker-plugin -flto-partition=none output pattern test, is ==8698==Sanitizer CHECK failed: ../../../../../src/libsanitizer/sanitizer_common/sanitizer_allocator.h:829 ((res)) < ((kNumPossibleRegions)) (1099511103746, 8388608)
FAIL: c-c++-common/ubsan/pr59667.c -O2 -flto -fuse-linker-plugin -fno-fat-lto-objects output pattern test, is ==8732==Sanitizer CHECK failed: ../../../../../src/libsanitizer/sanitizer_common/sanitizer_allocator.h:829 ((res)) < ((kNumPossibleRegions)) (1099511103746, 8388608)
=== gcc Summary for unix/-m64 ===
# of expected passes 95072
# of unexpected failures 356
# of unexpected successes 62
# of expected failures 345
# of unsupported tests 2119
=== gcc Summary ===
# of expected passes 278944
# of unexpected failures 620
# of unexpected successes 124
# of expected failures 1023
# of unsupported tests 6055
/build/gcc-4.9-Vb3ynW/gcc-4.9-4.9.0/build/gcc/xgcc version 4.9.0 (Debian 4.9.0-5)
=== gfortran tests ===
Running target unix
=== gfortran Summary for unix ===
# of expected passes 45278
# of expected failures 54
# of unsupported tests 259
Running target unix/-fstack-protector
=== gfortran Summary for unix/-fstack-protector ===
# of expected passes 45278
# of expected failures 54
# of unsupported tests 259
Running target unix/-m64
=== gfortran Summary for unix/-m64 ===
# of expected passes 45590
# of expected failures 54
# of unsupported tests 113
=== gfortran Summary ===
# of expected passes 136146
# of expected failures 162
# of unsupported tests 631
/build/gcc-4.9-Vb3ynW/gcc-4.9-4.9.0/build/gcc/testsuite/gfortran/../../gfortran version 4.9.0 (Debian 4.9.0-5)
=== obj-c++ tests ===
Running target unix
=== obj-c++ Summary for unix ===
# of expected passes 1449
# of expected failures 2
# of unsupported tests 86
Running target unix/-fstack-protector
=== obj-c++ Summary for unix/-fstack-protector ===
# of expected passes 1449
# of expected failures 2
# of unsupported tests 86
Running target unix/-m64
=== obj-c++ Summary for unix/-m64 ===
# of expected passes 1441
# of expected failures 10
# of unsupported tests 86
=== obj-c++ Summary ===
# of expected passes 4339
# of expected failures 14
# of unsupported tests 258
/build/gcc-4.9-Vb3ynW/gcc-4.9-4.9.0/build/gcc/testsuite/obj-c++/../../xg++ version 4.9.0 (Debian 4.9.0-5)
=== objc tests ===
Running target unix
=== objc Summary for unix ===
# of expected passes 2994
# of unsupported tests 74
Running target unix/-fstack-protector
=== objc Summary for unix/-fstack-protector ===
# of expected passes 2994
# of unsupported tests 74
Running target unix/-m64
=== objc Summary for unix/-m64 ===
# of expected passes 2994
# of unsupported tests 74
=== objc Summary ===
# of expected passes 8982
# of unsupported tests 222
/build/gcc-4.9-Vb3ynW/gcc-4.9-4.9.0/build/gcc/xgcc version 4.9.0 (Debian 4.9.0-5)
=== boehm-gc tests ===
Running target unix
=== boehm-gc Summary for unix ===
# of expected passes 12
# of unsupported tests 1
Running target unix/-fstack-protector
=== boehm-gc Summary for unix/-fstack-protector ===
# of expected passes 12
# of unsupported tests 1
Running target unix/-m64
=== boehm-gc Summary for unix/-m64 ===
# of expected passes 12
# of unsupported tests 1
=== boehm-gc Summary ===
# of expected passes 36
# of unsupported tests 3
=== libatomic tests ===
Running target unix
=== libatomic Summary for unix ===
# of expected passes 44
# of unsupported tests 5
Running target unix/-fstack-protector
=== libatomic Summary for unix/-fstack-protector ===
# of expected passes 44
# of unsupported tests 5
Running target unix/-m64
=== libatomic Summary for unix/-m64 ===
# of expected passes 54
=== libatomic Summary ===
# of expected passes 142
# of unsupported tests 10
=== libffi tests ===
Running target unix
=== libffi Summary for unix ===
# of expected passes 1819
# of unsupported tests 55
Running target unix/-fstack-protector
=== libffi Summary for unix/-fstack-protector ===
# of expected passes 1819
# of unsupported tests 55
Running target unix/-m64
=== libffi Summary for unix/-m64 ===
# of expected passes 1819
# of unsupported tests 55
=== libffi Summary ===
# of expected passes 5457
# of unsupported tests 165
=== libgomp tests ===
Running target unix
WARNING: program timed out.
FAIL: libgomp.c/lock-3.c execution test
=== libgomp Summary for unix ===
# of expected passes 2427
# of unexpected failures 1
# of unsupported tests 1
Running target unix/-fstack-protector
WARNING: program timed out.
FAIL: libgomp.c/lock-3.c execution test
=== libgomp Summary for unix/-fstack-protector ===
# of expected passes 2427
# of unexpected failures 1
# of unsupported tests 1
Running target unix/-m64
=== libgomp Summary for unix/-m64 ===
# of expected passes 2428
# of unsupported tests 1
=== libgomp Summary ===
# of expected passes 7282
# of unexpected failures 2
# of unsupported tests 3
=== libjava tests ===
Running target unix
=== libjava Summary for unix ===
# of expected passes 2582
# of expected failures 4
Running target unix/-fstack-protector
=== libjava Summary for unix/-fstack-protector ===
# of expected passes 2582
# of expected failures 4
=== libjava Summary ===
# of expected passes 5164
# of expected failures 8
=== libstdc++ tests ===
Running target unix
FAIL: libstdc++-abi/abi_check
FAIL: 22_locale/numpunct/members/char/3.cc execution test
FAIL: 22_locale/time_get/get_date/wchar_t/4.cc execution test
=== libstdc++ Summary for unix ===
# of expected passes 9654
# of unexpected failures 3
# of expected failures 41
# of unsupported tests 261
Running target unix/-fstack-protector
FAIL: libstdc++-abi/abi_check
FAIL: 22_locale/numpunct/members/char/3.cc execution test
FAIL: 22_locale/time_get/get_date/wchar_t/4.cc execution test
=== libstdc++ Summary for unix/-fstack-protector ===
# of expected passes 9654
# of unexpected failures 3
# of expected failures 41
# of unsupported tests 261
Running target unix/-m64
FAIL: libstdc++-abi/abi_check
FAIL: 22_locale/numpunct/members/char/3.cc execution test
FAIL: 22_locale/time_get/get_date/wchar_t/4.cc execution test
=== libstdc++ Summary for unix/-m64 ===
# of expected passes 9654
# of unexpected failures 3
# of expected failures 41
# of unsupported tests 261
=== libstdc++ Summary ===
# of expected passes 28962
# of unexpected failures 9
# of expected failures 123
# of unsupported tests 783
Compiler version: 4.9.0 (Debian 4.9.0-5)
Platform: sparc-unknown-linux-gnu
configure flags: -v --with-pkgversion='Debian 4.9.0-5' --with-bugurl=file:///usr/share/doc/gcc-4.9/README.Bugs --enable-languages=c,c++,java,d,fortran,objc,obj-c++ --prefix=/usr --program-suffix=-4.9 --enable-shared --enable-linker-build-id --libexecdir=/usr/lib --without-included-gettext --enable-threads=posix --with-gxx-include-dir=/usr/include/c++/4.9 --libdir=/usr/lib --enable-nls --with-sysroot=/ --enable-clocale=gnu --enable-libstdcxx-debug --enable-libstdcxx-time=yes --enable-gnu-unique-object --disable-libmudflap --disable-libitm --disable-libquadmath --enable-plugin --with-system-zlib --disable-browser-plugin --enable-java-awt=gtk --enable-gtk-cairo --with-java-home=/usr/lib/jvm/java-1.5.0-gcj-4.9-sparc/jre --enable-java-home --with-jvm-root-dir=/usr/lib/jvm/java-1.5.0-gcj-4.9-sparc --with-jvm-jar-dir=/usr/lib/jvm-exports/java-1.5.0-gcj-4.9-sparc --with-arch-directory=sparc --with-ecj-jar=/usr/share/java/eclipse-ecj.jar --enable-objc-gc --enable-multiarch --enable-targets=all --with-long-double-128 --enable-multilib --enable-checking=release --build=sparc-linux-gnu --host=sparc-linux-gnu --target=sparc-linux-gnu
BOOT_CFLAGS=
Build Dependencies:
Desired=Unknown/Install/Remove/Purge/Hold
| Status=Not/Inst/Conf-files/Unpacked/halF-conf/Half-inst/trig-aWait/Trig-pend
|/ Err?=(none)/Reinst-required (Status,Err: uppercase=bad)
||/ Name Version Architecture Description
+++-=========================-==================-============-===============================================================================
ii binutils 2.24.51.20140425-1 sparc GNU assembler, linker and binary utilities
ii g++-4.6 4.6.4-7 sparc GNU C++ compiler
ii g++-4.6-multilib 4.6.4-7 sparc GNU C++ compiler (multilib files)
ii g++-multilib 4:4.6.4-7 sparc GNU C++ compiler (multilib files)
ii libc6:sparc 2.18-7 sparc Embedded GNU C Library: Shared libraries
ii libcloog-isl-dev:sparc 0.18.2-1 sparc Chunky Loop Generator (development files)
ii libgmp-dev:sparc 2:6.0.0+dfsg-4 sparc Multiprecision arithmetic library developers tools
ii libisl-dev:sparc 0.12.2-1 sparc manipulating sets and relations of integer points bounded by linear constraints
ii libmpc-dev:sparc 1.0.1-1 sparc multiple precision complex floating-point library development package
ii libmpfr-dev:sparc 3.1.2-1 sparc multiple precision floating-point computation developers tools
svn-updates:
updates from the 4.9 branch upto 20140527 (r210956).
gcc-gfdl-build:
Build a dummy s-tm-texi without access to the texinfo sources
gcc-textdomain:
Set gettext's domain and textdomain to the versioned package name.
gcc-driver-extra-langs:
Add options and specs for languages that are not built from a source
(but built from separate sources).
gcc-hash-style-gnu:
Link using --hash-style=gnu (aarch64, alpha, amd64, armel, armhf, ia64,
i386, powerpc, ppc64, s390, sparc)
libstdc++-pic:
Build and install libstdc++_pic.a library.
libstdc++-doclink:
adjust hrefs to point to the local documentation
libstdc++-man-3cxx:
Install libstdc++ man pages with suffix .3cxx instead of .3
libstdc++-test-installed:
Add support to run the libstdc++-v3 testsuite using the
installed shared libraries.
libjava-stacktrace:
libgcj: Lookup source file name and line number in separated
debug files found in /usr/lib/debug
libjava-jnipath:
- Add /usr/lib/jni and /usr/lib/<multiarch>/jni to java.library.path.
- When running the i386 binaries on amd64, look in
- /usr/lib32/gcj-x.y and /usr/lib32/jni instead.
libjava-sjlj:
Don't try to use _Unwind_Backtrace on SJLJ targets.
See bug #387875, #388505, GCC PR 29206.
libjava-disable-plugin:
Don't build the gcjwebplugin, even when configured with --enable-plugin
alpha-no-ev4-directive:
never emit .ev4 directive.
boehm-gc-getnprocs:
boehm-gc/pthread_support.c (GC_get_nprocs): Use sysconf as fallback.
note-gnu-stack:
Add .note.GNU-stack sections for gcc's crt files, libffi and boehm-gc
Taken from FC.
libgomp-omp_h-multilib:
Fix up omp.h for multilibs.
sparc-force-cpu:
On sparc default to ultrasparc (v9a) in 32bit mode
gccgo-version:
Omit the subminor number from the go libdir
pr47818:
Fix PR ada/47818: Pragma Assert is rejected with No_Implementation_Pragmas restriction.
pr49944:
apply proposed patch for PR ada/49444.
gcc-base-version:
Set base version to 4.9, introduce full version 4.9.x.
libgo-testsuite:
Only run the libgo testsuite for flags configured in RUNTESTFLAGS
gcc-target-include-asm:
Search \$(builddir)/sys-include for the asm header files
libgo-revert-timeout-exp:
libgo-setcontext-config:
libgo: Overwrite the setcontext_clobbers_tls check on mips*
gcc-auto-build:
Fix cross building a native compiler.
kfreebsd-unwind:
DWARF2 EH unwinding support for AMD x86-64 and x86 KFreeBSD.
kfreebsd-boehm-gc:
boehm-gc: use mmap instead of brk also on kfreebsd-*.
libffi-m68k:
Apply #660525 fix to in-tree libffi
libitm-no-fortify-source:
Build libitm with -U_FORTIFY_SOURCE on x86 and x86_64.
pr59758:
Fix PR target/59758 (sparc), libsanitizer build failure.
pr57653:
Proposed patch for PR c/57653.
libitm-aarch64:
Build libitm on AArch64, patch taken from the trunk.
pr61257:
Fix PR other/61257, check for working sys/sdt.h
libstdc++-python3:
Make the libstdc++-v3 pretty printer compatible with Python3.
ada-arm:
ada-hurd:
ada-kfreebsd:
add support for GNU/kFreeBSD.
ada-mips:
Improve support for mips.
gdc-4.9:
This implements D language support in the GCC back end, and adds
relevant documentation about the GDC front end (code part).
gdc-versym-cpu:
Implements D CPU version conditions.
gdc-versym-os:
Implements D OS version conditions.
gdc-frontend-posix:
Fix build of the D frontend on the Hurd and KFreeBSD.
gdc-texinfo:
Add macros for the gdc texinfo documentation.
gdc-driver-nophobos:
Modify gdc driver to have no libphobos by default.
disable-gdc-tests:
Disable D tests, hang on many buildds
gcc-sysroot:
Allow building --with-sysroot=/
sys-auxv-header:
Check for the sys/auxv.h header file.
libcilkrts-targets:
Disable libcilkrts on KFreeBSD and the Hurd. See #734973.
go-use-gold:
Pass -fuse-ld=gold to gccgo on targets supporting -fsplit-stack
arm-multilib-soft:
ARM hard/soft float multilib support
arm-multilib-defaults:
Set MULTILIB_DEFAULTS for ARM multilib builds
gcc-ice-hack:
Retry the build on an ice, save the calling options and preprocessed
source when the ice is reproducible.
gcc-ice-apport:
Report an ICE to apport (if apport is available
and the environment variable GCC_NOAPPORT is not set)
libjava-fixed-symlinks:
Remove unneed '..' elements from symlinks in JAVA_HOME
libffi-ro-eh_frame_sect:
PR libffi/47248, force a read only eh frame section.
gcc-multiarch:
- Remaining multiarch patches, not yet submitted upstream.
- Add MULTIARCH_DIRNAME definitions for multilib configurations,
which are used for the non-multilib builds.
libjava-multiarch:
Install libjava libraries to multiarch location
libjava-nobiarch-check:
For biarch builds, disable the testsuite for the non-default architecture
for runtime libraries, which are not built by default (libjava).
config-ml:
- Disable some biarch libraries for biarch builds.
- Fix multilib builds on kernels which don't support all multilibs.
g++-multiarch-incdir:
Use /usr/include/<multiarch>/c++/4.x as the include directory
for host dependent c++ header files.
gcc-multilib-multiarch:
Don't auto-detect multilib osdirnames.
mips-fix-loongson2f-nop:
On mips, pass -mfix-loongson2f-nop to as, if -mno-fix-loongson2f-nop
is not passed.
libgomp-kfreebsd-testsuite:
Disable lock-2.c test on kfreebsd-*
go-testsuite:
Skip Go testcase on AArch64 which hangs on the buildds.
libstdc++-link-pthread:
Link libstdc++ tests requiring libpthread symbols with --no-as-needed.
fix-ffi_call_VFP-with-no-VFP-argument:
armhf: Fix ffi_call_VFP with no VFP arguments.
pr61126:
ada-ppc64:
Counting all warnings,
there are 0 warnings in stage3 of this bootstrap.
Number of warnings per file:
Number of warning types: