This is the mail archive of the
gcc-testresults@gcc.gnu.org
mailing list for the GCC project.
Results for 4.10.0 20140518 (experimental) [trunk revision 210582] (GCC) testsuite on hppa64-hp-hpux11.11
- From: John David Anglin <dave at hiauly3 dot hia dot nrc dot ca>
- To: dave at hiauly3 dot hia dot nrc dot ca, gcc-testresults at gcc dot gnu dot org
- Date: Sat, 24 May 2014 11:44:15 -0400 (EDT)
- Subject: Results for 4.10.0 20140518 (experimental) [trunk revision 210582] (GCC) testsuite on hppa64-hp-hpux11.11
- Authentication-results: sourceware.org; auth=none
Native configuration is hppa64-hp-hpux11.11
=== g++ tests ===
Running target unix
WARNING: program timed out.
=== g++ Summary ===
# of expected passes 75082
# of expected failures 437
# of unsupported tests 3412
/test/gnu/gcc/objdir/gcc/testsuite/g++/../../xg++ version 4.10.0 20140518 (experimental) [trunk revision 210582] (GCC)
=== gcc tests ===
Running target unix
FAIL: gcc.dg/atomic/c11-atomic-exec-5.c -O0 execution test
FAIL: gcc.dg/atomic/c11-atomic-exec-5.c -O1 execution test
FAIL: gcc.dg/atomic/c11-atomic-exec-5.c -O2 execution test
FAIL: gcc.dg/atomic/c11-atomic-exec-5.c -O3 -fomit-frame-pointer execution test
FAIL: gcc.dg/atomic/c11-atomic-exec-5.c -O3 -fomit-frame-pointer -funroll-loops execution test
FAIL: gcc.dg/atomic/c11-atomic-exec-5.c -O3 -fomit-frame-pointer -funroll-all-loops -finline-functions execution test
FAIL: gcc.dg/atomic/c11-atomic-exec-5.c -O3 -g execution test
FAIL: gcc.dg/atomic/c11-atomic-exec-5.c -Os execution test
FAIL: gcc.dg/atomic/c11-atomic-exec-5.c -O2 -flto -flto-partition=none execution test
FAIL: gcc.dg/atomic/c11-atomic-exec-5.c -O2 -flto execution test
FAIL: gcc.dg/memcpy-5.c (test for excess errors)
FAIL: c-c++-common/pr50459.c -Wc++-compat (test for excess errors)
WARNING: program timed out.
=== gcc Summary ===
# of expected passes 82814
# of unexpected failures 12
# of expected failures 121
# of unsupported tests 1678
/test/gnu/gcc/objdir/gcc/xgcc version 4.10.0 20140518 (experimental) [trunk revision 210582] (GCC)
=== gfortran tests ===
Running target unix
WARNING: program timed out.
FAIL: gfortran.dg/minlocval_3.f90 -O3 -fomit-frame-pointer -funroll-all-loops -finline-functions (test for excess errors)
UNRESOLVED: gfortran.dg/minlocval_3.f90 -O3 -fomit-frame-pointer -funroll-all-loops -finline-functions compilation failed to produce executable
FAIL: gfortran.dg/wextra_1.f -O (test for warnings, line 4)
=== gfortran Summary ===
# of expected passes 44249
# of unexpected failures 2
# of expected failures 46
# of unresolved testcases 1
# of unsupported tests 416
/test/gnu/gcc/objdir/gcc/testsuite/gfortran/../../gfortran version 4.10.0 20140518 (experimental) [trunk revision 210582] (GCC)
=== obj-c++ tests ===
Running target unix
=== obj-c++ Summary ===
# of expected passes 1439
# of expected failures 10
# of unsupported tests 86
/test/gnu/gcc/objdir/gcc/testsuite/obj-c++/../../xg++ version 4.10.0 20140518 (experimental) [trunk revision 210582] (GCC)
=== objc tests ===
Running target unix
=== objc Summary ===
# of expected passes 3008
# of unsupported tests 75
/test/gnu/gcc/objdir/gcc/xgcc version 4.10.0 20140518 (experimental) [trunk revision 210582] (GCC)
=== libatomic tests ===
Running target unix
=== libatomic Summary ===
# of expected passes 44
# of unsupported tests 5
=== libgomp tests ===
Running target unix
WARNING: program timed out.
FAIL: libgomp.c/depend-3.c execution test
=== libgomp Summary ===
# of expected passes 2586
# of unexpected failures 1
# of unsupported tests 11
=== libstdc++ tests ===
Running target unix
FAIL: 20_util/make_signed/requirements/typedefs-1.cc (test for excess errors)
FAIL: 20_util/make_signed/requirements/typedefs-2.cc (test for excess errors)
FAIL: 30_threads/call_once/60497.cc (test for excess errors)
=== libstdc++ Summary ===
# of expected passes 8269
# of unexpected failures 3
# of expected failures 69
# of unsupported tests 937
Compiler version: 4.10.0 20140518 (experimental) [trunk revision 210582] (GCC)
Platform: hppa64-hp-hpux11.11
configure flags:Test Run By dave on Thu May 22 20:51:06 2014