This is the mail archive of the
gcc-testresults@gcc.gnu.org
mailing list for the GCC project.
Results for 4.10.0 20140520 (experimental) [trunk revision 210646] (GCC) testsuite on i686-pc-linux-gnu
- From: "Denis Larionov [ia32 Core AVX2]" <i32corei7avx2 at ecsmtp dot ims dot intel dot com>
- To: gcc-testresults at gcc dot gnu dot org
- Date: Wed, 21 May 2014 00:14:47 +0400
- Subject: Results for 4.10.0 20140520 (experimental) [trunk revision 210646] (GCC) testsuite on i686-pc-linux-gnu
- Authentication-results: sourceware.org; auth=none
LAST_UPDATED: Tue May 20 17:25:05 UTC 2014 (revision 210646)
Native configuration is i686-pc-linux-gnu
=== gcc tests ===
Running target unix
FAIL: c-c++-common/asan/asan-interface-1.c -O0 (test for excess errors)
UNRESOLVED: c-c++-common/asan/asan-interface-1.c -O0 compilation failed to produce executable
FAIL: c-c++-common/asan/asan-interface-1.c -O1 (test for excess errors)
UNRESOLVED: c-c++-common/asan/asan-interface-1.c -O1 compilation failed to produce executable
FAIL: c-c++-common/asan/asan-interface-1.c -O2 (test for excess errors)
UNRESOLVED: c-c++-common/asan/asan-interface-1.c -O2 compilation failed to produce executable
FAIL: c-c++-common/asan/asan-interface-1.c -O3 -fomit-frame-pointer (test for excess errors)
UNRESOLVED: c-c++-common/asan/asan-interface-1.c -O3 -fomit-frame-pointer compilation failed to produce executable
FAIL: c-c++-common/asan/asan-interface-1.c -O3 -g (test for excess errors)
UNRESOLVED: c-c++-common/asan/asan-interface-1.c -O3 -g compilation failed to produce executable
FAIL: c-c++-common/asan/asan-interface-1.c -Os (test for excess errors)
UNRESOLVED: c-c++-common/asan/asan-interface-1.c -Os compilation failed to produce executable
FAIL: c-c++-common/asan/asan-interface-1.c -O2 -flto -fno-use-linker-plugin -flto-partition=none (test for excess errors)
UNRESOLVED: c-c++-common/asan/asan-interface-1.c -O2 -flto -fno-use-linker-plugin -flto-partition=none compilation failed to produce executable
FAIL: c-c++-common/asan/asan-interface-1.c -O2 -flto -fuse-linker-plugin -fno-fat-lto-objects (test for excess errors)
UNRESOLVED: c-c++-common/asan/asan-interface-1.c -O2 -flto -fuse-linker-plugin -fno-fat-lto-objects compilation failed to produce executable
FAIL: gcc.dg/Wstrict-overflow-18.c (test for bogus messages, line 20)
FAIL: gcc.dg/builtin-bswap-8.c scan-rtl-dump-not combine "bswapsi"
FAIL: gcc.dg/pr61077.c parameter (test for warnings, line 6)
XPASS: gcc.dg/guality/example.c -O0 execution test
XPASS: gcc.dg/guality/example.c -O1 execution test
XPASS: gcc.dg/guality/guality.c -O0 execution test
XPASS: gcc.dg/guality/guality.c -O1 execution test
XPASS: gcc.dg/guality/guality.c -O2 execution test
XPASS: gcc.dg/guality/guality.c -O3 -fomit-frame-pointer execution test
XPASS: gcc.dg/guality/guality.c -O3 -g execution test
XPASS: gcc.dg/guality/guality.c -Os execution test
XPASS: gcc.dg/guality/guality.c -O2 -flto -fno-use-linker-plugin -flto-partition=none execution test
XPASS: gcc.dg/guality/guality.c -O2 -flto -fuse-linker-plugin -fno-fat-lto-objects execution test
XPASS: gcc.dg/guality/inline-params.c -O2 execution test
XPASS: gcc.dg/guality/inline-params.c -O3 -fomit-frame-pointer execution test
XPASS: gcc.dg/guality/inline-params.c -O3 -g execution test
XPASS: gcc.dg/guality/inline-params.c -Os execution test
XPASS: gcc.dg/guality/inline-params.c -O2 -flto -fno-use-linker-plugin -flto-partition=none execution test
XPASS: gcc.dg/guality/pr41353-1.c -O0 line 28 j == 28 + 37
XPASS: gcc.dg/guality/pr41353-1.c -Os line 28 j == 28 + 37
XPASS: gcc.dg/guality/pr41447-1.c -O0 execution test
XPASS: gcc.dg/guality/pr41447-1.c -O1 execution test
XPASS: gcc.dg/guality/pr41447-1.c -Os execution test
XPASS: gcc.dg/guality/pr41447-1.c -O2 -flto -fuse-linker-plugin -fno-fat-lto-objects execution test
XPASS: gcc.dg/guality/pr41616-1.c -O0 execution test
XPASS: gcc.dg/guality/pr41616-1.c -O1 execution test
XPASS: gcc.dg/guality/pr41616-1.c -O2 execution test
XPASS: gcc.dg/guality/pr41616-1.c -O3 -fomit-frame-pointer execution test
XPASS: gcc.dg/guality/pr41616-1.c -O3 -g execution test
XPASS: gcc.dg/guality/pr41616-1.c -Os execution test
XPASS: gcc.dg/guality/pr41616-1.c -O2 -flto -fno-use-linker-plugin -flto-partition=none execution test
FAIL: gcc.dg/guality/pr43479.c -O1 line 13 h == 9
FAIL: gcc.dg/guality/pr43479.c -O1 line 18 h == 9
FAIL: gcc.dg/guality/pr43479.c -O2 line 13 h == 9
FAIL: gcc.dg/guality/pr43479.c -O2 line 18 h == 9
FAIL: gcc.dg/guality/pr43479.c -O3 -fomit-frame-pointer line 13 h == 9
FAIL: gcc.dg/guality/pr43479.c -O3 -fomit-frame-pointer line 18 h == 9
FAIL: gcc.dg/guality/pr43479.c -O3 -g line 13 h == 9
FAIL: gcc.dg/guality/pr43479.c -O3 -g line 18 h == 9
FAIL: gcc.dg/guality/pr43479.c -Os line 13 h == 9
FAIL: gcc.dg/guality/pr43479.c -Os line 18 h == 9
FAIL: gcc.dg/guality/pr43479.c -O2 -flto -fno-use-linker-plugin -flto-partition=none line 13 h == 9
FAIL: gcc.dg/guality/pr43479.c -O2 -flto -fno-use-linker-plugin -flto-partition=none line 18 h == 9
FAIL: gcc.dg/guality/pr43479.c -O2 -flto -fuse-linker-plugin -fno-fat-lto-objects line 13 h == 9
FAIL: gcc.dg/guality/pr43479.c -O2 -flto -fuse-linker-plugin -fno-fat-lto-objects line 18 h == 9
FAIL: gcc.dg/guality/pr45882.c -O2 -flto -fuse-linker-plugin -fno-fat-lto-objects line 16 d == 112
FAIL: gcc.dg/guality/pr45882.c -O2 -flto -fuse-linker-plugin -fno-fat-lto-objects line 16 e == 142
FAIL: gcc.dg/guality/pr48437.c -O2 -flto -fno-use-linker-plugin -flto-partition=none line 14 i == 0
FAIL: gcc.dg/guality/pr48437.c -O2 -flto -fuse-linker-plugin -fno-fat-lto-objects line 14 i == 0
FAIL: gcc.dg/guality/pr54200.c -O2 -flto -fuse-linker-plugin -fno-fat-lto-objects line 20 z == 3
FAIL: gcc.dg/guality/pr54519-1.c -O2 line 20 y == 25
FAIL: gcc.dg/guality/pr54519-1.c -O2 line 20 z == 6
FAIL: gcc.dg/guality/pr54519-1.c -O2 line 23 y == 117
FAIL: gcc.dg/guality/pr54519-1.c -O2 line 23 z == 8
FAIL: gcc.dg/guality/pr54519-1.c -O3 -fomit-frame-pointer line 20 x == 36
FAIL: gcc.dg/guality/pr54519-1.c -O3 -fomit-frame-pointer line 20 y == 25
FAIL: gcc.dg/guality/pr54519-1.c -O3 -fomit-frame-pointer line 20 z == 6
FAIL: gcc.dg/guality/pr54519-1.c -O3 -g line 20 x == 36
FAIL: gcc.dg/guality/pr54519-1.c -O3 -g line 20 y == 25
FAIL: gcc.dg/guality/pr54519-1.c -O3 -g line 20 z == 6
FAIL: gcc.dg/guality/pr54519-1.c -O2 -flto -fno-use-linker-plugin -flto-partition=none line 20 y == 25
FAIL: gcc.dg/guality/pr54519-1.c -O2 -flto -fno-use-linker-plugin -flto-partition=none line 20 z == 6
FAIL: gcc.dg/guality/pr54519-1.c -O2 -flto -fno-use-linker-plugin -flto-partition=none line 23 y == 117
FAIL: gcc.dg/guality/pr54519-1.c -O2 -flto -fno-use-linker-plugin -flto-partition=none line 23 z == 8
FAIL: gcc.dg/guality/pr54519-2.c -O2 -flto -fno-use-linker-plugin -flto-partition=none line 17 y == 25
FAIL: gcc.dg/guality/pr54519-2.c -O2 -flto -fuse-linker-plugin -fno-fat-lto-objects line 17 y == 25
FAIL: gcc.dg/guality/pr54519-3.c -O2 line 20 x == 36
FAIL: gcc.dg/guality/pr54519-3.c -O2 line 20 y == 25
FAIL: gcc.dg/guality/pr54519-3.c -O2 line 20 z == 6
FAIL: gcc.dg/guality/pr54519-3.c -O2 line 23 x == 98
FAIL: gcc.dg/guality/pr54519-3.c -O2 line 23 y == 117
FAIL: gcc.dg/guality/pr54519-3.c -O2 line 23 z == 8
FAIL: gcc.dg/guality/pr54519-3.c -O3 -fomit-frame-pointer line 20 x == 36
FAIL: gcc.dg/guality/pr54519-3.c -O3 -fomit-frame-pointer line 20 y == 25
FAIL: gcc.dg/guality/pr54519-3.c -O3 -fomit-frame-pointer line 20 z == 6
FAIL: gcc.dg/guality/pr54519-3.c -O3 -fomit-frame-pointer line 23 x == 98
FAIL: gcc.dg/guality/pr54519-3.c -O3 -fomit-frame-pointer line 23 y == 117
FAIL: gcc.dg/guality/pr54519-3.c -O3 -fomit-frame-pointer line 23 z == 8
FAIL: gcc.dg/guality/pr54519-3.c -O3 -g line 20 x == 36
FAIL: gcc.dg/guality/pr54519-3.c -O3 -g line 20 y == 25
FAIL: gcc.dg/guality/pr54519-3.c -O3 -g line 20 z == 6
FAIL: gcc.dg/guality/pr54519-3.c -O3 -g line 23 x == 98
FAIL: gcc.dg/guality/pr54519-3.c -O3 -g line 23 y == 117
FAIL: gcc.dg/guality/pr54519-3.c -O3 -g line 23 z == 8
FAIL: gcc.dg/guality/pr54519-3.c -O2 -flto -fno-use-linker-plugin -flto-partition=none line 20 x == 36
FAIL: gcc.dg/guality/pr54519-3.c -O2 -flto -fno-use-linker-plugin -flto-partition=none line 20 y == 25
FAIL: gcc.dg/guality/pr54519-3.c -O2 -flto -fno-use-linker-plugin -flto-partition=none line 20 z == 6
FAIL: gcc.dg/guality/pr54519-3.c -O2 -flto -fno-use-linker-plugin -flto-partition=none line 23 x == 98
FAIL: gcc.dg/guality/pr54519-3.c -O2 -flto -fno-use-linker-plugin -flto-partition=none line 23 y == 117
FAIL: gcc.dg/guality/pr54519-3.c -O2 -flto -fno-use-linker-plugin -flto-partition=none line 23 z == 8
FAIL: gcc.dg/guality/pr54519-3.c -O2 -flto -fuse-linker-plugin -fno-fat-lto-objects line 20 y == 25
FAIL: gcc.dg/guality/pr54519-3.c -O2 -flto -fuse-linker-plugin -fno-fat-lto-objects line 20 z == 6
FAIL: gcc.dg/guality/pr54519-3.c -O2 -flto -fuse-linker-plugin -fno-fat-lto-objects line 23 y == 117
FAIL: gcc.dg/guality/pr54519-3.c -O2 -flto -fuse-linker-plugin -fno-fat-lto-objects line 23 z == 8
FAIL: gcc.dg/guality/pr54519-4.c -O2 -flto -fno-use-linker-plugin -flto-partition=none line 17 y == 25
FAIL: gcc.dg/guality/pr54519-4.c -O2 -flto -fuse-linker-plugin -fno-fat-lto-objects line 17 y == 25
FAIL: gcc.dg/guality/pr54519-5.c -O2 -flto -fno-use-linker-plugin -flto-partition=none line 17 y == 25
FAIL: gcc.dg/guality/pr54519-5.c -O2 -flto -fuse-linker-plugin -fno-fat-lto-objects line 17 y == 25
FAIL: gcc.dg/guality/pr54693-2.c -O3 -fomit-frame-pointer -funroll-loops line 21 i == v + 1
FAIL: gcc.dg/guality/pr54693-2.c -O3 -fomit-frame-pointer -funroll-all-loops -finline-functions line 21 i == v + 1
FAIL: gcc.dg/guality/pr54970.c -Os line 15 a[0] == 1
FAIL: gcc.dg/guality/pr54970.c -Os line 20 a[0] == 1
FAIL: gcc.dg/guality/pr54970.c -Os line 25 a[0] == 1
FAIL: gcc.dg/guality/pr54970.c -Os line 31 *p == 6
FAIL: gcc.dg/guality/pr54970.c -Os line 31 *q == 5
FAIL: gcc.dg/guality/pr54970.c -Os line 36 *p == 26
FAIL: gcc.dg/guality/pr54970.c -Os line 36 *q == 5
FAIL: gcc.dg/guality/pr54970.c -Os line 45 *p == 26
FAIL: gcc.dg/guality/pr54970.c -Os line 45 p[-1] == 25
FAIL: gcc.dg/guality/pr54970.c -Os line 45 p[-2] == 4
FAIL: gcc.dg/guality/pr54970.c -Os line 45 q[-1] == 4
FAIL: gcc.dg/guality/pr54970.c -Os line 45 q[1] == 26
FAIL: gcc.dg/guality/pr54970.c -Os line 45 *q == 25
FAIL: gcc.dg/guality/sra-1.c -O2 -flto -fuse-linker-plugin -fno-fat-lto-objects line 43 a.j == 14
FAIL: gcc.dg/lto/pr55113 c_lto_pr55113_0.o assemble, -flto -fshort-double -O0 (internal compiler error)
UNRESOLVED: gcc.dg/lto/pr55113 c_lto_pr55113_0.o-c_lto_pr55113_0.o link -flto -fshort-double -O0
UNRESOLVED: gcc.dg/lto/pr55113 c_lto_pr55113_0.o-c_lto_pr55113_0.o execute -flto -fshort-double -O0
FAIL: c-c++-common/torture/vshuf-v16hi.c -O0 (internal compiler error)
FAIL: c-c++-common/torture/vshuf-v16hi.c -O0 (test for excess errors)
FAIL: c-c++-common/torture/vshuf-v16hi.c -O1 (internal compiler error)
FAIL: c-c++-common/torture/vshuf-v16hi.c -O1 (test for excess errors)
FAIL: c-c++-common/torture/vshuf-v16hi.c -O2 (internal compiler error)
FAIL: c-c++-common/torture/vshuf-v16hi.c -O2 (test for excess errors)
FAIL: c-c++-common/torture/vshuf-v16hi.c -O3 -fomit-frame-pointer (internal compiler error)
FAIL: c-c++-common/torture/vshuf-v16hi.c -O3 -fomit-frame-pointer (test for excess errors)
FAIL: c-c++-common/torture/vshuf-v16hi.c -O3 -g (internal compiler error)
FAIL: c-c++-common/torture/vshuf-v16hi.c -O3 -g (test for excess errors)
FAIL: c-c++-common/torture/vshuf-v16hi.c -Os (internal compiler error)
FAIL: c-c++-common/torture/vshuf-v16hi.c -Os (test for excess errors)
FAIL: c-c++-common/torture/vshuf-v16hi.c -O2 -flto -fno-use-linker-plugin -flto-partition=none (internal compiler error)
FAIL: c-c++-common/torture/vshuf-v16hi.c -O2 -flto -fno-use-linker-plugin -flto-partition=none (test for excess errors)
FAIL: gcc.dg/vect/vect-cselim-2.c scan-tree-dump-times vect "vectorized 1 loops" 0
FAIL: gcc.dg/vect/bb-slp-pattern-1.c scan-tree-dump-times slp "vect_recog_widen_mult_pattern: detected" 8
FAIL: gcc.dg/vect/bb-slp-pattern-1.c scan-tree-dump-times slp "pattern recognized" 8
FAIL: gcc.dg/vect/vect-cselim-2.c -flto -ffat-lto-objects scan-tree-dump-times vect "vectorized 1 loops" 0
FAIL: gcc.dg/vect/bb-slp-pattern-1.c -flto -ffat-lto-objects scan-tree-dump-times slp "vect_recog_widen_mult_pattern: detected" 8
FAIL: gcc.dg/vect/bb-slp-pattern-1.c -flto -ffat-lto-objects scan-tree-dump-times slp "pattern recognized" 8
FAIL: gcc.target/i386/pr49095.c scan-assembler-not test[lq]
=== gcc Summary ===
# of expected passes 107643
# of unexpected failures 116
# of unexpected successes 28
# of expected failures 273
# of unresolved testcases 10
# of unsupported tests 1375
/export/users/nightly/gcc.svn/test-intel32corei7avx2/gcc-build-trunk/bld/gcc/xgcc version 4.10.0 20140520 (experimental) [trunk revision 210646] (GCC)
=== gfortran tests ===
Running target unix
FAIL: gfortran.dg/assumed_charlen_needed_1.f90 -O (internal compiler error)
FAIL: gfortran.dg/assumed_charlen_needed_1.f90 -O (test for excess errors)
FAIL: gfortran.dg/der_array_io_1.f90 -O3 -fomit-frame-pointer (internal compiler error)
FAIL: gfortran.dg/der_array_io_1.f90 -O3 -fomit-frame-pointer (test for excess errors)
UNRESOLVED: gfortran.dg/der_array_io_1.f90 -O3 -fomit-frame-pointer compilation failed to produce executable
FAIL: gfortran.dg/der_array_io_1.f90 -O3 -fomit-frame-pointer -funroll-loops (internal compiler error)
FAIL: gfortran.dg/der_array_io_1.f90 -O3 -fomit-frame-pointer -funroll-loops (test for excess errors)
UNRESOLVED: gfortran.dg/der_array_io_1.f90 -O3 -fomit-frame-pointer -funroll-loops compilation failed to produce executable
FAIL: gfortran.dg/der_array_io_1.f90 -O3 -fomit-frame-pointer -funroll-all-loops -finline-functions (internal compiler error)
FAIL: gfortran.dg/der_array_io_1.f90 -O3 -fomit-frame-pointer -funroll-all-loops -finline-functions (test for excess errors)
UNRESOLVED: gfortran.dg/der_array_io_1.f90 -O3 -fomit-frame-pointer -funroll-all-loops -finline-functions compilation failed to produce executable
FAIL: gfortran.dg/der_array_io_1.f90 -O3 -g (internal compiler error)
FAIL: gfortran.dg/der_array_io_1.f90 -O3 -g (test for excess errors)
UNRESOLVED: gfortran.dg/der_array_io_1.f90 -O3 -g compilation failed to produce executable
FAIL: gfortran.dg/fmt_t_3.f90 -O3 -fomit-frame-pointer (internal compiler error)
FAIL: gfortran.dg/fmt_t_3.f90 -O3 -fomit-frame-pointer (test for excess errors)
UNRESOLVED: gfortran.dg/fmt_t_3.f90 -O3 -fomit-frame-pointer compilation failed to produce executable
FAIL: gfortran.dg/fmt_t_3.f90 -O3 -fomit-frame-pointer -funroll-loops (internal compiler error)
FAIL: gfortran.dg/fmt_t_3.f90 -O3 -fomit-frame-pointer -funroll-loops (test for excess errors)
UNRESOLVED: gfortran.dg/fmt_t_3.f90 -O3 -fomit-frame-pointer -funroll-loops compilation failed to produce executable
FAIL: gfortran.dg/fmt_t_3.f90 -O3 -fomit-frame-pointer -funroll-all-loops -finline-functions (internal compiler error)
FAIL: gfortran.dg/fmt_t_3.f90 -O3 -fomit-frame-pointer -funroll-all-loops -finline-functions (test for excess errors)
UNRESOLVED: gfortran.dg/fmt_t_3.f90 -O3 -fomit-frame-pointer -funroll-all-loops -finline-functions compilation failed to produce executable
FAIL: gfortran.dg/fmt_t_3.f90 -O3 -g (internal compiler error)
FAIL: gfortran.dg/fmt_t_3.f90 -O3 -g (test for excess errors)
UNRESOLVED: gfortran.dg/fmt_t_3.f90 -O3 -g compilation failed to produce executable
FAIL: gfortran.dg/wextra_1.f -O (test for warnings, line 4)
FAIL: gfortran.dg/vect/fast-math-mgrid-resid.f scan-tree-dump-times pcom "Executing predictive commoning without unrolling" 2
FAIL: gfortran.dg/vect/fast-math-mgrid-resid.f scan-tree-dump-times pcom "Predictive commoning failed: no suitable chains" 0
=== gfortran Summary ===
# of expected passes 45376
# of unexpected failures 21
# of expected failures 39
# of unresolved testcases 8
# of unsupported tests 207
/export/users/nightly/gcc.svn/test-intel32corei7avx2/gcc-build-trunk/bld/gcc/testsuite/gfortran/../../gfortran version 4.10.0 20140520 (experimental) [trunk revision 210646] (GCC)
=== g++ tests ===
Running target unix
FAIL: g++.dg/ext/mv14.C -std=gnu++98 execution test
FAIL: g++.dg/ext/mv14.C -std=gnu++11 execution test
FAIL: g++.dg/ext/mv14.C -std=gnu++1y execution test
FAIL: g++.dg/ext/mv15.C -std=gnu++98 execution test
FAIL: g++.dg/ext/mv15.C -std=gnu++11 execution test
FAIL: g++.dg/ext/mv15.C -std=gnu++1y execution test
FAIL: g++.dg/guality/pr55665.C -O2 line 23 p == 40
FAIL: g++.dg/guality/pr55665.C -O3 -fomit-frame-pointer line 23 p == 40
FAIL: g++.dg/guality/pr55665.C -O3 -g line 23 p == 40
FAIL: c-c++-common/torture/vshuf-v16hi.c -O0 (internal compiler error)
FAIL: c-c++-common/torture/vshuf-v16hi.c -O0 (test for excess errors)
FAIL: c-c++-common/torture/vshuf-v16hi.c -O1 (internal compiler error)
FAIL: c-c++-common/torture/vshuf-v16hi.c -O1 (test for excess errors)
FAIL: c-c++-common/torture/vshuf-v16hi.c -O2 (internal compiler error)
FAIL: c-c++-common/torture/vshuf-v16hi.c -O2 (test for excess errors)
FAIL: c-c++-common/torture/vshuf-v16hi.c -O3 -fomit-frame-pointer (internal compiler error)
FAIL: c-c++-common/torture/vshuf-v16hi.c -O3 -fomit-frame-pointer (test for excess errors)
FAIL: c-c++-common/torture/vshuf-v16hi.c -O3 -g (internal compiler error)
FAIL: c-c++-common/torture/vshuf-v16hi.c -O3 -g (test for excess errors)
FAIL: c-c++-common/torture/vshuf-v16hi.c -Os (internal compiler error)
FAIL: c-c++-common/torture/vshuf-v16hi.c -Os (test for excess errors)
FAIL: c-c++-common/torture/vshuf-v16hi.c -O2 -flto -fno-use-linker-plugin -flto-partition=none (internal compiler error)
FAIL: c-c++-common/torture/vshuf-v16hi.c -O2 -flto -fno-use-linker-plugin -flto-partition=none (test for excess errors)
=== g++ Summary ===
# of expected passes 84446
# of unexpected failures 23
# of expected failures 440
# of unsupported tests 2774
/export/users/nightly/gcc.svn/test-intel32corei7avx2/gcc-build-trunk/bld/gcc/testsuite/g++/../../xg++ version 4.10.0 20140520 (experimental) [trunk revision 210646] (GCC)
=== objc tests ===
Running target unix
=== objc Summary ===
# of expected passes 3004
# of expected failures 6
# of unsupported tests 74
/export/users/nightly/gcc.svn/test-intel32corei7avx2/gcc-build-trunk/bld/gcc/xgcc version 4.10.0 20140520 (experimental) [trunk revision 210646] (GCC)
=== boehm-gc tests ===
Running target unix
=== boehm-gc Summary ===
# of expected passes 12
# of unsupported tests 1
=== libatomic tests ===
Running target unix
=== libatomic Summary ===
# of expected passes 44
# of unsupported tests 5
=== libffi tests ===
Running target unix
=== libffi Summary ===
# of expected passes 1819
# of unsupported tests 55
=== libgomp tests ===
Running target unix
=== libgomp Summary ===
# of expected passes 2607
# of unsupported tests 1
=== libitm tests ===
Running target unix
=== libitm Summary ===
# of expected passes 26
# of expected failures 3
# of unsupported tests 1
=== libjava tests ===
Running target unix
=== libjava Summary ===
# of expected passes 2582
# of expected failures 4
=== libstdc++ tests ===
Running target unix
=== libstdc++ Summary ===
# of expected passes 10092
# of expected failures 69
# of unsupported tests 223
Compiler version: 4.10.0 20140520 (experimental) [trunk revision 210646] (GCC)
Platform: i686-pc-linux-gnu
configure flags: --with-arch=core-avx2 --with-cpu=core-avx2 ORIGINAL_AS_FOR_TARGET=/usr/local/i686-linux/bin/as ORIGINAL_LD_FOR_TARGET=/usr/local/i686-linux/bin/ld --prefix=/usr/local --enable-clocale=gnu --with-system-zlib --enable-shared --with-demangler-in-ld --enable-cloog-backend=isl --with-ppl=/opt/gnu --with-cloog=/opt/gnu i686-linux --with-fpmath=sse --enable-languages=c,c++,fortran,java,lto,objc