This is the mail archive of the
gcc-testresults@gcc.gnu.org
mailing list for the GCC project.
Results for 4.10.0 20140518 (experimental) testsuite on sparc-unknown-linux-gnu
- From: Mikael Pettersson <mikpelinux at gmail dot com>
- To: gcc-testresults at gcc dot gnu dot org
- Date: Tue, 20 May 2014 11:07:00 +0200
- Subject: Results for 4.10.0 20140518 (experimental) testsuite on sparc-unknown-linux-gnu
- Authentication-results: sourceware.org; auth=none
LAST_UPDATED: Obtained from SVN: trunk revision 210592
=== acats tests ===
FAIL: c52103x
FAIL: c52104x
FAIL: c52104y
=== acats Summary ===
# of expected passes 2317
# of unexpected failures 3
Native configuration is sparc-unknown-linux-gnu
=== g++ tests ===
Running target unix
=== g++ Summary ===
# of expected passes 75299
# of expected failures 438
# of unsupported tests 3128
/mnt/scratch/objdir410/gcc/testsuite/g++/../../xg++ version 4.10.0 20140518 (experimental) (GCC)
=== gcc tests ===
Running target unix
FAIL: gcc.dg/tree-prof/crossmodule-indircall-1a.c compilation, -fprofile-generate -D_PROFILE_GENERATE
UNRESOLVED: gcc.dg/tree-prof/crossmodule-indircall-1a.c execution, -fprofile-generate -D_PROFILE_GENERATE
UNRESOLVED: gcc.dg/tree-prof/crossmodule-indircall-1a.c compilation, -fprofile-use -D_PROFILE_USE
UNRESOLVED: gcc.dg/tree-prof/crossmodule-indircall-1a.c execution, -fprofile-use -D_PROFILE_USE
FAIL: gcc.dg/vect/pr52252-ld.c scan-tree-dump-times vect "vectorized 1 loops" 1
FAIL: gcc.target/sparc/pdist-2.c (internal compiler error)
FAIL: gcc.target/sparc/pdist-2.c (test for excess errors)
UNRESOLVED: gcc.target/sparc/pdist-2.c scan-assembler-not pdist\\t%
UNRESOLVED: gcc.target/sparc/pdist-2.c scan-tree-dump optimized "return 475"
FAIL: gcc.target/sparc/pdist-3.c (internal compiler error)
FAIL: gcc.target/sparc/pdist-3.c (test for excess errors)
WARNING: gcc.target/sparc/pdist-3.c compilation failed to produce executable
FAIL: gcc.target/sparc/pdistn-2.c (internal compiler error)
FAIL: gcc.target/sparc/pdistn-2.c (test for excess errors)
UNRESOLVED: gcc.target/sparc/pdistn-2.c scan-assembler-not pdistn\\t%
UNRESOLVED: gcc.target/sparc/pdistn-2.c scan-tree-dump optimized "return 473"
=== gcc Summary ===
# of expected passes 73699
# of unexpected failures 8
# of expected failures 220
# of unresolved testcases 7
# of unsupported tests 1457
/mnt/scratch/objdir410/gcc/xgcc version 4.10.0 20140518 (experimental) (GCC)
=== gfortran tests ===
Running target unix
FAIL: gfortran.dg/wextra_1.f -O (test for warnings, line 4)
=== gfortran Summary ===
# of expected passes 45023
# of unexpected failures 1
# of expected failures 40
# of unsupported tests 280
/mnt/scratch/objdir410/gcc/testsuite/gfortran/../../gfortran version 4.10.0 20140518 (experimental) (GCC)
=== gnat tests ===
Running target unix
WARNING: program timed out.
FAIL: gnat.dg/nested_agg_bitfield_constructor.adb (test for excess errors)
FAIL: gnat.dg/null_pointer_deref1.adb execution test
FAIL: gnat.dg/null_pointer_deref3.adb execution test
WARNING: program timed out.
FAIL: gnat.dg/outer_agg_bitfield_constructor.adb (test for excess errors)
WARNING: gnat.dg/outer_agg_bitfield_constructor.adb compilation failed to produce executable
=== gnat Summary ===
# of expected passes 1208
# of unexpected failures 4
# of expected failures 18
# of unsupported tests 15
/mnt/scratch/objdir410/gcc/gnatmake version 4.10.0 20140518 (experimental)
=== libatomic tests ===
Running target unix
=== libatomic Summary ===
# of expected passes 44
# of unsupported tests 5
=== libgomp tests ===
Running target unix
=== libgomp Summary ===
# of expected passes 2605
# of unsupported tests 2
=== libitm tests ===
Running target unix
=== libitm Summary ===
# of expected passes 26
# of expected failures 3
# of unsupported tests 1
=== libstdc++ tests ===
Running target unix
FAIL: libstdc++-abi/abi_check
FAIL: 22_locale/messages/members/char/1.cc execution test
FAIL: 22_locale/messages/members/char/2.cc execution test
FAIL: 22_locale/messages/members/char/wrapped_env.cc execution test
FAIL: 22_locale/messages/members/char/wrapped_locale.cc execution test
FAIL: 22_locale/messages_byname/named_equivalence.cc execution test
=== libstdc++ Summary ===
# of expected passes 9688
# of unexpected failures 6
# of expected failures 69
# of unsupported tests 266
Compiler version: 4.10.0 20140518 (experimental)
Platform: sparc-unknown-linux-gnu
configure flags: --prefix=/mnt/scratch/install410 --with-gmp=/home/mikpe/pkgs/linux-sparc64/gmp-5.1.3 --with-mpfr=/home/mikpe/pkgs/linux-sparc64/mpfr-3.1.2 --with-mpc=/home/mikpe/pkgs/linux-sparc64/mpc-1.0.2 --enable-multilib --disable-plugin --disable-lto --disable-nls --enable-threads=posix --enable-checking=release --disable-libmudflap --enable-languages=c,ada,c++,fortran --build=sparc-unknown-linux --target=sparc-unknown-linux --with-cpu=ultrasparc --enable-targets=all --disable-libsanitizer
BOOT_CFLAGS=-g -O2