This is the mail archive of the
gcc-testresults@gcc.gnu.org
mailing list for the GCC project.
FW: Results for 4.10.0 20140519 (experimental) (GCC) testsuite on x86_64-unknown-linux-gnu
- From: "Pinski, Andrew" <Andrew dot Pinski at caviumnetworks dot com>
- To: "gcc-testresults at gcc dot gnu dot org" <gcc-testresults at gcc dot gnu dot org>
- Date: Mon, 19 May 2014 15:57:03 +0000
- Subject: FW: Results for 4.10.0 20140519 (experimental) (GCC) testsuite on x86_64-unknown-linux-gnu
- Authentication-results: sourceware.org; auth=none
- Authentication-results: spf=none (sender IP is ) smtp dot mailfrom=Andrew dot Pinski at caviumnetworks dot com;
- Auto-submitted: auto-generated
- References: <201405191556 dot s4JFuv6b027303 at blackduck dot caveonetworks dot com>
________________________________________
From: jenkins@blackduck.caveonetworks.com
Sent: Monday, May 19, 2014 8:56:57 AM (UTC-08:00) Pacific Time (US & Canada)
To: apinski@cavium.com
Subject: Results for 4.10.0 20140519 (experimental) (GCC) testsuite on x86_64-unknown-linux-gnu
Native configuration is x86_64-unknown-linux-gnu
=== gcc tests ===
Running target unix//-m32
FAIL: c-c++-common/asan/asan-interface-1.c -O0 (test for excess errors)
UNRESOLVED: c-c++-common/asan/asan-interface-1.c -O0 compilation failed to produce executable
FAIL: c-c++-common/asan/asan-interface-1.c -O1 (test for excess errors)
UNRESOLVED: c-c++-common/asan/asan-interface-1.c -O1 compilation failed to produce executable
FAIL: c-c++-common/asan/asan-interface-1.c -O2 (test for excess errors)
UNRESOLVED: c-c++-common/asan/asan-interface-1.c -O2 compilation failed to produce executable
FAIL: c-c++-common/asan/asan-interface-1.c -O3 -fomit-frame-pointer (test for excess errors)
UNRESOLVED: c-c++-common/asan/asan-interface-1.c -O3 -fomit-frame-pointer compilation failed to produce executable
FAIL: c-c++-common/asan/asan-interface-1.c -O3 -g (test for excess errors)
UNRESOLVED: c-c++-common/asan/asan-interface-1.c -O3 -g compilation failed to produce executable
FAIL: c-c++-common/asan/asan-interface-1.c -Os (test for excess errors)
UNRESOLVED: c-c++-common/asan/asan-interface-1.c -Os compilation failed to produce executable
FAIL: c-c++-common/asan/asan-interface-1.c -O2 -flto -flto-partition=none (test for excess errors)
UNRESOLVED: c-c++-common/asan/asan-interface-1.c -O2 -flto -flto-partition=none compilation failed to produce executable
FAIL: c-c++-common/asan/asan-interface-1.c -O2 -flto (test for excess errors)
UNRESOLVED: c-c++-common/asan/asan-interface-1.c -O2 -flto compilation failed to produce executable
FAIL: gcc.dg/cproj-fails-with-broken-glibc.c execution test
FAIL: gcc.dg/shrink-wrap-loop.c scan-rtl-dump pro_and_epilogue "Performing shrink-wrapping"
FAIL: gcc.dg/torture/tls/run-ld.c -O1 -pie -fpie execution test
FAIL: gcc.dg/torture/tls/run-ld.c -O2 -pie -fpie execution test
FAIL: gcc.dg/torture/tls/run-ld.c -O3 -fomit-frame-pointer -pie -fpie execution test
FAIL: gcc.dg/torture/tls/run-ld.c -O3 -g -pie -fpie execution test
FAIL: gcc.dg/torture/tls/run-ld.c -Os -pie -fpie execution test
FAIL: gcc.dg/torture/tls/run-ld.c -O1 -pie -fPIE execution test
FAIL: gcc.dg/torture/tls/run-ld.c -O2 -pie -fPIE execution test
FAIL: gcc.dg/torture/tls/run-ld.c -O3 -fomit-frame-pointer -pie -fPIE execution test
FAIL: gcc.dg/torture/tls/run-ld.c -O3 -g -pie -fPIE execution test
FAIL: gcc.dg/torture/tls/run-ld.c -Os -pie -fPIE execution test
FAIL: gcc.target/i386/pr49095.c scan-assembler-not test[lq]
=== gcc Summary for unix//-m32 ===
# of expected passes 103719
# of unexpected failures 21
# of expected failures 244
# of unresolved testcases 8
# of unsupported tests 1816
Running target unix//-m64
FAIL: c-c++-common/asan/asan-interface-1.c -O0 (test for excess errors)
UNRESOLVED: c-c++-common/asan/asan-interface-1.c -O0 compilation failed to produce executable
FAIL: c-c++-common/asan/asan-interface-1.c -O1 (test for excess errors)
UNRESOLVED: c-c++-common/asan/asan-interface-1.c -O1 compilation failed to produce executable
FAIL: c-c++-common/asan/asan-interface-1.c -O2 (test for excess errors)
UNRESOLVED: c-c++-common/asan/asan-interface-1.c -O2 compilation failed to produce executable
FAIL: c-c++-common/asan/asan-interface-1.c -O3 -fomit-frame-pointer (test for excess errors)
UNRESOLVED: c-c++-common/asan/asan-interface-1.c -O3 -fomit-frame-pointer compilation failed to produce executable
FAIL: c-c++-common/asan/asan-interface-1.c -O3 -g (test for excess errors)
UNRESOLVED: c-c++-common/asan/asan-interface-1.c -O3 -g compilation failed to produce executable
FAIL: c-c++-common/asan/asan-interface-1.c -Os (test for excess errors)
UNRESOLVED: c-c++-common/asan/asan-interface-1.c -Os compilation failed to produce executable
FAIL: c-c++-common/asan/asan-interface-1.c -O2 -flto -flto-partition=none (test for excess errors)
UNRESOLVED: c-c++-common/asan/asan-interface-1.c -O2 -flto -flto-partition=none compilation failed to produce executable
FAIL: c-c++-common/asan/asan-interface-1.c -O2 -flto (test for excess errors)
UNRESOLVED: c-c++-common/asan/asan-interface-1.c -O2 -flto compilation failed to produce executable
FAIL: gcc.dg/cproj-fails-with-broken-glibc.c execution test
FAIL: gcc.dg/pch/inline-3.c -O1 assembly comparison
FAIL: gcc.target/i386/pr56114.c (test for excess errors)
=== gcc Summary for unix//-m64 ===
# of expected passes 104416
# of unexpected failures 11
# of expected failures 247
# of unresolved testcases 8
# of unsupported tests 2056
=== gcc Summary ===
# of expected passes 208135
# of unexpected failures 32
# of expected failures 491
# of unresolved testcases 16
# of unsupported tests 3872
/var/lib/jenkins/workspace/GCCupstream/objdir/gcc/xgcc version 4.10.0 20140519 (experimental) (GCC)
=== gfortran tests ===
Running target unix//-m32
FAIL: gfortran.dg/assumed_charlen_needed_1.f90 -O (internal compiler error)
FAIL: gfortran.dg/assumed_charlen_needed_1.f90 -O (test for excess errors)
FAIL: gfortran.dg/der_array_io_1.f90 -O3 -fomit-frame-pointer (internal compiler error)
FAIL: gfortran.dg/der_array_io_1.f90 -O3 -fomit-frame-pointer (test for excess errors)
UNRESOLVED: gfortran.dg/der_array_io_1.f90 -O3 -fomit-frame-pointer compilation failed to produce executable
FAIL: gfortran.dg/der_array_io_1.f90 -O3 -fomit-frame-pointer -funroll-loops (internal compiler error)
FAIL: gfortran.dg/der_array_io_1.f90 -O3 -fomit-frame-pointer -funroll-loops (test for excess errors)
UNRESOLVED: gfortran.dg/der_array_io_1.f90 -O3 -fomit-frame-pointer -funroll-loops compilation failed to produce executable
FAIL: gfortran.dg/der_array_io_1.f90 -O3 -fomit-frame-pointer -funroll-all-loops -finline-functions (internal compiler error)
FAIL: gfortran.dg/der_array_io_1.f90 -O3 -fomit-frame-pointer -funroll-all-loops -finline-functions (test for excess errors)
UNRESOLVED: gfortran.dg/der_array_io_1.f90 -O3 -fomit-frame-pointer -funroll-all-loops -finline-functions compilation failed to produce executable
FAIL: gfortran.dg/der_array_io_1.f90 -O3 -g (internal compiler error)
FAIL: gfortran.dg/der_array_io_1.f90 -O3 -g (test for excess errors)
UNRESOLVED: gfortran.dg/der_array_io_1.f90 -O3 -g compilation failed to produce executable
FAIL: gfortran.dg/fmt_t_3.f90 -O3 -fomit-frame-pointer (internal compiler error)
FAIL: gfortran.dg/fmt_t_3.f90 -O3 -fomit-frame-pointer (test for excess errors)
UNRESOLVED: gfortran.dg/fmt_t_3.f90 -O3 -fomit-frame-pointer compilation failed to produce executable
FAIL: gfortran.dg/fmt_t_3.f90 -O3 -fomit-frame-pointer -funroll-loops (internal compiler error)
FAIL: gfortran.dg/fmt_t_3.f90 -O3 -fomit-frame-pointer -funroll-loops (test for excess errors)
UNRESOLVED: gfortran.dg/fmt_t_3.f90 -O3 -fomit-frame-pointer -funroll-loops compilation failed to produce executable
FAIL: gfortran.dg/fmt_t_3.f90 -O3 -fomit-frame-pointer -funroll-all-loops -finline-functions (internal compiler error)
FAIL: gfortran.dg/fmt_t_3.f90 -O3 -fomit-frame-pointer -funroll-all-loops -finline-functions (test for excess errors)
UNRESOLVED: gfortran.dg/fmt_t_3.f90 -O3 -fomit-frame-pointer -funroll-all-loops -finline-functions compilation failed to produce executable
FAIL: gfortran.dg/fmt_t_3.f90 -O3 -g (internal compiler error)
FAIL: gfortran.dg/fmt_t_3.f90 -O3 -g (test for excess errors)
UNRESOLVED: gfortran.dg/fmt_t_3.f90 -O3 -g compilation failed to produce executable
FAIL: gfortran.dg/wextra_1.f -O (test for warnings, line 4)
=== gfortran Summary for unix//-m32 ===
# of expected passes 45365
# of unexpected failures 19
# of expected failures 38
# of unresolved testcases 8
# of unsupported tests 219
Running target unix//-m64
FAIL: gfortran.dg/wextra_1.f -O (test for warnings, line 4)
=== gfortran Summary for unix//-m64 ===
# of expected passes 45671
# of unexpected failures 1
# of expected failures 38
# of unsupported tests 79
=== gfortran Summary ===
# of expected passes 91036
# of unexpected failures 20
# of expected failures 76
# of unresolved testcases 8
# of unsupported tests 298
/var/lib/jenkins/workspace/GCCupstream/objdir/gcc/testsuite/gfortran/../../gfortran version 4.10.0 20140519 (experimental) (GCC)
=== g++ tests ===
Running target unix//-m32
FAIL: g++.dg/other/anon5.C -std=gnu++98 (test for excess errors)
FAIL: g++.dg/other/anon5.C -std=gnu++11 (test for excess errors)
FAIL: g++.dg/other/anon5.C -std=gnu++1y (test for excess errors)
FAIL: g++.dg/other/pr59492.C -std=gnu++98 (test for excess errors)
FAIL: g++.dg/other/pr59492.C -std=gnu++11 (test for excess errors)
FAIL: g++.dg/other/pr59492.C -std=gnu++1y (test for excess errors)
=== g++ Summary for unix//-m32 ===
# of expected passes 84220
# of unexpected failures 6
# of expected failures 440
# of unsupported tests 2737
Running target unix//-m64
FAIL: g++.dg/other/anon5.C -std=gnu++98 (test for excess errors)
FAIL: g++.dg/other/anon5.C -std=gnu++11 (test for excess errors)
FAIL: g++.dg/other/anon5.C -std=gnu++1y (test for excess errors)
=== g++ Summary for unix//-m64 ===
# of expected passes 85677
# of unexpected failures 3
# of expected failures 440
# of unsupported tests 3011
=== g++ Summary ===
# of expected passes 169897
# of unexpected failures 9
# of expected failures 880
# of unsupported tests 5748
/var/lib/jenkins/workspace/GCCupstream/objdir/gcc/testsuite/g++/../../xg++ version 4.10.0 20140519 (experimental) (GCC)
=== objc tests ===
Running target unix//-m32
=== objc Summary for unix//-m32 ===
# of expected passes 3004
# of expected failures 6
# of unsupported tests 74
Running target unix//-m64
=== objc Summary for unix//-m64 ===
# of expected passes 3004
# of expected failures 6
# of unsupported tests 74
=== objc Summary ===
# of expected passes 6008
# of expected failures 12
# of unsupported tests 148
/var/lib/jenkins/workspace/GCCupstream/objdir/gcc/xgcc version 4.10.0 20140519 (experimental) (GCC)
=== boehm-gc tests ===
Running target unix//-m32
=== boehm-gc Summary for unix//-m32 ===
# of expected passes 12
# of unsupported tests 1
Running target unix//-m64
=== boehm-gc Summary for unix//-m64 ===
# of expected passes 12
# of unsupported tests 1
=== boehm-gc Summary ===
# of expected passes 24
# of unsupported tests 2
=== libatomic tests ===
Running target unix//-m32
=== libatomic Summary for unix//-m32 ===
# of expected passes 44
# of unsupported tests 5
Running target unix//-m64
=== libatomic Summary for unix//-m64 ===
# of expected passes 54
=== libatomic Summary ===
# of expected passes 98
# of unsupported tests 5
=== libffi tests ===
Running target unix//-m32
=== libffi Summary for unix//-m32 ===
# of expected passes 1819
# of unsupported tests 55
Running target unix//-m64
=== libffi Summary for unix//-m64 ===
# of expected passes 1819
# of unsupported tests 55
=== libffi Summary ===
# of expected passes 3638
# of unsupported tests 110
=== libgomp tests ===
Running target unix//-m32
=== libgomp Summary for unix//-m32 ===
# of expected passes 2607
# of unsupported tests 1
Running target unix//-m64
FAIL: libgomp.fortran/declare-simd-2.f90 -O0 (test for excess errors)
UNRESOLVED: libgomp.fortran/declare-simd-2.f90 -O0 compilation failed to produce executable
=== libgomp Summary for unix//-m64 ===
# of expected passes 2605
# of unexpected failures 1
# of unresolved testcases 1
# of unsupported tests 1
=== libgomp Summary ===
# of expected passes 5212
# of unexpected failures 1
# of unresolved testcases 1
# of unsupported tests 2
=== libitm tests ===
Running target unix//-m32
=== libitm Summary for unix//-m32 ===
# of expected passes 26
# of expected failures 3
# of unsupported tests 1
Running target unix//-m64
=== libitm Summary for unix//-m64 ===
# of expected passes 26
# of expected failures 3
# of unsupported tests 1
=== libitm Summary ===
# of expected passes 52
# of expected failures 6
# of unsupported tests 2
=== libjava tests ===
Running target unix//-m32
=== libjava Summary for unix//-m32 ===
# of expected passes 2582
# of expected failures 4
Running target unix//-m64
=== libjava Summary for unix//-m64 ===
# of expected passes 2582
# of expected failures 4
=== libjava Summary ===
# of expected passes 5164
# of expected failures 8
=== libstdc++ tests ===
Running target unix//-m32
=== libstdc++ Summary for unix//-m32 ===
# of expected passes 9350
# of expected failures 69
# of unsupported tests 533
Running target unix//-m64
=== libstdc++ Summary for unix//-m64 ===
# of expected passes 9342
# of expected failures 69
# of unsupported tests 537
=== libstdc++ Summary ===
# of expected passes 18692
# of expected failures 138
# of unsupported tests 1070
Compiler version: 4.10.0 20140519 (experimental) (GCC)
Platform: x86_64-unknown-linux-gnu
configure flags: --prefix=/var/lib/jenkins/workspace/GCCupstream/objdir/install