This is the mail archive of the
gcc-testresults@gcc.gnu.org
mailing list for the GCC project.
Results for 4.4.7 (tgcware 4.4.7-3) testsuite on i386-pc-solaris2.7
- From: "Tom G. Christensen" <tgc at jupiterrise dot com>
- To: gcc-testresults at gcc dot gnu dot org
- Date: Fri, 25 Apr 2014 11:04:53 +0200
- Subject: Results for 4.4.7 (tgcware 4.4.7-3) testsuite on i386-pc-solaris2.7
- Authentication-results: sourceware.org; auth=none
Built with:
GNU as (2.23.1)
Sun ld (106951-25)
gmp 5.1.3
mpfr 3.1.2
mpc 1.0.1
ppl 0.12.1
cloog-ppl 0.15.11
CONFIG_SHELL=/bin/ksh
Bootstrap compiler:
Using built-in specs.
Target: i386-pc-solaris2.7
Configured with: ../gcc-4.3.6/configure --disable-multilib --prefix=/usr/tgcware --with-local-prefix=/usr/tgcware/gcc43 --bindir=/usr/tgcware/gcc43/bin --mandir=/usr/tgcware/gcc43/man --infodir=/usr/tgcware/gcc43/info --disable-nls --enable-shared --enable-threads=posix --with-gmp=/usr/tgcware --with-mpfr=/usr/tgcware --without-gnu-ld --with-ld=/usr/ccs/bin/ld --with-gnu-as --with-as=/usr/tgcware/bin/gas --enable-languages=all,ada,obj-c++ --with-x --enable-java-awt=xlib --with-arch=i486 --with-tune=pentium --with-pkgversion='tgcware 4.3.6-3' --with-bugurl=http://jupiterrise.com/tgcware
Thread model: posix
gcc version 4.3.6 (tgcware 4.3.6-3)
LAST_UPDATED: Obtained from SVN: tags/gcc_4_4_7_release revision 185319
=== acats tests ===
=== acats Summary ===
# of expected passes 2315
# of unexpected failures 0
Native configuration is i386-pc-solaris2.7
=== g++ tests ===
Running target unix
=== g++ Summary ===
# of expected passes 20093
# of expected failures 161
# of unsupported tests 202
/export/home/tgc/buildpkg/gcc44/src/all_native/gcc/testsuite/g++/../../g++ version 4.4.7 (tgcware 4.4.7-3)
=== gcc tests ===
Running target unix
FAIL: gcc.c-torture/compile/limits-structnest.c -O2 (test for excess errors)
FAIL: gcc.c-torture/compile/limits-structnest.c -O3 -fomit-frame-pointer (test for excess errors)
FAIL: gcc.c-torture/compile/limits-structnest.c -O3 -g (test for excess errors)
FAIL: gcc.c-torture/compile/limits-structnest.c -Os (test for excess errors)
FAIL: gcc.c-torture/execute/990127-2.c execution, -O2
FAIL: gcc.c-torture/execute/990127-2.c execution, -Os
FAIL: gcc.target/i386/aesdec.c execution test
FAIL: gcc.target/i386/aesdeclast.c execution test
FAIL: gcc.target/i386/aesenc.c execution test
FAIL: gcc.target/i386/aesenclast.c execution test
FAIL: gcc.target/i386/aesimc.c execution test
FAIL: gcc.target/i386/aeskeygenassist.c execution test
FAIL: gcc.target/i386/pclmulqdq.c execution test
FAIL: gcc.target/i386/pr37191.c (test for excess errors)
FAIL: gcc.target/i386/pr41963.c (test for excess errors)
FAIL: gcc.target/i386/pr42542-1a.c execution test
FAIL: gcc.target/i386/pr42542-2a.c execution test
FAIL: gcc.target/i386/reload-1.c (test for excess errors)
FAIL: gcc.target/i386/reload-1.c scan-rtl-dump-not csa "deleted 1 dead insns": dump file does not exist
FAIL: gcc.target/i386/sse4_1-blendpd.c execution test
FAIL: gcc.target/i386/sse4_1-blendps-2.c execution test
FAIL: gcc.target/i386/sse4_1-blendps.c execution test
FAIL: gcc.target/i386/sse4_1-blendvpd.c execution test
FAIL: gcc.target/i386/sse4_1-blendvps.c execution test
FAIL: gcc.target/i386/sse4_1-dppd-1.c execution test
FAIL: gcc.target/i386/sse4_1-dppd-2.c execution test
FAIL: gcc.target/i386/sse4_1-dpps-1.c execution test
FAIL: gcc.target/i386/sse4_1-dpps-2.c execution test
FAIL: gcc.target/i386/sse4_1-extractps.c execution test
FAIL: gcc.target/i386/sse4_1-init-v16qi-1.c execution test
FAIL: gcc.target/i386/sse4_1-init-v4sf-1.c execution test
FAIL: gcc.target/i386/sse4_1-init-v4si-1.c execution test
FAIL: gcc.target/i386/sse4_1-insertps-1.c execution test
FAIL: gcc.target/i386/sse4_1-insertps-2.c execution test
FAIL: gcc.target/i386/sse4_1-insertps-3.c execution test
FAIL: gcc.target/i386/sse4_1-insertps-4.c execution test
FAIL: gcc.target/i386/sse4_1-movntdqa.c execution test
FAIL: gcc.target/i386/sse4_1-mpsadbw.c execution test
FAIL: gcc.target/i386/sse4_1-packusdw.c execution test
FAIL: gcc.target/i386/sse4_1-pblendvb.c execution test
FAIL: gcc.target/i386/sse4_1-pblendw-2.c execution test
FAIL: gcc.target/i386/sse4_1-pblendw.c execution test
FAIL: gcc.target/i386/sse4_1-pcmpeqq.c execution test
FAIL: gcc.target/i386/sse4_1-pextrb.c execution test
FAIL: gcc.target/i386/sse4_1-pextrd.c execution test
FAIL: gcc.target/i386/sse4_1-pextrw.c execution test
FAIL: gcc.target/i386/sse4_1-phminposuw.c execution test
FAIL: gcc.target/i386/sse4_1-pinsrb.c execution test
FAIL: gcc.target/i386/sse4_1-pinsrd.c execution test
FAIL: gcc.target/i386/sse4_1-pmaxsb.c execution test
FAIL: gcc.target/i386/sse4_1-pmaxsd.c execution test
FAIL: gcc.target/i386/sse4_1-pmaxud.c execution test
FAIL: gcc.target/i386/sse4_1-pmaxuw.c execution test
FAIL: gcc.target/i386/sse4_1-pminsb.c execution test
FAIL: gcc.target/i386/sse4_1-pminsd.c execution test
FAIL: gcc.target/i386/sse4_1-pminud.c execution test
FAIL: gcc.target/i386/sse4_1-pminuw.c execution test
FAIL: gcc.target/i386/sse4_1-pmovsxbd.c execution test
FAIL: gcc.target/i386/sse4_1-pmovsxbq.c execution test
FAIL: gcc.target/i386/sse4_1-pmovsxbw.c execution test
FAIL: gcc.target/i386/sse4_1-pmovsxdq.c execution test
FAIL: gcc.target/i386/sse4_1-pmovsxwd.c execution test
FAIL: gcc.target/i386/sse4_1-pmovsxwq.c execution test
FAIL: gcc.target/i386/sse4_1-pmovzxbd.c execution test
FAIL: gcc.target/i386/sse4_1-pmovzxbq.c execution test
FAIL: gcc.target/i386/sse4_1-pmovzxbw.c execution test
FAIL: gcc.target/i386/sse4_1-pmovzxdq.c execution test
FAIL: gcc.target/i386/sse4_1-pmovzxwd.c execution test
FAIL: gcc.target/i386/sse4_1-pmovzxwq.c execution test
FAIL: gcc.target/i386/sse4_1-pmuldq.c execution test
FAIL: gcc.target/i386/sse4_1-pmulld.c execution test
FAIL: gcc.target/i386/sse4_1-ptest-1.c execution test
FAIL: gcc.target/i386/sse4_1-ptest-2.c execution test
FAIL: gcc.target/i386/sse4_1-ptest-3.c execution test
FAIL: gcc.target/i386/sse4_1-roundpd-1.c execution test
FAIL: gcc.target/i386/sse4_1-roundpd-2.c execution test
FAIL: gcc.target/i386/sse4_1-roundpd-3.c execution test
FAIL: gcc.target/i386/sse4_1-roundps-1.c execution test
FAIL: gcc.target/i386/sse4_1-roundps-2.c execution test
FAIL: gcc.target/i386/sse4_1-roundps-3.c execution test
FAIL: gcc.target/i386/sse4_1-roundsd-1.c execution test
FAIL: gcc.target/i386/sse4_1-roundsd-2.c execution test
FAIL: gcc.target/i386/sse4_1-roundsd-3.c execution test
FAIL: gcc.target/i386/sse4_1-roundsd-4.c execution test
FAIL: gcc.target/i386/sse4_1-roundss-1.c execution test
FAIL: gcc.target/i386/sse4_1-roundss-2.c execution test
FAIL: gcc.target/i386/sse4_1-roundss-3.c execution test
FAIL: gcc.target/i386/sse4_1-roundss-4.c execution test
FAIL: gcc.target/i386/sse4_1-set-epi32-1.c execution test
FAIL: gcc.target/i386/sse4_1-set-ps-1.c execution test
FAIL: gcc.target/i386/sse4_1-set-v16qi-1.c execution test
FAIL: gcc.target/i386/sse4_1-set-v16qi-1a.c execution test
FAIL: gcc.target/i386/sse4_1-set-v16qi-2.c execution test
FAIL: gcc.target/i386/sse4_1-set-v16qi-2a.c execution test
FAIL: gcc.target/i386/sse4_1-set-v16qi-3.c execution test
FAIL: gcc.target/i386/sse4_1-set-v16qi-3a.c execution test
FAIL: gcc.target/i386/sse4_2-pcmpestri-1.c execution test
FAIL: gcc.target/i386/sse4_2-pcmpestri-2.c execution test
FAIL: gcc.target/i386/sse4_2-pcmpestrm-1.c execution test
FAIL: gcc.target/i386/sse4_2-pcmpestrm-2.c execution test
FAIL: gcc.target/i386/sse4_2-pcmpgtq.c execution test
FAIL: gcc.target/i386/sse4_2-pcmpistri-1.c execution test
FAIL: gcc.target/i386/sse4_2-pcmpistri-2.c execution test
FAIL: gcc.target/i386/sse4_2-pcmpistrm-1.c execution test
FAIL: gcc.target/i386/sse4_2-pcmpistrm-2.c execution test
FAIL: gcc.target/i386/ssse3-pabsb.c execution test
FAIL: gcc.target/i386/ssse3-pabsd.c execution test
FAIL: gcc.target/i386/ssse3-pabsw.c execution test
FAIL: gcc.target/i386/ssse3-palignr.c execution test
FAIL: gcc.target/i386/ssse3-phaddd.c execution test
FAIL: gcc.target/i386/ssse3-phaddsw.c execution test
FAIL: gcc.target/i386/ssse3-phaddw.c execution test
FAIL: gcc.target/i386/ssse3-phsubd.c execution test
FAIL: gcc.target/i386/ssse3-phsubsw.c execution test
FAIL: gcc.target/i386/ssse3-phsubw.c execution test
FAIL: gcc.target/i386/ssse3-pmaddubsw.c execution test
FAIL: gcc.target/i386/ssse3-pmulhrsw.c execution test
FAIL: gcc.target/i386/ssse3-pshufb.c execution test
FAIL: gcc.target/i386/ssse3-psignb.c execution test
FAIL: gcc.target/i386/ssse3-psignd.c execution test
FAIL: gcc.target/i386/ssse3-psignw.c execution test
=== gcc Summary ===
# of expected passes 56487
# of unexpected failures 121
# of expected failures 194
# of unsupported tests 770
/export/home/tgc/buildpkg/gcc44/src/all_native/gcc/xgcc version 4.4.7 (tgcware 4.4.7-3)
=== gfortran tests ===
Running target unix
=== gfortran Summary ===
# of expected passes 29593
# of expected failures 13
# of unsupported tests 261
/export/home/tgc/buildpkg/gcc44/src/all_native/gcc/testsuite/gfortran/../../gfortran version 4.4.7 (tgcware 4.4.7-3)
=== gnat tests ===
Running target unix
=== gnat Summary ===
# of expected passes 618
# of expected failures 6
# of unsupported tests 1
=== obj-c++ tests ===
Running target unix
XPASS: obj-c++.dg/comp-types-10.mm (test for excess errors)
UNRESOLVED: obj-c++.dg/lookup-2.mm compilation failed to produce executable
UNRESOLVED: obj-c++.dg/try-catch-2.mm compilation failed to produce executable
UNRESOLVED: obj-c++.dg/try-catch-9.mm compilation failed to produce executable
=== obj-c++ Summary ===
# of expected passes 436
# of unexpected successes 1
# of expected failures 9
# of unresolved testcases 3
# of unsupported tests 13
/export/home/tgc/buildpkg/gcc44/src/all_native/gcc/testsuite/obj-c++/../../g++ version 4.4.7 (tgcware 4.4.7-3)
=== objc tests ===
Running target unix
=== objc Summary ===
# of expected passes 1874
# of expected failures 7
# of unsupported tests 24
/export/home/tgc/buildpkg/gcc44/src/all_native/gcc/xgcc version 4.4.7 (tgcware 4.4.7-3)
=== libffi tests ===
Running target unix
=== libffi Summary ===
# of expected passes 1399
# of unsupported tests 10
=== libgomp tests ===
Running target unix
WARNING: program timed out.
FAIL: libgomp.c/appendix-a/a.18.1.c execution test
FAIL: libgomp.c/lib-1.c execution test
WARNING: program timed out.
FAIL: libgomp.fortran/appendix-a/a.18.1.f90 -O0 execution test
WARNING: program timed out.
FAIL: libgomp.fortran/appendix-a/a.18.1.f90 -O1 execution test
WARNING: program timed out.
FAIL: libgomp.fortran/appendix-a/a.18.1.f90 -O2 execution test
WARNING: program timed out.
FAIL: libgomp.fortran/appendix-a/a.18.1.f90 -O3 -fomit-frame-pointer execution test
WARNING: program timed out.
FAIL: libgomp.fortran/appendix-a/a.18.1.f90 -O3 -fomit-frame-pointer -funroll-loops execution test
WARNING: program timed out.
FAIL: libgomp.fortran/appendix-a/a.18.1.f90 -O3 -fomit-frame-pointer -funroll-all-loops -finline-functions execution test
WARNING: program timed out.
FAIL: libgomp.fortran/appendix-a/a.18.1.f90 -O3 -g execution test
WARNING: program timed out.
FAIL: libgomp.fortran/appendix-a/a.18.1.f90 -Os execution test
FAIL: libgomp.fortran/crayptr2.f90 -O0 execution test
FAIL: libgomp.fortran/crayptr2.f90 -O1 execution test
FAIL: libgomp.fortran/crayptr2.f90 -O2 execution test
FAIL: libgomp.fortran/crayptr2.f90 -O3 -fomit-frame-pointer execution test
FAIL: libgomp.fortran/crayptr2.f90 -O3 -fomit-frame-pointer -funroll-loops execution test
FAIL: libgomp.fortran/crayptr2.f90 -O3 -fomit-frame-pointer -funroll-all-loops -finline-functions execution test
FAIL: libgomp.fortran/crayptr2.f90 -O3 -g execution test
FAIL: libgomp.fortran/crayptr2.f90 -Os execution test
FAIL: libgomp.fortran/lib1.f90 -O3 -fomit-frame-pointer -funroll-loops execution test
FAIL: libgomp.fortran/lib1.f90 -O3 -fomit-frame-pointer -funroll-all-loops -finline-functions execution test
FAIL: libgomp.fortran/lib1.f90 -Os execution test
FAIL: libgomp.fortran/lib2.f -O1 execution test
FAIL: libgomp.fortran/lib2.f -O2 execution test
FAIL: libgomp.fortran/lib2.f -O3 -fomit-frame-pointer -funroll-loops execution test
FAIL: libgomp.fortran/lib2.f -O3 -fomit-frame-pointer -funroll-all-loops -finline-functions execution test
FAIL: libgomp.fortran/lib2.f -Os execution test
FAIL: libgomp.fortran/lib3.f -O2 execution test
FAIL: libgomp.fortran/lib3.f -O3 -fomit-frame-pointer execution test
FAIL: libgomp.fortran/lib3.f -O3 -fomit-frame-pointer -funroll-loops execution test
FAIL: libgomp.fortran/lib3.f -O3 -fomit-frame-pointer -funroll-all-loops -finline-functions execution test
FAIL: libgomp.fortran/lib3.f -O3 -g execution test
FAIL: libgomp.fortran/lib3.f -Os execution test
FAIL: libgomp.fortran/pr32550.f90 -O0 execution test
FAIL: libgomp.fortran/pr32550.f90 -O1 execution test
FAIL: libgomp.fortran/pr32550.f90 -O2 execution test
FAIL: libgomp.fortran/pr32550.f90 -O3 -fomit-frame-pointer execution test
FAIL: libgomp.fortran/pr32550.f90 -O3 -fomit-frame-pointer -funroll-loops execution test
FAIL: libgomp.fortran/pr32550.f90 -O3 -fomit-frame-pointer -funroll-all-loops -finline-functions execution test
FAIL: libgomp.fortran/pr32550.f90 -O3 -g execution test
FAIL: libgomp.fortran/pr32550.f90 -Os execution test
=== libgomp Summary ===
# of expected passes 2244
# of unexpected failures 40
# of unsupported tests 128
=== libjava tests ===
Running target unix
FAIL: PR16923 run
WARNING: program timed out.
FAIL: getstacktrace run
WARNING: program timed out.
FAIL: getallthreads run
FAIL: InvokeInterface execution - source compiled test
FAIL: InvokeInterface -O3 execution - source compiled test
WARNING: program timed out.
FAIL: PR18699 execution - source compiled test
WARNING: program timed out.
FAIL: PR18699 -findirect-dispatch execution - source compiled test
WARNING: program timed out.
FAIL: PR27908 execution - source compiled test
WARNING: program timed out.
FAIL: PR27908 -findirect-dispatch execution - source compiled test
WARNING: program timed out.
FAIL: PR27908 -O3 execution - source compiled test
WARNING: program timed out.
FAIL: PR27908 -O3 -findirect-dispatch execution - source compiled test
FAIL: SyncTest -O3 execution - source compiled test
FAIL: Thread_Monitor execution - source compiled test
FAIL: Thread_Monitor -findirect-dispatch execution - source compiled test
FAIL: Thread_Monitor -O3 -findirect-dispatch execution - source compiled test
FAIL: Throw_2 execution - source compiled test
FAIL: Throw_2 -findirect-dispatch execution - source compiled test
FAIL: Throw_2 -O3 execution - source compiled test
FAIL: Throw_2 -O3 -findirect-dispatch execution - source compiled test
=== libjava Summary ===
# of expected passes 2539
# of unexpected failures 19
# of untested testcases 19
=== libstdc++ tests ===
Running target unix
FAIL: 22_locale/num_put/put/char/14220.cc execution test
FAIL: 22_locale/num_put/put/wchar_t/14220.cc execution test
WARNING: program timed out.
FAIL: 23_containers/vector/bool/modifiers/insert/31370.cc execution test
FAIL: 27_io/basic_istream/extractors_arithmetic/char/12.cc execution test
FAIL: 27_io/basic_istream/extractors_arithmetic/wchar_t/12.cc execution test
=== libstdc++ Summary ===
# of expected passes 5459
# of unexpected failures 5
# of expected failures 71
# of unsupported tests 548
Compiler version: 4.4.7 (tgcware 4.4.7-3)
Platform: i386-pc-solaris2.7
configure flags: --disable-multilib --prefix=/usr/tgcware --with-local-prefix=/usr/tgcware/gcc44 --bindir=/usr/tgcware/gcc44/bin --mandir=/usr/tgcware/gcc44/man --infodir=/usr/tgcware/gcc44/info --disable-nls --enable-shared --enable-threads=posix --with-gmp=/usr/tgcware --with-mpfr=/usr/tgcware --with-cloog=/usr/tgcware --with-ppl=/usr/tgcware --disable-ppl-version-check --without-gnu-ld --with-ld=/usr/ccs/bin/ld --with-gnu-as --with-as=/usr/tgcware/bin/gas --enable-languages=all,ada,obj-c++ --with-x --enable-java-awt=xlib --with-arch-32=i486 --with-tune-32=pentium --with-pkgversion='tgcware 4.4.7-3' --with-bugurl=http://jupiterrise.com/tgcware