This is the mail archive of the
gcc-testresults@gcc.gnu.org
mailing list for the GCC project.
Results for 4.9.0 20140331 (experimental) (GCC) testsuite on armv7l-unknown-linux-gnueabihf
- From: Robert Nelson <robertcnelson at gmail dot com>
- To: gcc-testresults at gcc dot gnu dot org
- Date: Tue, 01 Apr 2014 11:26:04 -0500
- Subject: Results for 4.9.0 20140331 (experimental) (GCC) testsuite on armv7l-unknown-linux-gnueabihf
- Authentication-results: sourceware.org; auth=none
Native configuration is armv7l-unknown-linux-gnueabihf
=== libatomic tests ===
Running target unix
=== libatomic Summary ===
# of expected passes 44
# of unsupported tests 5
=== libgomp tests ===
Running target unix
=== libgomp Summary ===
# of expected passes 688
# of unsupported tests 1
=== libitm tests ===
Running target unix
=== libitm Summary ===
# of expected passes 26
# of expected failures 3
# of unsupported tests 1
=== libstdc++ tests ===
Running target unix
=== libstdc++ Summary ===
# of expected passes 9034
# of expected failures 41
# of unsupported tests 556
=== gcc tests ===
Running target unix
WARNING: program timed out.
FAIL: gcc.dg/atomic/c11-atomic-exec-5.c -O0 execution test
WARNING: program timed out.
FAIL: gcc.dg/atomic/c11-atomic-exec-5.c -O1 execution test
WARNING: program timed out.
FAIL: gcc.dg/atomic/c11-atomic-exec-5.c -O2 execution test
FAIL: gcc.dg/atomic/c11-atomic-exec-5.c -O3 -fomit-frame-pointer execution test
FAIL: gcc.dg/atomic/c11-atomic-exec-5.c -O3 -fomit-frame-pointer -funroll-loops execution test
FAIL: gcc.dg/atomic/c11-atomic-exec-5.c -O3 -fomit-frame-pointer -funroll-all-loops -finline-functions execution test
FAIL: gcc.dg/atomic/c11-atomic-exec-5.c -O3 -g execution test
FAIL: gcc.dg/atomic/c11-atomic-exec-5.c -Os execution test
WARNING: program timed out.
FAIL: gcc.dg/atomic/c11-atomic-exec-5.c -O2 -flto -fno-use-linker-plugin -flto-partition=none execution test
FAIL: gcc.dg/atomic/c11-atomic-exec-5.c -O2 -flto -fuse-linker-plugin -fno-fat-lto-objects execution test
FAIL: gcc.dg/format/c90-strftime-2.c %t not in C90 (test for warnings, line 24)
FAIL: gcc.dg/tree-ssa/sra-12.c scan-tree-dump-times release_ssa "l;" 0
FAIL: gcc.target/arm/pr42575.c scan-assembler-not mov
FAIL: gcc.target/arm/pr60650.c (test for excess errors)
=== gcc Summary ===
# of expected passes 97124
# of unexpected failures 14
# of expected failures 251
# of unsupported tests 1498
/opt/gcc-build/gcc/xgcc version 4.9.0 20140331 (experimental) (GCC)
=== g++ tests ===
Running target unix
=== g++ Summary ===
# of expected passes 81387
# of expected failures 447
# of unsupported tests 3161
/opt/gcc-build/gcc/testsuite/g++/../../xg++ version 4.9.0 20140331 (experimental) (GCC)
Compiler version: 4.9.0 20140331 (experimental) (GCC)
Platform: armv7l-unknown-linux-gnueabihf
configure flags: --enable-languages=c,c++ --with-cpu=cortex-a9 --with-fpu=vfpv3 --with-float=hard
Build Logs: http://rcn-ee.homeip.net:81/dl/gcc/archive/20140331-08:10-git95e1bae-trunk-imx6q-sabrelite-1gb-1/