This is the mail archive of the
gcc-testresults@gcc.gnu.org
mailing list for the GCC project.
Results for 4.9.0 20140321 (experimental) [trunk revision 208746] (GCC) testsuite on sparcv9-sun-solaris2.11
- From: Rainer Orth <ro at CeBiTec dot Uni-Bielefeld dot DE>
- To: gcc-testresults at gcc dot gnu dot org
- Date: Mon, 24 Mar 2014 08:30:47 +0100 (MET)
- Subject: Results for 4.9.0 20140321 (experimental) [trunk revision 208746] (GCC) testsuite on sparcv9-sun-solaris2.11
- Authentication-results: sourceware.org; auth=none
LAST_UPDATED: Fri Mar 21 12:43:55 UTC 2014 (revision 208746)
=== acats tests ===
=== acats Summary ===
# of expected passes 2320
# of unexpected failures 0
Native configuration is sparcv9-sun-solaris2.11
=== g++ tests ===
Running target unix
=== g++ Summary for unix ===
# of expected passes 82078
# of expected failures 442
# of unsupported tests 3194
Running target unix/-m32
FAIL: g++.dg/tree-ssa/pr19786.C -std=gnu++1y (test for excess errors)
WARNING: g++.dg/tree-ssa/pr19786.C -std=gnu++1y compilation failed to produce executable
WARNING: program timed out.
WARNING: program timed out.
FAIL: g++.dg/gcov/gcov-14.C -std=gnu++1y (test for excess errors)
WARNING: g++.dg/gcov/gcov-14.C -std=gnu++1y compilation failed to produce executable
FAIL: g++.dg/gcov/gcov-14.C -std=gnu++1y gcov failed: gcov-14.C.gov does not exist
WARNING: program timed out.
FAIL: g++.dg/torture/pr31863.C -O1 (test for excess errors)
WARNING: program timed out.
FAIL: g++.old-deja/g++.mike/init1.C -std=c++98 (test for excess errors)
WARNING: g++.old-deja/g++.mike/init1.C -std=c++98 compilation failed to produce executable
=== g++ Summary for unix/-m32 ===
# of expected passes 80206
# of unexpected failures 5
# of expected failures 442
# of unsupported tests 3212
=== g++ Summary ===
# of expected passes 162284
# of unexpected failures 5
# of expected failures 884
# of unsupported tests 6406
/var/gcc/regression/trunk/11-gcc-64/build/gcc/testsuite/g++/../../xg++ version 4.9.0 20140321 (experimental) [trunk revision 208746] (GCC)
=== gcc tests ===
Running target unix
FAIL: gcc.c-torture/execute/20000717-4.c compilation, -O3 -g
UNRESOLVED: gcc.c-torture/execute/20000717-4.c execution, -O3 -g
FAIL: gcc.c-torture/execute/950710-1.c compilation, -O2 -flto -flto-partition=none
UNRESOLVED: gcc.c-torture/execute/950710-1.c execution, -O2 -flto -flto-partition=none
WARNING: program timed out.
WARNING: program timed out.
WARNING: program timed out.
FAIL: gcc.dg/c11-atomic-2.c (test for excess errors)
FAIL: gcc.dg/unroll_1.c (test for warnings, line 14)
FAIL: gcc.dg/unroll_1.c (test for warnings, line 24)
=== gcc Summary for unix ===
# of expected passes 89513
# of unexpected failures 5
# of expected failures 308
# of unresolved testcases 2
# of unsupported tests 1779
Running target unix/-m32
FAIL: gcc.c-torture/compile/limits-externdecl.c -O2 -flto (test for excess errors)
WARNING: program timed out.
WARNING: program timed out.
FAIL: gcc.dg/atomic/c11-atomic-exec-3.c -O3 -g (test for excess errors)
WARNING: gcc.dg/atomic/c11-atomic-exec-3.c -O3 -g compilation failed to produce executable
WARNING: program timed out.
FAIL: gcc.dg/debug/tls-1.c -gstabs1 (test for excess errors)
WARNING: program timed out.
FAIL: gcc.dg/c11-atomic-2.c (test for excess errors)
FAIL: gcc.dg/unroll_1.c (test for warnings, line 14)
FAIL: gcc.dg/unroll_1.c (test for warnings, line 24)
FAIL: gcc.dg/simulate-thread/atomic-other-int.c -O0 -g thread simulation test
FAIL: gcc.dg/simulate-thread/atomic-other-int.c -O2 -g thread simulation test
FAIL: gcc.dg/simulate-thread/atomic-other-int.c -O3 -g thread simulation test
FAIL: gcc.dg/simulate-thread/speculative-store-4.c -O0 -g thread simulation test
FAIL: gcc.dg/simulate-thread/speculative-store-4.c -O2 -g thread simulation test
FAIL: gcc.dg/simulate-thread/speculative-store-4.c -O3 -g thread simulation test
FAIL: gcc.dg/simulate-thread/speculative-store.c -O0 -g thread simulation test
=== gcc Summary for unix/-m32 ===
# of expected passes 88725
# of unexpected failures 13
# of expected failures 319
# of unsupported tests 1846
=== gcc Summary ===
# of expected passes 178238
# of unexpected failures 18
# of expected failures 627
# of unresolved testcases 2
# of unsupported tests 3625
/var/gcc/regression/trunk/11-gcc-64/build/gcc/xgcc version 4.9.0 20140321 (experimental) [trunk revision 208746] (GCC)
=== gfortran tests ===
Running target unix
=== gfortran Summary for unix ===
# of expected passes 45358
# of expected failures 40
# of unsupported tests 103
Running target unix/-m32
=== gfortran Summary for unix/-m32 ===
# of expected passes 45031
# of expected failures 40
# of unsupported tests 264
=== gfortran Summary ===
# of expected passes 90389
# of expected failures 80
# of unsupported tests 367
/var/gcc/regression/trunk/11-gcc-64/build/gcc/testsuite/gfortran/../../gfortran version 4.9.0 20140321 (experimental) [trunk revision 208746] (GCC)
=== gnat tests ===
Running target unix/-m32
=== gnat Summary for unix/-m32 ===
# of expected passes 1203
# of expected failures 18
# of unsupported tests 13
Running target unix
=== gnat Summary for unix ===
# of expected passes 1203
# of expected failures 18
# of unsupported tests 13
=== gnat Summary ===
# of expected passes 2406
# of expected failures 36
# of unsupported tests 26
/var/gcc/regression/trunk/11-gcc-64/build/gcc/gnatmake version 4.9.0 20140321 (experimental) [trunk revision 208746]
=== go tests ===
Running target unix
FAIL: ./index0-out.go compilation, -O0 -g -fno-var-tracking-assignments
FAIL: ./slice3-out.go compilation, -O0 -g -fno-var-tracking-assignments
FAIL: go.test/test/recover.go execution, -O2 -g
WARNING: program timed out.
WARNING: program timed out.
=== go Summary for unix ===
# of expected passes 7243
# of unexpected failures 3
# of expected failures 1
# of untested testcases 12
# of unsupported tests 3
Running target unix/-m32
FAIL: ./index0-out.go compilation, -O0 -g -fno-var-tracking-assignments
FAIL: ./slice3-out.go compilation, -O0 -g -fno-var-tracking-assignments
FAIL: go.test/test/recover.go execution, -O2 -g
WARNING: program timed out.
WARNING: program timed out.
=== go Summary for unix/-m32 ===
# of expected passes 7363
# of unexpected failures 3
# of expected failures 1
# of untested testcases 12
# of unsupported tests 3
=== go Summary ===
# of expected passes 14606
# of unexpected failures 6
# of expected failures 2
# of untested testcases 24
# of unsupported tests 6
/var/gcc/regression/trunk/11-gcc-64/build/gcc/testsuite/go/../../gccgo version 4.9.0 20140321 (experimental) [trunk revision 208746] (GCC)
=== obj-c++ tests ===
Running target unix/-m32
=== obj-c++ Summary for unix/-m32 ===
# of expected passes 1449
# of expected failures 2
# of unsupported tests 86
Running target unix
=== obj-c++ Summary for unix ===
# of expected passes 1441
# of expected failures 10
# of unsupported tests 86
=== obj-c++ Summary ===
# of expected passes 2890
# of expected failures 12
# of unsupported tests 172
/var/gcc/regression/trunk/11-gcc-64/build/gcc/testsuite/obj-c++/../../xg++ version 4.9.0 20140321 (experimental) [trunk revision 208746] (GCC)
=== objc tests ===
Running target unix
WARNING: program timed out.
FAIL: objc/execute/bf-8.m compilation, -Os -fgnu-runtime
UNRESOLVED: objc/execute/bf-8.m execution, -Os -fgnu-runtime
=== objc Summary for unix ===
# of expected passes 2992
# of unexpected failures 1
# of unresolved testcases 1
# of unsupported tests 74
Running target unix/-m32
=== objc Summary for unix/-m32 ===
# of expected passes 2994
# of unsupported tests 74
=== objc Summary ===
# of expected passes 5986
# of unexpected failures 1
# of unresolved testcases 1
# of unsupported tests 148
/var/gcc/regression/trunk/11-gcc-64/build/gcc/xgcc version 4.9.0 20140321 (experimental) [trunk revision 208746] (GCC)
=== boehm-gc tests ===
Running target unix/-m32
=== boehm-gc Summary for unix/-m32 ===
# of expected passes 12
# of unsupported tests 1
Running target unix
=== boehm-gc Summary for unix ===
# of expected passes 12
# of unsupported tests 1
=== boehm-gc Summary ===
# of expected passes 24
# of unsupported tests 2
=== libatomic tests ===
Running target unix/-m32
=== libatomic Summary for unix/-m32 ===
# of expected passes 44
# of unsupported tests 5
Running target unix
=== libatomic Summary for unix ===
# of expected passes 54
=== libatomic Summary ===
# of expected passes 98
# of unsupported tests 5
=== libffi tests ===
Running target unix/-m32
=== libffi Summary for unix/-m32 ===
# of expected passes 1819
# of unsupported tests 55
Running target unix
=== libffi Summary for unix ===
# of expected passes 1819
# of unsupported tests 55
=== libffi Summary ===
# of expected passes 3638
# of unsupported tests 110
=== libgo tests ===
Running target unix
=== libgo Summary for unix ===
# of expected passes 122
Running target unix/-m32
FAIL: runtime
FAIL: os/exec
FAIL: text/template
FAIL: testing/quick
=== libgo Summary for unix/-m32 ===
# of expected passes 118
# of unexpected failures 4
=== libgo Summary ===
# of expected passes 240
# of unexpected failures 4
/var/gcc/regression/trunk/11-gcc-64/build/./gcc/gccgo version 4.9.0 20140321 (experimental) [trunk revision 208746] (GCC)
=== libgomp tests ===
Running target unix/-m32
=== libgomp Summary for unix/-m32 ===
# of expected passes 2339
# of unsupported tests 3
Running target unix
=== libgomp Summary for unix ===
# of expected passes 2339
# of unsupported tests 3
=== libgomp Summary ===
# of expected passes 4678
# of unsupported tests 6
=== libitm tests ===
Running target unix/-m32
=== libitm Summary for unix/-m32 ===
# of expected passes 26
# of expected failures 3
# of unsupported tests 1
Running target unix
=== libitm Summary for unix ===
# of expected passes 26
# of expected failures 3
# of unsupported tests 1
=== libitm Summary ===
# of expected passes 52
# of expected failures 6
# of unsupported tests 2
=== libjava tests ===
Running target unix/-m32
=== libjava Summary for unix/-m32 ===
# of expected passes 2582
# of expected failures 4
Running target unix
WARNING: program timed out.
FAIL: String_overflow -O3 compilation from source
=== libjava Summary for unix ===
# of expected passes 2579
# of unexpected failures 1
# of expected failures 4
# of untested testcases 2
=== libjava Summary ===
# of expected passes 5161
# of unexpected failures 1
# of expected failures 8
# of untested testcases 2
=== libstdc++ tests ===
Running target unix
=== libstdc++ Summary for unix ===
# of expected passes 8950
# of expected failures 41
# of unsupported tests 600
Running target unix/-m32
FAIL: 28_regex/algorithms/regex_search/ecma/assertion.cc (test for excess errors)
WARNING: 28_regex/algorithms/regex_search/ecma/assertion.cc compilation failed to produce executable
FAIL: ext/pb_ds/regression/tree_set_rand.cc (test for excess errors)
WARNING: ext/pb_ds/regression/tree_set_rand.cc compilation failed to produce executable
WARNING: program timed out.
WARNING: program timed out.
=== libstdc++ Summary for unix/-m32 ===
# of expected passes 8946
# of unexpected failures 2
# of expected failures 41
# of unsupported tests 600
=== libstdc++ Summary ===
# of expected passes 17896
# of unexpected failures 2
# of expected failures 82
# of unsupported tests 1200
Compiler version: 4.9.0 20140321 (experimental) [trunk revision 208746] (GCC)
Platform: sparcv9-sun-solaris2.11
configure flags: --prefix=/vol/gcc --target=sparcv9-sun-solaris2.11 --enable-objc-gc --enable-libmudflap --with-gmp-include=/vol/gcc/include --with-gmp-lib=/vol/gcc/lib/sparcv9 --with-mpfr-include=/vol/gcc/include --with-mpfr-lib=/vol/gcc/lib/sparcv9 --with-mpc-include=/vol/gcc/include --with-mpc-lib=/vol/gcc/lib/sparcv9 --enable-languages=all,ada,obj-c++,go --without-isl --without-cloog --build=sparcv9-sun-solaris2.11 --host=sparcv9-sun-solaris2.11
BOOT_CFLAGS=-g -O2