This is the mail archive of the
gcc-testresults@gcc.gnu.org
mailing list for the GCC project.
Results for 4.9.0 20140307 (experimental) [trunk revision 208399] (GCC) testsuite on sparc-sun-solaris2.9
- From: Rainer Orth <ro at CeBiTec dot Uni-Bielefeld dot DE>
- To: gcc-testresults at gcc dot gnu dot org
- Date: Sat, 8 Mar 2014 08:30:55 +0100 (MET)
- Subject: Results for 4.9.0 20140307 (experimental) [trunk revision 208399] (GCC) testsuite on sparc-sun-solaris2.9
- Authentication-results: sourceware.org; auth=none
LAST_UPDATED: Fri Mar 7 11:59:27 UTC 2014 (revision 208399)
=== acats tests ===
=== acats Summary ===
# of expected passes 2320
# of unexpected failures 0
Native configuration is sparc-sun-solaris2.9
=== g++ tests ===
Running target unix
WARNING: program timed out.
FAIL: c-c++-common/cilk-plus/AN/sec_implicit_ex.c -g -O1 -fcilkplus (test for excess errors)
WARNING: program timed out.
FAIL: g++.dg/cpp0x/bad_array_new1.C (test for excess errors)
WARNING: program timed out.
FAIL: c-c++-common/torture/complex-sign-add.c -O2 -flto (test for excess errors)
WARNING: program timed out.
FAIL: c-c++-common/torture/complex-sign-mixed-add.c -O0 (test for excess errors)
FAIL: g++.dg/torture/pr31863.C -O2 -flto (test for excess errors)
WARNING: program timed out.
FAIL: g++.old-deja/g++.brendan/crash52.C -std=gnu++11 (test for warnings, line 8)
FAIL: g++.old-deja/g++.brendan/crash52.C -std=gnu++11 (test for errors, line 11)
FAIL: g++.old-deja/g++.brendan/crash52.C -std=gnu++11 (test for warnings, line 13)
FAIL: g++.old-deja/g++.brendan/crash52.C -std=gnu++11 (test for excess errors)
WARNING: program timed out.
FAIL: g++.old-deja/g++.brendan/crash62.C -std=c++98 (test for errors, line 29)
FAIL: g++.old-deja/g++.brendan/crash62.C -std=c++98 (test for excess errors)
=== g++ Summary for unix ===
# of expected passes 54709
# of unexpected failures 11
# of expected failures 292
# of unsupported tests 1328
Running target unix/-m64
FAIL: g++.dg/torture/pr31863.C -O2 -flto (test for excess errors)
=== g++ Summary for unix/-m64 ===
# of expected passes 55953
# of unexpected failures 1
# of expected failures 292
# of unsupported tests 1320
=== g++ Summary ===
# of expected passes 110662
# of unexpected failures 12
# of expected failures 584
# of unsupported tests 2648
/var/gcc/regression/trunk/9-gcc/build/gcc/testsuite/g++/../../xg++ version 4.9.0 20140307 (experimental) [trunk revision 208399] (GCC)
=== gcc tests ===
Running target unix
FAIL: gcc.c-torture/compile/pr28865.c -O0 (test for excess errors)
FAIL: gcc.c-torture/execute/20000605-2.c compilation, -O2 -flto
UNRESOLVED: gcc.c-torture/execute/20000605-2.c execution, -O2 -flto
FAIL: gcc.c-torture/execute/920721-1.c compilation, -Os
UNRESOLVED: gcc.c-torture/execute/920721-1.c execution, -Os
FAIL: gcc.c-torture/execute/pr21173.c compilation, -O3 -g
UNRESOLVED: gcc.c-torture/execute/pr21173.c execution, -O3 -g
WARNING: program timed out.
WARNING: program timed out.
WARNING: program timed out.
FAIL: gcc.dg/atomic/c11-atomic-exec-1.c -O2 -flto (test for excess errors)
WARNING: program timed out.
FAIL: gcc.dg/atomic/c11-atomic-exec-2.c -O3 -fomit-frame-pointer -funroll-loops (test for excess errors)
WARNING: gcc.dg/atomic/c11-atomic-exec-2.c -O3 -fomit-frame-pointer -funroll-loops compilation failed to produce executable
WARNING: program timed out.
FAIL: gcc.dg/atomic/c11-atomic-exec-2.c -O3 -fomit-frame-pointer -funroll-all-loops -finline-functions (test for excess errors)
WARNING: gcc.dg/atomic/c11-atomic-exec-2.c -O3 -fomit-frame-pointer -funroll-all-loops -finline-functions compilation failed to produce executable
WARNING: program timed out.
FAIL: gcc.dg/atomic/c11-atomic-exec-2.c -O3 -g (test for excess errors)
WARNING: gcc.dg/atomic/c11-atomic-exec-2.c -O3 -g compilation failed to produce executable
WARNING: program timed out.
FAIL: gcc.dg/atomic/c11-atomic-exec-2.c -O2 -flto -flto-partition=none (test for excess errors)
WARNING: program timed out.
FAIL: gcc.dg/atomic/c11-atomic-exec-2.c -O2 -flto (test for excess errors)
WARNING: program timed out.
FAIL: gcc.dg/atomic/c11-atomic-exec-3.c -O3 -fomit-frame-pointer -funroll-all-loops -finline-functions (test for excess errors)
WARNING: program timed out.
FAIL: gcc.dg/atomic/c11-atomic-exec-3.c -O3 -g (test for excess errors)
WARNING: gcc.dg/atomic/c11-atomic-exec-3.c -O3 -g compilation failed to produce executable
FAIL: gcc.dg/atomic/c11-atomic-exec-3.c -O2 -flto (test for excess errors)
FAIL: gcc.dg/atomic/c11-atomic-exec-4.c -O2 -flto (test for excess errors)
WARNING: program timed out.
FAIL: gcc.dg/c11-atomic-2.c (test for excess errors)
FAIL: gcc.dg/simulate-thread/atomic-other-int.c -O0 -g thread simulation test
FAIL: gcc.dg/simulate-thread/atomic-other-int.c -O2 -g thread simulation test
FAIL: gcc.dg/simulate-thread/atomic-other-int.c -O3 -g thread simulation test
FAIL: gcc.dg/simulate-thread/speculative-store-4.c -O0 -g thread simulation test
FAIL: gcc.dg/simulate-thread/speculative-store-4.c -O2 -g thread simulation test
FAIL: gcc.dg/simulate-thread/speculative-store-4.c -O3 -g thread simulation test
FAIL: gcc.dg/simulate-thread/speculative-store.c -O0 -g thread simulation test
=== gcc Summary for unix ===
# of expected passes 88735
# of unexpected failures 22
# of expected failures 321
# of unresolved testcases 3
# of unsupported tests 1916
Running target unix/-m64
FAIL: gcc.c-torture/compile/pr28865.c -O0 (test for excess errors)
FAIL: gcc.dg/atomic/c11-atomic-exec-1.c -O2 -flto (test for excess errors)
WARNING: program timed out.
FAIL: gcc.dg/atomic/c11-atomic-exec-2.c -O2 -flto -flto-partition=none (test for excess errors)
FAIL: gcc.dg/atomic/c11-atomic-exec-2.c -O2 -flto (test for excess errors)
WARNING: program timed out.
FAIL: gcc.dg/atomic/c11-atomic-exec-3.c -O3 -g (test for excess errors)
WARNING: gcc.dg/atomic/c11-atomic-exec-3.c -O3 -g compilation failed to produce executable
FAIL: gcc.dg/atomic/c11-atomic-exec-3.c -O2 -flto (test for excess errors)
FAIL: gcc.dg/atomic/c11-atomic-exec-4.c -O2 -flto (test for excess errors)
=== gcc Summary for unix/-m64 ===
# of expected passes 89512
# of unexpected failures 7
# of expected failures 310
# of unsupported tests 1866
=== gcc Summary ===
# of expected passes 178247
# of unexpected failures 29
# of expected failures 631
# of unresolved testcases 3
# of unsupported tests 3782
/var/gcc/regression/trunk/9-gcc/build/gcc/xgcc version 4.9.0 20140307 (experimental) [trunk revision 208399] (GCC)
=== gfortran tests ===
Running target unix
FAIL: gfortran.dg/alloc_comp_assign_10.f90 -O2 (test for excess errors)
FAIL: gfortran.dg/bind_c_vars.f90 -O1 (test for excess errors)
FAIL: gfortran.dg/namelist_22.f90 -O3 -g (test for excess errors)
FAIL: gfortran.dg/namelist_22.f90 -Os (test for excess errors)
WARNING: program timed out.
WARNING: program timed out.
WARNING: program timed out.
WARNING: program timed out.
WARNING: program timed out.
FAIL: gfortran.dg/lto/pr40725 f_lto_pr40725_0.o-f_lto_pr40725_1.o link, -O0 -flto
UNRESOLVED: gfortran.dg/lto/pr40725 f_lto_pr40725_0.o-f_lto_pr40725_1.o execute -O0 -flto
=== gfortran Summary for unix ===
# of expected passes 44682
# of unexpected failures 5
# of expected failures 54
# of unresolved testcases 1
# of unsupported tests 453
Running target unix/-m64
=== gfortran Summary for unix/-m64 ===
# of expected passes 44967
# of expected failures 54
# of unsupported tests 316
=== gfortran Summary ===
# of expected passes 89649
# of unexpected failures 5
# of expected failures 108
# of unresolved testcases 1
# of unsupported tests 769
/var/gcc/regression/trunk/9-gcc/build/gcc/testsuite/gfortran/../../gfortran version 4.9.0 20140307 (experimental) [trunk revision 208399] (GCC)
=== gnat tests ===
Running target unix
WARNING: program timed out.
FAIL: gnat.dg/deferred_const2.adb (test for excess errors)
=== gnat Summary for unix ===
# of expected passes 1202
# of unexpected failures 1
# of expected failures 18
# of unsupported tests 13
Running target unix/-m64
=== gnat Summary for unix/-m64 ===
# of expected passes 1203
# of expected failures 18
# of unsupported tests 13
=== gnat Summary ===
# of expected passes 2405
# of unexpected failures 1
# of expected failures 36
# of unsupported tests 26
/var/gcc/regression/trunk/9-gcc/build/gcc/gnatmake version 4.9.0 20140307 (experimental) [trunk revision 208399]
=== go tests ===
Running target unix
WARNING: program timed out.
FAIL: ./index0-out.go compilation, -O0 -g -fno-var-tracking-assignments
FAIL: ./slice3-out.go compilation, -O0 -g -fno-var-tracking-assignments
FAIL: go.test/test/recover.go execution, -O2 -g
WARNING: program timed out.
WARNING: program timed out.
=== go Summary for unix ===
# of expected passes 7363
# of unexpected failures 3
# of expected failures 1
# of untested testcases 12
# of unsupported tests 3
Running target unix/-m64
FAIL: ./bug449-out.go compilation, -O0 -g -fno-var-tracking-assignments
FAIL: ./index0-out.go compilation, -O0 -g -fno-var-tracking-assignments
FAIL: ./slice3-out.go compilation, -O0 -g -fno-var-tracking-assignments
FAIL: go.test/test/fixedbugs/issue4348.go -O (test for excess errors)
FAIL: go.test/test/recover.go execution, -O2 -g
WARNING: program timed out.
WARNING: program timed out.
WARNING: program timed out.
=== go Summary for unix/-m64 ===
# of expected passes 7240
# of unexpected failures 5
# of expected failures 1
# of untested testcases 13
# of unsupported tests 3
=== go Summary ===
# of expected passes 14603
# of unexpected failures 8
# of expected failures 2
# of untested testcases 25
# of unsupported tests 6
/var/gcc/regression/trunk/9-gcc/build/gcc/testsuite/go/../../gccgo version 4.9.0 20140307 (experimental) [trunk revision 208399] (GCC)
=== obj-c++ tests ===
Running target unix
=== obj-c++ Summary for unix ===
# of expected passes 1449
# of expected failures 2
# of unsupported tests 86
Running target unix/-m64
=== obj-c++ Summary for unix/-m64 ===
# of expected passes 1441
# of expected failures 10
# of unsupported tests 86
=== obj-c++ Summary ===
# of expected passes 2890
# of expected failures 12
# of unsupported tests 172
/var/gcc/regression/trunk/9-gcc/build/gcc/testsuite/obj-c++/../../xg++ version 4.9.0 20140307 (experimental) [trunk revision 208399] (GCC)
=== objc tests ===
Running target unix
WARNING: program timed out.
=== objc Summary for unix ===
# of expected passes 2994
# of unsupported tests 74
Running target unix/-m64
=== objc Summary for unix/-m64 ===
# of expected passes 2994
# of unsupported tests 74
=== objc Summary ===
# of expected passes 5988
# of unsupported tests 148
/var/gcc/regression/trunk/9-gcc/build/gcc/xgcc version 4.9.0 20140307 (experimental) [trunk revision 208399] (GCC)
=== boehm-gc tests ===
Running target unix
=== boehm-gc Summary for unix ===
# of expected passes 12
# of unsupported tests 1
Running target unix/-m64
=== boehm-gc Summary for unix/-m64 ===
# of expected passes 12
# of unsupported tests 1
=== boehm-gc Summary ===
# of expected passes 24
# of unsupported tests 2
=== libatomic tests ===
Running target unix
=== libatomic Summary for unix ===
# of expected passes 44
# of unsupported tests 5
Running target unix/-m64
=== libatomic Summary for unix/-m64 ===
# of expected passes 54
=== libatomic Summary ===
# of expected passes 98
# of unsupported tests 5
=== libffi tests ===
Running target unix
WARNING: program timed out.
FAIL: libffi.call/cls_align_pointer.c -O3 (test for excess errors)
=== libffi Summary for unix ===
# of expected passes 1818
# of unexpected failures 1
# of unsupported tests 55
Running target unix/-m64
=== libffi Summary for unix/-m64 ===
# of expected passes 1819
# of unsupported tests 55
=== libffi Summary ===
# of expected passes 3637
# of unexpected failures 1
# of unsupported tests 110
=== libgo tests ===
Running target unix
FAIL: net
FAIL: runtime
FAIL: log/syslog
FAIL: text/template
FAIL: testing/quick
=== libgo Summary for unix ===
# of expected passes 117
# of unexpected failures 5
Running target unix/-m64
FAIL: net
FAIL: compress/gzip
FAIL: log/syslog
FAIL: runtime/pprof
FAIL: text/template
=== libgo Summary for unix/-m64 ===
# of expected passes 117
# of unexpected failures 5
=== libgo Summary ===
# of expected passes 234
# of unexpected failures 10
=== libgomp tests ===
Running target unix
WARNING: program timed out.
FAIL: libgomp.c++/cancel-taskgroup-3.C (test for excess errors)
=== libgomp Summary for unix ===
# of expected passes 2387
# of unexpected failures 1
# of unsupported tests 3
Running target unix/-m64
=== libgomp Summary for unix/-m64 ===
# of expected passes 2388
# of unsupported tests 3
=== libgomp Summary ===
# of expected passes 4775
# of unexpected failures 1
# of unsupported tests 6
=== libitm tests ===
Running target unix
=== libitm Summary for unix ===
# of expected passes 26
# of expected failures 3
# of unsupported tests 1
Running target unix/-m64
=== libitm Summary for unix/-m64 ===
# of expected passes 26
# of expected failures 3
# of unsupported tests 1
=== libitm Summary ===
# of expected passes 52
# of expected failures 6
# of unsupported tests 2
=== libjava tests ===
Running target unix
WARNING: program timed out.
FAIL: ExtraClassLoader -O3 compilation from source
WARNING: program timed out.
FAIL: ExtraClassLoader -O3 -findirect-dispatch compilation from source
FAIL: InvokeInterface execution - source compiled test
FAIL: InvokeInterface -O3 execution - source compiled test
=== libjava Summary for unix ===
# of expected passes 2572
# of unexpected failures 4
# of expected failures 4
# of untested testcases 6
Running target unix/-m64
FAIL: InvokeInterface execution - source compiled test
FAIL: InvokeInterface -O3 execution - source compiled test
=== libjava Summary for unix/-m64 ===
# of expected passes 2578
# of unexpected failures 2
# of expected failures 4
# of untested testcases 2
=== libjava Summary ===
# of expected passes 5150
# of unexpected failures 6
# of expected failures 8
# of untested testcases 8
=== libstdc++ tests ===
Running target unix
FAIL: 20_util/bind/49058_1.cc (test for excess errors)
FAIL: 23_containers/bitset/cons/dr1325-1.cc (test for excess errors)
FAIL: 26_numerics/complex/inserters_extractors/wchar_t/1.cc (test for excess errors)
WARNING: 26_numerics/complex/inserters_extractors/wchar_t/1.cc compilation failed to produce executable
FAIL: 28_regex/algorithms/regex_match/basic/empty_range.cc (test for excess errors)
WARNING: 28_regex/algorithms/regex_match/basic/empty_range.cc compilation failed to produce executable
FAIL: 28_regex/algorithms/regex_match/basic/string_01.cc (test for excess errors)
WARNING: 28_regex/algorithms/regex_match/basic/string_01.cc compilation failed to produce executable
FAIL: backward/hash_map/25896.cc (test for excess errors)
WARNING: backward/hash_map/25896.cc compilation failed to produce executable
WARNING: program timed out.
WARNING: program timed out.
WARNING: program timed out.
WARNING: program timed out.
WARNING: program timed out.
WARNING: program timed out.
=== libstdc++ Summary for unix ===
# of expected passes 8236
# of unexpected failures 6
# of expected failures 43
# of unsupported tests 937
Running target unix/-m64
WARNING: program timed out.
ERROR: tcl error sourcing /vol/gcc/src/hg/trunk/local/libstdc++-v3/testsuite/libstdc++-abi/abi.exp.
ERROR: could not compile testsuite_abi_check.cc
=== libstdc++ Summary for unix/-m64 ===
# of expected passes 8245
# of expected failures 43
# of unsupported tests 937
=== libstdc++ Summary ===
# of expected passes 16481
# of unexpected failures 6
# of expected failures 86
# of unsupported tests 1874
Compiler version: 4.9.0 20140307 (experimental) [trunk revision 208399] (GCC)
Platform: sparc-sun-solaris2.9
configure flags: --prefix=/vol/gcc --target=sparc-sun-solaris2.9 --enable-obsolete --enable-objc-gc --with-gmp-include=/vol/gcc/include --with-gmp-lib=/vol/gcc/lib --with-mpfr-include=/vol/gcc/include --with-mpfr-lib=/vol/gcc/lib --with-mpc-include=/vol/gcc/include --with-mpc-lib=/vol/gcc/lib --enable-languages=all,ada,obj-c++,go --with-isl-include=/vol/gcc/include --with-isl-lib=/vol/gcc/lib --with-cloog-include=/vol/gcc/include --with-cloog-lib=/vol/gcc/lib --enable-cloog-backend=isl
BOOT_CFLAGS=-g -O2