This is the mail archive of the
gcc-testresults@gcc.gnu.org
mailing list for the GCC project.
Results for 4.9.0 20140212 (experimental) [trunk revision 207710] (GCC) testsuite on ia64-suse-linux-gnu
- From: Andreas Schwab <schwab at linux-m68k dot org>
- To: gcc-testresults at gcc dot gnu dot org
- Date: Wed, 12 Feb 2014 06:17:46 +0100
- Subject: Results for 4.9.0 20140212 (experimental) [trunk revision 207710] (GCC) testsuite on ia64-suse-linux-gnu
- Authentication-results: sourceware.org; auth=none
LAST_UPDATED: Wed Feb 12 03:02:20 UTC 2014 (revision 207710)
=== acats tests ===
=== acats Summary ===
# of expected passes 2320
# of unexpected failures 0
Native configuration is ia64-suse-linux-gnu
=== gfortran tests ===
Running target unix
=== gfortran Summary ===
# of expected passes 12457
# of expected failures 28
# of unsupported tests 37
/usr/local/gcc/gcc-20140212/Build/gcc/testsuite/gfortran/../../gfortran version 4.9.0 20140212 (experimental) [trunk revision 207710] (GCC)
=== gnat tests ===
Running target unix
=== gnat Summary ===
# of expected passes 1205
# of expected failures 18
# of unsupported tests 10
/usr/local/gcc/gcc-20140212/Build/gcc/gnatmake version 4.9.0 20140212 (experimental) [trunk revision 207710]
=== obj-c++ tests ===
Running target unix
=== obj-c++ Summary ===
# of expected passes 1441
# of expected failures 10
# of unsupported tests 86
/usr/local/gcc/gcc-20140212/Build/gcc/testsuite/obj-c++/../../xg++ version 4.9.0 20140212 (experimental) [trunk revision 207710] (GCC)
=== objc tests ===
Running target unix
=== objc Summary ===
# of expected passes 2992
# of unsupported tests 75
/usr/local/gcc/gcc-20140212/Build/gcc/xgcc version 4.9.0 20140212 (experimental) [trunk revision 207710] (GCC)
=== boehm-gc tests ===
Running target unix
=== boehm-gc Summary ===
# of expected passes 12
# of unsupported tests 1
=== libffi tests ===
Running target unix
FAIL: libffi.call/cls_double_va.c -O0 -W -Wall output pattern test, is 7.0
FAIL: libffi.call/cls_longdouble_va.c -O0 -W -Wall output pattern test, is 7.0
FAIL: libffi.call/cls_double_va.c -O2 output pattern test, is 7.0
FAIL: libffi.call/cls_longdouble_va.c -O2 output pattern test, is 7.0
FAIL: libffi.call/cls_double_va.c -O3 output pattern test, is 7.0
FAIL: libffi.call/cls_longdouble_va.c -O3 output pattern test, is 7.0
FAIL: libffi.call/cls_double_va.c -Os output pattern test, is 7.0
FAIL: libffi.call/cls_longdouble_va.c -Os output pattern test, is 7.0
FAIL: libffi.call/cls_double_va.c -O2 -fomit-frame-pointer output pattern test, is 7.0
FAIL: libffi.call/cls_longdouble_va.c -O2 -fomit-frame-pointer output pattern test, is 7.0
=== libffi Summary ===
# of expected passes 1809
# of unexpected failures 10
# of unsupported tests 55
=== libjava tests ===
Running target unix
FAIL: getlocalvartable output
FAIL: Throw_3 -O3 output - source compiled test
FAIL: Throw_3 -O3 -findirect-dispatch output - source compiled test
=== libstdc++ tests ===
Running target unix
FAIL: libstdc++-abi/abi_check
=== libstdc++ Summary ===
# of expected passes 9766
# of unexpected failures 1
# of expected failures 41
# of unsupported tests 246
Compiler version: 4.9.0 20140212 (experimental) [trunk revision 207710] (GCC)
Platform: ia64-suse-linux-gnu
configure flags: --prefix=/usr --build=ia64-suse-linux --host=ia64-suse-linux --enable-checking=release --enable-shared --with-system-zlib CFLAGS='-O2 -g' CXXFLAGS='-O2 -g'