This is the mail archive of the
gcc-testresults@gcc.gnu.org
mailing list for the GCC project.
Results for 4.9.0 20140203 (experimental) (GCC) testsuite on arm-unknown-rtems4.11
- From: Sebastian Huber <sebastian dot huber at embedded-brains dot de>
- To: gcc-testresults at gcc dot gnu dot org
- Date: Tue, 04 Feb 2014 13:06:41 +0100
- Subject: Results for 4.9.0 20140203 (experimental) (GCC) testsuite on arm-unknown-rtems4.11
- Authentication-results: sourceware.org; auth=none
Target is arm-unknown-rtems4.11
Host is x86_64-unknown-linux-gnu
=== gcc tests ===
Running target rtems-arm-edb7312
FAIL: gcc.c-torture/execute/20101011-1.c execution, -O0
FAIL: gcc.c-torture/execute/20101011-1.c execution, -O1
FAIL: gcc.c-torture/execute/20101011-1.c execution, -O2
FAIL: gcc.c-torture/execute/20101011-1.c execution, -O3 -fomit-frame-pointer
FAIL: gcc.c-torture/execute/20101011-1.c execution, -O3 -g
FAIL: gcc.c-torture/execute/20101011-1.c execution, -Os
FAIL: gcc.c-torture/execute/20101011-1.c execution, -Og -g
FAIL: gcc.c-torture/execute/20101011-1.c execution, -O2 -flto
-fno-use-linker-plugin -flto-partition=none
FAIL: gcc.c-torture/execute/20101011-1.c execution, -O2 -flto
-fuse-linker-plugin -fno-fat-lto-objects
XPASS: gcc.dg/binop-xor1.c scan-tree-dump-times optimized "\\\\^" 1
FAIL: gcc.dg/fshort-wchar.c (test for excess errors)
WARNING: program timed out.
FAIL: gcc.dg/pr59605.c execution test
FAIL: gcc.dg/uninit-13.c unconditional (test for warnings, line 8)
FAIL: gcc.dg/uninit-13.c (test for excess errors)
FAIL: gcc.dg/lto/pr54709 c_lto_pr54709_0.o-c_lto_pr54709_1.o link, -fPIC
-fvisibility=hidden -flto
UNRESOLVED: gcc.dg/lto/pr54709 c_lto_pr54709_0.o-c_lto_pr54709_1.o execute
-fPIC -fvisibility=hidden -flto
FAIL: gcc.dg/torture/pr59330.c -O2 -flto -fuse-linker-plugin
-fno-fat-lto-objects (test for excess errors)
UNRESOLVED: gcc.dg/torture/pr59330.c -O2 -flto -fuse-linker-plugin
-fno-fat-lto-objects compilation failed to produce executable
FAIL: gcc.dg/tree-ssa/sra-12.c scan-tree-dump-times release_ssa "l;" 0
FAIL: gcc.dg/vect/pr57705.c execution test
FAIL: gcc.dg/vect/pr57741-2.c execution test
FAIL: gcc.dg/vect/pr57741-3.c execution test
FAIL: gcc.dg/vect/pr59591-1.c execution test
FAIL: gcc.dg/vect/pr59591-2.c execution test
FAIL: gcc.dg/vect/vect-mask-load-1.c execution test
FAIL: gcc.dg/vect/vect-mask-loadstore-1.c execution test
FAIL: gcc.dg/vect/vect-nop-move.c execution test
FAIL: gcc.dg/vect/pr57705.c -flto -ffat-lto-objects execution test
FAIL: gcc.dg/vect/pr57741-2.c -flto -ffat-lto-objects execution test
FAIL: gcc.dg/vect/pr57741-3.c -flto -ffat-lto-objects execution test
FAIL: gcc.dg/vect/pr59591-1.c -flto -ffat-lto-objects execution test
FAIL: gcc.dg/vect/pr59591-2.c -flto -ffat-lto-objects execution test
FAIL: gcc.dg/vect/vect-mask-load-1.c -flto -ffat-lto-objects execution test
FAIL: gcc.dg/vect/vect-mask-loadstore-1.c -flto -ffat-lto-objects execution test
FAIL: gcc.dg/vect/vect-nop-move.c -flto -ffat-lto-objects execution test
FAIL: gcc.target/arm/fixed_float_conversion.c scan-assembler vcvt.f32.s32
FAIL: gcc.target/arm/fixed_float_conversion.c scan-assembler vcvt.s32.f32
FAIL: gcc.target/arm/neon-vext-execute.c execution test
FAIL: gcc.target/arm/pr42172-1.c scan-assembler-times ldr 1
FAIL: gcc.target/arm/pr42575.c scan-assembler-not mov
FAIL: gcc.target/arm/pr45701-1.c scan-assembler push\\t{r3
FAIL: gcc.target/arm/thumb-ltu.c scan-assembler-not uxtb
=== gcc Summary ===
# of expected passes 93391
# of unexpected failures 39
# of unexpected successes 1
# of expected failures 242
# of unresolved testcases 2
# of unsupported tests 1629
/scratch/git-rtems-testing/gcc/b-arm-gcc/gcc/xgcc version 4.9.0 20140203
(experimental) [master revision
022fc2d:bffd767:fd457cef14f3bc6673e90a2de80005feea743ab7] (GCC)
Host is x86_64-unknown-linux-gnu
=== g++ tests ===
Running target rtems-arm-edb7312
FAIL: g++.dg/gomp/pr59150.C -std=gnu++98 (internal compiler error)
FAIL: g++.dg/gomp/pr59150.C -std=gnu++98 (test for excess errors)
FAIL: g++.dg/gomp/pr59150.C -std=gnu++11 (internal compiler error)
FAIL: g++.dg/gomp/pr59150.C -std=gnu++11 (test for excess errors)
=== g++ Summary ===
# of expected passes 54546
# of unexpected failures 4
# of expected failures 289
# of unsupported tests 1217
/scratch/git-rtems-testing/gcc/b-arm-gcc/gcc/testsuite/g++/../../xg++ version
4.9.0 20140203 (experimental) [master revision
022fc2d:bffd767:fd457cef14f3bc6673e90a2de80005feea743ab7] (GCC)
Compiler version: 4.9.0 20140203 (experimental) [master revision
022fc2d:bffd767:fd457cef14f3bc6673e90a2de80005feea743ab7] (GCC)
Platform: arm-unknown-rtems4.11
configure flags:@TOPLEVEL_CONFIGURE_ARGUMENTS@
--
Sebastian Huber, embedded brains GmbH
Address : Dornierstr. 4, D-82178 Puchheim, Germany
Phone : +49 89 189 47 41-16
Fax : +49 89 189 47 41-09
E-Mail : sebastian.huber@embedded-brains.de
PGP : Public key available on request.
Diese Nachricht ist keine geschäftliche Mitteilung im Sinne des EHUG.