This is the mail archive of the
gcc-testresults@gcc.gnu.org
mailing list for the GCC project.
Results for 4.7.4 20140131 (prerelease) [gcc-4_7-branch revision 207327] (GCC) testsuite on sparc-sun-solaris2.9
- From: Rainer Orth <ro at CeBiTec dot Uni-Bielefeld dot DE>
- To: gcc-testresults at gcc dot gnu dot org
- Date: Mon, 3 Feb 2014 11:16:18 +0100 (MET)
- Subject: Results for 4.7.4 20140131 (prerelease) [gcc-4_7-branch revision 207327] (GCC) testsuite on sparc-sun-solaris2.9
- Authentication-results: sourceware.org; auth=none
LAST_UPDATED: Fri Jan 31 15:30:20 UTC 2014 (revision 207327)
=== acats tests ===
=== acats Summary ===
# of expected passes 2320
# of unexpected failures 0
Native configuration is sparc-sun-solaris2.9
=== g++ tests ===
Running target unix
WARNING: program timed out.
FAIL: g++.dg/lto/20081022 cp_lto_20081022_0.o assemble, -O0 -flto -flto-partition=none
FAIL: g++.dg/torture/pr31863.C -O2 -flto (test for excess errors)
WARNING: program timed out.
FAIL: g++.dg/torture/pr46111.C -O3 -fomit-frame-pointer (test for excess errors)
WARNING: program timed out.
FAIL: g++.old-deja/g++.other/sizeof5.C -std=c++98 (test for errors, line 10)
FAIL: g++.old-deja/g++.other/sizeof5.C -std=c++98 (test for errors, line 14)
FAIL: g++.old-deja/g++.other/sizeof5.C -std=c++98 (test for errors, line 15)
FAIL: g++.old-deja/g++.other/sizeof5.C -std=c++98 (test for excess errors)
=== g++ Summary for unix ===
# of expected passes 46408
# of unexpected failures 7
# of expected failures 288
# of unsupported tests 861
Running target unix/-m64
FAIL: g++.dg/cpp0x/nullptr28.C -std=c++11 execution test
FAIL: g++.dg/torture/pr31863.C -O2 -flto (test for excess errors)
=== g++ Summary for unix/-m64 ===
# of expected passes 47650
# of unexpected failures 2
# of expected failures 288
# of unsupported tests 854
=== g++ Summary ===
# of expected passes 94058
# of unexpected failures 9
# of expected failures 576
# of unsupported tests 1715
/var/gcc/regression/gcc-4.7-branch/9-gcc/build/gcc/testsuite/g++/../../g++ version 4.7.4 20140131 (prerelease) [gcc-4_7-branch revision 207327] (GCC)
=== gcc tests ===
Running target unix
FAIL: gcc.c-torture/compile/20001226-1.c -Os (test for excess errors)
FAIL: gcc.c-torture/compile/920808-1.c -O3 -g (test for excess errors)
WARNING: program timed out.
WARNING: program timed out.
FAIL: gcc.c-torture/execute/20040709-2.c compilation, -O2 -flto -flto-partition=none
UNRESOLVED: gcc.c-torture/execute/20040709-2.c execution, -O2 -flto -flto-partition=none
FAIL: gcc.c-torture/execute/990208-1.c compilation, -Os
UNRESOLVED: gcc.c-torture/execute/990208-1.c execution, -Os
FAIL: gcc.c-torture/execute/pr38533.c compilation, -O2 -flto -flto-partition=none
UNRESOLVED: gcc.c-torture/execute/pr38533.c execution, -O2 -flto -flto-partition=none
WARNING: program timed out.
WARNING: program timed out.
WARNING: program timed out.
FAIL: gcc.dg/simulate-thread/atomic-other-int.c -O2 -g thread simulation test
FAIL: gcc.dg/simulate-thread/atomic-other-int.c -O3 -g thread simulation test
FAIL: gcc.dg/simulate-thread/atomic-other-short.c -O2 -g thread simulation test
FAIL: gcc.dg/simulate-thread/atomic-other-short.c -O3 -g thread simulation test
FAIL: gcc.dg/simulate-thread/speculative-store.c -O0 -g thread simulation test
=== gcc Summary for unix ===
# of expected passes 75959
# of unexpected failures 10
# of expected failures 318
# of unresolved testcases 3
# of unsupported tests 1656
Running target unix/-m64
=== gcc Summary for unix/-m64 ===
# of expected passes 76647
# of expected failures 305
# of unsupported tests 1640
=== gcc Summary ===
# of expected passes 152606
# of unexpected failures 10
# of expected failures 623
# of unresolved testcases 3
# of unsupported tests 3296
/var/gcc/regression/gcc-4.7-branch/9-gcc/build/gcc/xgcc version 4.7.4 20140131 (prerelease) [gcc-4_7-branch revision 207327] (GCC)
=== gfortran tests ===
Running target unix
FAIL: gfortran.dg/maxlocval_4.f90 -O3 -g (test for excess errors)
WARNING: gfortran.dg/maxlocval_4.f90 -O3 -g compilation failed to produce executable
FAIL: gfortran.dg/read_bad_advance.f90 -O2 (test for excess errors)
WARNING: gfortran.dg/read_bad_advance.f90 -O2 compilation failed to produce executable
FAIL: gfortran.dg/unpack_zerosize_1.f90 -O1 (test for excess errors)
WARNING: gfortran.dg/unpack_zerosize_1.f90 -O1 compilation failed to produce executable
WARNING: program timed out.
WARNING: program timed out.
WARNING: program timed out.
=== gfortran Summary for unix ===
# of expected passes 40546
# of unexpected failures 3
# of expected failures 44
# of unsupported tests 406
Running target unix/-m64
FAIL: gfortran.dg/namelist_42.f90 -O0 (test for excess errors)
WARNING: gfortran.dg/namelist_42.f90 -O0 compilation failed to produce executable
WARNING: program timed out.
WARNING: program timed out.
FAIL: gfortran.dg/gomp/appendix-a/a.33.1.f90 -O (test for excess errors)
=== gfortran Summary for unix/-m64 ===
# of expected passes 40828
# of unexpected failures 2
# of expected failures 44
# of unsupported tests 269
=== gfortran Summary ===
# of expected passes 81374
# of unexpected failures 5
# of expected failures 88
# of unsupported tests 675
/var/gcc/regression/gcc-4.7-branch/9-gcc/build/gcc/testsuite/gfortran/../../gfortran version 4.7.4 20140131 (prerelease) [gcc-4_7-branch revision 207327] (GCC)
=== gnat tests ===
Running target unix
=== gnat Summary for unix ===
# of expected passes 1109
# of expected failures 14
# of unsupported tests 13
Running target unix/-m64
=== gnat Summary for unix/-m64 ===
# of expected passes 1109
# of expected failures 14
# of unsupported tests 13
=== gnat Summary ===
# of expected passes 2218
# of expected failures 28
# of unsupported tests 26
/var/gcc/regression/gcc-4.7-branch/9-gcc/build/gcc/gnatmake version 4.7.4 20140131 (prerelease) [gcc-4_7-branch revision 207327]
=== go tests ===
Running target unix
=== go Summary for unix ===
# of expected passes 3288
# of expected failures 4
# of untested testcases 7
Running target unix/-m64
=== go Summary for unix/-m64 ===
# of expected passes 3288
# of expected failures 4
# of untested testcases 7
=== go Summary ===
# of expected passes 6576
# of expected failures 8
# of untested testcases 14
/var/gcc/regression/gcc-4.7-branch/9-gcc/build/gcc/testsuite/go/../../gccgo version 4.7.4 20140131 (prerelease) [gcc-4_7-branch revision 207327] (GCC)
=== obj-c++ tests ===
Running target unix
=== obj-c++ Summary for unix ===
# of expected passes 1450
# of expected failures 2
# of unsupported tests 86
Running target unix/-m64
=== obj-c++ Summary for unix/-m64 ===
# of expected passes 1442
# of expected failures 10
# of unsupported tests 86
=== obj-c++ Summary ===
# of expected passes 2892
# of expected failures 12
# of unsupported tests 172
/var/gcc/regression/gcc-4.7-branch/9-gcc/build/gcc/testsuite/obj-c++/../../g++ version 4.7.4 20140131 (prerelease) [gcc-4_7-branch revision 207327] (GCC)
=== objc tests ===
Running target unix
=== objc Summary for unix ===
# of expected passes 2994
# of unsupported tests 74
Running target unix/-m64
=== objc Summary for unix/-m64 ===
# of expected passes 2994
# of unsupported tests 74
=== objc Summary ===
# of expected passes 5988
# of unsupported tests 148
/var/gcc/regression/gcc-4.7-branch/9-gcc/build/gcc/xgcc version 4.7.4 20140131 (prerelease) [gcc-4_7-branch revision 207327] (GCC)
=== boehm-gc tests ===
Running target unix
=== boehm-gc Summary for unix ===
# of expected passes 12
# of unsupported tests 1
Running target unix/-m64
=== boehm-gc Summary for unix/-m64 ===
# of expected passes 12
# of unsupported tests 1
=== boehm-gc Summary ===
# of expected passes 24
# of unsupported tests 2
=== libffi tests ===
Running target unix
=== libffi Summary for unix ===
# of expected passes 1634
# of expected failures 10
# of unsupported tests 55
Running target unix/-m64
=== libffi Summary for unix/-m64 ===
# of expected passes 1634
# of expected failures 10
# of unsupported tests 55
=== libffi Summary ===
# of expected passes 3268
# of expected failures 20
# of unsupported tests 110
=== libgo tests ===
Running target unix
FAIL: runtime/pprof
=== libgo Summary for unix ===
# of expected passes 123
# of unexpected failures 1
Running target unix/-m64
FAIL: runtime/pprof
=== libgo Summary for unix/-m64 ===
# of expected passes 123
# of unexpected failures 1
=== libgo Summary ===
# of expected passes 246
# of unexpected failures 2
=== libgomp tests ===
Running target unix
WARNING: program timed out.
FAIL: libgomp.fortran/vla4.f90 -O3 -fomit-frame-pointer -funroll-all-loops -finline-functions (test for excess errors)
WARNING: libgomp.fortran/vla4.f90 -O3 -fomit-frame-pointer -funroll-all-loops -finline-functions compilation failed to produce executable
=== libgomp Summary for unix ===
# of expected passes 2938
# of unexpected failures 1
# of unsupported tests 3
Running target unix/-m64
=== libgomp Summary for unix/-m64 ===
# of expected passes 2940
# of unsupported tests 3
=== libgomp Summary ===
# of expected passes 5878
# of unexpected failures 1
# of unsupported tests 6
=== libitm tests ===
Running target unix
=== libitm Summary for unix ===
# of expected passes 26
# of expected failures 3
# of unsupported tests 1
Running target unix/-m64
=== libitm Summary for unix/-m64 ===
# of expected passes 26
# of expected failures 3
# of unsupported tests 1
=== libitm Summary ===
# of expected passes 52
# of expected failures 6
# of unsupported tests 2
=== libjava tests ===
Running target unix
FAIL: InvokeInterface execution - source compiled test
FAIL: InvokeInterface -O3 execution - source compiled test
WARNING: program timed out.
FAIL: final_int -findirect-dispatch execution - source compiled test
=== libjava Summary for unix ===
# of expected passes 2568
# of unexpected failures 3
# of untested testcases 3
Running target unix/-m64
FAIL: InvokeInterface execution - source compiled test
FAIL: InvokeInterface -O3 execution - source compiled test
=== libjava Summary for unix/-m64 ===
# of expected passes 2570
# of unexpected failures 2
# of untested testcases 2
=== libjava Summary ===
# of expected passes 5138
# of unexpected failures 5
# of untested testcases 5
=== libstdc++ tests ===
Running target unix
FAIL: 23_containers/vector/requirements/typedefs.cc (test for excess errors)
FAIL: 28_regex/basic_regex/ctors/wchar_t/range.cc (test for excess errors)
FAIL: ext/stdio_sync_filebuf/char/12048-3.cc (test for excess errors)
WARNING: ext/stdio_sync_filebuf/char/12048-3.cc compilation failed to produce executable
WARNING: program timed out.
WARNING: program timed out.
WARNING: program timed out.
=== libstdc++ Summary for unix ===
# of expected passes 7382
# of unexpected failures 3
# of expected failures 47
# of unsupported tests 812
Running target unix/-m64
FAIL: 23_containers/deque/requirements/exception/generation_prohibited.cc (test for excess errors)
WARNING: 23_containers/deque/requirements/exception/generation_prohibited.cc compilation failed to produce executable
FAIL: 25_algorithms/minmax/3.cc (test for excess errors)
WARNING: 25_algorithms/minmax/3.cc compilation failed to produce executable
FAIL: 27_io/basic_filebuf/seekpos/wchar_t/12790-2.cc (test for excess errors)
WARNING: 27_io/basic_filebuf/seekpos/wchar_t/12790-2.cc compilation failed to produce executable
WARNING: program timed out.
WARNING: program timed out.
WARNING: program timed out.
WARNING: program timed out.
FAIL: tr1/5_numerical_facilities/special_functions/22_sph_legendre/check_value.cc (test for excess errors)
WARNING: tr1/5_numerical_facilities/special_functions/22_sph_legendre/check_value.cc compilation failed to produce executable
=== libstdc++ Summary for unix/-m64 ===
# of expected passes 7378
# of unexpected failures 4
# of expected failures 47
# of unsupported tests 812
=== libstdc++ Summary ===
# of expected passes 14760
# of unexpected failures 7
# of expected failures 94
# of unsupported tests 1624
Compiler version: 4.7.4 20140131 (prerelease) [gcc-4_7-branch revision 207327] (GCC)
Platform: sparc-sun-solaris2.9
configure flags: --prefix=/vol/gcc --target=sparc-sun-solaris2.9 --enable-objc-gc --with-gmp-include=/vol/gcc/include --with-gmp-lib=/vol/gcc/lib --with-mpfr-include=/vol/gcc/include --with-mpfr-lib=/vol/gcc/lib --with-mpc-include=/vol/gcc/include --with-mpc-lib=/vol/gcc/lib --enable-languages=all,ada,obj-c++,go --without-ppl --without-isl --without-cloog
BOOT_CFLAGS=-g -O2