This is the mail archive of the
gcc-testresults@gcc.gnu.org
mailing list for the GCC project.
Results for 4.9.0 20140201 (experimental) (GCC) testsuite on powerpc64-unknown-linux-gnu
- From: Andreas Schwab <schwab at linux-m68k dot org>
- To: gcc-testresults at gcc dot gnu dot org
- Date: Sun, 02 Feb 2014 15:01:16 +0100
- Subject: Results for 4.9.0 20140201 (experimental) (GCC) testsuite on powerpc64-unknown-linux-gnu
- Authentication-results: sourceware.org; auth=none
=== acats tests ===
=== acats Summary ===
# of expected passes 2320
# of unexpected failures 0
Native configuration is powerpc64-unknown-linux-gnu
=== g++ tests ===
Running target unix/-m32
FAIL: c-c++-common/asan/null-deref-1.c -O2 output pattern test, is ASAN:SIGSEGV
FAIL: c-c++-common/asan/null-deref-1.c -O3 -fomit-frame-pointer output pattern test, is ASAN:SIGSEGV
FAIL: c-c++-common/asan/null-deref-1.c -O3 -g output pattern test, is ASAN:SIGSEGV
FAIL: c-c++-common/asan/null-deref-1.c -O2 -flto -fno-use-linker-plugin -flto-partition=none output pattern test, is ASAN:SIGSEGV
FAIL: c-c++-common/asan/null-deref-1.c -O2 -flto -fuse-linker-plugin -fno-fat-lto-objects output pattern test, is ASAN:SIGSEGV
FAIL: c-c++-common/asan/pr59063-2.c -O2 -flto -fuse-linker-plugin -fno-fat-lto-objects (test for excess errors)
WARNING: c-c++-common/asan/pr59063-2.c -O2 -flto -fuse-linker-plugin -fno-fat-lto-objects compilation failed to produce executable
FAIL: g++.dg/compat/decimal/pass-1 cp_compat_x_tst.o-cp_compat_y_tst.o execute
FAIL: g++.dg/compat/decimal/pass-2 cp_compat_x_tst.o-cp_compat_y_tst.o execute
FAIL: g++.dg/compat/decimal/pass-3 cp_compat_x_tst.o-cp_compat_y_tst.o execute
FAIL: g++.dg/compat/decimal/pass-4 cp_compat_x_tst.o-cp_compat_y_tst.o execute
FAIL: g++.dg/compat/decimal/pass-5 cp_compat_x_tst.o-cp_compat_y_tst.o execute
FAIL: g++.dg/compat/decimal/pass-6 cp_compat_x_tst.o-cp_compat_y_tst.o execute
FAIL: g++.dg/compat/decimal/return-1 cp_compat_x_tst.o-cp_compat_y_tst.o execute
FAIL: g++.dg/compat/decimal/return-2 cp_compat_x_tst.o-cp_compat_y_tst.o execute
FAIL: g++.dg/compat/decimal/return-3 cp_compat_x_tst.o-cp_compat_y_tst.o execute
FAIL: g++.dg/compat/decimal/return-4 cp_compat_x_tst.o-cp_compat_y_tst.o execute
FAIL: g++.dg/compat/decimal/return-5 cp_compat_x_tst.o-cp_compat_y_tst.o execute
FAIL: g++.dg/compat/decimal/return-6 cp_compat_x_tst.o-cp_compat_y_tst.o execute
FAIL: c-c++-common/dfp/convert-bfp.c -std=c++98 execution test
FAIL: c-c++-common/dfp/convert-bfp.c -std=c++11 execution test
FAIL: c-c++-common/dfp/convert-dfp.c -std=gnu++98 execution test
FAIL: c-c++-common/dfp/convert-dfp.c -std=gnu++11 execution test
FAIL: c-c++-common/dfp/func-vararg-alternate-d32.c -std=c++98 execution test
FAIL: c-c++-common/dfp/func-vararg-alternate-d32.c -std=c++11 execution test
FAIL: c-c++-common/dfp/func-vararg-dfp.c -std=c++98 execution test
FAIL: c-c++-common/dfp/func-vararg-dfp.c -std=c++11 execution test
FAIL: c-c++-common/dfp/func-vararg-mixed.c -std=c++98 execution test
FAIL: c-c++-common/dfp/func-vararg-mixed.c -std=c++11 execution test
FAIL: c-c++-common/ubsan/overflow-1.c -O0 (internal compiler error)
FAIL: c-c++-common/ubsan/overflow-1.c -O0 (test for excess errors)
WARNING: c-c++-common/ubsan/overflow-1.c -O0 compilation failed to produce executable
FAIL: c-c++-common/ubsan/overflow-2.c -O0 (internal compiler error)
FAIL: c-c++-common/ubsan/overflow-2.c -O0 (test for excess errors)
WARNING: c-c++-common/ubsan/overflow-2.c -O0 compilation failed to produce executable
FAIL: c-c++-common/ubsan/overflow-2.c -O1 (internal compiler error)
FAIL: c-c++-common/ubsan/overflow-2.c -O1 (test for excess errors)
WARNING: c-c++-common/ubsan/overflow-2.c -O1 compilation failed to produce executable
FAIL: c-c++-common/ubsan/overflow-2.c -O2 (internal compiler error)
FAIL: c-c++-common/ubsan/overflow-2.c -O2 (test for excess errors)
WARNING: c-c++-common/ubsan/overflow-2.c -O2 compilation failed to produce executable
FAIL: c-c++-common/ubsan/overflow-2.c -O3 -fomit-frame-pointer (internal compiler error)
FAIL: c-c++-common/ubsan/overflow-2.c -O3 -fomit-frame-pointer (test for excess errors)
WARNING: c-c++-common/ubsan/overflow-2.c -O3 -fomit-frame-pointer compilation failed to produce executable
FAIL: c-c++-common/ubsan/overflow-2.c -O3 -g (internal compiler error)
FAIL: c-c++-common/ubsan/overflow-2.c -O3 -g (test for excess errors)
WARNING: c-c++-common/ubsan/overflow-2.c -O3 -g compilation failed to produce executable
FAIL: c-c++-common/ubsan/overflow-2.c -Os (internal compiler error)
FAIL: c-c++-common/ubsan/overflow-2.c -Os (test for excess errors)
WARNING: c-c++-common/ubsan/overflow-2.c -Os compilation failed to produce executable
FAIL: c-c++-common/ubsan/overflow-mul-3.c -O0 (internal compiler error)
FAIL: c-c++-common/ubsan/overflow-mul-3.c -O0 (test for excess errors)
WARNING: c-c++-common/ubsan/overflow-mul-3.c -O0 compilation failed to produce executable
FAIL: c-c++-common/ubsan/overflow-mul-3.c -O1 (internal compiler error)
FAIL: c-c++-common/ubsan/overflow-mul-3.c -O1 (test for excess errors)
WARNING: c-c++-common/ubsan/overflow-mul-3.c -O1 compilation failed to produce executable
FAIL: c-c++-common/ubsan/overflow-mul-3.c -O2 (internal compiler error)
FAIL: c-c++-common/ubsan/overflow-mul-3.c -O2 (test for excess errors)
WARNING: c-c++-common/ubsan/overflow-mul-3.c -O2 compilation failed to produce executable
FAIL: c-c++-common/ubsan/overflow-mul-3.c -O3 -fomit-frame-pointer (internal compiler error)
FAIL: c-c++-common/ubsan/overflow-mul-3.c -O3 -fomit-frame-pointer (test for excess errors)
WARNING: c-c++-common/ubsan/overflow-mul-3.c -O3 -fomit-frame-pointer compilation failed to produce executable
FAIL: c-c++-common/ubsan/overflow-mul-3.c -O3 -fomit-frame-pointer -funroll-loops (internal compiler error)
FAIL: c-c++-common/ubsan/overflow-mul-3.c -O3 -fomit-frame-pointer -funroll-loops (test for excess errors)
WARNING: c-c++-common/ubsan/overflow-mul-3.c -O3 -fomit-frame-pointer -funroll-loops compilation failed to produce executable
FAIL: c-c++-common/ubsan/overflow-mul-3.c -O3 -fomit-frame-pointer -funroll-all-loops -finline-functions (internal compiler error)
FAIL: c-c++-common/ubsan/overflow-mul-3.c -O3 -fomit-frame-pointer -funroll-all-loops -finline-functions (test for excess errors)
WARNING: c-c++-common/ubsan/overflow-mul-3.c -O3 -fomit-frame-pointer -funroll-all-loops -finline-functions compilation failed to produce executable
FAIL: c-c++-common/ubsan/overflow-mul-3.c -O3 -g (internal compiler error)
FAIL: c-c++-common/ubsan/overflow-mul-3.c -O3 -g (test for excess errors)
WARNING: c-c++-common/ubsan/overflow-mul-3.c -O3 -g compilation failed to produce executable
FAIL: c-c++-common/ubsan/overflow-mul-3.c -Os (internal compiler error)
FAIL: c-c++-common/ubsan/overflow-mul-3.c -Os (test for excess errors)
WARNING: c-c++-common/ubsan/overflow-mul-3.c -Os compilation failed to produce executable
FAIL: c-c++-common/ubsan/overflow-mul-4.c -O0 (internal compiler error)
FAIL: c-c++-common/ubsan/overflow-mul-4.c -O0 (test for excess errors)
WARNING: c-c++-common/ubsan/overflow-mul-4.c -O0 compilation failed to produce executable
FAIL: c-c++-common/ubsan/overflow-mul-4.c -O1 (internal compiler error)
FAIL: c-c++-common/ubsan/overflow-mul-4.c -O1 (test for excess errors)
WARNING: c-c++-common/ubsan/overflow-mul-4.c -O1 compilation failed to produce executable
FAIL: c-c++-common/ubsan/overflow-mul-4.c -O2 (internal compiler error)
FAIL: c-c++-common/ubsan/overflow-mul-4.c -O2 (test for excess errors)
WARNING: c-c++-common/ubsan/overflow-mul-4.c -O2 compilation failed to produce executable
FAIL: c-c++-common/ubsan/overflow-mul-4.c -O3 -fomit-frame-pointer (internal compiler error)
FAIL: c-c++-common/ubsan/overflow-mul-4.c -O3 -fomit-frame-pointer (test for excess errors)
WARNING: c-c++-common/ubsan/overflow-mul-4.c -O3 -fomit-frame-pointer compilation failed to produce executable
FAIL: c-c++-common/ubsan/overflow-mul-4.c -O3 -fomit-frame-pointer -funroll-loops (internal compiler error)
FAIL: c-c++-common/ubsan/overflow-mul-4.c -O3 -fomit-frame-pointer -funroll-loops (test for excess errors)
WARNING: c-c++-common/ubsan/overflow-mul-4.c -O3 -fomit-frame-pointer -funroll-loops compilation failed to produce executable
FAIL: c-c++-common/ubsan/overflow-mul-4.c -O3 -fomit-frame-pointer -funroll-all-loops -finline-functions (internal compiler error)
FAIL: c-c++-common/ubsan/overflow-mul-4.c -O3 -fomit-frame-pointer -funroll-all-loops -finline-functions (test for excess errors)
WARNING: c-c++-common/ubsan/overflow-mul-4.c -O3 -fomit-frame-pointer -funroll-all-loops -finline-functions compilation failed to produce executable
FAIL: c-c++-common/ubsan/overflow-mul-4.c -O3 -g (internal compiler error)
FAIL: c-c++-common/ubsan/overflow-mul-4.c -O3 -g (test for excess errors)
WARNING: c-c++-common/ubsan/overflow-mul-4.c -O3 -g compilation failed to produce executable
FAIL: c-c++-common/ubsan/overflow-mul-4.c -Os (internal compiler error)
FAIL: c-c++-common/ubsan/overflow-mul-4.c -Os (test for excess errors)
WARNING: c-c++-common/ubsan/overflow-mul-4.c -Os compilation failed to produce executable
FAIL: c-c++-common/ubsan/overflow-negate-2.c -O0 execution test
FAIL: c-c++-common/ubsan/overflow-negate-2.c -O1 execution test
FAIL: c-c++-common/ubsan/overflow-negate-2.c -O2 execution test
FAIL: c-c++-common/ubsan/overflow-negate-2.c -O3 -fomit-frame-pointer execution test
FAIL: c-c++-common/ubsan/overflow-negate-2.c -O3 -g execution test
FAIL: c-c++-common/ubsan/overflow-negate-2.c -Os execution test
=== g++ Summary for unix/-m32 ===
# of expected passes 57439
# of unexpected failures 80
# of expected failures 290
# of unsupported tests 1228
Running target unix/-m64
FAIL: c-c++-common/asan/clone-test-1.c -O0 execution test
FAIL: c-c++-common/asan/clone-test-1.c -O1 execution test
FAIL: c-c++-common/asan/clone-test-1.c -O2 execution test
FAIL: c-c++-common/asan/clone-test-1.c -O3 -fomit-frame-pointer execution test
FAIL: c-c++-common/asan/clone-test-1.c -O3 -fomit-frame-pointer -funroll-loops execution test
FAIL: c-c++-common/asan/clone-test-1.c -O3 -fomit-frame-pointer -funroll-all-loops -finline-functions execution test
FAIL: c-c++-common/asan/clone-test-1.c -O3 -g execution test
FAIL: c-c++-common/asan/clone-test-1.c -Os execution test
FAIL: c-c++-common/asan/clone-test-1.c -O2 -flto -fno-use-linker-plugin -flto-partition=none execution test
FAIL: c-c++-common/asan/clone-test-1.c -O2 -flto -fuse-linker-plugin -fno-fat-lto-objects execution test
FAIL: c-c++-common/asan/global-overflow-1.c -O0 output pattern test, is ==26862==ERROR: AddressSanitizer failed to allocate 0x4000001000 (274877911040) bytes at address 0x01fffffff000 (12)
FAIL: c-c++-common/asan/global-overflow-1.c -O1 output pattern test, is ==26899==ERROR: AddressSanitizer failed to allocate 0x4000001000 (274877911040) bytes at address 0x01fffffff000 (12)
FAIL: c-c++-common/asan/global-overflow-1.c -O2 output pattern test, is ==26929==ERROR: AddressSanitizer failed to allocate 0x4000001000 (274877911040) bytes at address 0x01fffffff000 (12)
FAIL: c-c++-common/asan/global-overflow-1.c -O3 -fomit-frame-pointer output pattern test, is ==26973==ERROR: AddressSanitizer failed to allocate 0x4000001000 (274877911040) bytes at address 0x01fffffff000 (12)
FAIL: c-c++-common/asan/global-overflow-1.c -O3 -g output pattern test, is ==27017==ERROR: AddressSanitizer failed to allocate 0x4000001000 (274877911040) bytes at address 0x01fffffff000 (12)
FAIL: c-c++-common/asan/global-overflow-1.c -Os output pattern test, is ==27060==ERROR: AddressSanitizer failed to allocate 0x4000001000 (274877911040) bytes at address 0x01fffffff000 (12)
FAIL: c-c++-common/asan/global-overflow-1.c -O2 -flto -fno-use-linker-plugin -flto-partition=none output pattern test, is ==27141==ERROR: AddressSanitizer failed to allocate 0x4000001000 (274877911040) bytes at address 0x01fffffff000 (12)
FAIL: c-c++-common/asan/global-overflow-1.c -O2 -flto -fuse-linker-plugin -fno-fat-lto-objects output pattern test, is ==27193==ERROR: AddressSanitizer failed to allocate 0x4000001000 (274877911040) bytes at address 0x01fffffff000 (12)
FAIL: c-c++-common/asan/heap-overflow-1.c -O0 output pattern test, is ==27236==ERROR: AddressSanitizer failed to allocate 0x4000001000 (274877911040) bytes at address 0x01fffffff000 (12)
FAIL: c-c++-common/asan/heap-overflow-1.c -O1 output pattern test, is ==27278==ERROR: AddressSanitizer failed to allocate 0x4000001000 (274877911040) bytes at address 0x01fffffff000 (12)
FAIL: c-c++-common/asan/heap-overflow-1.c -O2 output pattern test, is ==27295==ERROR: AddressSanitizer failed to allocate 0x4000001000 (274877911040) bytes at address 0x01fffffff000 (12)
FAIL: c-c++-common/asan/heap-overflow-1.c -O3 -fomit-frame-pointer output pattern test, is ==27311==ERROR: AddressSanitizer failed to allocate 0x4000001000 (274877911040) bytes at address 0x01fffffff000 (12)
FAIL: c-c++-common/asan/heap-overflow-1.c -O3 -g output pattern test, is ==27354==ERROR: AddressSanitizer failed to allocate 0x4000001000 (274877911040) bytes at address 0x01fffffff000 (12)
FAIL: c-c++-common/asan/heap-overflow-1.c -Os output pattern test, is ==27382==ERROR: AddressSanitizer failed to allocate 0x4000001000 (274877911040) bytes at address 0x01fffffff000 (12)
FAIL: c-c++-common/asan/heap-overflow-1.c -O2 -flto -fno-use-linker-plugin -flto-partition=none output pattern test, is ==27460==ERROR: AddressSanitizer failed to allocate 0x4000001000 (274877911040) bytes at address 0x01fffffff000 (12)
FAIL: c-c++-common/asan/heap-overflow-1.c -O2 -flto -fuse-linker-plugin -fno-fat-lto-objects output pattern test, is ==27517==ERROR: AddressSanitizer failed to allocate 0x4000001000 (274877911040) bytes at address 0x01fffffff000 (12)
FAIL: c-c++-common/asan/memcmp-1.c -O0 output pattern test, is ==27573==ERROR: AddressSanitizer failed to allocate 0x4000001000 (274877911040) bytes at address 0x01fffffff000 (12)
FAIL: c-c++-common/asan/memcmp-1.c -O1 output pattern test, is ==27615==ERROR: AddressSanitizer failed to allocate 0x4000001000 (274877911040) bytes at address 0x01fffffff000 (12)
FAIL: c-c++-common/asan/memcmp-1.c -O2 output pattern test, is ==27653==ERROR: AddressSanitizer failed to allocate 0x4000001000 (274877911040) bytes at address 0x01fffffff000 (12)
FAIL: c-c++-common/asan/memcmp-1.c -O3 -fomit-frame-pointer output pattern test, is ==27694==ERROR: AddressSanitizer failed to allocate 0x4000001000 (274877911040) bytes at address 0x01fffffff000 (12)
FAIL: c-c++-common/asan/memcmp-1.c -O3 -g output pattern test, is ==27738==ERROR: AddressSanitizer failed to allocate 0x4000001000 (274877911040) bytes at address 0x01fffffff000 (12)
FAIL: c-c++-common/asan/memcmp-1.c -Os output pattern test, is ==27779==ERROR: AddressSanitizer failed to allocate 0x4000001000 (274877911040) bytes at address 0x01fffffff000 (12)
FAIL: c-c++-common/asan/memcmp-1.c -O2 -flto -fno-use-linker-plugin -flto-partition=none output pattern test, is ==27862==ERROR: AddressSanitizer failed to allocate 0x4000001000 (274877911040) bytes at address 0x01fffffff000 (12)
FAIL: c-c++-common/asan/memcmp-1.c -O2 -flto -fuse-linker-plugin -fno-fat-lto-objects output pattern test, is ==27922==ERROR: AddressSanitizer failed to allocate 0x4000001000 (274877911040) bytes at address 0x01fffffff000 (12)
FAIL: c-c++-common/asan/null-deref-1.c -O0 output pattern test, is ==28981==ERROR: AddressSanitizer failed to allocate 0x4000001000 (274877911040) bytes at address 0x01fffffff000 (12)
FAIL: c-c++-common/asan/null-deref-1.c -O1 output pattern test, is ==29020==ERROR: AddressSanitizer failed to allocate 0x4000001000 (274877911040) bytes at address 0x01fffffff000 (12)
FAIL: c-c++-common/asan/null-deref-1.c -O2 output pattern test, is ==29049==ERROR: AddressSanitizer failed to allocate 0x4000001000 (274877911040) bytes at address 0x01fffffff000 (12)
FAIL: c-c++-common/asan/null-deref-1.c -O3 -fomit-frame-pointer output pattern test, is ==29089==ERROR: AddressSanitizer failed to allocate 0x4000001000 (274877911040) bytes at address 0x01fffffff000 (12)
FAIL: c-c++-common/asan/null-deref-1.c -O3 -g output pattern test, is ==29132==ERROR: AddressSanitizer failed to allocate 0x4000001000 (274877911040) bytes at address 0x01fffffff000 (12)
FAIL: c-c++-common/asan/null-deref-1.c -Os output pattern test, is ==29172==ERROR: AddressSanitizer failed to allocate 0x4000001000 (274877911040) bytes at address 0x01fffffff000 (12)
FAIL: c-c++-common/asan/null-deref-1.c -O2 -flto -fno-use-linker-plugin -flto-partition=none output pattern test, is ==29261==ERROR: AddressSanitizer failed to allocate 0x4000001000 (274877911040) bytes at address 0x01fffffff000 (12)
FAIL: c-c++-common/asan/null-deref-1.c -O2 -flto -fuse-linker-plugin -fno-fat-lto-objects output pattern test, is ==29321==ERROR: AddressSanitizer failed to allocate 0x4000001000 (274877911040) bytes at address 0x01fffffff000 (12)
FAIL: c-c++-common/asan/pr59063-1.c -O0 execution test
FAIL: c-c++-common/asan/pr59063-1.c -O1 execution test
FAIL: c-c++-common/asan/pr59063-1.c -O2 execution test
FAIL: c-c++-common/asan/pr59063-1.c -O3 -fomit-frame-pointer execution test
FAIL: c-c++-common/asan/pr59063-1.c -O3 -g execution test
FAIL: c-c++-common/asan/pr59063-1.c -Os execution test
FAIL: c-c++-common/asan/pr59063-1.c -O2 -flto -fno-use-linker-plugin -flto-partition=none execution test
FAIL: c-c++-common/asan/pr59063-1.c -O2 -flto -fuse-linker-plugin -fno-fat-lto-objects execution test
FAIL: c-c++-common/asan/pr59063-2.c -O0 execution test
FAIL: c-c++-common/asan/pr59063-2.c -O1 execution test
FAIL: c-c++-common/asan/pr59063-2.c -O2 execution test
FAIL: c-c++-common/asan/pr59063-2.c -O3 -fomit-frame-pointer execution test
FAIL: c-c++-common/asan/pr59063-2.c -O3 -g execution test
FAIL: c-c++-common/asan/pr59063-2.c -Os execution test
FAIL: c-c++-common/asan/pr59063-2.c -O2 -flto -fno-use-linker-plugin -flto-partition=none execution test
FAIL: c-c++-common/asan/pr59063-2.c -O2 -flto -fuse-linker-plugin -fno-fat-lto-objects (test for excess errors)
WARNING: c-c++-common/asan/pr59063-2.c -O2 -flto -fuse-linker-plugin -fno-fat-lto-objects compilation failed to produce executable
FAIL: c-c++-common/asan/rlimit-mmap-test-1.c -O0 output pattern test, is ==30545==ERROR: AddressSanitizer failed to allocate 0x4000001000 (274877911040) bytes at address 0x01fffffff000 (12)
FAIL: c-c++-common/asan/sanity-check-pure-c-1.c -O0 output pattern test, is ==30588==ERROR: AddressSanitizer failed to allocate 0x4000001000 (274877911040) bytes at address 0x01fffffff000 (12)
FAIL: c-c++-common/asan/sanity-check-pure-c-1.c -O1 output pattern test, is ==30629==ERROR: AddressSanitizer failed to allocate 0x4000001000 (274877911040) bytes at address 0x01fffffff000 (12)
FAIL: c-c++-common/asan/sanity-check-pure-c-1.c -O2 output pattern test, is ==30670==ERROR: AddressSanitizer failed to allocate 0x4000001000 (274877911040) bytes at address 0x01fffffff000 (12)
FAIL: c-c++-common/asan/sanity-check-pure-c-1.c -O3 -fomit-frame-pointer output pattern test, is ==30712==ERROR: AddressSanitizer failed to allocate 0x4000001000 (274877911040) bytes at address 0x01fffffff000 (12)
FAIL: c-c++-common/asan/sanity-check-pure-c-1.c -O3 -g output pattern test, is ==30756==ERROR: AddressSanitizer failed to allocate 0x4000001000 (274877911040) bytes at address 0x01fffffff000 (12)
FAIL: c-c++-common/asan/sanity-check-pure-c-1.c -Os output pattern test, is ==30795==ERROR: AddressSanitizer failed to allocate 0x4000001000 (274877911040) bytes at address 0x01fffffff000 (12)
FAIL: c-c++-common/asan/sanity-check-pure-c-1.c -O2 -flto -fno-use-linker-plugin -flto-partition=none output pattern test, is ==30884==ERROR: AddressSanitizer failed to allocate 0x4000001000 (274877911040) bytes at address 0x01fffffff000 (12)
FAIL: c-c++-common/asan/sanity-check-pure-c-1.c -O2 -flto -fuse-linker-plugin -fno-fat-lto-objects output pattern test, is ==30948==ERROR: AddressSanitizer failed to allocate 0x4000001000 (274877911040) bytes at address 0x01fffffff000 (12)
FAIL: c-c++-common/asan/sleep-before-dying-1.c -O2 output pattern test, is ==30990==ERROR: AddressSanitizer failed to allocate 0x4000001000 (274877911040) bytes at address 0x01fffffff000 (12)
FAIL: c-c++-common/asan/sleep-before-dying-1.c -O2 -flto -fno-use-linker-plugin -flto-partition=none output pattern test, is ==31081==ERROR: AddressSanitizer failed to allocate 0x4000001000 (274877911040) bytes at address 0x01fffffff000 (12)
FAIL: c-c++-common/asan/sleep-before-dying-1.c -O2 -flto -fuse-linker-plugin -fno-fat-lto-objects output pattern test, is ==31142==ERROR: AddressSanitizer failed to allocate 0x4000001000 (274877911040) bytes at address 0x01fffffff000 (12)
FAIL: c-c++-common/asan/stack-overflow-1.c -O0 output pattern test, is ==31183==ERROR: AddressSanitizer failed to allocate 0x4000001000 (274877911040) bytes at address 0x01fffffff000 (12)
FAIL: c-c++-common/asan/stack-overflow-1.c -O1 output pattern test, is ==31225==ERROR: AddressSanitizer failed to allocate 0x4000001000 (274877911040) bytes at address 0x01fffffff000 (12)
FAIL: c-c++-common/asan/stack-overflow-1.c -O2 output pattern test, is ==31266==ERROR: AddressSanitizer failed to allocate 0x4000001000 (274877911040) bytes at address 0x01fffffff000 (12)
FAIL: c-c++-common/asan/stack-overflow-1.c -O3 -fomit-frame-pointer output pattern test, is ==31303==ERROR: AddressSanitizer failed to allocate 0x4000001000 (274877911040) bytes at address 0x01fffffff000 (12)
FAIL: c-c++-common/asan/stack-overflow-1.c -O3 -g output pattern test, is ==31350==ERROR: AddressSanitizer failed to allocate 0x4000001000 (274877911040) bytes at address 0x01fffffff000 (12)
FAIL: c-c++-common/asan/stack-overflow-1.c -Os output pattern test, is ==31390==ERROR: AddressSanitizer failed to allocate 0x4000001000 (274877911040) bytes at address 0x01fffffff000 (12)
FAIL: c-c++-common/asan/stack-overflow-1.c -O2 -flto -fno-use-linker-plugin -flto-partition=none output pattern test, is ==31477==ERROR: AddressSanitizer failed to allocate 0x4000001000 (274877911040) bytes at address 0x01fffffff000 (12)
FAIL: c-c++-common/asan/stack-overflow-1.c -O2 -flto -fuse-linker-plugin -fno-fat-lto-objects output pattern test, is ==31531==ERROR: AddressSanitizer failed to allocate 0x4000001000 (274877911040) bytes at address 0x01fffffff000 (12)
FAIL: c-c++-common/asan/strip-path-prefix-1.c -O2 output pattern test, is ==31580==ERROR: AddressSanitizer failed to allocate 0x4000001000 (274877911040) bytes at address 0x01fffffff000 (12)
FAIL: c-c++-common/asan/strip-path-prefix-1.c -O2 -flto -fno-use-linker-plugin -flto-partition=none output pattern test, is ==31664==ERROR: AddressSanitizer failed to allocate 0x4000001000 (274877911040) bytes at address 0x01fffffff000 (12)
FAIL: c-c++-common/asan/strip-path-prefix-1.c -O2 -flto -fuse-linker-plugin -fno-fat-lto-objects output pattern test, is ==31725==ERROR: AddressSanitizer failed to allocate 0x4000001000 (274877911040) bytes at address 0x01fffffff000 (12)
FAIL: c-c++-common/asan/strncpy-overflow-1.c -O0 output pattern test, is ==31769==ERROR: AddressSanitizer failed to allocate 0x4000001000 (274877911040) bytes at address 0x01fffffff000 (12)
FAIL: c-c++-common/asan/strncpy-overflow-1.c -O1 output pattern test, is ==31817==ERROR: AddressSanitizer failed to allocate 0x4000001000 (274877911040) bytes at address 0x01fffffff000 (12)
FAIL: c-c++-common/asan/strncpy-overflow-1.c -O2 output pattern test, is ==31862==ERROR: AddressSanitizer failed to allocate 0x4000001000 (274877911040) bytes at address 0x01fffffff000 (12)
FAIL: c-c++-common/asan/strncpy-overflow-1.c -O3 -fomit-frame-pointer output pattern test, is ==31905==ERROR: AddressSanitizer failed to allocate 0x4000001000 (274877911040) bytes at address 0x01fffffff000 (12)
FAIL: c-c++-common/asan/strncpy-overflow-1.c -O3 -g output pattern test, is ==31950==ERROR: AddressSanitizer failed to allocate 0x4000001000 (274877911040) bytes at address 0x01fffffff000 (12)
FAIL: c-c++-common/asan/strncpy-overflow-1.c -Os output pattern test, is ==31994==ERROR: AddressSanitizer failed to allocate 0x4000001000 (274877911040) bytes at address 0x01fffffff000 (12)
FAIL: c-c++-common/asan/strncpy-overflow-1.c -O2 -flto -fno-use-linker-plugin -flto-partition=none output pattern test, is ==32083==ERROR: AddressSanitizer failed to allocate 0x4000001000 (274877911040) bytes at address 0x01fffffff000 (12)
FAIL: c-c++-common/asan/strncpy-overflow-1.c -O2 -flto -fuse-linker-plugin -fno-fat-lto-objects output pattern test, is ==32150==ERROR: AddressSanitizer failed to allocate 0x4000001000 (274877911040) bytes at address 0x01fffffff000 (12)
FAIL: c-c++-common/asan/swapcontext-test-1.c -O0 execution test
FAIL: c-c++-common/asan/swapcontext-test-1.c -O1 execution test
FAIL: c-c++-common/asan/swapcontext-test-1.c -O2 execution test
FAIL: c-c++-common/asan/swapcontext-test-1.c -O3 -fomit-frame-pointer execution test
FAIL: c-c++-common/asan/swapcontext-test-1.c -O3 -fomit-frame-pointer -funroll-loops execution test
FAIL: c-c++-common/asan/swapcontext-test-1.c -O3 -fomit-frame-pointer -funroll-all-loops -finline-functions execution test
FAIL: c-c++-common/asan/swapcontext-test-1.c -O3 -g execution test
FAIL: c-c++-common/asan/swapcontext-test-1.c -Os execution test
FAIL: c-c++-common/asan/swapcontext-test-1.c -O2 -flto -fno-use-linker-plugin -flto-partition=none execution test
FAIL: c-c++-common/asan/swapcontext-test-1.c -O2 -flto -fuse-linker-plugin -fno-fat-lto-objects execution test
FAIL: c-c++-common/asan/use-after-free-1.c -O0 output pattern test, is ==320==ERROR: AddressSanitizer failed to allocate 0x4000001000 (274877911040) bytes at address 0x01fffffff000 (12)
FAIL: c-c++-common/asan/use-after-free-1.c -O1 output pattern test, is ==365==ERROR: AddressSanitizer failed to allocate 0x4000001000 (274877911040) bytes at address 0x01fffffff000 (12)
FAIL: c-c++-common/asan/use-after-free-1.c -O2 output pattern test, is ==408==ERROR: AddressSanitizer failed to allocate 0x4000001000 (274877911040) bytes at address 0x01fffffff000 (12)
FAIL: c-c++-common/asan/use-after-free-1.c -O3 -fomit-frame-pointer output pattern test, is ==449==ERROR: AddressSanitizer failed to allocate 0x4000001000 (274877911040) bytes at address 0x01fffffff000 (12)
FAIL: c-c++-common/asan/use-after-free-1.c -O3 -g output pattern test, is ==495==ERROR: AddressSanitizer failed to allocate 0x4000001000 (274877911040) bytes at address 0x01fffffff000 (12)
FAIL: c-c++-common/asan/use-after-free-1.c -Os output pattern test, is ==538==ERROR: AddressSanitizer failed to allocate 0x4000001000 (274877911040) bytes at address 0x01fffffff000 (12)
FAIL: c-c++-common/asan/use-after-free-1.c -O2 -flto -fno-use-linker-plugin -flto-partition=none output pattern test, is ==662==ERROR: AddressSanitizer failed to allocate 0x4000001000 (274877911040) bytes at address 0x01fffffff000 (12)
FAIL: c-c++-common/asan/use-after-free-1.c -O2 -flto -fuse-linker-plugin -fno-fat-lto-objects output pattern test, is ==728==ERROR: AddressSanitizer failed to allocate 0x4000001000 (274877911040) bytes at address 0x01fffffff000 (12)
FAIL: c-c++-common/asan/use-after-return-1.c -O0 output pattern test, is ==770==ERROR: AddressSanitizer failed to allocate 0x4000001000 (274877911040) bytes at address 0x01fffffff000 (12)
FAIL: c-c++-common/asan/use-after-return-1.c -O1 output pattern test, is ==817==ERROR: AddressSanitizer failed to allocate 0x4000001000 (274877911040) bytes at address 0x01fffffff000 (12)
FAIL: c-c++-common/asan/use-after-return-1.c -O2 output pattern test, is ==855==ERROR: AddressSanitizer failed to allocate 0x4000001000 (274877911040) bytes at address 0x01fffffff000 (12)
FAIL: c-c++-common/asan/use-after-return-1.c -O3 -fomit-frame-pointer output pattern test, is ==903==ERROR: AddressSanitizer failed to allocate 0x4000001000 (274877911040) bytes at address 0x01fffffff000 (12)
FAIL: c-c++-common/asan/use-after-return-1.c -O3 -g output pattern test, is ==951==ERROR: AddressSanitizer failed to allocate 0x4000001000 (274877911040) bytes at address 0x01fffffff000 (12)
FAIL: c-c++-common/asan/use-after-return-1.c -Os output pattern test, is ==995==ERROR: AddressSanitizer failed to allocate 0x4000001000 (274877911040) bytes at address 0x01fffffff000 (12)
FAIL: c-c++-common/asan/use-after-return-1.c -O2 -flto -fno-use-linker-plugin -flto-partition=none output pattern test, is ==1092==ERROR: AddressSanitizer failed to allocate 0x4000001000 (274877911040) bytes at address 0x01fffffff000 (12)
FAIL: c-c++-common/asan/use-after-return-1.c -O2 -flto -fuse-linker-plugin -fno-fat-lto-objects output pattern test, is ==1153==ERROR: AddressSanitizer failed to allocate 0x4000001000 (274877911040) bytes at address 0x01fffffff000 (12)
FAIL: g++.dg/asan/deep-stack-uaf-1.C -O0 output pattern test, is ==1226==ERROR: AddressSanitizer failed to allocate 0x4000001000 (274877911040) bytes at address 0x01fffffff000 (12)
FAIL: g++.dg/asan/deep-stack-uaf-1.C -O1 output pattern test, is ==1318==ERROR: AddressSanitizer failed to allocate 0x4000001000 (274877911040) bytes at address 0x01fffffff000 (12)
FAIL: g++.dg/asan/deep-stack-uaf-1.C -O2 output pattern test, is ==1430==ERROR: AddressSanitizer failed to allocate 0x4000001000 (274877911040) bytes at address 0x01fffffff000 (12)
FAIL: g++.dg/asan/deep-stack-uaf-1.C -O3 -fomit-frame-pointer output pattern test, is ==1539==ERROR: AddressSanitizer failed to allocate 0x4000001000 (274877911040) bytes at address 0x01fffffff000 (12)
FAIL: g++.dg/asan/deep-stack-uaf-1.C -O3 -g output pattern test, is ==1664==ERROR: AddressSanitizer failed to allocate 0x4000001000 (274877911040) bytes at address 0x01fffffff000 (12)
FAIL: g++.dg/asan/deep-stack-uaf-1.C -Os output pattern test, is ==1763==ERROR: AddressSanitizer failed to allocate 0x4000001000 (274877911040) bytes at address 0x01fffffff000 (12)
FAIL: g++.dg/asan/deep-tail-call-1.C -O0 output pattern test, is ==1811==ERROR: AddressSanitizer failed to allocate 0x4000001000 (274877911040) bytes at address 0x01fffffff000 (12)
FAIL: g++.dg/asan/deep-tail-call-1.C -O1 output pattern test, is ==1856==ERROR: AddressSanitizer failed to allocate 0x4000001000 (274877911040) bytes at address 0x01fffffff000 (12)
FAIL: g++.dg/asan/deep-tail-call-1.C -O2 output pattern test, is ==1895==ERROR: AddressSanitizer failed to allocate 0x4000001000 (274877911040) bytes at address 0x01fffffff000 (12)
FAIL: g++.dg/asan/deep-tail-call-1.C -O3 -fomit-frame-pointer output pattern test, is ==1941==ERROR: AddressSanitizer failed to allocate 0x4000001000 (274877911040) bytes at address 0x01fffffff000 (12)
FAIL: g++.dg/asan/deep-tail-call-1.C -O3 -g output pattern test, is ==1983==ERROR: AddressSanitizer failed to allocate 0x4000001000 (274877911040) bytes at address 0x01fffffff000 (12)
FAIL: g++.dg/asan/deep-tail-call-1.C -Os output pattern test, is ==2025==ERROR: AddressSanitizer failed to allocate 0x4000001000 (274877911040) bytes at address 0x01fffffff000 (12)
FAIL: g++.dg/asan/deep-tail-call-1.C -O2 -flto -fno-use-linker-plugin -flto-partition=none output pattern test, is ==2117==ERROR: AddressSanitizer failed to allocate 0x4000001000 (274877911040) bytes at address 0x01fffffff000 (12)
FAIL: g++.dg/asan/deep-tail-call-1.C -O2 -flto -fuse-linker-plugin -fno-fat-lto-objects output pattern test, is ==2180==ERROR: AddressSanitizer failed to allocate 0x4000001000 (274877911040) bytes at address 0x01fffffff000 (12)
FAIL: g++.dg/asan/deep-thread-stack-1.C -O0 output pattern test, is ==2235==ERROR: AddressSanitizer failed to allocate 0x4000001000 (274877911040) bytes at address 0x01fffffff000 (12)
FAIL: g++.dg/asan/deep-thread-stack-1.C -O1 output pattern test, is ==2286==ERROR: AddressSanitizer failed to allocate 0x4000001000 (274877911040) bytes at address 0x01fffffff000 (12)
FAIL: g++.dg/asan/deep-thread-stack-1.C -O2 output pattern test, is ==2335==ERROR: AddressSanitizer failed to allocate 0x4000001000 (274877911040) bytes at address 0x01fffffff000 (12)
FAIL: g++.dg/asan/deep-thread-stack-1.C -O3 -fomit-frame-pointer output pattern test, is ==2379==ERROR: AddressSanitizer failed to allocate 0x4000001000 (274877911040) bytes at address 0x01fffffff000 (12)
FAIL: g++.dg/asan/deep-thread-stack-1.C -O3 -g output pattern test, is ==2430==ERROR: AddressSanitizer failed to allocate 0x4000001000 (274877911040) bytes at address 0x01fffffff000 (12)
FAIL: g++.dg/asan/deep-thread-stack-1.C -Os output pattern test, is ==2473==ERROR: AddressSanitizer failed to allocate 0x4000001000 (274877911040) bytes at address 0x01fffffff000 (12)
FAIL: g++.dg/asan/deep-thread-stack-1.C -O2 -flto -fno-use-linker-plugin -flto-partition=none output pattern test, is ==2571==ERROR: AddressSanitizer failed to allocate 0x4000001000 (274877911040) bytes at address 0x01fffffff000 (12)
FAIL: g++.dg/asan/deep-thread-stack-1.C -O2 -flto -fuse-linker-plugin -fno-fat-lto-objects output pattern test, is ==2633==ERROR: AddressSanitizer failed to allocate 0x4000001000 (274877911040) bytes at address 0x01fffffff000 (12)
FAIL: g++.dg/asan/default-options-1.C -O0 execution test
FAIL: g++.dg/asan/default-options-1.C -O1 execution test
FAIL: g++.dg/asan/default-options-1.C -O2 execution test
FAIL: g++.dg/asan/default-options-1.C -O3 -fomit-frame-pointer execution test
FAIL: g++.dg/asan/default-options-1.C -O3 -g execution test
FAIL: g++.dg/asan/default-options-1.C -Os execution test
FAIL: g++.dg/asan/default-options-1.C -O2 -flto -fno-use-linker-plugin -flto-partition=none execution test
FAIL: g++.dg/asan/default-options-1.C -O2 -flto -fuse-linker-plugin -fno-fat-lto-objects execution test
FAIL: g++.dg/asan/interception-failure-test-1.C -O0 execution test
FAIL: g++.dg/asan/interception-failure-test-1.C -O1 execution test
FAIL: g++.dg/asan/interception-failure-test-1.C -O2 execution test
FAIL: g++.dg/asan/interception-failure-test-1.C -O3 -fomit-frame-pointer execution test
FAIL: g++.dg/asan/interception-failure-test-1.C -O3 -g execution test
FAIL: g++.dg/asan/interception-failure-test-1.C -Os execution test
FAIL: g++.dg/asan/interception-failure-test-1.C -O2 -flto -fno-use-linker-plugin -flto-partition=none execution test
FAIL: g++.dg/asan/interception-failure-test-1.C -O2 -flto -fuse-linker-plugin -fno-fat-lto-objects execution test
FAIL: g++.dg/asan/interception-malloc-test-1.C -O0 output pattern test, is ==3463==ERROR: AddressSanitizer failed to allocate 0x4000001000 (274877911040) bytes at address 0x01fffffff000 (12)
FAIL: g++.dg/asan/interception-malloc-test-1.C -O1 output pattern test, is ==3505==ERROR: AddressSanitizer failed to allocate 0x4000001000 (274877911040) bytes at address 0x01fffffff000 (12)
FAIL: g++.dg/asan/interception-malloc-test-1.C -O2 output pattern test, is ==3547==ERROR: AddressSanitizer failed to allocate 0x4000001000 (274877911040) bytes at address 0x01fffffff000 (12)
FAIL: g++.dg/asan/interception-malloc-test-1.C -O3 -fomit-frame-pointer output pattern test, is ==3589==ERROR: AddressSanitizer failed to allocate 0x4000001000 (274877911040) bytes at address 0x01fffffff000 (12)
FAIL: g++.dg/asan/interception-malloc-test-1.C -O3 -g output pattern test, is ==3628==ERROR: AddressSanitizer failed to allocate 0x4000001000 (274877911040) bytes at address 0x01fffffff000 (12)
FAIL: g++.dg/asan/interception-malloc-test-1.C -Os output pattern test, is ==3671==ERROR: AddressSanitizer failed to allocate 0x4000001000 (274877911040) bytes at address 0x01fffffff000 (12)
FAIL: g++.dg/asan/interception-malloc-test-1.C -O2 -flto -fno-use-linker-plugin -flto-partition=none output pattern test, is ==3760==ERROR: AddressSanitizer failed to allocate 0x4000001000 (274877911040) bytes at address 0x01fffffff000 (12)
FAIL: g++.dg/asan/interception-malloc-test-1.C -O2 -flto -fuse-linker-plugin -fno-fat-lto-objects output pattern test, is ==3825==ERROR: AddressSanitizer failed to allocate 0x4000001000 (274877911040) bytes at address 0x01fffffff000 (12)
FAIL: g++.dg/asan/interception-test-1.C -O0 output pattern test, is ==3867==ERROR: AddressSanitizer failed to allocate 0x4000001000 (274877911040) bytes at address 0x01fffffff000 (12)
FAIL: g++.dg/asan/interception-test-1.C -O1 output pattern test, is ==3910==ERROR: AddressSanitizer failed to allocate 0x4000001000 (274877911040) bytes at address 0x01fffffff000 (12)
FAIL: g++.dg/asan/interception-test-1.C -O2 output pattern test, is ==3955==ERROR: AddressSanitizer failed to allocate 0x4000001000 (274877911040) bytes at address 0x01fffffff000 (12)
FAIL: g++.dg/asan/interception-test-1.C -O3 -fomit-frame-pointer output pattern test, is ==3992==ERROR: AddressSanitizer failed to allocate 0x4000001000 (274877911040) bytes at address 0x01fffffff000 (12)
FAIL: g++.dg/asan/interception-test-1.C -O3 -g output pattern test, is ==4039==ERROR: AddressSanitizer failed to allocate 0x4000001000 (274877911040) bytes at address 0x01fffffff000 (12)
FAIL: g++.dg/asan/interception-test-1.C -Os output pattern test, is ==4086==ERROR: AddressSanitizer failed to allocate 0x4000001000 (274877911040) bytes at address 0x01fffffff000 (12)
FAIL: g++.dg/asan/interception-test-1.C -O2 -flto -fno-use-linker-plugin -flto-partition=none output pattern test, is ==4177==ERROR: AddressSanitizer failed to allocate 0x4000001000 (274877911040) bytes at address 0x01fffffff000 (12)
FAIL: g++.dg/asan/interception-test-1.C -O2 -flto -fuse-linker-plugin -fno-fat-lto-objects output pattern test, is ==4242==ERROR: AddressSanitizer failed to allocate 0x4000001000 (274877911040) bytes at address 0x01fffffff000 (12)
FAIL: g++.dg/asan/large-func-test-1.C -O0 output pattern test, is ==4287==ERROR: AddressSanitizer failed to allocate 0x4000001000 (274877911040) bytes at address 0x01fffffff000 (12)
FAIL: g++.dg/asan/large-func-test-1.C -O1 output pattern test, is ==4334==ERROR: AddressSanitizer failed to allocate 0x4000001000 (274877911040) bytes at address 0x01fffffff000 (12)
FAIL: g++.dg/asan/large-func-test-1.C -O2 output pattern test, is ==4387==ERROR: AddressSanitizer failed to allocate 0x4000001000 (274877911040) bytes at address 0x01fffffff000 (12)
FAIL: g++.dg/asan/large-func-test-1.C -O3 -fomit-frame-pointer output pattern test, is ==4436==ERROR: AddressSanitizer failed to allocate 0x4000001000 (274877911040) bytes at address 0x01fffffff000 (12)
FAIL: g++.dg/asan/large-func-test-1.C -O3 -g output pattern test, is ==4487==ERROR: AddressSanitizer failed to allocate 0x4000001000 (274877911040) bytes at address 0x01fffffff000 (12)
FAIL: g++.dg/asan/large-func-test-1.C -Os output pattern test, is ==4535==ERROR: AddressSanitizer failed to allocate 0x4000001000 (274877911040) bytes at address 0x01fffffff000 (12)
FAIL: g++.dg/asan/large-func-test-1.C -O2 -flto -fno-use-linker-plugin -flto-partition=none output pattern test, is ==4644==ERROR: AddressSanitizer failed to allocate 0x4000001000 (274877911040) bytes at address 0x01fffffff000 (12)
FAIL: g++.dg/asan/large-func-test-1.C -O2 -flto -fuse-linker-plugin -fno-fat-lto-objects output pattern test, is ==4712==ERROR: AddressSanitizer failed to allocate 0x4000001000 (274877911040) bytes at address 0x01fffffff000 (12)
FAIL: g++.dg/asan/pr55617.C -O0 execution test
FAIL: g++.dg/asan/pr55617.C -O1 execution test
FAIL: g++.dg/asan/pr55617.C -O2 execution test
FAIL: g++.dg/asan/pr55617.C -O3 -fomit-frame-pointer execution test
FAIL: g++.dg/asan/pr55617.C -O3 -g execution test
FAIL: g++.dg/asan/pr55617.C -Os execution test
FAIL: g++.dg/asan/pr55617.C -O2 -flto -fno-use-linker-plugin -flto-partition=none execution test
FAIL: g++.dg/asan/pr55617.C -O2 -flto -fuse-linker-plugin -fno-fat-lto-objects execution test
FAIL: g++.dg/asan/symbolize-callback-1.C -O2 output pattern test, is ==5158==ERROR: AddressSanitizer failed to allocate 0x4000001000 (274877911040) bytes at address 0x01fffffff000 (12)
FAIL: g++.dg/asan/symbolize-callback-1.C -O2 -flto -fno-use-linker-plugin -flto-partition=none output pattern test, is ==5247==ERROR: AddressSanitizer failed to allocate 0x4000001000 (274877911040) bytes at address 0x01fffffff000 (12)
FAIL: g++.dg/asan/symbolize-callback-1.C -O2 -flto -fuse-linker-plugin -fno-fat-lto-objects output pattern test, is ==5302==ERROR: AddressSanitizer failed to allocate 0x4000001000 (274877911040) bytes at address 0x01fffffff000 (12)
FAIL: c-c++-common/ubsan/overflow-int128.c -O0 (internal compiler error)
FAIL: c-c++-common/ubsan/overflow-int128.c -O0 (test for excess errors)
WARNING: c-c++-common/ubsan/overflow-int128.c -O0 compilation failed to produce executable
FAIL: c-c++-common/ubsan/overflow-int128.c -O1 (internal compiler error)
FAIL: c-c++-common/ubsan/overflow-int128.c -O1 (test for excess errors)
WARNING: c-c++-common/ubsan/overflow-int128.c -O1 compilation failed to produce executable
FAIL: c-c++-common/ubsan/overflow-int128.c -O2 (internal compiler error)
FAIL: c-c++-common/ubsan/overflow-int128.c -O2 (test for excess errors)
WARNING: c-c++-common/ubsan/overflow-int128.c -O2 compilation failed to produce executable
FAIL: c-c++-common/ubsan/overflow-int128.c -O3 -fomit-frame-pointer (internal compiler error)
FAIL: c-c++-common/ubsan/overflow-int128.c -O3 -fomit-frame-pointer (test for excess errors)
WARNING: c-c++-common/ubsan/overflow-int128.c -O3 -fomit-frame-pointer compilation failed to produce executable
FAIL: c-c++-common/ubsan/overflow-int128.c -O3 -g (internal compiler error)
FAIL: c-c++-common/ubsan/overflow-int128.c -O3 -g (test for excess errors)
WARNING: c-c++-common/ubsan/overflow-int128.c -O3 -g compilation failed to produce executable
FAIL: c-c++-common/ubsan/overflow-int128.c -Os (internal compiler error)
FAIL: c-c++-common/ubsan/overflow-int128.c -Os (test for excess errors)
WARNING: c-c++-common/ubsan/overflow-int128.c -Os compilation failed to produce executable
FAIL: c-c++-common/ubsan/overflow-negate-2.c -O0 execution test
FAIL: c-c++-common/ubsan/overflow-negate-2.c -O1 execution test
FAIL: c-c++-common/ubsan/overflow-negate-2.c -O2 execution test
FAIL: c-c++-common/ubsan/overflow-negate-2.c -O3 -fomit-frame-pointer execution test
FAIL: c-c++-common/ubsan/overflow-negate-2.c -O3 -g execution test
FAIL: c-c++-common/ubsan/overflow-negate-2.c -Os execution test
=== g++ Summary for unix/-m64 ===
# of expected passes 58547
# of unexpected failures 206
# of expected failures 290
# of unsupported tests 1212
=== g++ Summary ===
# of expected passes 115986
# of unexpected failures 286
# of expected failures 580
# of unsupported tests 2440
/daten/gcc/gcc-20140201/Build/gcc/testsuite/g++/../../xg++ version 4.9.0 20140201 (experimental) (GCC)
=== gcc tests ===
Running target unix/-m32
FAIL: c-c++-common/asan/null-deref-1.c -O0 output pattern test, is ASAN:SIGSEGV
FAIL: c-c++-common/asan/null-deref-1.c -O1 output pattern test, is ASAN:SIGSEGV
FAIL: c-c++-common/asan/null-deref-1.c -O2 output pattern test, is ASAN:SIGSEGV
FAIL: c-c++-common/asan/null-deref-1.c -O3 -fomit-frame-pointer output pattern test, is ASAN:SIGSEGV
FAIL: c-c++-common/asan/null-deref-1.c -O3 -g output pattern test, is ASAN:SIGSEGV
FAIL: c-c++-common/asan/null-deref-1.c -Os output pattern test, is ASAN:SIGSEGV
FAIL: c-c++-common/asan/null-deref-1.c -O2 -flto -fno-use-linker-plugin -flto-partition=none output pattern test, is ASAN:SIGSEGV
FAIL: c-c++-common/asan/null-deref-1.c -O2 -flto -fuse-linker-plugin -fno-fat-lto-objects output pattern test, is ASAN:SIGSEGV
FAIL: c-c++-common/asan/pr59063-2.c -O2 -flto -fuse-linker-plugin -fno-fat-lto-objects (test for excess errors)
WARNING: c-c++-common/asan/pr59063-2.c -O2 -flto -fuse-linker-plugin -fno-fat-lto-objects compilation failed to produce executable
FAIL: gcc.dg/atomic/c11-atomic-exec-5.c -O0 execution test
FAIL: gcc.dg/atomic/c11-atomic-exec-5.c -O1 execution test
FAIL: gcc.dg/atomic/c11-atomic-exec-5.c -O2 execution test
FAIL: gcc.dg/atomic/c11-atomic-exec-5.c -O3 -fomit-frame-pointer execution test
FAIL: gcc.dg/atomic/c11-atomic-exec-5.c -O3 -fomit-frame-pointer -funroll-loops execution test
FAIL: gcc.dg/atomic/c11-atomic-exec-5.c -O3 -fomit-frame-pointer -funroll-all-loops -finline-functions execution test
FAIL: gcc.dg/atomic/c11-atomic-exec-5.c -O3 -g execution test
FAIL: gcc.dg/atomic/c11-atomic-exec-5.c -Os execution test
FAIL: gcc.dg/atomic/c11-atomic-exec-5.c -O2 -flto -fno-use-linker-plugin -flto-partition=none execution test
FAIL: gcc.dg/atomic/c11-atomic-exec-5.c -O2 -flto -fuse-linker-plugin -fno-fat-lto-objects execution test
FAIL: gcc.dg/compat/scalar-by-value-dfp c_compat_x_tst.o-c_compat_y_tst.o execute
FAIL: gcc.dg/compat/scalar-return-dfp c_compat_x_tst.o-c_compat_y_tst.o execute
FAIL: tmpdir-gcc.dg-struct-layout-1/t001 c_compat_x_tst.o-c_compat_y_tst.o execute
FAIL: tmpdir-gcc.dg-struct-layout-1/t002 c_compat_x_tst.o-c_compat_y_tst.o execute
FAIL: tmpdir-gcc.dg-struct-layout-1/t003 c_compat_x_tst.o-c_compat_y_tst.o execute
FAIL: tmpdir-gcc.dg-struct-layout-1/t004 c_compat_x_tst.o-c_compat_y_tst.o execute
FAIL: tmpdir-gcc.dg-struct-layout-1/t005 c_compat_x_tst.o-c_compat_y_tst.o execute
FAIL: tmpdir-gcc.dg-struct-layout-1/t006 c_compat_x_tst.o-c_compat_y_tst.o execute
FAIL: tmpdir-gcc.dg-struct-layout-1/t007 c_compat_x_tst.o-c_compat_y_tst.o execute
FAIL: tmpdir-gcc.dg-struct-layout-1/t008 c_compat_x_tst.o-c_compat_y_tst.o execute
FAIL: tmpdir-gcc.dg-struct-layout-1/t009 c_compat_x_tst.o-c_compat_y_tst.o execute
FAIL: tmpdir-gcc.dg-struct-layout-1/t010 c_compat_x_tst.o-c_compat_y_tst.o execute
FAIL: tmpdir-gcc.dg-struct-layout-1/t012 c_compat_x_tst.o-c_compat_y_tst.o execute
FAIL: tmpdir-gcc.dg-struct-layout-1/t013 c_compat_x_tst.o-c_compat_y_tst.o execute
FAIL: tmpdir-gcc.dg-struct-layout-1/t014 c_compat_x_tst.o-c_compat_y_tst.o execute
FAIL: tmpdir-gcc.dg-struct-layout-1/t015 c_compat_x_tst.o-c_compat_y_tst.o execute
FAIL: tmpdir-gcc.dg-struct-layout-1/t016 c_compat_x_tst.o-c_compat_y_tst.o execute
FAIL: tmpdir-gcc.dg-struct-layout-1/t017 c_compat_x_tst.o-c_compat_y_tst.o execute
FAIL: tmpdir-gcc.dg-struct-layout-1/t018 c_compat_x_tst.o-c_compat_y_tst.o execute
FAIL: tmpdir-gcc.dg-struct-layout-1/t019 c_compat_x_tst.o-c_compat_y_tst.o execute
FAIL: tmpdir-gcc.dg-struct-layout-1/t020 c_compat_x_tst.o-c_compat_y_tst.o execute
FAIL: tmpdir-gcc.dg-struct-layout-1/t021 c_compat_x_tst.o-c_compat_y_tst.o execute
FAIL: tmpdir-gcc.dg-struct-layout-1/t022 c_compat_x_tst.o-c_compat_y_tst.o execute
FAIL: tmpdir-gcc.dg-struct-layout-1/t023 c_compat_x_tst.o-c_compat_y_tst.o execute
FAIL: tmpdir-gcc.dg-struct-layout-1/t024 c_compat_x_tst.o-c_compat_y_tst.o execute
FAIL: tmpdir-gcc.dg-struct-layout-1/t025 c_compat_x_tst.o-c_compat_y_tst.o execute
FAIL: tmpdir-gcc.dg-struct-layout-1/t026 c_compat_x_tst.o-c_compat_y_tst.o execute
FAIL: tmpdir-gcc.dg-struct-layout-1/t027 c_compat_x_tst.o-c_compat_y_tst.o execute
FAIL: tmpdir-gcc.dg-struct-layout-1/t028 c_compat_x_tst.o-c_compat_y_tst.o execute
FAIL: gcc.dg/dfp/fe-binop.c execution test
FAIL: c-c++-common/dfp/convert-bfp.c execution test
FAIL: c-c++-common/dfp/convert-dfp.c execution test
FAIL: c-c++-common/dfp/func-vararg-alternate-d32.c execution test
FAIL: c-c++-common/dfp/func-vararg-dfp.c execution test
FAIL: c-c++-common/dfp/func-vararg-mixed.c execution test
FAIL: gcc.dg/and-1.c scan-assembler-not nand
XPASS: gcc.dg/guality/example.c -O0 execution test
XPASS: gcc.dg/guality/example.c -O1 execution test
XPASS: gcc.dg/guality/example.c -O2 execution test
XPASS: gcc.dg/guality/example.c -O2 -flto -fno-use-linker-plugin -flto-partition=none execution test
XPASS: gcc.dg/guality/guality.c -O0 execution test
XPASS: gcc.dg/guality/guality.c -O1 execution test
XPASS: gcc.dg/guality/guality.c -O2 execution test
XPASS: gcc.dg/guality/guality.c -O3 -fomit-frame-pointer execution test
XPASS: gcc.dg/guality/guality.c -O3 -g execution test
XPASS: gcc.dg/guality/guality.c -Os execution test
XPASS: gcc.dg/guality/guality.c -O2 -flto -fno-use-linker-plugin -flto-partition=none execution test
XPASS: gcc.dg/guality/guality.c -O2 -flto -fuse-linker-plugin -fno-fat-lto-objects execution test
XPASS: gcc.dg/guality/inline-params.c -O2 execution test
XPASS: gcc.dg/guality/inline-params.c -O3 -fomit-frame-pointer execution test
XPASS: gcc.dg/guality/inline-params.c -O3 -g execution test
XPASS: gcc.dg/guality/inline-params.c -Os execution test
XPASS: gcc.dg/guality/inline-params.c -O2 -flto -fno-use-linker-plugin -flto-partition=none execution test
FAIL: gcc.dg/guality/pr36728-1.c -O1 line 16 arg6 == 6
FAIL: gcc.dg/guality/pr36728-1.c -O1 line 16 arg7 == 30
FAIL: gcc.dg/guality/pr36728-1.c -O1 line 18 arg5 == 5
FAIL: gcc.dg/guality/pr36728-1.c -O1 line 18 arg6 == 6
FAIL: gcc.dg/guality/pr36728-1.c -O1 line 18 arg7 == 30
FAIL: gcc.dg/guality/pr36728-1.c -O2 line 16 arg6 == 6
FAIL: gcc.dg/guality/pr36728-1.c -O2 line 18 arg1 == 1
FAIL: gcc.dg/guality/pr36728-1.c -O2 line 18 arg5 == 5
FAIL: gcc.dg/guality/pr36728-1.c -O2 line 18 arg6 == 6
FAIL: gcc.dg/guality/pr36728-1.c -O2 line 18 arg7 == 30
FAIL: gcc.dg/guality/pr36728-1.c -O3 -fomit-frame-pointer line 16 arg6 == 6
FAIL: gcc.dg/guality/pr36728-1.c -O3 -fomit-frame-pointer line 18 arg1 == 1
FAIL: gcc.dg/guality/pr36728-1.c -O3 -fomit-frame-pointer line 18 arg5 == 5
FAIL: gcc.dg/guality/pr36728-1.c -O3 -fomit-frame-pointer line 18 arg6 == 6
FAIL: gcc.dg/guality/pr36728-1.c -O3 -fomit-frame-pointer line 18 arg7 == 30
FAIL: gcc.dg/guality/pr36728-1.c -O3 -g line 16 arg6 == 6
FAIL: gcc.dg/guality/pr36728-1.c -O3 -g line 18 arg1 == 1
FAIL: gcc.dg/guality/pr36728-1.c -O3 -g line 18 arg5 == 5
FAIL: gcc.dg/guality/pr36728-1.c -O3 -g line 18 arg6 == 6
FAIL: gcc.dg/guality/pr36728-1.c -O3 -g line 18 arg7 == 30
FAIL: gcc.dg/guality/pr36728-1.c -Os line 16 arg5 == 5
FAIL: gcc.dg/guality/pr36728-1.c -Os line 16 arg6 == 6
FAIL: gcc.dg/guality/pr36728-1.c -Os line 16 arg7 == 30
FAIL: gcc.dg/guality/pr36728-1.c -Os line 18 arg1 == 1
FAIL: gcc.dg/guality/pr36728-1.c -Os line 18 arg5 == 5
FAIL: gcc.dg/guality/pr36728-1.c -Os line 18 arg6 == 6
FAIL: gcc.dg/guality/pr36728-1.c -Os line 18 arg7 == 30
FAIL: gcc.dg/guality/pr36728-1.c -O2 -flto -fno-use-linker-plugin -flto-partition=none line 16 arg6 == 6
FAIL: gcc.dg/guality/pr36728-1.c -O2 -flto -fno-use-linker-plugin -flto-partition=none line 18 arg1 == 1
FAIL: gcc.dg/guality/pr36728-1.c -O2 -flto -fno-use-linker-plugin -flto-partition=none line 18 arg5 == 5
FAIL: gcc.dg/guality/pr36728-1.c -O2 -flto -fno-use-linker-plugin -flto-partition=none line 18 arg6 == 6
FAIL: gcc.dg/guality/pr36728-1.c -O2 -flto -fno-use-linker-plugin -flto-partition=none line 18 arg7 == 30
FAIL: gcc.dg/guality/pr36728-1.c -O2 -flto -fuse-linker-plugin -fno-fat-lto-objects line 16 arg4 == 4
FAIL: gcc.dg/guality/pr36728-1.c -O2 -flto -fuse-linker-plugin -fno-fat-lto-objects line 16 arg6 == 6
FAIL: gcc.dg/guality/pr36728-1.c -O2 -flto -fuse-linker-plugin -fno-fat-lto-objects line 18 arg1 == 1
FAIL: gcc.dg/guality/pr36728-1.c -O2 -flto -fuse-linker-plugin -fno-fat-lto-objects line 18 arg4 == 4
FAIL: gcc.dg/guality/pr36728-1.c -O2 -flto -fuse-linker-plugin -fno-fat-lto-objects line 18 arg5 == 5
FAIL: gcc.dg/guality/pr36728-1.c -O2 -flto -fuse-linker-plugin -fno-fat-lto-objects line 18 arg6 == 6
FAIL: gcc.dg/guality/pr36728-1.c -O2 -flto -fuse-linker-plugin -fno-fat-lto-objects line 18 arg7 == 30
FAIL: gcc.dg/guality/pr36728-2.c -O1 line 16 arg7 == 30
FAIL: gcc.dg/guality/pr36728-2.c -O1 line 18 arg6 == 6
FAIL: gcc.dg/guality/pr36728-2.c -O1 line 18 arg7 == 30
FAIL: gcc.dg/guality/pr36728-2.c -O2 line 16 arg6 == 6
FAIL: gcc.dg/guality/pr36728-2.c -O2 line 18 arg6 == 6
FAIL: gcc.dg/guality/pr36728-2.c -O2 line 18 arg7 == 30
FAIL: gcc.dg/guality/pr36728-2.c -O3 -fomit-frame-pointer line 16 arg6 == 6
FAIL: gcc.dg/guality/pr36728-2.c -O3 -fomit-frame-pointer line 18 arg6 == 6
FAIL: gcc.dg/guality/pr36728-2.c -O3 -fomit-frame-pointer line 18 arg7 == 30
FAIL: gcc.dg/guality/pr36728-2.c -O3 -g line 16 arg6 == 6
FAIL: gcc.dg/guality/pr36728-2.c -O3 -g line 18 arg6 == 6
FAIL: gcc.dg/guality/pr36728-2.c -O3 -g line 18 arg7 == 30
FAIL: gcc.dg/guality/pr36728-2.c -Os line 16 arg6 == 6
FAIL: gcc.dg/guality/pr36728-2.c -Os line 16 arg7 == 30
FAIL: gcc.dg/guality/pr36728-2.c -Os line 18 arg6 == 6
FAIL: gcc.dg/guality/pr36728-2.c -Os line 18 arg7 == 30
FAIL: gcc.dg/guality/pr36728-2.c -Os line 18 y == 2
FAIL: gcc.dg/guality/pr36728-2.c -O2 -flto -fno-use-linker-plugin -flto-partition=none line 16 arg6 == 6
FAIL: gcc.dg/guality/pr36728-2.c -O2 -flto -fno-use-linker-plugin -flto-partition=none line 18 arg6 == 6
FAIL: gcc.dg/guality/pr36728-2.c -O2 -flto -fno-use-linker-plugin -flto-partition=none line 18 arg7 == 30
FAIL: gcc.dg/guality/pr36728-2.c -O2 -flto -fuse-linker-plugin -fno-fat-lto-objects line 18 arg5 == 5
FAIL: gcc.dg/guality/pr36728-2.c -O2 -flto -fuse-linker-plugin -fno-fat-lto-objects line 18 arg6 == 6
FAIL: gcc.dg/guality/pr36728-2.c -O2 -flto -fuse-linker-plugin -fno-fat-lto-objects line 18 arg7 == 30
FAIL: gcc.dg/guality/pr36728-3.c -O1 line 14 arg6 == 6
FAIL: gcc.dg/guality/pr36728-3.c -O1 line 14 arg7 == 30
FAIL: gcc.dg/guality/pr36728-3.c -O1 line 16 arg6 == 6
FAIL: gcc.dg/guality/pr36728-3.c -O1 line 16 arg7 == 30
FAIL: gcc.dg/guality/pr36728-3.c -O2 line 14 arg6 == 6
FAIL: gcc.dg/guality/pr36728-3.c -O2 line 14 arg7 == 30
FAIL: gcc.dg/guality/pr36728-3.c -O2 line 16 arg6 == 6
FAIL: gcc.dg/guality/pr36728-3.c -O2 line 16 arg7 == 30
FAIL: gcc.dg/guality/pr36728-3.c -O3 -fomit-frame-pointer line 14 arg6 == 6
FAIL: gcc.dg/guality/pr36728-3.c -O3 -fomit-frame-pointer line 14 arg7 == 30
FAIL: gcc.dg/guality/pr36728-3.c -O3 -fomit-frame-pointer line 16 arg6 == 6
FAIL: gcc.dg/guality/pr36728-3.c -O3 -fomit-frame-pointer line 16 arg7 == 30
FAIL: gcc.dg/guality/pr36728-3.c -O3 -g line 14 arg6 == 6
FAIL: gcc.dg/guality/pr36728-3.c -O3 -g line 14 arg7 == 30
FAIL: gcc.dg/guality/pr36728-3.c -O3 -g line 16 arg6 == 6
FAIL: gcc.dg/guality/pr36728-3.c -O3 -g line 16 arg7 == 30
FAIL: gcc.dg/guality/pr36728-3.c -Os line 14 arg6 == 6
FAIL: gcc.dg/guality/pr36728-3.c -Os line 14 arg7 == 30
FAIL: gcc.dg/guality/pr36728-3.c -Os line 16 arg6 == 6
FAIL: gcc.dg/guality/pr36728-3.c -Os line 16 arg7 == 30
FAIL: gcc.dg/guality/pr36728-3.c -O2 -flto -fno-use-linker-plugin -flto-partition=none line 14 arg6 == 6
FAIL: gcc.dg/guality/pr36728-3.c -O2 -flto -fno-use-linker-plugin -flto-partition=none line 14 arg7 == 30
FAIL: gcc.dg/guality/pr36728-3.c -O2 -flto -fno-use-linker-plugin -flto-partition=none line 16 arg6 == 6
FAIL: gcc.dg/guality/pr36728-3.c -O2 -flto -fno-use-linker-plugin -flto-partition=none line 16 arg7 == 30
FAIL: gcc.dg/guality/pr36728-3.c -O2 -flto -fuse-linker-plugin -fno-fat-lto-objects line 14 arg6 == 6
FAIL: gcc.dg/guality/pr36728-3.c -O2 -flto -fuse-linker-plugin -fno-fat-lto-objects line 14 arg7 == 30
FAIL: gcc.dg/guality/pr36728-3.c -O2 -flto -fuse-linker-plugin -fno-fat-lto-objects line 16 arg6 == 6
FAIL: gcc.dg/guality/pr36728-3.c -O2 -flto -fuse-linker-plugin -fno-fat-lto-objects line 16 arg7 == 30
FAIL: gcc.dg/guality/pr36728-4.c -O1 line 14 arg7 == 30
FAIL: gcc.dg/guality/pr36728-4.c -O1 line 16 arg7 == 30
FAIL: gcc.dg/guality/pr36728-4.c -O2 line 14 arg7 == 30
FAIL: gcc.dg/guality/pr36728-4.c -O2 line 16 arg7 == 30
FAIL: gcc.dg/guality/pr36728-4.c -O3 -fomit-frame-pointer line 14 arg7 == 30
FAIL: gcc.dg/guality/pr36728-4.c -O3 -fomit-frame-pointer line 16 arg7 == 30
FAIL: gcc.dg/guality/pr36728-4.c -O3 -g line 14 arg7 == 30
FAIL: gcc.dg/guality/pr36728-4.c -O3 -g line 16 arg7 == 30
FAIL: gcc.dg/guality/pr36728-4.c -Os line 14 arg7 == 30
FAIL: gcc.dg/guality/pr36728-4.c -Os line 16 arg7 == 30
FAIL: gcc.dg/guality/pr36728-4.c -O2 -flto -fno-use-linker-plugin -flto-partition=none line 14 arg7 == 30
FAIL: gcc.dg/guality/pr36728-4.c -O2 -flto -fno-use-linker-plugin -flto-partition=none line 16 arg7 == 30
FAIL: gcc.dg/guality/pr36728-4.c -O2 -flto -fuse-linker-plugin -fno-fat-lto-objects line 14 arg7 == 30
FAIL: gcc.dg/guality/pr36728-4.c -O2 -flto -fuse-linker-plugin -fno-fat-lto-objects line 16 arg7 == 30
XPASS: gcc.dg/guality/pr41353-1.c -O0 line 28 j == 28 + 37
FAIL: gcc.dg/guality/pr41404-1.c -O2 -flto -fuse-linker-plugin -fno-fat-lto-objects line 10 *foo == 'f'
FAIL: gcc.dg/guality/pr41404-1.c -O2 -flto -fuse-linker-plugin -fno-fat-lto-objects line 14 *foo == 'b'
FAIL: gcc.dg/guality/pr41404-1.c -O2 -flto -fuse-linker-plugin -fno-fat-lto-objects line 24 *foo == 'f'
XPASS: gcc.dg/guality/pr41447-1.c -O0 execution test
XPASS: gcc.dg/guality/pr41447-1.c -O1 execution test
XPASS: gcc.dg/guality/pr41447-1.c -O2 execution test
XPASS: gcc.dg/guality/pr41447-1.c -O3 -fomit-frame-pointer execution test
XPASS: gcc.dg/guality/pr41447-1.c -O3 -g execution test
XPASS: gcc.dg/guality/pr41447-1.c -Os execution test
XPASS: gcc.dg/guality/pr41447-1.c -O2 -flto -fno-use-linker-plugin -flto-partition=none execution test
XPASS: gcc.dg/guality/pr41447-1.c -O2 -flto -fuse-linker-plugin -fno-fat-lto-objects execution test
XPASS: gcc.dg/guality/pr41616-1.c -O0 execution test
XPASS: gcc.dg/guality/pr41616-1.c -O1 execution test
XPASS: gcc.dg/guality/pr41616-1.c -O2 execution test
XPASS: gcc.dg/guality/pr41616-1.c -O3 -fomit-frame-pointer execution test
XPASS: gcc.dg/guality/pr41616-1.c -O3 -g execution test
XPASS: gcc.dg/guality/pr41616-1.c -Os execution test
XPASS: gcc.dg/guality/pr41616-1.c -O2 -flto -fno-use-linker-plugin -flto-partition=none execution test
FAIL: gcc.dg/guality/pr48437.c -O2 -flto -fno-use-linker-plugin -flto-partition=none line 14 i == 0
FAIL: gcc.dg/guality/pr48437.c -O2 -flto -fuse-linker-plugin -fno-fat-lto-objects line 14 i == 0
FAIL: gcc.dg/guality/pr54200.c -O1 line 20 z == 3
FAIL: gcc.dg/guality/pr54200.c -O2 line 20 z == 3
FAIL: gcc.dg/guality/pr54200.c -O3 -fomit-frame-pointer line 20 z == 3
FAIL: gcc.dg/guality/pr54200.c -O3 -g line 20 z == 3
FAIL: gcc.dg/guality/pr54200.c -Os line 20 z == 3
FAIL: gcc.dg/guality/pr54200.c -O2 -flto -fno-use-linker-plugin -flto-partition=none line 20 z == 3
FAIL: gcc.dg/guality/pr54200.c -O2 -flto -fuse-linker-plugin -fno-fat-lto-objects line 20 z == 3
FAIL: gcc.dg/guality/pr54519-1.c -O2 -flto -fno-use-linker-plugin -flto-partition=none line 20 y == 25
FAIL: gcc.dg/guality/pr54519-1.c -O2 -flto -fno-use-linker-plugin -flto-partition=none line 20 z == 6
FAIL: gcc.dg/guality/pr54519-1.c -O2 -flto -fno-use-linker-plugin -flto-partition=none line 23 y == 117
FAIL: gcc.dg/guality/pr54519-1.c -O2 -flto -fno-use-linker-plugin -flto-partition=none line 23 z == 8
FAIL: gcc.dg/guality/pr54519-1.c -O2 -flto -fuse-linker-plugin -fno-fat-lto-objects line 20 y == 25
FAIL: gcc.dg/guality/pr54519-1.c -O2 -flto -fuse-linker-plugin -fno-fat-lto-objects line 20 z == 6
FAIL: gcc.dg/guality/pr54519-2.c -O2 -flto -fno-use-linker-plugin -flto-partition=none line 17 y == 25
FAIL: gcc.dg/guality/pr54519-2.c -O2 -flto -fuse-linker-plugin -fno-fat-lto-objects line 17 y == 25
FAIL: gcc.dg/guality/pr54519-3.c -O2 -flto -fno-use-linker-plugin -flto-partition=none line 20 y == 25
FAIL: gcc.dg/guality/pr54519-3.c -O2 -flto -fno-use-linker-plugin -flto-partition=none line 20 z == 6
FAIL: gcc.dg/guality/pr54519-3.c -O2 -flto -fno-use-linker-plugin -flto-partition=none line 23 y == 117
FAIL: gcc.dg/guality/pr54519-3.c -O2 -flto -fno-use-linker-plugin -flto-partition=none line 23 z == 8
FAIL: gcc.dg/guality/pr54519-3.c -O2 -flto -fuse-linker-plugin -fno-fat-lto-objects line 20 y == 25
FAIL: gcc.dg/guality/pr54519-3.c -O2 -flto -fuse-linker-plugin -fno-fat-lto-objects line 20 z == 6
FAIL: gcc.dg/guality/pr54519-3.c -O2 -flto -fuse-linker-plugin -fno-fat-lto-objects line 23 y == 117
FAIL: gcc.dg/guality/pr54519-3.c -O2 -flto -fuse-linker-plugin -fno-fat-lto-objects line 23 z == 8
FAIL: gcc.dg/guality/pr54519-4.c -O2 -flto -fno-use-linker-plugin -flto-partition=none line 17 y == 25
FAIL: gcc.dg/guality/pr54519-4.c -O2 -flto -fuse-linker-plugin -fno-fat-lto-objects line 17 y == 25
FAIL: gcc.dg/guality/pr54519-5.c -O2 -flto -fno-use-linker-plugin -flto-partition=none line 17 y == 25
FAIL: gcc.dg/guality/pr54519-5.c -O2 -flto -fuse-linker-plugin -fno-fat-lto-objects line 17 y == 25
FAIL: gcc.dg/guality/pr54693-2.c -Os line 21 y == 20 - 2 * i
FAIL: gcc.dg/guality/pr54693-2.c -Os line 21 z == 30 - 3 * i
FAIL: gcc.dg/guality/pr54970.c -O1 line 15 a[0] == 1
FAIL: gcc.dg/guality/pr54970.c -O1 line 20 a[0] == 1
FAIL: gcc.dg/guality/pr54970.c -O1 line 25 a[0] == 1
FAIL: gcc.dg/guality/pr54970.c -O1 line 31 *p == 6
FAIL: gcc.dg/guality/pr54970.c -O1 line 31 *q == 5
FAIL: gcc.dg/guality/pr54970.c -O1 line 36 *p == 26
FAIL: gcc.dg/guality/pr54970.c -O1 line 36 *q == 5
FAIL: gcc.dg/guality/pr54970.c -O1 line 45 *p == 26
FAIL: gcc.dg/guality/pr54970.c -O1 line 45 p[-1] == 25
FAIL: gcc.dg/guality/pr54970.c -O1 line 45 p[-2] == 4
FAIL: gcc.dg/guality/pr54970.c -O1 line 45 q[-1] == 4
FAIL: gcc.dg/guality/pr54970.c -O1 line 45 q[1] == 26
FAIL: gcc.dg/guality/pr54970.c -O1 line 45 *q == 25
FAIL: gcc.dg/guality/pr54970.c -O2 line 15 a[0] == 1
FAIL: gcc.dg/guality/pr54970.c -O2 line 20 a[0] == 1
FAIL: gcc.dg/guality/pr54970.c -O2 line 25 a[0] == 1
FAIL: gcc.dg/guality/pr54970.c -O2 line 31 *p == 6
FAIL: gcc.dg/guality/pr54970.c -O2 line 31 *q == 5
FAIL: gcc.dg/guality/pr54970.c -O2 line 36 *p == 26
FAIL: gcc.dg/guality/pr54970.c -O2 line 36 *q == 5
FAIL: gcc.dg/guality/pr54970.c -O2 line 45 *p == 26
FAIL: gcc.dg/guality/pr54970.c -O2 line 45 p[-1] == 25
FAIL: gcc.dg/guality/pr54970.c -O2 line 45 p[-2] == 4
FAIL: gcc.dg/guality/pr54970.c -O2 line 45 q[-1] == 4
FAIL: gcc.dg/guality/pr54970.c -O2 line 45 q[1] == 26
FAIL: gcc.dg/guality/pr54970.c -O2 line 45 *q == 25
FAIL: gcc.dg/guality/pr54970.c -O3 -fomit-frame-pointer line 15 a[0] == 1
FAIL: gcc.dg/guality/pr54970.c -O3 -fomit-frame-pointer line 20 a[0] == 1
FAIL: gcc.dg/guality/pr54970.c -O3 -fomit-frame-pointer line 25 a[0] == 1
FAIL: gcc.dg/guality/pr54970.c -O3 -fomit-frame-pointer line 31 *p == 6
FAIL: gcc.dg/guality/pr54970.c -O3 -fomit-frame-pointer line 31 *q == 5
FAIL: gcc.dg/guality/pr54970.c -O3 -fomit-frame-pointer line 36 *p == 26
FAIL: gcc.dg/guality/pr54970.c -O3 -fomit-frame-pointer line 36 *q == 5
FAIL: gcc.dg/guality/pr54970.c -O3 -fomit-frame-pointer line 45 *p == 26
FAIL: gcc.dg/guality/pr54970.c -O3 -fomit-frame-pointer line 45 p[-1] == 25
FAIL: gcc.dg/guality/pr54970.c -O3 -fomit-frame-pointer line 45 p[-2] == 4
FAIL: gcc.dg/guality/pr54970.c -O3 -fomit-frame-pointer line 45 q[-1] == 4
FAIL: gcc.dg/guality/pr54970.c -O3 -fomit-frame-pointer line 45 q[1] == 26
FAIL: gcc.dg/guality/pr54970.c -O3 -fomit-frame-pointer line 45 *q == 25
FAIL: gcc.dg/guality/pr54970.c -O3 -g line 15 a[0] == 1
FAIL: gcc.dg/guality/pr54970.c -O3 -g line 20 a[0] == 1
FAIL: gcc.dg/guality/pr54970.c -O3 -g line 25 a[0] == 1
FAIL: gcc.dg/guality/pr54970.c -O3 -g line 31 *p == 6
FAIL: gcc.dg/guality/pr54970.c -O3 -g line 31 *q == 5
FAIL: gcc.dg/guality/pr54970.c -O3 -g line 36 *p == 26
FAIL: gcc.dg/guality/pr54970.c -O3 -g line 36 *q == 5
FAIL: gcc.dg/guality/pr54970.c -O3 -g line 45 *p == 26
FAIL: gcc.dg/guality/pr54970.c -O3 -g line 45 p[-1] == 25
FAIL: gcc.dg/guality/pr54970.c -O3 -g line 45 p[-2] == 4
FAIL: gcc.dg/guality/pr54970.c -O3 -g line 45 q[-1] == 4
FAIL: gcc.dg/guality/pr54970.c -O3 -g line 45 q[1] == 26
FAIL: gcc.dg/guality/pr54970.c -O3 -g line 45 *q == 25
FAIL: gcc.dg/guality/pr54970.c -Os line 15 a[0] == 1
FAIL: gcc.dg/guality/pr54970.c -Os line 20 a[0] == 1
FAIL: gcc.dg/guality/pr54970.c -Os line 25 a[0] == 1
FAIL: gcc.dg/guality/pr54970.c -Os line 31 *p == 6
FAIL: gcc.dg/guality/pr54970.c -Os line 31 *q == 5
FAIL: gcc.dg/guality/pr54970.c -Os line 36 *p == 26
FAIL: gcc.dg/guality/pr54970.c -Os line 36 *q == 5
FAIL: gcc.dg/guality/pr54970.c -Os line 45 *p == 26
FAIL: gcc.dg/guality/pr54970.c -Os line 45 p[-1] == 25
FAIL: gcc.dg/guality/pr54970.c -Os line 45 p[-2] == 4
FAIL: gcc.dg/guality/pr54970.c -Os line 45 q[-1] == 4
FAIL: gcc.dg/guality/pr54970.c -Os line 45 q[1] == 26
FAIL: gcc.dg/guality/pr54970.c -Os line 45 *q == 25
FAIL: gcc.dg/guality/pr54970.c -O2 -flto -fno-use-linker-plugin -flto-partition=none line 15 a[0] == 1
FAIL: gcc.dg/guality/pr54970.c -O2 -flto -fno-use-linker-plugin -flto-partition=none line 20 a[0] == 1
FAIL: gcc.dg/guality/pr54970.c -O2 -flto -fno-use-linker-plugin -flto-partition=none line 25 a[0] == 1
FAIL: gcc.dg/guality/pr54970.c -O2 -flto -fno-use-linker-plugin -flto-partition=none line 31 *p == 6
FAIL: gcc.dg/guality/pr54970.c -O2 -flto -fno-use-linker-plugin -flto-partition=none line 31 *q == 5
FAIL: gcc.dg/guality/pr54970.c -O2 -flto -fno-use-linker-plugin -flto-partition=none line 36 *p == 26
FAIL: gcc.dg/guality/pr54970.c -O2 -flto -fno-use-linker-plugin -flto-partition=none line 36 *q == 5
FAIL: gcc.dg/guality/pr54970.c -O2 -flto -fno-use-linker-plugin -flto-partition=none line 45 *p == 26
FAIL: gcc.dg/guality/pr54970.c -O2 -flto -fno-use-linker-plugin -flto-partition=none line 45 p[-1] == 25
FAIL: gcc.dg/guality/pr54970.c -O2 -flto -fno-use-linker-plugin -flto-partition=none line 45 p[-2] == 4
FAIL: gcc.dg/guality/pr54970.c -O2 -flto -fno-use-linker-plugin -flto-partition=none line 45 q[-1] == 4
FAIL: gcc.dg/guality/pr54970.c -O2 -flto -fno-use-linker-plugin -flto-partition=none line 45 q[1] == 26
FAIL: gcc.dg/guality/pr54970.c -O2 -flto -fno-use-linker-plugin -flto-partition=none line 45 *q == 25
FAIL: gcc.dg/guality/pr54970.c -O2 -flto -fuse-linker-plugin -fno-fat-lto-objects line 15 a[0] == 1
FAIL: gcc.dg/guality/pr54970.c -O2 -flto -fuse-linker-plugin -fno-fat-lto-objects line 20 a[0] == 1
FAIL: gcc.dg/guality/pr54970.c -O2 -flto -fuse-linker-plugin -fno-fat-lto-objects line 25 a[0] == 1
FAIL: gcc.dg/guality/pr54970.c -O2 -flto -fuse-linker-plugin -fno-fat-lto-objects line 31 *p == 6
FAIL: gcc.dg/guality/pr54970.c -O2 -flto -fuse-linker-plugin -fno-fat-lto-objects line 31 *q == 5
FAIL: gcc.dg/guality/pr54970.c -O2 -flto -fuse-linker-plugin -fno-fat-lto-objects line 36 *p == 26
FAIL: gcc.dg/guality/pr54970.c -O2 -flto -fuse-linker-plugin -fno-fat-lto-objects line 36 *q == 5
FAIL: gcc.dg/guality/pr54970.c -O2 -flto -fuse-linker-plugin -fno-fat-lto-objects line 45 *p == 26
FAIL: gcc.dg/guality/pr54970.c -O2 -flto -fuse-linker-plugin -fno-fat-lto-objects line 45 p[-1] == 25
FAIL: gcc.dg/guality/pr54970.c -O2 -flto -fuse-linker-plugin -fno-fat-lto-objects line 45 p[-2] == 4
FAIL: gcc.dg/guality/pr54970.c -O2 -flto -fuse-linker-plugin -fno-fat-lto-objects line 45 q[-1] == 4
FAIL: gcc.dg/guality/pr54970.c -O2 -flto -fuse-linker-plugin -fno-fat-lto-objects line 45 q[1] == 26
FAIL: gcc.dg/guality/pr54970.c -O2 -flto -fuse-linker-plugin -fno-fat-lto-objects line 45 *q == 25
FAIL: gcc.dg/guality/pr58791-2.c -O2 -flto -fno-use-linker-plugin -flto-partition=none line pr58791-2.c:27 d & 1 == 1
FAIL: gcc.dg/guality/sra-1.c -O1 line 43 a.j == 14
FAIL: gcc.dg/guality/sra-1.c -O2 line 43 a.j == 14
FAIL: gcc.dg/guality/sra-1.c -O3 -fomit-frame-pointer line 43 a.j == 14
FAIL: gcc.dg/guality/sra-1.c -O3 -g line 43 a.j == 14
FAIL: gcc.dg/guality/sra-1.c -Os line 43 a.j == 14
FAIL: gcc.dg/guality/sra-1.c -O2 -flto -fno-use-linker-plugin -flto-partition=none line 43 a.j == 14
FAIL: gcc.dg/guality/sra-1.c -O2 -flto -fuse-linker-plugin -fno-fat-lto-objects line 43 a.j == 14
FAIL: gcc.dg/guality/vla-1.c -O0 line 17 sizeof (a) == 6
FAIL: gcc.dg/guality/vla-1.c -O0 line 24 sizeof (a) == 17 * sizeof (short)
FAIL: gcc.dg/guality/vla-1.c -O1 line 17 sizeof (a) == 6
FAIL: gcc.dg/guality/vla-1.c -O1 line 24 sizeof (a) == 17 * sizeof (short)
FAIL: gcc.dg/guality/vla-1.c -O2 line 17 sizeof (a) == 6
FAIL: gcc.dg/guality/vla-1.c -O2 line 24 sizeof (a) == 17 * sizeof (short)
FAIL: gcc.dg/guality/vla-1.c -O3 -fomit-frame-pointer line 17 sizeof (a) == 6
FAIL: gcc.dg/guality/vla-1.c -O3 -fomit-frame-pointer line 24 sizeof (a) == 17 * sizeof (short)
FAIL: gcc.dg/guality/vla-1.c -O3 -g line 17 sizeof (a) == 6
FAIL: gcc.dg/guality/vla-1.c -O3 -g line 24 sizeof (a) == 17 * sizeof (short)
FAIL: gcc.dg/guality/vla-1.c -Os line 17 sizeof (a) == 6
FAIL: gcc.dg/guality/vla-1.c -Os line 24 sizeof (a) == 17 * sizeof (short)
FAIL: gcc.dg/guality/vla-1.c -O2 -flto -fno-use-linker-plugin -flto-partition=none line 17 sizeof (a) == 6
FAIL: gcc.dg/guality/vla-1.c -O2 -flto -fno-use-linker-plugin -flto-partition=none line 24 sizeof (a) == 17 * sizeof (short)
FAIL: gcc.dg/guality/vla-1.c -O2 -flto -fuse-linker-plugin -fno-fat-lto-objects line 17 sizeof (a) == 6
FAIL: gcc.dg/guality/vla-1.c -O2 -flto -fuse-linker-plugin -fno-fat-lto-objects line 24 sizeof (a) == 17 * sizeof (short)
FAIL: gcc.dg/guality/vla-2.c -O0 line 16 sizeof (a) == 5 * sizeof (int)
FAIL: gcc.dg/guality/vla-2.c -O0 line 25 sizeof (a) == 6 * sizeof (int)
FAIL: gcc.dg/guality/vla-2.c -O1 line 16 sizeof (a) == 5 * sizeof (int)
FAIL: gcc.dg/guality/vla-2.c -O1 line 25 sizeof (a) == 6 * sizeof (int)
FAIL: gcc.dg/guality/vla-2.c -O2 line 16 sizeof (a) == 5 * sizeof (int)
FAIL: gcc.dg/guality/vla-2.c -O2 line 25 sizeof (a) == 6 * sizeof (int)
FAIL: gcc.dg/guality/vla-2.c -O3 -fomit-frame-pointer line 16 sizeof (a) == 5 * sizeof (int)
FAIL: gcc.dg/guality/vla-2.c -O3 -fomit-frame-pointer line 25 sizeof (a) == 6 * sizeof (int)
FAIL: gcc.dg/guality/vla-2.c -O3 -g line 16 sizeof (a) == 5 * sizeof (int)
FAIL: gcc.dg/guality/vla-2.c -O3 -g line 25 sizeof (a) == 6 * sizeof (int)
FAIL: gcc.dg/guality/vla-2.c -Os line 16 sizeof (a) == 5 * sizeof (int)
FAIL: gcc.dg/guality/vla-2.c -Os line 25 sizeof (a) == 6 * sizeof (int)
FAIL: gcc.dg/guality/vla-2.c -O2 -flto -fno-use-linker-plugin -flto-partition=none line 16 sizeof (a) == 5 * sizeof (int)
FAIL: gcc.dg/guality/vla-2.c -O2 -flto -fno-use-linker-plugin -flto-partition=none line 25 sizeof (a) == 6 * sizeof (int)
FAIL: gcc.dg/guality/vla-2.c -O2 -flto -fuse-linker-plugin -fno-fat-lto-objects line 16 sizeof (a) == 5 * sizeof (int)
FAIL: gcc.dg/guality/vla-2.c -O2 -flto -fuse-linker-plugin -fno-fat-lto-objects line 25 sizeof (a) == 6 * sizeof (int)
FAIL: gcc.dg/tree-ssa/loop-19.c scan-tree-dump-times optimized "MEM.(base: &|symbol: )a," 2
FAIL: gcc.dg/tree-ssa/loop-19.c scan-tree-dump-times optimized "MEM.(base: &|symbol: )c," 2
FAIL: gcc.dg/tree-ssa/sra-12.c scan-tree-dump-times release_ssa "l;" 0
FAIL: gcc.dg/tree-ssa/ssa-dom-thread-4.c scan-tree-dump-times dom1 "Threaded" 3
FAIL: gcc.dg/tree-ssa/vrp47.c scan-tree-dump-times vrp1 "[xy][^ ]* !=" 0
FAIL: c-c++-common/ubsan/overflow-1.c -O0 (internal compiler error)
FAIL: c-c++-common/ubsan/overflow-1.c -O0 (test for excess errors)
WARNING: c-c++-common/ubsan/overflow-1.c -O0 compilation failed to produce executable
FAIL: c-c++-common/ubsan/overflow-2.c -O0 (internal compiler error)
FAIL: c-c++-common/ubsan/overflow-2.c -O0 (test for excess errors)
WARNING: c-c++-common/ubsan/overflow-2.c -O0 compilation failed to produce executable
FAIL: c-c++-common/ubsan/overflow-2.c -O1 (internal compiler error)
FAIL: c-c++-common/ubsan/overflow-2.c -O1 (test for excess errors)
WARNING: c-c++-common/ubsan/overflow-2.c -O1 compilation failed to produce executable
FAIL: c-c++-common/ubsan/overflow-2.c -O2 (internal compiler error)
FAIL: c-c++-common/ubsan/overflow-2.c -O2 (test for excess errors)
WARNING: c-c++-common/ubsan/overflow-2.c -O2 compilation failed to produce executable
FAIL: c-c++-common/ubsan/overflow-2.c -O3 -fomit-frame-pointer (internal compiler error)
FAIL: c-c++-common/ubsan/overflow-2.c -O3 -fomit-frame-pointer (test for excess errors)
WARNING: c-c++-common/ubsan/overflow-2.c -O3 -fomit-frame-pointer compilation failed to produce executable
FAIL: c-c++-common/ubsan/overflow-2.c -O3 -g (internal compiler error)
FAIL: c-c++-common/ubsan/overflow-2.c -O3 -g (test for excess errors)
WARNING: c-c++-common/ubsan/overflow-2.c -O3 -g compilation failed to produce executable
FAIL: c-c++-common/ubsan/overflow-2.c -Os (internal compiler error)
FAIL: c-c++-common/ubsan/overflow-2.c -Os (test for excess errors)
WARNING: c-c++-common/ubsan/overflow-2.c -Os compilation failed to produce executable
FAIL: c-c++-common/ubsan/overflow-mul-3.c -O0 (internal compiler error)
FAIL: c-c++-common/ubsan/overflow-mul-3.c -O0 (test for excess errors)
WARNING: c-c++-common/ubsan/overflow-mul-3.c -O0 compilation failed to produce executable
FAIL: c-c++-common/ubsan/overflow-mul-3.c -O1 (internal compiler error)
FAIL: c-c++-common/ubsan/overflow-mul-3.c -O1 (test for excess errors)
WARNING: c-c++-common/ubsan/overflow-mul-3.c -O1 compilation failed to produce executable
FAIL: c-c++-common/ubsan/overflow-mul-3.c -O2 (internal compiler error)
FAIL: c-c++-common/ubsan/overflow-mul-3.c -O2 (test for excess errors)
WARNING: c-c++-common/ubsan/overflow-mul-3.c -O2 compilation failed to produce executable
FAIL: c-c++-common/ubsan/overflow-mul-3.c -O3 -fomit-frame-pointer (internal compiler error)
FAIL: c-c++-common/ubsan/overflow-mul-3.c -O3 -fomit-frame-pointer (test for excess errors)
WARNING: c-c++-common/ubsan/overflow-mul-3.c -O3 -fomit-frame-pointer compilation failed to produce executable
FAIL: c-c++-common/ubsan/overflow-mul-3.c -O3 -fomit-frame-pointer -funroll-loops (internal compiler error)
FAIL: c-c++-common/ubsan/overflow-mul-3.c -O3 -fomit-frame-pointer -funroll-loops (test for excess errors)
WARNING: c-c++-common/ubsan/overflow-mul-3.c -O3 -fomit-frame-pointer -funroll-loops compilation failed to produce executable
FAIL: c-c++-common/ubsan/overflow-mul-3.c -O3 -fomit-frame-pointer -funroll-all-loops -finline-functions (internal compiler error)
FAIL: c-c++-common/ubsan/overflow-mul-3.c -O3 -fomit-frame-pointer -funroll-all-loops -finline-functions (test for excess errors)
WARNING: c-c++-common/ubsan/overflow-mul-3.c -O3 -fomit-frame-pointer -funroll-all-loops -finline-functions compilation failed to produce executable
FAIL: c-c++-common/ubsan/overflow-mul-3.c -O3 -g (internal compiler error)
FAIL: c-c++-common/ubsan/overflow-mul-3.c -O3 -g (test for excess errors)
WARNING: c-c++-common/ubsan/overflow-mul-3.c -O3 -g compilation failed to produce executable
FAIL: c-c++-common/ubsan/overflow-mul-3.c -Os (internal compiler error)
FAIL: c-c++-common/ubsan/overflow-mul-3.c -Os (test for excess errors)
WARNING: c-c++-common/ubsan/overflow-mul-3.c -Os compilation failed to produce executable
FAIL: c-c++-common/ubsan/overflow-mul-4.c -O0 (internal compiler error)
FAIL: c-c++-common/ubsan/overflow-mul-4.c -O0 (test for excess errors)
WARNING: c-c++-common/ubsan/overflow-mul-4.c -O0 compilation failed to produce executable
FAIL: c-c++-common/ubsan/overflow-mul-4.c -O1 (internal compiler error)
FAIL: c-c++-common/ubsan/overflow-mul-4.c -O1 (test for excess errors)
WARNING: c-c++-common/ubsan/overflow-mul-4.c -O1 compilation failed to produce executable
FAIL: c-c++-common/ubsan/overflow-mul-4.c -O2 (internal compiler error)
FAIL: c-c++-common/ubsan/overflow-mul-4.c -O2 (test for excess errors)
WARNING: c-c++-common/ubsan/overflow-mul-4.c -O2 compilation failed to produce executable
FAIL: c-c++-common/ubsan/overflow-mul-4.c -O3 -fomit-frame-pointer (internal compiler error)
FAIL: c-c++-common/ubsan/overflow-mul-4.c -O3 -fomit-frame-pointer (test for excess errors)
WARNING: c-c++-common/ubsan/overflow-mul-4.c -O3 -fomit-frame-pointer compilation failed to produce executable
FAIL: c-c++-common/ubsan/overflow-mul-4.c -O3 -fomit-frame-pointer -funroll-loops (internal compiler error)
FAIL: c-c++-common/ubsan/overflow-mul-4.c -O3 -fomit-frame-pointer -funroll-loops (test for excess errors)
WARNING: c-c++-common/ubsan/overflow-mul-4.c -O3 -fomit-frame-pointer -funroll-loops compilation failed to produce executable
FAIL: c-c++-common/ubsan/overflow-mul-4.c -O3 -fomit-frame-pointer -funroll-all-loops -finline-functions (internal compiler error)
FAIL: c-c++-common/ubsan/overflow-mul-4.c -O3 -fomit-frame-pointer -funroll-all-loops -finline-functions (test for excess errors)
WARNING: c-c++-common/ubsan/overflow-mul-4.c -O3 -fomit-frame-pointer -funroll-all-loops -finline-functions compilation failed to produce executable
FAIL: c-c++-common/ubsan/overflow-mul-4.c -O3 -g (internal compiler error)
FAIL: c-c++-common/ubsan/overflow-mul-4.c -O3 -g (test for excess errors)
WARNING: c-c++-common/ubsan/overflow-mul-4.c -O3 -g compilation failed to produce executable
FAIL: c-c++-common/ubsan/overflow-mul-4.c -Os (internal compiler error)
FAIL: c-c++-common/ubsan/overflow-mul-4.c -Os (test for excess errors)
WARNING: c-c++-common/ubsan/overflow-mul-4.c -Os compilation failed to produce executable
FAIL: c-c++-common/ubsan/overflow-negate-2.c -O0 execution test
FAIL: c-c++-common/ubsan/overflow-negate-2.c -O1 execution test
FAIL: c-c++-common/ubsan/overflow-negate-2.c -O2 execution test
FAIL: c-c++-common/ubsan/overflow-negate-2.c -O3 -fomit-frame-pointer execution test
FAIL: c-c++-common/ubsan/overflow-negate-2.c -O3 -g execution test
FAIL: c-c++-common/ubsan/overflow-negate-2.c -Os execution test
FAIL: gcc.dg/vect/costmodel/ppc/costmodel-bb-slp-9a.c scan-tree-dump-times slp "basic block vectorized using SLP" 1
FAIL: gcc.dg/vect/no-vfa-vect-depend-2.c scan-tree-dump-times vect "vectorized 1 loops" 1
FAIL: gcc.dg/vect/no-vfa-vect-depend-3.c scan-tree-dump-times vect "vectorized 1 loops" 4
FAIL: gcc.dg/vmx/extract-vsx-be-order.c -O0 execution test
FAIL: gcc.dg/vmx/extract-vsx.c -O0 execution test
FAIL: gcc.dg/vmx/insert-vsx-be-order.c -O0 execution test
FAIL: gcc.dg/vmx/insert-vsx-be-order.c -O1 execution test
FAIL: gcc.dg/vmx/insert-vsx-be-order.c -O2 execution test
FAIL: gcc.dg/vmx/insert-vsx-be-order.c -O3 -fomit-frame-pointer execution test
FAIL: gcc.dg/vmx/insert-vsx-be-order.c -O3 -g execution test
FAIL: gcc.dg/vmx/insert-vsx-be-order.c -Os execution test
FAIL: gcc.dg/vmx/insert-vsx-be-order.c -O2 -flto -fno-use-linker-plugin -flto-partition=none execution test
FAIL: gcc.dg/vmx/insert-vsx-be-order.c -O2 -flto -fuse-linker-plugin -fno-fat-lto-objects execution test
FAIL: gcc.dg/vmx/insert-vsx.c -O0 execution test
FAIL: gcc.dg/vmx/insert-vsx.c -O1 execution test
FAIL: gcc.dg/vmx/insert-vsx.c -O2 execution test
FAIL: gcc.dg/vmx/insert-vsx.c -O3 -fomit-frame-pointer execution test
FAIL: gcc.dg/vmx/insert-vsx.c -O3 -g execution test
FAIL: gcc.dg/vmx/insert-vsx.c -Os execution test
FAIL: gcc.dg/vmx/insert-vsx.c -O2 -flto -fno-use-linker-plugin -flto-partition=none execution test
FAIL: gcc.dg/vmx/insert-vsx.c -O2 -flto -fuse-linker-plugin -fno-fat-lto-objects execution test
FAIL: gcc.dg/vmx/merge-vsx-be-order.c -O0 execution test
FAIL: gcc.dg/vmx/merge-vsx-be-order.c -O1 execution test
FAIL: gcc.dg/vmx/merge-vsx-be-order.c -O2 execution test
FAIL: gcc.dg/vmx/merge-vsx-be-order.c -O3 -fomit-frame-pointer execution test
FAIL: gcc.dg/vmx/merge-vsx-be-order.c -O3 -g execution test
FAIL: gcc.dg/vmx/merge-vsx-be-order.c -Os execution test
FAIL: gcc.dg/vmx/merge-vsx-be-order.c -O2 -flto -fno-use-linker-plugin -flto-partition=none execution test
FAIL: gcc.dg/vmx/merge-vsx-be-order.c -O2 -flto -fuse-linker-plugin -fno-fat-lto-objects execution test
FAIL: gcc.dg/vmx/merge-vsx.c -O0 execution test
FAIL: gcc.dg/vmx/merge-vsx.c -O1 execution test
FAIL: gcc.dg/vmx/merge-vsx.c -O2 execution test
FAIL: gcc.dg/vmx/merge-vsx.c -O3 -fomit-frame-pointer execution test
FAIL: gcc.dg/vmx/merge-vsx.c -O3 -g execution test
FAIL: gcc.dg/vmx/merge-vsx.c -Os execution test
FAIL: gcc.dg/vmx/merge-vsx.c -O2 -flto -fno-use-linker-plugin -flto-partition=none execution test
FAIL: gcc.dg/vmx/merge-vsx.c -O2 -flto -fuse-linker-plugin -fno-fat-lto-objects execution test
FAIL: gcc.dg/vmx/splat-vsx-be-order.c -O0 execution test
FAIL: gcc.dg/vmx/splat-vsx-be-order.c -O1 execution test
FAIL: gcc.dg/vmx/splat-vsx-be-order.c -O2 execution test
FAIL: gcc.dg/vmx/splat-vsx-be-order.c -O3 -fomit-frame-pointer execution test
FAIL: gcc.dg/vmx/splat-vsx-be-order.c -O3 -g execution test
FAIL: gcc.dg/vmx/splat-vsx-be-order.c -Os execution test
FAIL: gcc.dg/vmx/splat-vsx-be-order.c -O2 -flto -fno-use-linker-plugin -flto-partition=none execution test
FAIL: gcc.dg/vmx/splat-vsx-be-order.c -O2 -flto -fuse-linker-plugin -fno-fat-lto-objects execution test
FAIL: gcc.dg/vmx/splat-vsx.c -O0 execution test
FAIL: gcc.dg/vmx/splat-vsx.c -O1 execution test
FAIL: gcc.dg/vmx/splat-vsx.c -O2 execution test
FAIL: gcc.dg/vmx/splat-vsx.c -O3 -fomit-frame-pointer execution test
FAIL: gcc.dg/vmx/splat-vsx.c -O3 -g execution test
FAIL: gcc.dg/vmx/splat-vsx.c -Os execution test
FAIL: gcc.dg/vmx/splat-vsx.c -O2 -flto -fno-use-linker-plugin -flto-partition=none execution test
FAIL: gcc.dg/vmx/splat-vsx.c -O2 -flto -fuse-linker-plugin -fno-fat-lto-objects execution test
FAIL: gcc.target/powerpc/405-dlmzb-strlen-1.c scan-assembler dlmzb\\\\.
FAIL: gcc.target/powerpc/440-dlmzb-strlen-1.c scan-assembler dlmzb\\\\.
FAIL: gcc.target/powerpc/ppc32-abi-dfp-1.c execution test
FAIL: gcc.target/powerpc/pr53199.c scan-assembler-times lwbrx 6
FAIL: gcc.target/powerpc/pr53199.c scan-assembler-times stwbrx 6
=== gcc Summary for unix/-m32 ===
# of expected passes 97709
# of unexpected failures 439
# of unexpected successes 33
# of expected failures 232
# of unsupported tests 1841
Running target unix/-m64
FAIL: c-c++-common/asan/clone-test-1.c -O0 execution test
FAIL: c-c++-common/asan/clone-test-1.c -O1 execution test
FAIL: c-c++-common/asan/clone-test-1.c -O2 execution test
FAIL: c-c++-common/asan/clone-test-1.c -O3 -fomit-frame-pointer execution test
FAIL: c-c++-common/asan/clone-test-1.c -O3 -fomit-frame-pointer -funroll-loops execution test
FAIL: c-c++-common/asan/clone-test-1.c -O3 -fomit-frame-pointer -funroll-all-loops -finline-functions execution test
FAIL: c-c++-common/asan/clone-test-1.c -O3 -g execution test
FAIL: c-c++-common/asan/clone-test-1.c -Os execution test
FAIL: c-c++-common/asan/clone-test-1.c -O2 -flto -fno-use-linker-plugin -flto-partition=none execution test
FAIL: c-c++-common/asan/clone-test-1.c -O2 -flto -fuse-linker-plugin -fno-fat-lto-objects execution test
FAIL: c-c++-common/asan/global-overflow-1.c -O0 output pattern test, is ==32231==ERROR: AddressSanitizer failed to allocate 0x4000001000 (274877911040) bytes at address 0x01fffffff000 (12)
FAIL: c-c++-common/asan/global-overflow-1.c -O1 output pattern test, is ==32247==ERROR: AddressSanitizer failed to allocate 0x4000001000 (274877911040) bytes at address 0x01fffffff000 (12)
FAIL: c-c++-common/asan/global-overflow-1.c -O2 output pattern test, is ==32263==ERROR: AddressSanitizer failed to allocate 0x4000001000 (274877911040) bytes at address 0x01fffffff000 (12)
FAIL: c-c++-common/asan/global-overflow-1.c -O3 -fomit-frame-pointer output pattern test, is ==32279==ERROR: AddressSanitizer failed to allocate 0x4000001000 (274877911040) bytes at address 0x01fffffff000 (12)
FAIL: c-c++-common/asan/global-overflow-1.c -O3 -g output pattern test, is ==32295==ERROR: AddressSanitizer failed to allocate 0x4000001000 (274877911040) bytes at address 0x01fffffff000 (12)
FAIL: c-c++-common/asan/global-overflow-1.c -Os output pattern test, is ==32311==ERROR: AddressSanitizer failed to allocate 0x4000001000 (274877911040) bytes at address 0x01fffffff000 (12)
FAIL: c-c++-common/asan/global-overflow-1.c -O2 -flto -fno-use-linker-plugin -flto-partition=none output pattern test, is ==32346==ERROR: AddressSanitizer failed to allocate 0x4000001000 (274877911040) bytes at address 0x01fffffff000 (12)
FAIL: c-c++-common/asan/global-overflow-1.c -O2 -flto -fuse-linker-plugin -fno-fat-lto-objects output pattern test, is ==32369==ERROR: AddressSanitizer failed to allocate 0x4000001000 (274877911040) bytes at address 0x01fffffff000 (12)
FAIL: c-c++-common/asan/heap-overflow-1.c -O0 output pattern test, is ==32385==ERROR: AddressSanitizer failed to allocate 0x4000001000 (274877911040) bytes at address 0x01fffffff000 (12)
FAIL: c-c++-common/asan/heap-overflow-1.c -O1 output pattern test, is ==32401==ERROR: AddressSanitizer failed to allocate 0x4000001000 (274877911040) bytes at address 0x01fffffff000 (12)
FAIL: c-c++-common/asan/heap-overflow-1.c -O2 output pattern test, is ==32417==ERROR: AddressSanitizer failed to allocate 0x4000001000 (274877911040) bytes at address 0x01fffffff000 (12)
FAIL: c-c++-common/asan/heap-overflow-1.c -O3 -fomit-frame-pointer output pattern test, is ==32433==ERROR: AddressSanitizer failed to allocate 0x4000001000 (274877911040) bytes at address 0x01fffffff000 (12)
FAIL: c-c++-common/asan/heap-overflow-1.c -O3 -g output pattern test, is ==32449==ERROR: AddressSanitizer failed to allocate 0x4000001000 (274877911040) bytes at address 0x01fffffff000 (12)
FAIL: c-c++-common/asan/heap-overflow-1.c -Os output pattern test, is ==32465==ERROR: AddressSanitizer failed to allocate 0x4000001000 (274877911040) bytes at address 0x01fffffff000 (12)
FAIL: c-c++-common/asan/heap-overflow-1.c -O2 -flto -fno-use-linker-plugin -flto-partition=none output pattern test, is ==32500==ERROR: AddressSanitizer failed to allocate 0x4000001000 (274877911040) bytes at address 0x01fffffff000 (12)
FAIL: c-c++-common/asan/heap-overflow-1.c -O2 -flto -fuse-linker-plugin -fno-fat-lto-objects output pattern test, is ==32523==ERROR: AddressSanitizer failed to allocate 0x4000001000 (274877911040) bytes at address 0x01fffffff000 (12)
FAIL: c-c++-common/asan/memcmp-1.c -O0 output pattern test, is ==32548==ERROR: AddressSanitizer failed to allocate 0x4000001000 (274877911040) bytes at address 0x01fffffff000 (12)
FAIL: c-c++-common/asan/memcmp-1.c -O1 output pattern test, is ==32564==ERROR: AddressSanitizer failed to allocate 0x4000001000 (274877911040) bytes at address 0x01fffffff000 (12)
FAIL: c-c++-common/asan/memcmp-1.c -O2 output pattern test, is ==32580==ERROR: AddressSanitizer failed to allocate 0x4000001000 (274877911040) bytes at address 0x01fffffff000 (12)
FAIL: c-c++-common/asan/memcmp-1.c -O3 -fomit-frame-pointer output pattern test, is ==32596==ERROR: AddressSanitizer failed to allocate 0x4000001000 (274877911040) bytes at address 0x01fffffff000 (12)
FAIL: c-c++-common/asan/memcmp-1.c -O3 -g output pattern test, is ==32612==ERROR: AddressSanitizer failed to allocate 0x4000001000 (274877911040) bytes at address 0x01fffffff000 (12)
FAIL: c-c++-common/asan/memcmp-1.c -Os output pattern test, is ==32628==ERROR: AddressSanitizer failed to allocate 0x4000001000 (274877911040) bytes at address 0x01fffffff000 (12)
FAIL: c-c++-common/asan/memcmp-1.c -O2 -flto -fno-use-linker-plugin -flto-partition=none output pattern test, is ==32663==ERROR: AddressSanitizer failed to allocate 0x4000001000 (274877911040) bytes at address 0x01fffffff000 (12)
FAIL: c-c++-common/asan/memcmp-1.c -O2 -flto -fuse-linker-plugin -fno-fat-lto-objects output pattern test, is ==32686==ERROR: AddressSanitizer failed to allocate 0x4000001000 (274877911040) bytes at address 0x01fffffff000 (12)
FAIL: c-c++-common/asan/null-deref-1.c -O0 output pattern test, is ==1231==ERROR: AddressSanitizer failed to allocate 0x4000001000 (274877911040) bytes at address 0x01fffffff000 (12)
FAIL: c-c++-common/asan/null-deref-1.c -O1 output pattern test, is ==1266==ERROR: AddressSanitizer failed to allocate 0x4000001000 (274877911040) bytes at address 0x01fffffff000 (12)
FAIL: c-c++-common/asan/null-deref-1.c -O2 output pattern test, is ==1306==ERROR: AddressSanitizer failed to allocate 0x4000001000 (274877911040) bytes at address 0x01fffffff000 (12)
FAIL: c-c++-common/asan/null-deref-1.c -O3 -fomit-frame-pointer output pattern test, is ==1342==ERROR: AddressSanitizer failed to allocate 0x4000001000 (274877911040) bytes at address 0x01fffffff000 (12)
FAIL: c-c++-common/asan/null-deref-1.c -O3 -g output pattern test, is ==1387==ERROR: AddressSanitizer failed to allocate 0x4000001000 (274877911040) bytes at address 0x01fffffff000 (12)
FAIL: c-c++-common/asan/null-deref-1.c -Os output pattern test, is ==1429==ERROR: AddressSanitizer failed to allocate 0x4000001000 (274877911040) bytes at address 0x01fffffff000 (12)
FAIL: c-c++-common/asan/null-deref-1.c -O2 -flto -fno-use-linker-plugin -flto-partition=none output pattern test, is ==1519==ERROR: AddressSanitizer failed to allocate 0x4000001000 (274877911040) bytes at address 0x01fffffff000 (12)
FAIL: c-c++-common/asan/null-deref-1.c -O2 -flto -fuse-linker-plugin -fno-fat-lto-objects output pattern test, is ==1580==ERROR: AddressSanitizer failed to allocate 0x4000001000 (274877911040) bytes at address 0x01fffffff000 (12)
FAIL: c-c++-common/asan/pr59063-1.c -O0 execution test
FAIL: c-c++-common/asan/pr59063-1.c -O1 execution test
FAIL: c-c++-common/asan/pr59063-1.c -O2 execution test
FAIL: c-c++-common/asan/pr59063-1.c -O3 -fomit-frame-pointer execution test
FAIL: c-c++-common/asan/pr59063-1.c -O3 -g execution test
FAIL: c-c++-common/asan/pr59063-1.c -Os execution test
FAIL: c-c++-common/asan/pr59063-1.c -O2 -flto -fno-use-linker-plugin -flto-partition=none execution test
FAIL: c-c++-common/asan/pr59063-1.c -O2 -flto -fuse-linker-plugin -fno-fat-lto-objects execution test
FAIL: c-c++-common/asan/pr59063-2.c -O0 execution test
FAIL: c-c++-common/asan/pr59063-2.c -O1 execution test
FAIL: c-c++-common/asan/pr59063-2.c -O2 execution test
FAIL: c-c++-common/asan/pr59063-2.c -O3 -fomit-frame-pointer execution test
FAIL: c-c++-common/asan/pr59063-2.c -O3 -g execution test
FAIL: c-c++-common/asan/pr59063-2.c -Os execution test
FAIL: c-c++-common/asan/pr59063-2.c -O2 -flto -fno-use-linker-plugin -flto-partition=none execution test
FAIL: c-c++-common/asan/pr59063-2.c -O2 -flto -fuse-linker-plugin -fno-fat-lto-objects (test for excess errors)
WARNING: c-c++-common/asan/pr59063-2.c -O2 -flto -fuse-linker-plugin -fno-fat-lto-objects compilation failed to produce executable
FAIL: c-c++-common/asan/rlimit-mmap-test-1.c -O0 output pattern test, is ==2592==ERROR: AddressSanitizer failed to allocate 0x4000001000 (274877911040) bytes at address 0x01fffffff000 (12)
FAIL: c-c++-common/asan/sanity-check-pure-c-1.c -O0 output pattern test, is ==2629==ERROR: AddressSanitizer failed to allocate 0x4000001000 (274877911040) bytes at address 0x01fffffff000 (12)
FAIL: c-c++-common/asan/sanity-check-pure-c-1.c -O1 output pattern test, is ==2671==ERROR: AddressSanitizer failed to allocate 0x4000001000 (274877911040) bytes at address 0x01fffffff000 (12)
FAIL: c-c++-common/asan/sanity-check-pure-c-1.c -O2 output pattern test, is ==2712==ERROR: AddressSanitizer failed to allocate 0x4000001000 (274877911040) bytes at address 0x01fffffff000 (12)
FAIL: c-c++-common/asan/sanity-check-pure-c-1.c -O3 -fomit-frame-pointer output pattern test, is ==2754==ERROR: AddressSanitizer failed to allocate 0x4000001000 (274877911040) bytes at address 0x01fffffff000 (12)
FAIL: c-c++-common/asan/sanity-check-pure-c-1.c -O3 -g output pattern test, is ==2797==ERROR: AddressSanitizer failed to allocate 0x4000001000 (274877911040) bytes at address 0x01fffffff000 (12)
FAIL: c-c++-common/asan/sanity-check-pure-c-1.c -Os output pattern test, is ==2829==ERROR: AddressSanitizer failed to allocate 0x4000001000 (274877911040) bytes at address 0x01fffffff000 (12)
FAIL: c-c++-common/asan/sanity-check-pure-c-1.c -O2 -flto -fno-use-linker-plugin -flto-partition=none output pattern test, is ==2921==ERROR: AddressSanitizer failed to allocate 0x4000001000 (274877911040) bytes at address 0x01fffffff000 (12)
FAIL: c-c++-common/asan/sanity-check-pure-c-1.c -O2 -flto -fuse-linker-plugin -fno-fat-lto-objects output pattern test, is ==2979==ERROR: AddressSanitizer failed to allocate 0x4000001000 (274877911040) bytes at address 0x01fffffff000 (12)
FAIL: c-c++-common/asan/sleep-before-dying-1.c -O2 output pattern test, is ==3024==ERROR: AddressSanitizer failed to allocate 0x4000001000 (274877911040) bytes at address 0x01fffffff000 (12)
FAIL: c-c++-common/asan/sleep-before-dying-1.c -O2 -flto -fno-use-linker-plugin -flto-partition=none output pattern test, is ==3114==ERROR: AddressSanitizer failed to allocate 0x4000001000 (274877911040) bytes at address 0x01fffffff000 (12)
FAIL: c-c++-common/asan/sleep-before-dying-1.c -O2 -flto -fuse-linker-plugin -fno-fat-lto-objects output pattern test, is ==3168==ERROR: AddressSanitizer failed to allocate 0x4000001000 (274877911040) bytes at address 0x01fffffff000 (12)
FAIL: c-c++-common/asan/stack-overflow-1.c -O0 output pattern test, is ==3214==ERROR: AddressSanitizer failed to allocate 0x4000001000 (274877911040) bytes at address 0x01fffffff000 (12)
FAIL: c-c++-common/asan/stack-overflow-1.c -O1 output pattern test, is ==3255==ERROR: AddressSanitizer failed to allocate 0x4000001000 (274877911040) bytes at address 0x01fffffff000 (12)
FAIL: c-c++-common/asan/stack-overflow-1.c -O2 output pattern test, is ==3295==ERROR: AddressSanitizer failed to allocate 0x4000001000 (274877911040) bytes at address 0x01fffffff000 (12)
FAIL: c-c++-common/asan/stack-overflow-1.c -O3 -fomit-frame-pointer output pattern test, is ==3337==ERROR: AddressSanitizer failed to allocate 0x4000001000 (274877911040) bytes at address 0x01fffffff000 (12)
FAIL: c-c++-common/asan/stack-overflow-1.c -O3 -g output pattern test, is ==3375==ERROR: AddressSanitizer failed to allocate 0x4000001000 (274877911040) bytes at address 0x01fffffff000 (12)
FAIL: c-c++-common/asan/stack-overflow-1.c -Os output pattern test, is ==3422==ERROR: AddressSanitizer failed to allocate 0x4000001000 (274877911040) bytes at address 0x01fffffff000 (12)
FAIL: c-c++-common/asan/stack-overflow-1.c -O2 -flto -fno-use-linker-plugin -flto-partition=none output pattern test, is ==3508==ERROR: AddressSanitizer failed to allocate 0x4000001000 (274877911040) bytes at address 0x01fffffff000 (12)
FAIL: c-c++-common/asan/stack-overflow-1.c -O2 -flto -fuse-linker-plugin -fno-fat-lto-objects output pattern test, is ==3546==ERROR: AddressSanitizer failed to allocate 0x4000001000 (274877911040) bytes at address 0x01fffffff000 (12)
FAIL: c-c++-common/asan/strip-path-prefix-1.c -O2 output pattern test, is ==3562==ERROR: AddressSanitizer failed to allocate 0x4000001000 (274877911040) bytes at address 0x01fffffff000 (12)
FAIL: c-c++-common/asan/strip-path-prefix-1.c -O2 -flto -fno-use-linker-plugin -flto-partition=none output pattern test, is ==3604==ERROR: AddressSanitizer failed to allocate 0x4000001000 (274877911040) bytes at address 0x01fffffff000 (12)
FAIL: c-c++-common/asan/strip-path-prefix-1.c -O2 -flto -fuse-linker-plugin -fno-fat-lto-objects output pattern test, is ==3647==ERROR: AddressSanitizer failed to allocate 0x4000001000 (274877911040) bytes at address 0x01fffffff000 (12)
FAIL: c-c++-common/asan/strncpy-overflow-1.c -O0 output pattern test, is ==3664==ERROR: AddressSanitizer failed to allocate 0x4000001000 (274877911040) bytes at address 0x01fffffff000 (12)
FAIL: c-c++-common/asan/strncpy-overflow-1.c -O1 output pattern test, is ==3680==ERROR: AddressSanitizer failed to allocate 0x4000001000 (274877911040) bytes at address 0x01fffffff000 (12)
FAIL: c-c++-common/asan/strncpy-overflow-1.c -O2 output pattern test, is ==3696==ERROR: AddressSanitizer failed to allocate 0x4000001000 (274877911040) bytes at address 0x01fffffff000 (12)
FAIL: c-c++-common/asan/strncpy-overflow-1.c -O3 -fomit-frame-pointer output pattern test, is ==3712==ERROR: AddressSanitizer failed to allocate 0x4000001000 (274877911040) bytes at address 0x01fffffff000 (12)
FAIL: c-c++-common/asan/strncpy-overflow-1.c -O3 -g output pattern test, is ==3728==ERROR: AddressSanitizer failed to allocate 0x4000001000 (274877911040) bytes at address 0x01fffffff000 (12)
FAIL: c-c++-common/asan/strncpy-overflow-1.c -Os output pattern test, is ==3744==ERROR: AddressSanitizer failed to allocate 0x4000001000 (274877911040) bytes at address 0x01fffffff000 (12)
FAIL: c-c++-common/asan/strncpy-overflow-1.c -O2 -flto -fno-use-linker-plugin -flto-partition=none output pattern test, is ==3779==ERROR: AddressSanitizer failed to allocate 0x4000001000 (274877911040) bytes at address 0x01fffffff000 (12)
FAIL: c-c++-common/asan/strncpy-overflow-1.c -O2 -flto -fuse-linker-plugin -fno-fat-lto-objects output pattern test, is ==3808==ERROR: AddressSanitizer failed to allocate 0x4000001000 (274877911040) bytes at address 0x01fffffff000 (12)
FAIL: c-c++-common/asan/swapcontext-test-1.c -O0 execution test
FAIL: c-c++-common/asan/swapcontext-test-1.c -O1 execution test
FAIL: c-c++-common/asan/swapcontext-test-1.c -O2 execution test
FAIL: c-c++-common/asan/swapcontext-test-1.c -O3 -fomit-frame-pointer execution test
FAIL: c-c++-common/asan/swapcontext-test-1.c -O3 -fomit-frame-pointer -funroll-loops execution test
FAIL: c-c++-common/asan/swapcontext-test-1.c -O3 -fomit-frame-pointer -funroll-all-loops -finline-functions execution test
FAIL: c-c++-common/asan/swapcontext-test-1.c -O3 -g execution test
FAIL: c-c++-common/asan/swapcontext-test-1.c -Os execution test
FAIL: c-c++-common/asan/swapcontext-test-1.c -O2 -flto -fno-use-linker-plugin -flto-partition=none execution test
FAIL: c-c++-common/asan/swapcontext-test-1.c -O2 -flto -fuse-linker-plugin -fno-fat-lto-objects execution test
FAIL: c-c++-common/asan/use-after-free-1.c -O0 output pattern test, is ==4023==ERROR: AddressSanitizer failed to allocate 0x4000001000 (274877911040) bytes at address 0x01fffffff000 (12)
FAIL: c-c++-common/asan/use-after-free-1.c -O1 output pattern test, is ==4039==ERROR: AddressSanitizer failed to allocate 0x4000001000 (274877911040) bytes at address 0x01fffffff000 (12)
FAIL: c-c++-common/asan/use-after-free-1.c -O2 output pattern test, is ==4055==ERROR: AddressSanitizer failed to allocate 0x4000001000 (274877911040) bytes at address 0x01fffffff000 (12)
FAIL: c-c++-common/asan/use-after-free-1.c -O3 -fomit-frame-pointer output pattern test, is ==4071==ERROR: AddressSanitizer failed to allocate 0x4000001000 (274877911040) bytes at address 0x01fffffff000 (12)
FAIL: c-c++-common/asan/use-after-free-1.c -O3 -g output pattern test, is ==4087==ERROR: AddressSanitizer failed to allocate 0x4000001000 (274877911040) bytes at address 0x01fffffff000 (12)
FAIL: c-c++-common/asan/use-after-free-1.c -Os output pattern test, is ==4103==ERROR: AddressSanitizer failed to allocate 0x4000001000 (274877911040) bytes at address 0x01fffffff000 (12)
FAIL: c-c++-common/asan/use-after-free-1.c -O2 -flto -fno-use-linker-plugin -flto-partition=none output pattern test, is ==4140==ERROR: AddressSanitizer failed to allocate 0x4000001000 (274877911040) bytes at address 0x01fffffff000 (12)
FAIL: c-c++-common/asan/use-after-free-1.c -O2 -flto -fuse-linker-plugin -fno-fat-lto-objects output pattern test, is ==4170==ERROR: AddressSanitizer failed to allocate 0x4000001000 (274877911040) bytes at address 0x01fffffff000 (12)
FAIL: c-c++-common/asan/use-after-return-1.c -O0 output pattern test, is ==4203==ERROR: AddressSanitizer failed to allocate 0x4000001000 (274877911040) bytes at address 0x01fffffff000 (12)
FAIL: c-c++-common/asan/use-after-return-1.c -O1 output pattern test, is ==4226==ERROR: AddressSanitizer failed to allocate 0x4000001000 (274877911040) bytes at address 0x01fffffff000 (12)
FAIL: c-c++-common/asan/use-after-return-1.c -O2 output pattern test, is ==4242==ERROR: AddressSanitizer failed to allocate 0x4000001000 (274877911040) bytes at address 0x01fffffff000 (12)
FAIL: c-c++-common/asan/use-after-return-1.c -O3 -fomit-frame-pointer output pattern test, is ==4258==ERROR: AddressSanitizer failed to allocate 0x4000001000 (274877911040) bytes at address 0x01fffffff000 (12)
FAIL: c-c++-common/asan/use-after-return-1.c -O3 -g output pattern test, is ==4274==ERROR: AddressSanitizer failed to allocate 0x4000001000 (274877911040) bytes at address 0x01fffffff000 (12)
FAIL: c-c++-common/asan/use-after-return-1.c -Os output pattern test, is ==4290==ERROR: AddressSanitizer failed to allocate 0x4000001000 (274877911040) bytes at address 0x01fffffff000 (12)
FAIL: c-c++-common/asan/use-after-return-1.c -O2 -flto -fno-use-linker-plugin -flto-partition=none output pattern test, is ==4325==ERROR: AddressSanitizer failed to allocate 0x4000001000 (274877911040) bytes at address 0x01fffffff000 (12)
FAIL: c-c++-common/asan/use-after-return-1.c -O2 -flto -fuse-linker-plugin -fno-fat-lto-objects output pattern test, is ==4348==ERROR: AddressSanitizer failed to allocate 0x4000001000 (274877911040) bytes at address 0x01fffffff000 (12)
FAIL: gcc.dg/atomic/c11-atomic-exec-5.c -O0 execution test
FAIL: gcc.dg/atomic/c11-atomic-exec-5.c -O1 execution test
FAIL: gcc.dg/atomic/c11-atomic-exec-5.c -O2 execution test
FAIL: gcc.dg/atomic/c11-atomic-exec-5.c -O3 -fomit-frame-pointer execution test
FAIL: gcc.dg/atomic/c11-atomic-exec-5.c -O3 -fomit-frame-pointer -funroll-loops execution test
FAIL: gcc.dg/atomic/c11-atomic-exec-5.c -O3 -fomit-frame-pointer -funroll-all-loops -finline-functions execution test
FAIL: gcc.dg/atomic/c11-atomic-exec-5.c -O3 -g execution test
FAIL: gcc.dg/atomic/c11-atomic-exec-5.c -Os execution test
FAIL: gcc.dg/atomic/c11-atomic-exec-5.c -O2 -flto -fno-use-linker-plugin -flto-partition=none execution test
FAIL: gcc.dg/atomic/c11-atomic-exec-5.c -O2 -flto -fuse-linker-plugin -fno-fat-lto-objects execution test
FAIL: gcc.dg/and-1.c scan-assembler-not nand
FAIL: gcc.dg/pr44194-1.c scan-rtl-dump dse1 "global deletions = (2|3)"
FAIL: gcc.dg/sms-4.c scan-rtl-dump-times sms "SMS succeeded" 1
XPASS: gcc.dg/guality/example.c -O0 execution test
XPASS: gcc.dg/guality/example.c -O1 execution test
XPASS: gcc.dg/guality/guality.c -O0 execution test
XPASS: gcc.dg/guality/guality.c -O1 execution test
XPASS: gcc.dg/guality/guality.c -O2 execution test
XPASS: gcc.dg/guality/guality.c -O3 -fomit-frame-pointer execution test
XPASS: gcc.dg/guality/guality.c -O3 -g execution test
XPASS: gcc.dg/guality/guality.c -Os execution test
XPASS: gcc.dg/guality/guality.c -O2 -flto -fno-use-linker-plugin -flto-partition=none execution test
XPASS: gcc.dg/guality/guality.c -O2 -flto -fuse-linker-plugin -fno-fat-lto-objects execution test
XPASS: gcc.dg/guality/inline-params.c -O2 execution test
XPASS: gcc.dg/guality/inline-params.c -O3 -fomit-frame-pointer execution test
XPASS: gcc.dg/guality/inline-params.c -O3 -g execution test
XPASS: gcc.dg/guality/inline-params.c -Os execution test
XPASS: gcc.dg/guality/inline-params.c -O2 -flto -fno-use-linker-plugin -flto-partition=none execution test
FAIL: gcc.dg/guality/param-3.c -O1 line 20 str.pa == 31415927
FAIL: gcc.dg/guality/param-3.c -O1 line 20 str.pb == 27182818
FAIL: gcc.dg/guality/pr36728-1.c -O1 line 16 arg6 == 6
FAIL: gcc.dg/guality/pr36728-1.c -O1 line 16 arg7 == 30
FAIL: gcc.dg/guality/pr36728-1.c -O1 line 18 arg4 == 4
FAIL: gcc.dg/guality/pr36728-1.c -O1 line 18 arg5 == 5
FAIL: gcc.dg/guality/pr36728-1.c -O1 line 18 arg6 == 6
FAIL: gcc.dg/guality/pr36728-1.c -O1 line 18 arg7 == 30
FAIL: gcc.dg/guality/pr36728-1.c -O2 line 16 arg7 == 30
FAIL: gcc.dg/guality/pr36728-1.c -O2 line 16 y == 2
FAIL: gcc.dg/guality/pr36728-1.c -O2 line 18 arg6 == 6
FAIL: gcc.dg/guality/pr36728-1.c -O2 line 18 arg7 == 30
FAIL: gcc.dg/guality/pr36728-1.c -O2 line 18 y == 2
FAIL: gcc.dg/guality/pr36728-1.c -O3 -fomit-frame-pointer line 16 arg7 == 30
FAIL: gcc.dg/guality/pr36728-1.c -O3 -fomit-frame-pointer line 16 y == 2
FAIL: gcc.dg/guality/pr36728-1.c -O3 -fomit-frame-pointer line 18 arg6 == 6
FAIL: gcc.dg/guality/pr36728-1.c -O3 -fomit-frame-pointer line 18 arg7 == 30
FAIL: gcc.dg/guality/pr36728-1.c -O3 -fomit-frame-pointer line 18 y == 2
FAIL: gcc.dg/guality/pr36728-1.c -O3 -g line 16 arg7 == 30
FAIL: gcc.dg/guality/pr36728-1.c -O3 -g line 16 y == 2
FAIL: gcc.dg/guality/pr36728-1.c -O3 -g line 18 arg6 == 6
FAIL: gcc.dg/guality/pr36728-1.c -O3 -g line 18 arg7 == 30
FAIL: gcc.dg/guality/pr36728-1.c -O3 -g line 18 y == 2
FAIL: gcc.dg/guality/pr36728-1.c -Os line 16 arg7 == 30
FAIL: gcc.dg/guality/pr36728-1.c -Os line 18 arg4 == 4
FAIL: gcc.dg/guality/pr36728-1.c -Os line 18 arg5 == 5
FAIL: gcc.dg/guality/pr36728-1.c -Os line 18 arg6 == 6
FAIL: gcc.dg/guality/pr36728-1.c -Os line 18 arg7 == 30
FAIL: gcc.dg/guality/pr36728-1.c -O2 -flto -fno-use-linker-plugin -flto-partition=none line 16 arg7 == 30
FAIL: gcc.dg/guality/pr36728-1.c -O2 -flto -fno-use-linker-plugin -flto-partition=none line 16 y == 2
FAIL: gcc.dg/guality/pr36728-1.c -O2 -flto -fno-use-linker-plugin -flto-partition=none line 18 arg6 == 6
FAIL: gcc.dg/guality/pr36728-1.c -O2 -flto -fno-use-linker-plugin -flto-partition=none line 18 arg7 == 30
FAIL: gcc.dg/guality/pr36728-1.c -O2 -flto -fno-use-linker-plugin -flto-partition=none line 18 y == 2
FAIL: gcc.dg/guality/pr36728-1.c -O2 -flto -fuse-linker-plugin -fno-fat-lto-objects line 16 arg6 == 6
FAIL: gcc.dg/guality/pr36728-1.c -O2 -flto -fuse-linker-plugin -fno-fat-lto-objects line 16 arg7 == 30
FAIL: gcc.dg/guality/pr36728-1.c -O2 -flto -fuse-linker-plugin -fno-fat-lto-objects line 16 y == 2
FAIL: gcc.dg/guality/pr36728-1.c -O2 -flto -fuse-linker-plugin -fno-fat-lto-objects line 18 arg1 == 1
FAIL: gcc.dg/guality/pr36728-1.c -O2 -flto -fuse-linker-plugin -fno-fat-lto-objects line 18 arg6 == 6
FAIL: gcc.dg/guality/pr36728-1.c -O2 -flto -fuse-linker-plugin -fno-fat-lto-objects line 18 arg7 == 30
FAIL: gcc.dg/guality/pr36728-2.c -O1 line 16 arg7 == 30
FAIL: gcc.dg/guality/pr36728-2.c -O1 line 18 arg5 == 5
FAIL: gcc.dg/guality/pr36728-2.c -O1 line 18 arg6 == 6
FAIL: gcc.dg/guality/pr36728-2.c -O1 line 18 arg7 == 30
FAIL: gcc.dg/guality/pr36728-2.c -O2 line 18 arg5 == 5
FAIL: gcc.dg/guality/pr36728-2.c -O2 line 18 arg6 == 6
FAIL: gcc.dg/guality/pr36728-2.c -O2 line 18 arg7 == 30
FAIL: gcc.dg/guality/pr36728-2.c -O3 -fomit-frame-pointer line 18 arg5 == 5
FAIL: gcc.dg/guality/pr36728-2.c -O3 -fomit-frame-pointer line 18 arg6 == 6
FAIL: gcc.dg/guality/pr36728-2.c -O3 -fomit-frame-pointer line 18 arg7 == 30
FAIL: gcc.dg/guality/pr36728-2.c -O3 -g line 18 arg5 == 5
FAIL: gcc.dg/guality/pr36728-2.c -O3 -g line 18 arg6 == 6
FAIL: gcc.dg/guality/pr36728-2.c -O3 -g line 18 arg7 == 30
FAIL: gcc.dg/guality/pr36728-2.c -Os line 18 arg5 == 5
FAIL: gcc.dg/guality/pr36728-2.c -Os line 18 arg6 == 6
FAIL: gcc.dg/guality/pr36728-2.c -Os line 18 arg7 == 30
FAIL: gcc.dg/guality/pr36728-2.c -O2 -flto -fno-use-linker-plugin -flto-partition=none line 18 arg5 == 5
FAIL: gcc.dg/guality/pr36728-2.c -O2 -flto -fno-use-linker-plugin -flto-partition=none line 18 arg6 == 6
FAIL: gcc.dg/guality/pr36728-2.c -O2 -flto -fno-use-linker-plugin -flto-partition=none line 18 arg7 == 30
FAIL: gcc.dg/guality/pr36728-2.c -O2 -flto -fuse-linker-plugin -fno-fat-lto-objects line 18 arg6 == 6
FAIL: gcc.dg/guality/pr36728-2.c -O2 -flto -fuse-linker-plugin -fno-fat-lto-objects line 18 arg7 == 30
FAIL: gcc.dg/guality/pr36728-3.c -O1 line 14 arg6 == 6
FAIL: gcc.dg/guality/pr36728-3.c -O1 line 14 arg7 == 30
FAIL: gcc.dg/guality/pr36728-3.c -O1 line 16 arg6 == 6
FAIL: gcc.dg/guality/pr36728-3.c -O1 line 16 arg7 == 30
FAIL: gcc.dg/guality/pr36728-3.c -O2 line 14 arg6 == 6
FAIL: gcc.dg/guality/pr36728-3.c -O2 line 14 arg7 == 30
FAIL: gcc.dg/guality/pr36728-3.c -O2 line 16 arg6 == 6
FAIL: gcc.dg/guality/pr36728-3.c -O2 line 16 arg7 == 30
FAIL: gcc.dg/guality/pr36728-3.c -O3 -fomit-frame-pointer line 14 arg6 == 6
FAIL: gcc.dg/guality/pr36728-3.c -O3 -fomit-frame-pointer line 14 arg7 == 30
FAIL: gcc.dg/guality/pr36728-3.c -O3 -fomit-frame-pointer line 16 arg6 == 6
FAIL: gcc.dg/guality/pr36728-3.c -O3 -fomit-frame-pointer line 16 arg7 == 30
FAIL: gcc.dg/guality/pr36728-3.c -O3 -g line 14 arg6 == 6
FAIL: gcc.dg/guality/pr36728-3.c -O3 -g line 14 arg7 == 30
FAIL: gcc.dg/guality/pr36728-3.c -O3 -g line 16 arg6 == 6
FAIL: gcc.dg/guality/pr36728-3.c -O3 -g line 16 arg7 == 30
FAIL: gcc.dg/guality/pr36728-3.c -Os line 14 arg6 == 6
FAIL: gcc.dg/guality/pr36728-3.c -Os line 14 arg7 == 30
FAIL: gcc.dg/guality/pr36728-3.c -Os line 16 arg6 == 6
FAIL: gcc.dg/guality/pr36728-3.c -Os line 16 arg7 == 30
FAIL: gcc.dg/guality/pr36728-3.c -O2 -flto -fno-use-linker-plugin -flto-partition=none line 14 arg6 == 6
FAIL: gcc.dg/guality/pr36728-3.c -O2 -flto -fno-use-linker-plugin -flto-partition=none line 14 arg7 == 30
FAIL: gcc.dg/guality/pr36728-3.c -O2 -flto -fno-use-linker-plugin -flto-partition=none line 16 arg6 == 6
FAIL: gcc.dg/guality/pr36728-3.c -O2 -flto -fno-use-linker-plugin -flto-partition=none line 16 arg7 == 30
FAIL: gcc.dg/guality/pr36728-3.c -O2 -flto -fuse-linker-plugin -fno-fat-lto-objects line 14 arg6 == 6
FAIL: gcc.dg/guality/pr36728-3.c -O2 -flto -fuse-linker-plugin -fno-fat-lto-objects line 14 arg7 == 30
FAIL: gcc.dg/guality/pr36728-3.c -O2 -flto -fuse-linker-plugin -fno-fat-lto-objects line 16 arg6 == 6
FAIL: gcc.dg/guality/pr36728-3.c -O2 -flto -fuse-linker-plugin -fno-fat-lto-objects line 16 arg7 == 30
FAIL: gcc.dg/guality/pr36728-4.c -O1 line 14 arg7 == 30
FAIL: gcc.dg/guality/pr36728-4.c -O1 line 16 arg7 == 30
FAIL: gcc.dg/guality/pr36728-4.c -O2 line 14 arg7 == 30
FAIL: gcc.dg/guality/pr36728-4.c -O2 line 16 arg7 == 30
FAIL: gcc.dg/guality/pr36728-4.c -O3 -fomit-frame-pointer line 14 arg7 == 30
FAIL: gcc.dg/guality/pr36728-4.c -O3 -fomit-frame-pointer line 16 arg7 == 30
FAIL: gcc.dg/guality/pr36728-4.c -O3 -g line 14 arg7 == 30
FAIL: gcc.dg/guality/pr36728-4.c -O3 -g line 16 arg7 == 30
FAIL: gcc.dg/guality/pr36728-4.c -Os line 14 arg7 == 30
FAIL: gcc.dg/guality/pr36728-4.c -Os line 16 arg7 == 30
FAIL: gcc.dg/guality/pr36728-4.c -O2 -flto -fno-use-linker-plugin -flto-partition=none line 14 arg7 == 30
FAIL: gcc.dg/guality/pr36728-4.c -O2 -flto -fno-use-linker-plugin -flto-partition=none line 16 arg7 == 30
FAIL: gcc.dg/guality/pr36728-4.c -O2 -flto -fuse-linker-plugin -fno-fat-lto-objects line 14 arg7 == 30
FAIL: gcc.dg/guality/pr36728-4.c -O2 -flto -fuse-linker-plugin -fno-fat-lto-objects line 16 arg7 == 30
XPASS: gcc.dg/guality/pr41353-1.c -O0 line 28 j == 28 + 37
FAIL: gcc.dg/guality/pr41353-1.c -O1 line 28 i == 37
XPASS: gcc.dg/guality/pr41353-1.c -O1 line 28 j == 28 + 37
FAIL: gcc.dg/guality/pr41353-1.c -O1 line 28 i1 == 2 * 37
FAIL: gcc.dg/guality/pr41353-1.c -O1 line 28 i2 == 3 * 37
FAIL: gcc.dg/guality/pr41353-1.c -O2 line 28 i == 37
XPASS: gcc.dg/guality/pr41353-1.c -O2 line 28 j == 28 + 37
FAIL: gcc.dg/guality/pr41353-1.c -O2 line 28 i1 == 2 * 37
FAIL: gcc.dg/guality/pr41353-1.c -O2 line 28 i2 == 3 * 37
FAIL: gcc.dg/guality/pr41353-1.c -O3 -fomit-frame-pointer line 28 i == 37
XPASS: gcc.dg/guality/pr41353-1.c -O3 -fomit-frame-pointer line 28 j == 28 + 37
FAIL: gcc.dg/guality/pr41353-1.c -O3 -fomit-frame-pointer line 28 i1 == 2 * 37
FAIL: gcc.dg/guality/pr41353-1.c -O3 -fomit-frame-pointer line 28 i2 == 3 * 37
FAIL: gcc.dg/guality/pr41353-1.c -O3 -g line 28 i == 37
XPASS: gcc.dg/guality/pr41353-1.c -O3 -g line 28 j == 28 + 37
FAIL: gcc.dg/guality/pr41353-1.c -O3 -g line 28 i1 == 2 * 37
FAIL: gcc.dg/guality/pr41353-1.c -O3 -g line 28 i2 == 3 * 37
FAIL: gcc.dg/guality/pr41353-1.c -Os line 28 i == 37
XPASS: gcc.dg/guality/pr41353-1.c -Os line 28 j == 28 + 37
FAIL: gcc.dg/guality/pr41353-1.c -Os line 28 i1 == 2 * 37
FAIL: gcc.dg/guality/pr41353-1.c -Os line 28 i2 == 3 * 37
FAIL: gcc.dg/guality/pr41353-1.c -O2 -flto -fno-use-linker-plugin -flto-partition=none line 28 i == 37
XPASS: gcc.dg/guality/pr41353-1.c -O2 -flto -fno-use-linker-plugin -flto-partition=none line 28 j == 28 + 37
FAIL: gcc.dg/guality/pr41353-1.c -O2 -flto -fno-use-linker-plugin -flto-partition=none line 28 i1 == 2 * 37
FAIL: gcc.dg/guality/pr41353-1.c -O2 -flto -fno-use-linker-plugin -flto-partition=none line 28 i2 == 3 * 37
FAIL: gcc.dg/guality/pr41353-1.c -O2 -flto -fuse-linker-plugin -fno-fat-lto-objects line 28 i == 37
XPASS: gcc.dg/guality/pr41353-1.c -O2 -flto -fuse-linker-plugin -fno-fat-lto-objects line 28 j == 28 + 37
FAIL: gcc.dg/guality/pr41353-1.c -O2 -flto -fuse-linker-plugin -fno-fat-lto-objects line 28 i1 == 2 * 37
FAIL: gcc.dg/guality/pr41353-1.c -O2 -flto -fuse-linker-plugin -fno-fat-lto-objects line 28 i2 == 3 * 37
FAIL: gcc.dg/guality/pr41404-1.c -O2 -flto -fuse-linker-plugin -fno-fat-lto-objects line 10 *foo == 'f'
FAIL: gcc.dg/guality/pr41404-1.c -O2 -flto -fuse-linker-plugin -fno-fat-lto-objects line 14 *foo == 'b'
FAIL: gcc.dg/guality/pr41404-1.c -O2 -flto -fuse-linker-plugin -fno-fat-lto-objects line 24 *foo == 'f'
XPASS: gcc.dg/guality/pr41447-1.c -O0 execution test
XPASS: gcc.dg/guality/pr41447-1.c -O1 execution test
XPASS: gcc.dg/guality/pr41447-1.c -O2 execution test
XPASS: gcc.dg/guality/pr41447-1.c -O3 -fomit-frame-pointer execution test
XPASS: gcc.dg/guality/pr41447-1.c -O3 -g execution test
XPASS: gcc.dg/guality/pr41447-1.c -Os execution test
XPASS: gcc.dg/guality/pr41447-1.c -O2 -flto -fno-use-linker-plugin -flto-partition=none execution test
XPASS: gcc.dg/guality/pr41447-1.c -O2 -flto -fuse-linker-plugin -fno-fat-lto-objects execution test
XPASS: gcc.dg/guality/pr41616-1.c -O0 execution test
XPASS: gcc.dg/guality/pr41616-1.c -O1 execution test
XPASS: gcc.dg/guality/pr41616-1.c -O2 execution test
XPASS: gcc.dg/guality/pr41616-1.c -O3 -fomit-frame-pointer execution test
XPASS: gcc.dg/guality/pr41616-1.c -O3 -g execution test
XPASS: gcc.dg/guality/pr41616-1.c -Os execution test
XPASS: gcc.dg/guality/pr41616-1.c -O2 -flto -fno-use-linker-plugin -flto-partition=none execution test
FAIL: gcc.dg/guality/pr43051-1.c -O1 line 40 v == 1
FAIL: gcc.dg/guality/pr43051-1.c -O2 line 40 v == 1
FAIL: gcc.dg/guality/pr43051-1.c -O3 -fomit-frame-pointer line 35 v == 1
FAIL: gcc.dg/guality/pr43051-1.c -O3 -fomit-frame-pointer line 40 v == 1
FAIL: gcc.dg/guality/pr43051-1.c -O3 -fomit-frame-pointer -funroll-loops line 35 v == 1
FAIL: gcc.dg/guality/pr43051-1.c -O3 -fomit-frame-pointer -funroll-loops line 40 v == 1
FAIL: gcc.dg/guality/pr43051-1.c -O3 -fomit-frame-pointer -funroll-all-loops -finline-functions line 35 v == 1
FAIL: gcc.dg/guality/pr43051-1.c -O3 -fomit-frame-pointer -funroll-all-loops -finline-functions line 40 v == 1
FAIL: gcc.dg/guality/pr43051-1.c -O3 -g line 35 v == 1
FAIL: gcc.dg/guality/pr43051-1.c -O3 -g line 40 v == 1
FAIL: gcc.dg/guality/pr43051-1.c -Os line 40 v == 1
FAIL: gcc.dg/guality/pr43051-1.c -O2 -flto -fno-use-linker-plugin -flto-partition=none line 40 v == 1
FAIL: gcc.dg/guality/pr43051-1.c -O2 -flto -fuse-linker-plugin -fno-fat-lto-objects line 40 v == 1
FAIL: gcc.dg/guality/pr48437.c -O2 -flto -fno-use-linker-plugin -flto-partition=none line 14 i == 0
FAIL: gcc.dg/guality/pr48437.c -O2 -flto -fuse-linker-plugin -fno-fat-lto-objects line 14 i == 0
FAIL: gcc.dg/guality/pr54200.c -O1 line 20 z == 3
FAIL: gcc.dg/guality/pr54200.c -O2 line 20 z == 3
FAIL: gcc.dg/guality/pr54200.c -O3 -fomit-frame-pointer line 20 z == 3
FAIL: gcc.dg/guality/pr54200.c -O3 -g line 20 z == 3
FAIL: gcc.dg/guality/pr54200.c -Os line 20 z == 3
FAIL: gcc.dg/guality/pr54200.c -O2 -flto -fno-use-linker-plugin -flto-partition=none line 20 z == 3
FAIL: gcc.dg/guality/pr54200.c -O2 -flto -fuse-linker-plugin -fno-fat-lto-objects line 20 z == 3
FAIL: gcc.dg/guality/pr54519-1.c -O1 line 20 x == 36
FAIL: gcc.dg/guality/pr54519-1.c -O1 line 20 y == 25
FAIL: gcc.dg/guality/pr54519-1.c -O1 line 23 x == 98
FAIL: gcc.dg/guality/pr54519-1.c -O1 line 23 y == 117
FAIL: gcc.dg/guality/pr54519-1.c -O2 line 20 x == 36
FAIL: gcc.dg/guality/pr54519-1.c -O2 line 23 x == 98
FAIL: gcc.dg/guality/pr54519-1.c -Os line 20 x == 36
FAIL: gcc.dg/guality/pr54519-1.c -Os line 23 x == 98
FAIL: gcc.dg/guality/pr54519-1.c -O2 -flto -fno-use-linker-plugin -flto-partition=none line 20 x == 36
FAIL: gcc.dg/guality/pr54519-1.c -O2 -flto -fno-use-linker-plugin -flto-partition=none line 20 y == 25
FAIL: gcc.dg/guality/pr54519-1.c -O2 -flto -fno-use-linker-plugin -flto-partition=none line 20 z == 6
FAIL: gcc.dg/guality/pr54519-1.c -O2 -flto -fno-use-linker-plugin -flto-partition=none line 23 x == 98
FAIL: gcc.dg/guality/pr54519-1.c -O2 -flto -fno-use-linker-plugin -flto-partition=none line 23 y == 117
FAIL: gcc.dg/guality/pr54519-1.c -O2 -flto -fno-use-linker-plugin -flto-partition=none line 23 z == 8
FAIL: gcc.dg/guality/pr54519-1.c -O2 -flto -fuse-linker-plugin -fno-fat-lto-objects line 20 y == 25
FAIL: gcc.dg/guality/pr54519-1.c -O2 -flto -fuse-linker-plugin -fno-fat-lto-objects line 20 z == 6
FAIL: gcc.dg/guality/pr54519-2.c -O1 line 17 x == 6
FAIL: gcc.dg/guality/pr54519-2.c -O2 -flto -fno-use-linker-plugin -flto-partition=none line 17 y == 25
FAIL: gcc.dg/guality/pr54519-2.c -O2 -flto -fuse-linker-plugin -fno-fat-lto-objects line 17 y == 25
FAIL: gcc.dg/guality/pr54519-3.c -O1 line 20 x == 36
FAIL: gcc.dg/guality/pr54519-3.c -O1 line 20 y == 25
FAIL: gcc.dg/guality/pr54519-3.c -O1 line 20 z == 6
FAIL: gcc.dg/guality/pr54519-3.c -O1 line 23 x == 98
FAIL: gcc.dg/guality/pr54519-3.c -O1 line 23 y == 117
FAIL: gcc.dg/guality/pr54519-3.c -O1 line 23 z == 8
FAIL: gcc.dg/guality/pr54519-3.c -O2 line 20 z == 6
FAIL: gcc.dg/guality/pr54519-3.c -O2 line 23 z == 8
FAIL: gcc.dg/guality/pr54519-3.c -O3 -fomit-frame-pointer line 20 z == 6
FAIL: gcc.dg/guality/pr54519-3.c -O3 -fomit-frame-pointer line 23 z == 8
FAIL: gcc.dg/guality/pr54519-3.c -O3 -g line 20 z == 6
FAIL: gcc.dg/guality/pr54519-3.c -O3 -g line 23 z == 8
FAIL: gcc.dg/guality/pr54519-3.c -Os line 20 z == 6
FAIL: gcc.dg/guality/pr54519-3.c -Os line 23 z == 8
FAIL: gcc.dg/guality/pr54519-3.c -O2 -flto -fno-use-linker-plugin -flto-partition=none line 20 y == 25
FAIL: gcc.dg/guality/pr54519-3.c -O2 -flto -fno-use-linker-plugin -flto-partition=none line 20 z == 6
FAIL: gcc.dg/guality/pr54519-3.c -O2 -flto -fno-use-linker-plugin -flto-partition=none line 23 y == 117
FAIL: gcc.dg/guality/pr54519-3.c -O2 -flto -fno-use-linker-plugin -flto-partition=none line 23 z == 8
FAIL: gcc.dg/guality/pr54519-3.c -O2 -flto -fuse-linker-plugin -fno-fat-lto-objects line 20 y == 25
FAIL: gcc.dg/guality/pr54519-3.c -O2 -flto -fuse-linker-plugin -fno-fat-lto-objects line 20 z == 6
FAIL: gcc.dg/guality/pr54519-3.c -O2 -flto -fuse-linker-plugin -fno-fat-lto-objects line 23 y == 117
FAIL: gcc.dg/guality/pr54519-3.c -O2 -flto -fuse-linker-plugin -fno-fat-lto-objects line 23 z == 8
FAIL: gcc.dg/guality/pr54519-4.c -O1 line 17 x == 6
FAIL: gcc.dg/guality/pr54519-4.c -O1 line 17 y == 25
FAIL: gcc.dg/guality/pr54519-4.c -O2 line 17 y == 25
FAIL: gcc.dg/guality/pr54519-4.c -O3 -fomit-frame-pointer line 17 y == 25
FAIL: gcc.dg/guality/pr54519-4.c -O3 -g line 17 y == 25
FAIL: gcc.dg/guality/pr54519-4.c -Os line 17 y == 25
FAIL: gcc.dg/guality/pr54519-4.c -O2 -flto -fno-use-linker-plugin -flto-partition=none line 17 y == 25
FAIL: gcc.dg/guality/pr54519-4.c -O2 -flto -fuse-linker-plugin -fno-fat-lto-objects line 17 y == 25
FAIL: gcc.dg/guality/pr54519-5.c -O1 line 17 x == 6
FAIL: gcc.dg/guality/pr54519-5.c -O1 line 17 y == 25
FAIL: gcc.dg/guality/pr54519-5.c -O2 line 17 y == 25
FAIL: gcc.dg/guality/pr54519-5.c -O3 -fomit-frame-pointer line 17 y == 25
FAIL: gcc.dg/guality/pr54519-5.c -O3 -g line 17 y == 25
FAIL: gcc.dg/guality/pr54519-5.c -Os line 17 y == 25
FAIL: gcc.dg/guality/pr54519-5.c -O2 -flto -fno-use-linker-plugin -flto-partition=none line 17 y == 25
FAIL: gcc.dg/guality/pr54519-5.c -O2 -flto -fuse-linker-plugin -fno-fat-lto-objects line 17 y == 25
FAIL: gcc.dg/guality/pr54551.c -O1 line 18 a == 4
FAIL: gcc.dg/guality/pr54551.c -O2 line 18 a == 4
FAIL: gcc.dg/guality/pr54551.c -O3 -fomit-frame-pointer line 18 a == 4
FAIL: gcc.dg/guality/pr54551.c -O3 -g line 18 a == 4
FAIL: gcc.dg/guality/pr54551.c -Os line 18 a == 4
FAIL: gcc.dg/guality/pr54551.c -O2 -flto -fno-use-linker-plugin -flto-partition=none line 18 a == 4
FAIL: gcc.dg/guality/pr54693-2.c -O1 line 21 x == 10 - i
FAIL: gcc.dg/guality/pr54693-2.c -O1 line 21 y == 20 - 2 * i
FAIL: gcc.dg/guality/pr54693-2.c -O2 line 21 x == 10 - i
FAIL: gcc.dg/guality/pr54693-2.c -O2 line 21 y == 20 - 2 * i
FAIL: gcc.dg/guality/pr54693-2.c -O3 -fomit-frame-pointer line 21 x == 10 - i
FAIL: gcc.dg/guality/pr54693-2.c -O3 -fomit-frame-pointer line 21 y == 20 - 2 * i
FAIL: gcc.dg/guality/pr54693-2.c -O3 -fomit-frame-pointer -funroll-loops line 21 x == 10 - i
FAIL: gcc.dg/guality/pr54693-2.c -O3 -fomit-frame-pointer -funroll-loops line 21 y == 20 - 2 * i
FAIL: gcc.dg/guality/pr54693-2.c -O3 -fomit-frame-pointer -funroll-all-loops -finline-functions line 21 x == 10 - i
FAIL: gcc.dg/guality/pr54693-2.c -O3 -fomit-frame-pointer -funroll-all-loops -finline-functions line 21 y == 20 - 2 * i
FAIL: gcc.dg/guality/pr54693-2.c -O3 -g line 21 x == 10 - i
FAIL: gcc.dg/guality/pr54693-2.c -O3 -g line 21 y == 20 - 2 * i
FAIL: gcc.dg/guality/pr54693-2.c -Os line 21 y == 20 - 2 * i
FAIL: gcc.dg/guality/pr54693-2.c -Os line 21 z == 30 - 3 * i
FAIL: gcc.dg/guality/pr54693-2.c -O2 -flto -fno-use-linker-plugin -flto-partition=none line 21 x == 10 - i
FAIL: gcc.dg/guality/pr54693-2.c -O2 -flto -fno-use-linker-plugin -flto-partition=none line 21 y == 20 - 2 * i
FAIL: gcc.dg/guality/pr54693-2.c -O2 -flto -fuse-linker-plugin -fno-fat-lto-objects line 21 x == 10 - i
FAIL: gcc.dg/guality/pr54693-2.c -O2 -flto -fuse-linker-plugin -fno-fat-lto-objects line 21 y == 20 - 2 * i
FAIL: gcc.dg/guality/pr54970.c -O1 line 15 a[0] == 1
FAIL: gcc.dg/guality/pr54970.c -O1 line 15 a[1] == 2
FAIL: gcc.dg/guality/pr54970.c -O1 line 15 a[2] == 3
FAIL: gcc.dg/guality/pr54970.c -O1 line 15 *p == 3
FAIL: gcc.dg/guality/pr54970.c -O1 line 15 *q == 2
FAIL: gcc.dg/guality/pr54970.c -O1 line 20 a[0] == 1
FAIL: gcc.dg/guality/pr54970.c -O1 line 20 a[1] == 2
FAIL: gcc.dg/guality/pr54970.c -O1 line 20 a[2] == 13
FAIL: gcc.dg/guality/pr54970.c -O1 line 20 *p == 13
FAIL: gcc.dg/guality/pr54970.c -O1 line 20 *q == 2
FAIL: gcc.dg/guality/pr54970.c -O1 line 25 a[0] == 1
FAIL: gcc.dg/guality/pr54970.c -O1 line 25 a[1] == 12
FAIL: gcc.dg/guality/pr54970.c -O1 line 25 a[2] == 13
FAIL: gcc.dg/guality/pr54970.c -O1 line 25 *p == 13
FAIL: gcc.dg/guality/pr54970.c -O1 line 25 *q == 12
FAIL: gcc.dg/guality/pr54970.c -O1 line 31 *p == 6
FAIL: gcc.dg/guality/pr54970.c -O1 line 31 *q == 5
FAIL: gcc.dg/guality/pr54970.c -O1 line 36 *p == 26
FAIL: gcc.dg/guality/pr54970.c -O1 line 36 *q == 5
FAIL: gcc.dg/guality/pr54970.c -O1 line 45 *p == 26
FAIL: gcc.dg/guality/pr54970.c -O1 line 45 p[-1] == 25
FAIL: gcc.dg/guality/pr54970.c -O1 line 45 p[-2] == 4
FAIL: gcc.dg/guality/pr54970.c -O1 line 45 q[-1] == 4
FAIL: gcc.dg/guality/pr54970.c -O1 line 45 q[1] == 26
FAIL: gcc.dg/guality/pr54970.c -O1 line 45 *q == 25
FAIL: gcc.dg/guality/pr54970.c -O2 line 15 a[0] == 1
FAIL: gcc.dg/guality/pr54970.c -O2 line 15 a[1] == 2
FAIL: gcc.dg/guality/pr54970.c -O2 line 15 a[2] == 3
FAIL: gcc.dg/guality/pr54970.c -O2 line 15 *p == 3
FAIL: gcc.dg/guality/pr54970.c -O2 line 15 *q == 2
FAIL: gcc.dg/guality/pr54970.c -O2 line 20 a[0] == 1
FAIL: gcc.dg/guality/pr54970.c -O2 line 20 a[1] == 2
FAIL: gcc.dg/guality/pr54970.c -O2 line 20 a[2] == 13
FAIL: gcc.dg/guality/pr54970.c -O2 line 20 *p == 13
FAIL: gcc.dg/guality/pr54970.c -O2 line 20 *q == 2
FAIL: gcc.dg/guality/pr54970.c -O2 line 25 a[0] == 1
FAIL: gcc.dg/guality/pr54970.c -O2 line 25 a[1] == 12
FAIL: gcc.dg/guality/pr54970.c -O2 line 25 a[2] == 13
FAIL: gcc.dg/guality/pr54970.c -O2 line 25 *p == 13
FAIL: gcc.dg/guality/pr54970.c -O2 line 25 *q == 12
FAIL: gcc.dg/guality/pr54970.c -O2 line 31 *p == 6
FAIL: gcc.dg/guality/pr54970.c -O2 line 31 *q == 5
FAIL: gcc.dg/guality/pr54970.c -O2 line 36 *p == 26
FAIL: gcc.dg/guality/pr54970.c -O2 line 36 *q == 5
FAIL: gcc.dg/guality/pr54970.c -O2 line 45 *p == 26
FAIL: gcc.dg/guality/pr54970.c -O2 line 45 p[-1] == 25
FAIL: gcc.dg/guality/pr54970.c -O2 line 45 p[-2] == 4
FAIL: gcc.dg/guality/pr54970.c -O2 line 45 q[-1] == 4
FAIL: gcc.dg/guality/pr54970.c -O2 line 45 q[1] == 26
FAIL: gcc.dg/guality/pr54970.c -O2 line 45 *q == 25
FAIL: gcc.dg/guality/pr54970.c -O3 -fomit-frame-pointer line 15 a[0] == 1
FAIL: gcc.dg/guality/pr54970.c -O3 -fomit-frame-pointer line 15 a[1] == 2
FAIL: gcc.dg/guality/pr54970.c -O3 -fomit-frame-pointer line 15 a[2] == 3
FAIL: gcc.dg/guality/pr54970.c -O3 -fomit-frame-pointer line 15 *p == 3
FAIL: gcc.dg/guality/pr54970.c -O3 -fomit-frame-pointer line 15 *q == 2
FAIL: gcc.dg/guality/pr54970.c -O3 -fomit-frame-pointer line 20 a[0] == 1
FAIL: gcc.dg/guality/pr54970.c -O3 -fomit-frame-pointer line 20 a[1] == 2
FAIL: gcc.dg/guality/pr54970.c -O3 -fomit-frame-pointer line 20 a[2] == 13
FAIL: gcc.dg/guality/pr54970.c -O3 -fomit-frame-pointer line 20 *p == 13
FAIL: gcc.dg/guality/pr54970.c -O3 -fomit-frame-pointer line 20 *q == 2
FAIL: gcc.dg/guality/pr54970.c -O3 -fomit-frame-pointer line 25 a[0] == 1
FAIL: gcc.dg/guality/pr54970.c -O3 -fomit-frame-pointer line 25 a[1] == 12
FAIL: gcc.dg/guality/pr54970.c -O3 -fomit-frame-pointer line 25 a[2] == 13
FAIL: gcc.dg/guality/pr54970.c -O3 -fomit-frame-pointer line 25 *p == 13
FAIL: gcc.dg/guality/pr54970.c -O3 -fomit-frame-pointer line 25 *q == 12
FAIL: gcc.dg/guality/pr54970.c -O3 -fomit-frame-pointer line 31 *p == 6
FAIL: gcc.dg/guality/pr54970.c -O3 -fomit-frame-pointer line 31 *q == 5
FAIL: gcc.dg/guality/pr54970.c -O3 -fomit-frame-pointer line 36 *p == 26
FAIL: gcc.dg/guality/pr54970.c -O3 -fomit-frame-pointer line 36 *q == 5
FAIL: gcc.dg/guality/pr54970.c -O3 -fomit-frame-pointer line 45 *p == 26
FAIL: gcc.dg/guality/pr54970.c -O3 -fomit-frame-pointer line 45 p[-1] == 25
FAIL: gcc.dg/guality/pr54970.c -O3 -fomit-frame-pointer line 45 p[-2] == 4
FAIL: gcc.dg/guality/pr54970.c -O3 -fomit-frame-pointer line 45 q[-1] == 4
FAIL: gcc.dg/guality/pr54970.c -O3 -fomit-frame-pointer line 45 q[1] == 26
FAIL: gcc.dg/guality/pr54970.c -O3 -fomit-frame-pointer line 45 *q == 25
FAIL: gcc.dg/guality/pr54970.c -O3 -g line 15 a[0] == 1
FAIL: gcc.dg/guality/pr54970.c -O3 -g line 15 a[1] == 2
FAIL: gcc.dg/guality/pr54970.c -O3 -g line 15 a[2] == 3
FAIL: gcc.dg/guality/pr54970.c -O3 -g line 15 *p == 3
FAIL: gcc.dg/guality/pr54970.c -O3 -g line 15 *q == 2
FAIL: gcc.dg/guality/pr54970.c -O3 -g line 20 a[0] == 1
FAIL: gcc.dg/guality/pr54970.c -O3 -g line 20 a[1] == 2
FAIL: gcc.dg/guality/pr54970.c -O3 -g line 20 a[2] == 13
FAIL: gcc.dg/guality/pr54970.c -O3 -g line 20 *p == 13
FAIL: gcc.dg/guality/pr54970.c -O3 -g line 20 *q == 2
FAIL: gcc.dg/guality/pr54970.c -O3 -g line 25 a[0] == 1
FAIL: gcc.dg/guality/pr54970.c -O3 -g line 25 a[1] == 12
FAIL: gcc.dg/guality/pr54970.c -O3 -g line 25 a[2] == 13
FAIL: gcc.dg/guality/pr54970.c -O3 -g line 25 *p == 13
FAIL: gcc.dg/guality/pr54970.c -O3 -g line 25 *q == 12
FAIL: gcc.dg/guality/pr54970.c -O3 -g line 31 *p == 6
FAIL: gcc.dg/guality/pr54970.c -O3 -g line 31 *q == 5
FAIL: gcc.dg/guality/pr54970.c -O3 -g line 36 *p == 26
FAIL: gcc.dg/guality/pr54970.c -O3 -g line 36 *q == 5
FAIL: gcc.dg/guality/pr54970.c -O3 -g line 45 *p == 26
FAIL: gcc.dg/guality/pr54970.c -O3 -g line 45 p[-1] == 25
FAIL: gcc.dg/guality/pr54970.c -O3 -g line 45 p[-2] == 4
FAIL: gcc.dg/guality/pr54970.c -O3 -g line 45 q[-1] == 4
FAIL: gcc.dg/guality/pr54970.c -O3 -g line 45 q[1] == 26
FAIL: gcc.dg/guality/pr54970.c -O3 -g line 45 *q == 25
FAIL: gcc.dg/guality/pr54970.c -Os line 15 a[0] == 1
FAIL: gcc.dg/guality/pr54970.c -Os line 15 a[1] == 2
FAIL: gcc.dg/guality/pr54970.c -Os line 15 a[2] == 3
FAIL: gcc.dg/guality/pr54970.c -Os line 15 *p == 3
FAIL: gcc.dg/guality/pr54970.c -Os line 15 *q == 2
FAIL: gcc.dg/guality/pr54970.c -Os line 20 a[0] == 1
FAIL: gcc.dg/guality/pr54970.c -Os line 20 a[1] == 2
FAIL: gcc.dg/guality/pr54970.c -Os line 20 a[2] == 13
FAIL: gcc.dg/guality/pr54970.c -Os line 20 *p == 13
FAIL: gcc.dg/guality/pr54970.c -Os line 20 *q == 2
FAIL: gcc.dg/guality/pr54970.c -Os line 25 a[0] == 1
FAIL: gcc.dg/guality/pr54970.c -Os line 25 a[1] == 12
FAIL: gcc.dg/guality/pr54970.c -Os line 25 a[2] == 13
FAIL: gcc.dg/guality/pr54970.c -Os line 25 *p == 13
FAIL: gcc.dg/guality/pr54970.c -Os line 25 *q == 12
FAIL: gcc.dg/guality/pr54970.c -Os line 31 *p == 6
FAIL: gcc.dg/guality/pr54970.c -Os line 31 *q == 5
FAIL: gcc.dg/guality/pr54970.c -Os line 36 *p == 26
FAIL: gcc.dg/guality/pr54970.c -Os line 36 *q == 5
FAIL: gcc.dg/guality/pr54970.c -Os line 45 *p == 26
FAIL: gcc.dg/guality/pr54970.c -Os line 45 p[-1] == 25
FAIL: gcc.dg/guality/pr54970.c -Os line 45 p[-2] == 4
FAIL: gcc.dg/guality/pr54970.c -Os line 45 q[-1] == 4
FAIL: gcc.dg/guality/pr54970.c -Os line 45 q[1] == 26
FAIL: gcc.dg/guality/pr54970.c -Os line 45 *q == 25
FAIL: gcc.dg/guality/pr54970.c -O2 -flto -fno-use-linker-plugin -flto-partition=none line 15 a[0] == 1
FAIL: gcc.dg/guality/pr54970.c -O2 -flto -fno-use-linker-plugin -flto-partition=none line 15 a[1] == 2
FAIL: gcc.dg/guality/pr54970.c -O2 -flto -fno-use-linker-plugin -flto-partition=none line 15 a[2] == 3
FAIL: gcc.dg/guality/pr54970.c -O2 -flto -fno-use-linker-plugin -flto-partition=none line 15 *p == 3
FAIL: gcc.dg/guality/pr54970.c -O2 -flto -fno-use-linker-plugin -flto-partition=none line 15 *q == 2
FAIL: gcc.dg/guality/pr54970.c -O2 -flto -fno-use-linker-plugin -flto-partition=none line 20 a[0] == 1
FAIL: gcc.dg/guality/pr54970.c -O2 -flto -fno-use-linker-plugin -flto-partition=none line 20 a[1] == 2
FAIL: gcc.dg/guality/pr54970.c -O2 -flto -fno-use-linker-plugin -flto-partition=none line 20 a[2] == 13
FAIL: gcc.dg/guality/pr54970.c -O2 -flto -fno-use-linker-plugin -flto-partition=none line 20 *p == 13
FAIL: gcc.dg/guality/pr54970.c -O2 -flto -fno-use-linker-plugin -flto-partition=none line 20 *q == 2
FAIL: gcc.dg/guality/pr54970.c -O2 -flto -fno-use-linker-plugin -flto-partition=none line 25 a[0] == 1
FAIL: gcc.dg/guality/pr54970.c -O2 -flto -fno-use-linker-plugin -flto-partition=none line 25 a[1] == 12
FAIL: gcc.dg/guality/pr54970.c -O2 -flto -fno-use-linker-plugin -flto-partition=none line 25 a[2] == 13
FAIL: gcc.dg/guality/pr54970.c -O2 -flto -fno-use-linker-plugin -flto-partition=none line 25 *p == 13
FAIL: gcc.dg/guality/pr54970.c -O2 -flto -fno-use-linker-plugin -flto-partition=none line 25 *q == 12
FAIL: gcc.dg/guality/pr54970.c -O2 -flto -fno-use-linker-plugin -flto-partition=none line 31 *p == 6
FAIL: gcc.dg/guality/pr54970.c -O2 -flto -fno-use-linker-plugin -flto-partition=none line 31 *q == 5
FAIL: gcc.dg/guality/pr54970.c -O2 -flto -fno-use-linker-plugin -flto-partition=none line 36 *p == 26
FAIL: gcc.dg/guality/pr54970.c -O2 -flto -fno-use-linker-plugin -flto-partition=none line 36 *q == 5
FAIL: gcc.dg/guality/pr54970.c -O2 -flto -fno-use-linker-plugin -flto-partition=none line 45 *p == 26
FAIL: gcc.dg/guality/pr54970.c -O2 -flto -fno-use-linker-plugin -flto-partition=none line 45 p[-1] == 25
FAIL: gcc.dg/guality/pr54970.c -O2 -flto -fno-use-linker-plugin -flto-partition=none line 45 p[-2] == 4
FAIL: gcc.dg/guality/pr54970.c -O2 -flto -fno-use-linker-plugin -flto-partition=none line 45 q[-1] == 4
FAIL: gcc.dg/guality/pr54970.c -O2 -flto -fno-use-linker-plugin -flto-partition=none line 45 q[1] == 26
FAIL: gcc.dg/guality/pr54970.c -O2 -flto -fno-use-linker-plugin -flto-partition=none line 45 *q == 25
FAIL: gcc.dg/guality/pr54970.c -O2 -flto -fuse-linker-plugin -fno-fat-lto-objects line 15 a[0] == 1
FAIL: gcc.dg/guality/pr54970.c -O2 -flto -fuse-linker-plugin -fno-fat-lto-objects line 15 a[1] == 2
FAIL: gcc.dg/guality/pr54970.c -O2 -flto -fuse-linker-plugin -fno-fat-lto-objects line 15 a[2] == 3
FAIL: gcc.dg/guality/pr54970.c -O2 -flto -fuse-linker-plugin -fno-fat-lto-objects line 15 *p == 3
FAIL: gcc.dg/guality/pr54970.c -O2 -flto -fuse-linker-plugin -fno-fat-lto-objects line 15 *q == 2
FAIL: gcc.dg/guality/pr54970.c -O2 -flto -fuse-linker-plugin -fno-fat-lto-objects line 20 a[0] == 1
FAIL: gcc.dg/guality/pr54970.c -O2 -flto -fuse-linker-plugin -fno-fat-lto-objects line 20 a[1] == 2
FAIL: gcc.dg/guality/pr54970.c -O2 -flto -fuse-linker-plugin -fno-fat-lto-objects line 20 a[2] == 13
FAIL: gcc.dg/guality/pr54970.c -O2 -flto -fuse-linker-plugin -fno-fat-lto-objects line 20 *p == 13
FAIL: gcc.dg/guality/pr54970.c -O2 -flto -fuse-linker-plugin -fno-fat-lto-objects line 20 *q == 2
FAIL: gcc.dg/guality/pr54970.c -O2 -flto -fuse-linker-plugin -fno-fat-lto-objects line 25 a[0] == 1
FAIL: gcc.dg/guality/pr54970.c -O2 -flto -fuse-linker-plugin -fno-fat-lto-objects line 25 a[1] == 12
FAIL: gcc.dg/guality/pr54970.c -O2 -flto -fuse-linker-plugin -fno-fat-lto-objects line 25 a[2] == 13
FAIL: gcc.dg/guality/pr54970.c -O2 -flto -fuse-linker-plugin -fno-fat-lto-objects line 25 *p == 13
FAIL: gcc.dg/guality/pr54970.c -O2 -flto -fuse-linker-plugin -fno-fat-lto-objects line 25 *q == 12
FAIL: gcc.dg/guality/pr54970.c -O2 -flto -fuse-linker-plugin -fno-fat-lto-objects line 31 *p == 6
FAIL: gcc.dg/guality/pr54970.c -O2 -flto -fuse-linker-plugin -fno-fat-lto-objects line 31 *q == 5
FAIL: gcc.dg/guality/pr54970.c -O2 -flto -fuse-linker-plugin -fno-fat-lto-objects line 36 *p == 26
FAIL: gcc.dg/guality/pr54970.c -O2 -flto -fuse-linker-plugin -fno-fat-lto-objects line 36 *q == 5
FAIL: gcc.dg/guality/pr54970.c -O2 -flto -fuse-linker-plugin -fno-fat-lto-objects line 45 *p == 26
FAIL: gcc.dg/guality/pr54970.c -O2 -flto -fuse-linker-plugin -fno-fat-lto-objects line 45 p[-1] == 25
FAIL: gcc.dg/guality/pr54970.c -O2 -flto -fuse-linker-plugin -fno-fat-lto-objects line 45 p[-2] == 4
FAIL: gcc.dg/guality/pr54970.c -O2 -flto -fuse-linker-plugin -fno-fat-lto-objects line 45 q[-1] == 4
FAIL: gcc.dg/guality/pr54970.c -O2 -flto -fuse-linker-plugin -fno-fat-lto-objects line 45 q[1] == 26
FAIL: gcc.dg/guality/pr54970.c -O2 -flto -fuse-linker-plugin -fno-fat-lto-objects line 45 *q == 25
FAIL: gcc.dg/guality/pr56154-1.c -O1 line pr56154-1.c:20 x.a == 6
FAIL: gcc.dg/guality/pr56154-1.c -Os line pr56154-1.c:20 x.a == 6
FAIL: gcc.dg/guality/pr56154-1.c -O2 -flto -fuse-linker-plugin -fno-fat-lto-objects line pr56154-1.c:20 x.a == 6
FAIL: gcc.dg/guality/sra-1.c -O1 line 43 a.j == 14
FAIL: gcc.dg/guality/sra-1.c -O2 line 43 a.j == 14
FAIL: gcc.dg/guality/sra-1.c -O3 -fomit-frame-pointer line 43 a.j == 14
FAIL: gcc.dg/guality/sra-1.c -O3 -g line 43 a.j == 14
FAIL: gcc.dg/guality/sra-1.c -Os line 43 a.j == 14
FAIL: gcc.dg/guality/sra-1.c -O2 -flto -fno-use-linker-plugin -flto-partition=none line 43 a.j == 14
FAIL: gcc.dg/guality/sra-1.c -O2 -flto -fuse-linker-plugin -fno-fat-lto-objects line 43 a.j == 14
FAIL: gcc.dg/guality/vla-1.c -O0 line 17 sizeof (a) == 6
FAIL: gcc.dg/guality/vla-1.c -O0 line 24 sizeof (a) == 17 * sizeof (short)
FAIL: gcc.dg/guality/vla-1.c -O1 line 17 sizeof (a) == 6
FAIL: gcc.dg/guality/vla-1.c -O1 line 24 sizeof (a) == 17 * sizeof (short)
FAIL: gcc.dg/guality/vla-1.c -O2 line 17 sizeof (a) == 6
FAIL: gcc.dg/guality/vla-1.c -O2 line 24 sizeof (a) == 17 * sizeof (short)
FAIL: gcc.dg/guality/vla-1.c -O3 -fomit-frame-pointer line 17 sizeof (a) == 6
FAIL: gcc.dg/guality/vla-1.c -O3 -fomit-frame-pointer line 24 sizeof (a) == 17 * sizeof (short)
FAIL: gcc.dg/guality/vla-1.c -O3 -g line 17 sizeof (a) == 6
FAIL: gcc.dg/guality/vla-1.c -O3 -g line 24 sizeof (a) == 17 * sizeof (short)
FAIL: gcc.dg/guality/vla-1.c -Os line 17 sizeof (a) == 6
FAIL: gcc.dg/guality/vla-1.c -Os line 24 sizeof (a) == 17 * sizeof (short)
FAIL: gcc.dg/guality/vla-1.c -O2 -flto -fno-use-linker-plugin -flto-partition=none line 17 sizeof (a) == 6
FAIL: gcc.dg/guality/vla-1.c -O2 -flto -fno-use-linker-plugin -flto-partition=none line 24 sizeof (a) == 17 * sizeof (short)
FAIL: gcc.dg/guality/vla-1.c -O2 -flto -fuse-linker-plugin -fno-fat-lto-objects line 17 sizeof (a) == 6
FAIL: gcc.dg/guality/vla-1.c -O2 -flto -fuse-linker-plugin -fno-fat-lto-objects line 24 sizeof (a) == 17 * sizeof (short)
FAIL: gcc.dg/guality/vla-2.c -O0 line 16 sizeof (a) == 5 * sizeof (int)
FAIL: gcc.dg/guality/vla-2.c -O0 line 25 sizeof (a) == 6 * sizeof (int)
FAIL: gcc.dg/guality/vla-2.c -O1 line 16 sizeof (a) == 5 * sizeof (int)
FAIL: gcc.dg/guality/vla-2.c -O1 line 25 sizeof (a) == 6 * sizeof (int)
FAIL: gcc.dg/guality/vla-2.c -O2 line 16 sizeof (a) == 5 * sizeof (int)
FAIL: gcc.dg/guality/vla-2.c -O2 line 25 sizeof (a) == 6 * sizeof (int)
FAIL: gcc.dg/guality/vla-2.c -O3 -fomit-frame-pointer line 16 sizeof (a) == 5 * sizeof (int)
FAIL: gcc.dg/guality/vla-2.c -O3 -fomit-frame-pointer line 25 sizeof (a) == 6 * sizeof (int)
FAIL: gcc.dg/guality/vla-2.c -O3 -g line 16 sizeof (a) == 5 * sizeof (int)
FAIL: gcc.dg/guality/vla-2.c -O3 -g line 25 sizeof (a) == 6 * sizeof (int)
FAIL: gcc.dg/guality/vla-2.c -Os line 16 sizeof (a) == 5 * sizeof (int)
FAIL: gcc.dg/guality/vla-2.c -Os line 25 sizeof (a) == 6 * sizeof (int)
FAIL: gcc.dg/guality/vla-2.c -O2 -flto -fno-use-linker-plugin -flto-partition=none line 16 sizeof (a) == 5 * sizeof (int)
FAIL: gcc.dg/guality/vla-2.c -O2 -flto -fno-use-linker-plugin -flto-partition=none line 25 sizeof (a) == 6 * sizeof (int)
FAIL: gcc.dg/guality/vla-2.c -O2 -flto -fuse-linker-plugin -fno-fat-lto-objects line 16 sizeof (a) == 5 * sizeof (int)
FAIL: gcc.dg/guality/vla-2.c -O2 -flto -fuse-linker-plugin -fno-fat-lto-objects line 25 sizeof (a) == 6 * sizeof (int)
FAIL: gcc.dg/tree-ssa/loop-19.c scan-tree-dump-times optimized "MEM.(base: &|symbol: )a," 2
FAIL: gcc.dg/tree-ssa/loop-19.c scan-tree-dump-times optimized "MEM.(base: &|symbol: )c," 2
FAIL: gcc.dg/tree-ssa/ssa-dom-thread-4.c scan-tree-dump-times dom1 "Threaded" 3
FAIL: gcc.dg/tree-ssa/vrp47.c scan-tree-dump-times vrp1 "[xy][^ ]* !=" 0
FAIL: c-c++-common/ubsan/overflow-int128.c -O0 (internal compiler error)
FAIL: c-c++-common/ubsan/overflow-int128.c -O0 (test for excess errors)
WARNING: c-c++-common/ubsan/overflow-int128.c -O0 compilation failed to produce executable
FAIL: c-c++-common/ubsan/overflow-int128.c -O1 (internal compiler error)
FAIL: c-c++-common/ubsan/overflow-int128.c -O1 (test for excess errors)
WARNING: c-c++-common/ubsan/overflow-int128.c -O1 compilation failed to produce executable
FAIL: c-c++-common/ubsan/overflow-int128.c -O2 (internal compiler error)
FAIL: c-c++-common/ubsan/overflow-int128.c -O2 (test for excess errors)
WARNING: c-c++-common/ubsan/overflow-int128.c -O2 compilation failed to produce executable
FAIL: c-c++-common/ubsan/overflow-int128.c -O3 -fomit-frame-pointer (internal compiler error)
FAIL: c-c++-common/ubsan/overflow-int128.c -O3 -fomit-frame-pointer (test for excess errors)
WARNING: c-c++-common/ubsan/overflow-int128.c -O3 -fomit-frame-pointer compilation failed to produce executable
FAIL: c-c++-common/ubsan/overflow-int128.c -O3 -g (internal compiler error)
FAIL: c-c++-common/ubsan/overflow-int128.c -O3 -g (test for excess errors)
WARNING: c-c++-common/ubsan/overflow-int128.c -O3 -g compilation failed to produce executable
FAIL: c-c++-common/ubsan/overflow-int128.c -Os (internal compiler error)
FAIL: c-c++-common/ubsan/overflow-int128.c -Os (test for excess errors)
WARNING: c-c++-common/ubsan/overflow-int128.c -Os compilation failed to produce executable
FAIL: c-c++-common/ubsan/overflow-negate-2.c -O0 execution test
FAIL: c-c++-common/ubsan/overflow-negate-2.c -O1 execution test
FAIL: c-c++-common/ubsan/overflow-negate-2.c -O2 execution test
FAIL: c-c++-common/ubsan/overflow-negate-2.c -O3 -fomit-frame-pointer execution test
FAIL: c-c++-common/ubsan/overflow-negate-2.c -O3 -g execution test
FAIL: c-c++-common/ubsan/overflow-negate-2.c -Os execution test
FAIL: gcc.dg/vect/costmodel/ppc/costmodel-bb-slp-9a.c scan-tree-dump-times slp "basic block vectorized using SLP" 1
FAIL: gcc.dg/vect/no-vfa-vect-depend-2.c scan-tree-dump-times vect "vectorized 1 loops" 1
FAIL: gcc.dg/vect/no-vfa-vect-depend-3.c scan-tree-dump-times vect "vectorized 1 loops" 4
FAIL: gcc.dg/vmx/extract-vsx-be-order.c -O0 execution test
FAIL: gcc.dg/vmx/extract-vsx.c -O0 execution test
FAIL: gcc.dg/vmx/insert-vsx-be-order.c -O0 execution test
FAIL: gcc.dg/vmx/insert-vsx-be-order.c -O1 execution test
FAIL: gcc.dg/vmx/insert-vsx-be-order.c -O2 execution test
FAIL: gcc.dg/vmx/insert-vsx-be-order.c -O3 -fomit-frame-pointer execution test
FAIL: gcc.dg/vmx/insert-vsx-be-order.c -O3 -g execution test
FAIL: gcc.dg/vmx/insert-vsx-be-order.c -Os execution test
FAIL: gcc.dg/vmx/insert-vsx-be-order.c -O2 -flto -fno-use-linker-plugin -flto-partition=none execution test
FAIL: gcc.dg/vmx/insert-vsx-be-order.c -O2 -flto -fuse-linker-plugin -fno-fat-lto-objects execution test
FAIL: gcc.dg/vmx/insert-vsx.c -O0 execution test
FAIL: gcc.dg/vmx/insert-vsx.c -O1 execution test
FAIL: gcc.dg/vmx/insert-vsx.c -O2 execution test
FAIL: gcc.dg/vmx/insert-vsx.c -O3 -fomit-frame-pointer execution test
FAIL: gcc.dg/vmx/insert-vsx.c -O3 -g execution test
FAIL: gcc.dg/vmx/insert-vsx.c -Os execution test
FAIL: gcc.dg/vmx/insert-vsx.c -O2 -flto -fno-use-linker-plugin -flto-partition=none execution test
FAIL: gcc.dg/vmx/insert-vsx.c -O2 -flto -fuse-linker-plugin -fno-fat-lto-objects execution test
FAIL: gcc.dg/vmx/merge-vsx-be-order.c -O0 execution test
FAIL: gcc.dg/vmx/merge-vsx-be-order.c -O1 execution test
FAIL: gcc.dg/vmx/merge-vsx-be-order.c -O2 execution test
FAIL: gcc.dg/vmx/merge-vsx-be-order.c -O3 -fomit-frame-pointer execution test
FAIL: gcc.dg/vmx/merge-vsx-be-order.c -O3 -g execution test
FAIL: gcc.dg/vmx/merge-vsx-be-order.c -Os execution test
FAIL: gcc.dg/vmx/merge-vsx-be-order.c -O2 -flto -fno-use-linker-plugin -flto-partition=none execution test
FAIL: gcc.dg/vmx/merge-vsx-be-order.c -O2 -flto -fuse-linker-plugin -fno-fat-lto-objects execution test
FAIL: gcc.dg/vmx/merge-vsx.c -O0 execution test
FAIL: gcc.dg/vmx/merge-vsx.c -O1 execution test
FAIL: gcc.dg/vmx/merge-vsx.c -O2 execution test
FAIL: gcc.dg/vmx/merge-vsx.c -O3 -fomit-frame-pointer execution test
FAIL: gcc.dg/vmx/merge-vsx.c -O3 -g execution test
FAIL: gcc.dg/vmx/merge-vsx.c -Os execution test
FAIL: gcc.dg/vmx/merge-vsx.c -O2 -flto -fno-use-linker-plugin -flto-partition=none execution test
FAIL: gcc.dg/vmx/merge-vsx.c -O2 -flto -fuse-linker-plugin -fno-fat-lto-objects execution test
FAIL: gcc.dg/vmx/splat-vsx-be-order.c -O0 execution test
FAIL: gcc.dg/vmx/splat-vsx-be-order.c -O1 execution test
FAIL: gcc.dg/vmx/splat-vsx-be-order.c -O2 execution test
FAIL: gcc.dg/vmx/splat-vsx-be-order.c -O3 -fomit-frame-pointer execution test
FAIL: gcc.dg/vmx/splat-vsx-be-order.c -O3 -g execution test
FAIL: gcc.dg/vmx/splat-vsx-be-order.c -Os execution test
FAIL: gcc.dg/vmx/splat-vsx-be-order.c -O2 -flto -fno-use-linker-plugin -flto-partition=none execution test
FAIL: gcc.dg/vmx/splat-vsx-be-order.c -O2 -flto -fuse-linker-plugin -fno-fat-lto-objects execution test
FAIL: gcc.dg/vmx/splat-vsx.c -O0 execution test
FAIL: gcc.dg/vmx/splat-vsx.c -O1 execution test
FAIL: gcc.dg/vmx/splat-vsx.c -O2 execution test
FAIL: gcc.dg/vmx/splat-vsx.c -O3 -fomit-frame-pointer execution test
FAIL: gcc.dg/vmx/splat-vsx.c -O3 -g execution test
FAIL: gcc.dg/vmx/splat-vsx.c -Os execution test
FAIL: gcc.dg/vmx/splat-vsx.c -O2 -flto -fno-use-linker-plugin -flto-partition=none execution test
FAIL: gcc.dg/vmx/splat-vsx.c -O2 -flto -fuse-linker-plugin -fno-fat-lto-objects execution test
=== gcc Summary for unix/-m64 ===
# of expected passes 98653
# of unexpected failures 649
# of unexpected successes 38
# of expected failures 240
# of unsupported tests 1808
=== gcc Summary ===
# of expected passes 196362
# of unexpected failures 1088
# of unexpected successes 71
# of expected failures 472
# of unsupported tests 3649
/daten/gcc/gcc-20140201/Build/gcc/xgcc version 4.9.0 20140201 (experimental) (GCC)
=== gfortran tests ===
Running target unix/-m32
FAIL: gfortran.dg/bessel_6.f90 -O0 execution test
FAIL: gfortran.dg/bessel_6.f90 -O1 execution test
FAIL: gfortran.dg/bessel_6.f90 -O2 execution test
FAIL: gfortran.dg/bessel_6.f90 -O3 -fomit-frame-pointer execution test
FAIL: gfortran.dg/bessel_6.f90 -O3 -fomit-frame-pointer -funroll-loops execution test
FAIL: gfortran.dg/bessel_6.f90 -O3 -fomit-frame-pointer -funroll-all-loops -finline-functions execution test
FAIL: gfortran.dg/bessel_6.f90 -O3 -g execution test
FAIL: gfortran.dg/bessel_6.f90 -Os execution test
FAIL: gfortran.dg/erf_3.F90 -O0 execution test
FAIL: gfortran.dg/erf_3.F90 -O1 execution test
FAIL: gfortran.dg/erf_3.F90 -O2 execution test
FAIL: gfortran.dg/erf_3.F90 -O3 -fomit-frame-pointer execution test
FAIL: gfortran.dg/erf_3.F90 -O3 -fomit-frame-pointer -funroll-loops execution test
FAIL: gfortran.dg/erf_3.F90 -O3 -fomit-frame-pointer -funroll-all-loops -finline-functions execution test
FAIL: gfortran.dg/erf_3.F90 -O3 -g execution test
FAIL: gfortran.dg/erf_3.F90 -Os execution test
XPASS: gfortran.dg/nint_2.f90 -O0 execution test
FAIL: gfortran.dg/round_4.f90 -O0 execution test
FAIL: gfortran.dg/round_4.f90 -O1 execution test
FAIL: gfortran.dg/round_4.f90 -O2 execution test
FAIL: gfortran.dg/round_4.f90 -O3 -fomit-frame-pointer execution test
FAIL: gfortran.dg/round_4.f90 -O3 -fomit-frame-pointer -funroll-loops execution test
FAIL: gfortran.dg/round_4.f90 -O3 -fomit-frame-pointer -funroll-all-loops -finline-functions execution test
FAIL: gfortran.dg/round_4.f90 -O3 -g execution test
FAIL: gfortran.dg/round_4.f90 -Os execution test
=== gfortran Summary for unix/-m32 ===
# of expected passes 44851
# of unexpected failures 24
# of unexpected successes 1
# of expected failures 63
# of unsupported tests 236
Running target unix/-m64
FAIL: gfortran.dg/bessel_6.f90 -O0 execution test
FAIL: gfortran.dg/bessel_6.f90 -O1 execution test
FAIL: gfortran.dg/bessel_6.f90 -O2 execution test
FAIL: gfortran.dg/bessel_6.f90 -O3 -fomit-frame-pointer execution test
FAIL: gfortran.dg/bessel_6.f90 -O3 -fomit-frame-pointer -funroll-loops execution test
FAIL: gfortran.dg/bessel_6.f90 -O3 -fomit-frame-pointer -funroll-all-loops -finline-functions execution test
FAIL: gfortran.dg/bessel_6.f90 -O3 -g execution test
FAIL: gfortran.dg/bessel_6.f90 -Os execution test
FAIL: gfortran.dg/erf_3.F90 -O0 execution test
FAIL: gfortran.dg/erf_3.F90 -O1 execution test
FAIL: gfortran.dg/erf_3.F90 -O2 execution test
FAIL: gfortran.dg/erf_3.F90 -O3 -fomit-frame-pointer execution test
FAIL: gfortran.dg/erf_3.F90 -O3 -fomit-frame-pointer -funroll-loops execution test
FAIL: gfortran.dg/erf_3.F90 -O3 -fomit-frame-pointer -funroll-all-loops -finline-functions execution test
FAIL: gfortran.dg/erf_3.F90 -O3 -g execution test
FAIL: gfortran.dg/erf_3.F90 -Os execution test
XPASS: gfortran.dg/nint_2.f90 -O0 execution test
FAIL: gfortran.dg/round_4.f90 -O0 execution test
FAIL: gfortran.dg/round_4.f90 -O1 execution test
FAIL: gfortran.dg/round_4.f90 -O2 execution test
FAIL: gfortran.dg/round_4.f90 -O3 -fomit-frame-pointer execution test
FAIL: gfortran.dg/round_4.f90 -O3 -fomit-frame-pointer -funroll-loops execution test
FAIL: gfortran.dg/round_4.f90 -O3 -fomit-frame-pointer -funroll-all-loops -finline-functions execution test
FAIL: gfortran.dg/round_4.f90 -O3 -g execution test
FAIL: gfortran.dg/round_4.f90 -Os execution test
=== gfortran Summary for unix/-m64 ===
# of expected passes 45178
# of unexpected failures 24
# of unexpected successes 1
# of expected failures 63
# of unsupported tests 75
=== gfortran Summary ===
# of expected passes 90029
# of unexpected failures 48
# of unexpected successes 2
# of expected failures 126
# of unsupported tests 311
/daten/gcc/gcc-20140201/Build/gcc/testsuite/gfortran/../../gfortran version 4.9.0 20140201 (experimental) (GCC)
=== gnat tests ===
Running target unix/-m32
=== gnat Summary for unix/-m32 ===
# of expected passes 1204
# of expected failures 18
# of unsupported tests 10
Running target unix/-m64
=== gnat Summary for unix/-m64 ===
# of expected passes 1204
# of expected failures 18
# of unsupported tests 10
=== gnat Summary ===
# of expected passes 2408
# of expected failures 36
# of unsupported tests 20
/daten/gcc/gcc-20140201/Build/gcc/gnatmake version 4.9.0 20140201 (experimental)
=== go tests ===
Running target unix/-m32
FAIL: go.test/test/ken/cplx2.go execution, -O2 -g
FAIL: go.test/test/recover.go execution, -O2 -g
=== go Summary for unix/-m32 ===
# of expected passes 7366
# of unexpected failures 2
# of expected failures 1
# of untested testcases 10
# of unsupported tests 3
Running target unix/-m64
FAIL: go.test/test/ken/cplx2.go execution, -O2 -g
FAIL: go.test/test/recover.go execution, -O2 -g
=== go Summary for unix/-m64 ===
# of expected passes 7246
# of unexpected failures 2
# of expected failures 1
# of untested testcases 10
# of unsupported tests 3
=== go Summary ===
# of expected passes 14612
# of unexpected failures 4
# of expected failures 2
# of untested testcases 20
# of unsupported tests 6
/daten/gcc/gcc-20140201/Build/gcc/testsuite/go/../../gccgo version 4.9.0 20140201 (experimental) (GCC)
=== objc tests ===
Running target unix/-m32
=== objc Summary for unix/-m32 ===
# of expected passes 2994
# of unsupported tests 74
Running target unix/-m64
=== objc Summary for unix/-m64 ===
# of expected passes 2994
# of unsupported tests 74
=== objc Summary ===
# of expected passes 5988
# of unsupported tests 148
/daten/gcc/gcc-20140201/Build/gcc/xgcc version 4.9.0 20140201 (experimental) (GCC)
=== boehm-gc tests ===
Running target unix/-m32
=== boehm-gc Summary for unix/-m32 ===
# of expected passes 12
# of unsupported tests 1
Running target unix/-m64
=== boehm-gc Summary for unix/-m64 ===
# of expected passes 12
# of unsupported tests 1
=== boehm-gc Summary ===
# of expected passes 24
# of unsupported tests 2
=== libatomic tests ===
Running target unix/-m32
=== libatomic Summary for unix/-m32 ===
# of expected passes 44
# of unsupported tests 5
Running target unix/-m64
=== libatomic Summary for unix/-m64 ===
# of expected passes 54
=== libatomic Summary ===
# of expected passes 98
# of unsupported tests 5
=== libffi tests ===
Running target unix/-m32
=== libffi Summary for unix/-m32 ===
# of expected passes 1819
# of unsupported tests 55
Running target unix/-m64
=== libffi Summary for unix/-m64 ===
# of expected passes 1819
# of unsupported tests 55
=== libffi Summary ===
# of expected passes 3638
# of unsupported tests 110
=== libgo tests ===
Running target unix
FAIL: math
FAIL: net
FAIL: runtime
FAIL: crypto/tls
FAIL: crypto/x509
=== libgo Summary for unix ===
# of expected passes 117
# of unexpected failures 5
Running target unix/-m32
FAIL: math
FAIL: net
FAIL: runtime
FAIL: crypto/tls
FAIL: crypto/x509
FAIL: sync/atomic
FAIL: testing/quick
=== libgo Summary for unix/-m32 ===
# of expected passes 115
# of unexpected failures 7
=== libgo Summary ===
# of expected passes 232
# of unexpected failures 12
/daten/gcc/gcc-20140201/Build/./gcc/gccgo version 4.9.0 20140201 (experimental) (GCC)
=== libgomp tests ===
Running target unix/-m32
=== libgomp Summary for unix/-m32 ===
# of expected passes 2343
# of unsupported tests 1
Running target unix/-m64
=== libgomp Summary for unix/-m64 ===
# of expected passes 2343
# of unsupported tests 1
=== libgomp Summary ===
# of expected passes 4686
# of unsupported tests 2
=== libitm tests ===
Running target unix/-m32
=== libitm Summary for unix/-m32 ===
# of expected passes 26
# of expected failures 3
# of unsupported tests 1
Running target unix/-m64
=== libitm Summary for unix/-m64 ===
# of expected passes 26
# of expected failures 3
# of unsupported tests 1
=== libitm Summary ===
# of expected passes 52
# of expected failures 6
# of unsupported tests 2
=== libjava tests ===
Running target unix/-m32
FAIL: sourcelocation output - source compiled test
FAIL: sourcelocation -findirect-dispatch output - source compiled test
FAIL: sourcelocation -O3 output - source compiled test
FAIL: sourcelocation -O3 -findirect-dispatch output - source compiled test
=== libjava Summary for unix/-m32 ===
# of expected passes 2582
# of unexpected failures 4
Running target unix/-m64
FAIL: getlocalvartable output
FAIL: sourcelocation output - source compiled test
FAIL: sourcelocation -findirect-dispatch output - source compiled test
FAIL: sourcelocation -O3 output - source compiled test
FAIL: sourcelocation -O3 -findirect-dispatch output - source compiled test
=== libjava Summary for unix/-m64 ===
# of expected passes 2581
# of unexpected failures 5
=== libjava Summary ===
# of expected passes 5163
# of unexpected failures 9
=== libstdc++ tests ===
Running target unix/-m32
FAIL: decimal/pr54036-1.cc (test for excess errors)
WARNING: decimal/pr54036-1.cc compilation failed to produce executable
=== libstdc++ Summary for unix/-m32 ===
# of expected passes 10022
# of unexpected failures 1
# of expected failures 41
# of unsupported tests 231
Running target unix/-m64
=== libstdc++ Summary for unix/-m64 ===
# of expected passes 10024
# of expected failures 41
# of unsupported tests 231
=== libstdc++ Summary ===
# of expected passes 20046
# of unexpected failures 1
# of expected failures 82
# of unsupported tests 462
Compiler version: 4.9.0 20140201 (experimental) (GCC)
Platform: powerpc64-unknown-linux-gnu
configure flags: --prefix=/usr --build=powerpc64-linux --enable-checking=release --enable-shared --with-system-zlib CFLAGS='-O2 -g' CXXFLAGS='-O2 -g' --with-cpu-64=power4 --enable-secureplt --with-long-double-128