This is the mail archive of the
gcc-testresults@gcc.gnu.org
mailing list for the GCC project.
Results for 4.9.0 20140131 (experimental) [trunk revision 207336] (GCC) testsuite on mips64-unknown-linux-gnu
- From: Richard Sandiford <rdsandiford at googlemail dot com>
- To: gcc-testresults at gcc dot gnu dot org
- Date: Sat, 01 Feb 2014 08:46:59 +0000
- Subject: Results for 4.9.0 20140131 (experimental) [trunk revision 207336] (GCC) testsuite on mips64-unknown-linux-gnu
- Authentication-results: sourceware.org; auth=none
Target is mips64-unknown-linux-gnu
=== gcc tests ===
Running target qemu64eb/-mabi=32
FAIL: gcc.dg/atomic/c11-atomic-exec-5.c -O0 execution test
FAIL: gcc.dg/atomic/c11-atomic-exec-5.c -O1 execution test
FAIL: gcc.dg/atomic/c11-atomic-exec-5.c -O2 execution test
FAIL: gcc.dg/atomic/c11-atomic-exec-5.c -O3 -fomit-frame-pointer execution test
FAIL: gcc.dg/atomic/c11-atomic-exec-5.c -O3 -fomit-frame-pointer -funroll-loops execution test
FAIL: gcc.dg/atomic/c11-atomic-exec-5.c -O3 -fomit-frame-pointer -funroll-all-loops -finline-functions execution test
FAIL: gcc.dg/atomic/c11-atomic-exec-5.c -O3 -g execution test
FAIL: gcc.dg/atomic/c11-atomic-exec-5.c -Os execution test
FAIL: gcc.dg/atomic/c11-atomic-exec-5.c -O2 -flto -fno-use-linker-plugin -flto-partition=none execution test
FAIL: gcc.dg/atomic/c11-atomic-exec-5.c -O2 -flto -fuse-linker-plugin -fno-fat-lto-objects execution test
XPASS: gcc.dg/guality/example.c -O0 execution test
XPASS: gcc.dg/guality/example.c -O1 execution test
XPASS: gcc.dg/guality/example.c -O2 execution test
XPASS: gcc.dg/guality/example.c -O2 -flto -fno-use-linker-plugin -flto-partition=none execution test
XPASS: gcc.dg/guality/guality.c -O0 execution test
XPASS: gcc.dg/guality/guality.c -O1 execution test
XPASS: gcc.dg/guality/guality.c -O2 execution test
XPASS: gcc.dg/guality/guality.c -O3 -fomit-frame-pointer execution test
XPASS: gcc.dg/guality/guality.c -O3 -g execution test
XPASS: gcc.dg/guality/guality.c -Os execution test
XPASS: gcc.dg/guality/guality.c -O2 -flto -fno-use-linker-plugin -flto-partition=none execution test
XPASS: gcc.dg/guality/guality.c -O2 -flto -fuse-linker-plugin -fno-fat-lto-objects execution test
XPASS: gcc.dg/guality/inline-params.c -O2 execution test
XPASS: gcc.dg/guality/inline-params.c -O3 -fomit-frame-pointer execution test
XPASS: gcc.dg/guality/inline-params.c -O3 -g execution test
XPASS: gcc.dg/guality/inline-params.c -Os execution test
XPASS: gcc.dg/guality/inline-params.c -O2 -flto -fno-use-linker-plugin -flto-partition=none execution test
XPASS: gcc.dg/guality/pr41447-1.c -O0 execution test
XPASS: gcc.dg/guality/pr41447-1.c -O1 execution test
XPASS: gcc.dg/guality/pr41447-1.c -O2 execution test
XPASS: gcc.dg/guality/pr41447-1.c -O3 -fomit-frame-pointer execution test
XPASS: gcc.dg/guality/pr41447-1.c -O3 -g execution test
XPASS: gcc.dg/guality/pr41447-1.c -Os execution test
XPASS: gcc.dg/guality/pr41447-1.c -O2 -flto -fno-use-linker-plugin -flto-partition=none execution test
XPASS: gcc.dg/guality/pr41447-1.c -O2 -flto -fuse-linker-plugin -fno-fat-lto-objects execution test
XPASS: gcc.dg/guality/pr41616-1.c -O0 execution test
XPASS: gcc.dg/guality/pr41616-1.c -O1 execution test
XPASS: gcc.dg/guality/pr41616-1.c -O2 execution test
XPASS: gcc.dg/guality/pr41616-1.c -O3 -fomit-frame-pointer execution test
XPASS: gcc.dg/guality/pr41616-1.c -O3 -g execution test
XPASS: gcc.dg/guality/pr41616-1.c -Os execution test
XPASS: gcc.dg/guality/pr41616-1.c -O2 -flto -fno-use-linker-plugin -flto-partition=none execution test
FAIL: gcc.dg/tree-ssa/ssa-dom-thread-4.c scan-tree-dump-times dom1 "Threaded" 6
=== gcc Summary for qemu64eb/-mabi=32 ===
# of expected passes 98702
# of unexpected failures 11
# of unexpected successes 32
# of expected failures 146
# of unsupported tests 1617
Running target qemu64eb/-mabi=64
FAIL: gcc.dg/atomic/c11-atomic-exec-5.c -O0 execution test
FAIL: gcc.dg/atomic/c11-atomic-exec-5.c -O1 execution test
FAIL: gcc.dg/atomic/c11-atomic-exec-5.c -O2 execution test
FAIL: gcc.dg/atomic/c11-atomic-exec-5.c -O3 -fomit-frame-pointer execution test
FAIL: gcc.dg/atomic/c11-atomic-exec-5.c -O3 -fomit-frame-pointer -funroll-loops execution test
FAIL: gcc.dg/atomic/c11-atomic-exec-5.c -O3 -fomit-frame-pointer -funroll-all-loops -finline-functions execution test
FAIL: gcc.dg/atomic/c11-atomic-exec-5.c -O3 -g execution test
FAIL: gcc.dg/atomic/c11-atomic-exec-5.c -Os execution test
FAIL: gcc.dg/atomic/c11-atomic-exec-5.c -O2 -flto -fno-use-linker-plugin -flto-partition=none execution test
FAIL: gcc.dg/atomic/c11-atomic-exec-5.c -O2 -flto -fuse-linker-plugin -fno-fat-lto-objects execution test
XPASS: gcc.dg/guality/example.c -O0 execution test
XPASS: gcc.dg/guality/example.c -O1 execution test
XPASS: gcc.dg/guality/guality.c -O0 execution test
XPASS: gcc.dg/guality/guality.c -O1 execution test
XPASS: gcc.dg/guality/guality.c -Os execution test
XPASS: gcc.dg/guality/guality.c -O2 -flto -fuse-linker-plugin -fno-fat-lto-objects execution test
XPASS: gcc.dg/guality/inline-params.c -O2 execution test
XPASS: gcc.dg/guality/inline-params.c -O3 -fomit-frame-pointer execution test
XPASS: gcc.dg/guality/inline-params.c -O3 -g execution test
XPASS: gcc.dg/guality/inline-params.c -Os execution test
XPASS: gcc.dg/guality/inline-params.c -O2 -flto -fno-use-linker-plugin -flto-partition=none execution test
XPASS: gcc.dg/guality/pr41447-1.c -O0 execution test
XPASS: gcc.dg/guality/pr41447-1.c -O1 execution test
XPASS: gcc.dg/guality/pr41447-1.c -O2 execution test
XPASS: gcc.dg/guality/pr41447-1.c -O3 -fomit-frame-pointer execution test
XPASS: gcc.dg/guality/pr41447-1.c -O3 -g execution test
XPASS: gcc.dg/guality/pr41447-1.c -Os execution test
XPASS: gcc.dg/guality/pr41447-1.c -O2 -flto -fno-use-linker-plugin -flto-partition=none execution test
XPASS: gcc.dg/guality/pr41447-1.c -O2 -flto -fuse-linker-plugin -fno-fat-lto-objects execution test
XPASS: gcc.dg/guality/pr41616-1.c -O0 execution test
XPASS: gcc.dg/guality/pr41616-1.c -O1 execution test
XPASS: gcc.dg/guality/pr41616-1.c -O2 execution test
XPASS: gcc.dg/guality/pr41616-1.c -O3 -fomit-frame-pointer execution test
XPASS: gcc.dg/guality/pr41616-1.c -O3 -g execution test
XPASS: gcc.dg/guality/pr41616-1.c -Os execution test
XPASS: gcc.dg/guality/pr41616-1.c -O2 -flto -fno-use-linker-plugin -flto-partition=none execution test
FAIL: gcc.dg/tree-ssa/ssa-dom-thread-4.c scan-tree-dump-times dom1 "Threaded" 6
=== gcc Summary for qemu64eb/-mabi=64 ===
# of expected passes 99967
# of unexpected failures 11
# of unexpected successes 26
# of expected failures 172
# of unsupported tests 2785
Running target qemu64eb/-mabi=n32
FAIL: gcc.dg/atomic/c11-atomic-exec-5.c -O0 execution test
FAIL: gcc.dg/atomic/c11-atomic-exec-5.c -O1 execution test
FAIL: gcc.dg/atomic/c11-atomic-exec-5.c -O2 execution test
FAIL: gcc.dg/atomic/c11-atomic-exec-5.c -O3 -fomit-frame-pointer execution test
FAIL: gcc.dg/atomic/c11-atomic-exec-5.c -O3 -fomit-frame-pointer -funroll-loops execution test
FAIL: gcc.dg/atomic/c11-atomic-exec-5.c -O3 -fomit-frame-pointer -funroll-all-loops -finline-functions execution test
FAIL: gcc.dg/atomic/c11-atomic-exec-5.c -O3 -g execution test
FAIL: gcc.dg/atomic/c11-atomic-exec-5.c -Os execution test
FAIL: gcc.dg/atomic/c11-atomic-exec-5.c -O2 -flto -fno-use-linker-plugin -flto-partition=none execution test
FAIL: gcc.dg/atomic/c11-atomic-exec-5.c -O2 -flto -fuse-linker-plugin -fno-fat-lto-objects execution test
XPASS: gcc.dg/guality/example.c -O0 execution test
XPASS: gcc.dg/guality/example.c -O1 execution test
XPASS: gcc.dg/guality/guality.c -O0 execution test
XPASS: gcc.dg/guality/guality.c -O1 execution test
XPASS: gcc.dg/guality/guality.c -O2 execution test
XPASS: gcc.dg/guality/guality.c -O3 -fomit-frame-pointer execution test
XPASS: gcc.dg/guality/guality.c -O3 -g execution test
XPASS: gcc.dg/guality/guality.c -Os execution test
XPASS: gcc.dg/guality/guality.c -O2 -flto -fno-use-linker-plugin -flto-partition=none execution test
XPASS: gcc.dg/guality/guality.c -O2 -flto -fuse-linker-plugin -fno-fat-lto-objects execution test
XPASS: gcc.dg/guality/inline-params.c -O2 execution test
XPASS: gcc.dg/guality/inline-params.c -O3 -fomit-frame-pointer execution test
XPASS: gcc.dg/guality/inline-params.c -O3 -g execution test
XPASS: gcc.dg/guality/inline-params.c -Os execution test
XPASS: gcc.dg/guality/inline-params.c -O2 -flto -fno-use-linker-plugin -flto-partition=none execution test
XPASS: gcc.dg/guality/pr41447-1.c -O0 execution test
XPASS: gcc.dg/guality/pr41447-1.c -O1 execution test
XPASS: gcc.dg/guality/pr41447-1.c -O2 execution test
XPASS: gcc.dg/guality/pr41447-1.c -O3 -fomit-frame-pointer execution test
XPASS: gcc.dg/guality/pr41447-1.c -O3 -g execution test
XPASS: gcc.dg/guality/pr41447-1.c -Os execution test
XPASS: gcc.dg/guality/pr41447-1.c -O2 -flto -fno-use-linker-plugin -flto-partition=none execution test
XPASS: gcc.dg/guality/pr41447-1.c -O2 -flto -fuse-linker-plugin -fno-fat-lto-objects execution test
XPASS: gcc.dg/guality/pr41616-1.c -O0 execution test
XPASS: gcc.dg/guality/pr41616-1.c -O1 execution test
XPASS: gcc.dg/guality/pr41616-1.c -O2 execution test
XPASS: gcc.dg/guality/pr41616-1.c -O3 -fomit-frame-pointer execution test
XPASS: gcc.dg/guality/pr41616-1.c -O3 -g execution test
XPASS: gcc.dg/guality/pr41616-1.c -Os execution test
XPASS: gcc.dg/guality/pr41616-1.c -O2 -flto -fno-use-linker-plugin -flto-partition=none execution test
FAIL: gcc.dg/tree-ssa/ssa-dom-thread-4.c scan-tree-dump-times dom1 "Threaded" 6
=== gcc Summary for qemu64eb/-mabi=n32 ===
# of expected passes 100001
# of unexpected failures 11
# of unexpected successes 30
# of expected failures 165
# of unsupported tests 2783
Running target qemu64eb/-mips16/-mabi=32
FAIL: gcc.dg/atomic/c11-atomic-exec-5.c -O0 execution test
FAIL: gcc.dg/atomic/c11-atomic-exec-5.c -O1 execution test
FAIL: gcc.dg/atomic/c11-atomic-exec-5.c -O2 execution test
FAIL: gcc.dg/atomic/c11-atomic-exec-5.c -O3 -fomit-frame-pointer execution test
FAIL: gcc.dg/atomic/c11-atomic-exec-5.c -O3 -fomit-frame-pointer -funroll-loops execution test
FAIL: gcc.dg/atomic/c11-atomic-exec-5.c -O3 -fomit-frame-pointer -funroll-all-loops -finline-functions execution test
FAIL: gcc.dg/atomic/c11-atomic-exec-5.c -O3 -g execution test
FAIL: gcc.dg/atomic/c11-atomic-exec-5.c -Os execution test
FAIL: gcc.dg/atomic/c11-atomic-exec-5.c -O2 -flto -fno-use-linker-plugin -flto-partition=none execution test
FAIL: gcc.dg/atomic/c11-atomic-exec-5.c -O2 -flto -fuse-linker-plugin -fno-fat-lto-objects execution test
UNRESOLVED: gcc.dg/unroll_2.c scan-rtl-dump-times loop2_unroll "loop turned into non-loop; it never loops" 1
UNRESOLVED: gcc.dg/unroll_3.c scan-rtl-dump-times loop2_unroll "loop turned into non-loop; it never loops" 1
UNRESOLVED: gcc.dg/unroll_4.c scan-rtl-dump-times loop2_unroll "loop turned into non-loop; it never loops" 1
XPASS: gcc.dg/guality/example.c -O0 execution test
XPASS: gcc.dg/guality/example.c -O1 execution test
XPASS: gcc.dg/guality/guality.c -O0 execution test
XPASS: gcc.dg/guality/guality.c -O1 execution test
XPASS: gcc.dg/guality/guality.c -O2 execution test
XPASS: gcc.dg/guality/guality.c -O3 -fomit-frame-pointer execution test
XPASS: gcc.dg/guality/guality.c -O3 -g execution test
XPASS: gcc.dg/guality/guality.c -Os execution test
XPASS: gcc.dg/guality/guality.c -O2 -flto -fno-use-linker-plugin -flto-partition=none execution test
XPASS: gcc.dg/guality/guality.c -O2 -flto -fuse-linker-plugin -fno-fat-lto-objects execution test
XPASS: gcc.dg/guality/inline-params.c -O2 execution test
XPASS: gcc.dg/guality/inline-params.c -O3 -fomit-frame-pointer execution test
XPASS: gcc.dg/guality/inline-params.c -O3 -g execution test
XPASS: gcc.dg/guality/inline-params.c -Os execution test
XPASS: gcc.dg/guality/inline-params.c -O2 -flto -fno-use-linker-plugin -flto-partition=none execution test
XPASS: gcc.dg/guality/pr41447-1.c -O0 execution test
XPASS: gcc.dg/guality/pr41447-1.c -O1 execution test
XPASS: gcc.dg/guality/pr41447-1.c -O2 execution test
XPASS: gcc.dg/guality/pr41447-1.c -O3 -fomit-frame-pointer execution test
XPASS: gcc.dg/guality/pr41447-1.c -O3 -g execution test
XPASS: gcc.dg/guality/pr41447-1.c -Os execution test
XPASS: gcc.dg/guality/pr41447-1.c -O2 -flto -fno-use-linker-plugin -flto-partition=none execution test
XPASS: gcc.dg/guality/pr41447-1.c -O2 -flto -fuse-linker-plugin -fno-fat-lto-objects execution test
XPASS: gcc.dg/guality/pr41616-1.c -O0 execution test
XPASS: gcc.dg/guality/pr41616-1.c -O1 execution test
XPASS: gcc.dg/guality/pr41616-1.c -O2 execution test
XPASS: gcc.dg/guality/pr41616-1.c -O3 -fomit-frame-pointer execution test
XPASS: gcc.dg/guality/pr41616-1.c -O3 -g execution test
XPASS: gcc.dg/guality/pr41616-1.c -Os execution test
XPASS: gcc.dg/guality/pr41616-1.c -O2 -flto -fno-use-linker-plugin -flto-partition=none execution test
FAIL: gcc.dg/tree-ssa/ssa-dom-thread-4.c scan-tree-dump-times dom1 "Threaded" 6
=== gcc Summary for qemu64eb/-mips16/-mabi=32 ===
# of expected passes 98659
# of unexpected failures 11
# of unexpected successes 30
# of expected failures 147
# of unresolved testcases 3
# of unsupported tests 1624
=== gcc Summary ===
# of expected passes 397329
# of unexpected failures 44
# of unexpected successes 118
# of expected failures 630
# of unresolved testcases 3
# of unsupported tests 8809
/home/richards/gcc/HEAD/mips64-linux-gnu/x86_64-unknown-linux-gnu/gcc/xgcc version 4.9.0 20140131 (experimental) [trunk revision 207336] (GCC)
=== gfortran tests ===
Running target qemu64eb/-mabi=32
=== gfortran Summary for qemu64eb/-mabi=32 ===
# of expected passes 43930
# of expected failures 38
# of unsupported tests 401
Running target qemu64eb/-mabi=64
=== gfortran Summary for qemu64eb/-mabi=64 ===
# of expected passes 45162
# of expected failures 38
# of unsupported tests 94
Running target qemu64eb/-mabi=n32
=== gfortran Summary for qemu64eb/-mabi=n32 ===
# of expected passes 45162
# of expected failures 38
# of unsupported tests 94
Running target qemu64eb/-mips16/-mabi=32
=== gfortran Summary for qemu64eb/-mips16/-mabi=32 ===
# of expected passes 43929
# of expected failures 39
# of unsupported tests 401
=== gfortran Summary ===
# of expected passes 178183
# of expected failures 153
# of unsupported tests 990
/home/richards/gcc/HEAD/mips64-linux-gnu/x86_64-unknown-linux-gnu/gcc/testsuite/gfortran/../../gfortran version 4.9.0 20140131 (experimental) [trunk revision 207336] (GCC)
=== g++ tests ===
Running target qemu64eb/-mabi=32
UNRESOLVED: g++.dg/ext/vector26.C -std=c++98 scan-assembler-not globl[ \\t]*_Z3bar
=== g++ Summary for qemu64eb/-mabi=32 ===
# of expected passes 54625
# of expected failures 289
# of unresolved testcases 1
# of unsupported tests 1144
Running target qemu64eb/-mabi=64
UNRESOLVED: g++.dg/ext/vector26.C -std=c++98 scan-assembler-not globl[ \\t]*_Z3bar
FAIL: g++.dg/pr49718.C -std=gnu++98 scan-assembler-times __cyg_profile_func_enter 1
FAIL: g++.dg/pr49718.C -std=gnu++11 scan-assembler-times __cyg_profile_func_enter 1
=== g++ Summary for qemu64eb/-mabi=64 ===
# of expected passes 55849
# of unexpected failures 2
# of expected failures 285
# of unresolved testcases 1
# of unsupported tests 1171
Running target qemu64eb/-mabi=n32
UNRESOLVED: g++.dg/ext/vector26.C -std=c++98 scan-assembler-not globl[ \\t]*_Z3bar
=== g++ Summary for qemu64eb/-mabi=n32 ===
# of expected passes 55986
# of expected failures 289
# of unresolved testcases 1
# of unsupported tests 1147
Running target qemu64eb/-mips16/-mabi=32
UNRESOLVED: g++.dg/ext/vector26.C -std=c++98 scan-assembler-not globl[ \\t]*_Z3bar
=== g++ Summary for qemu64eb/-mips16/-mabi=32 ===
# of expected passes 54621
# of expected failures 289
# of unresolved testcases 1
# of unsupported tests 1146
=== g++ Summary ===
# of expected passes 221081
# of unexpected failures 2
# of expected failures 1152
# of unresolved testcases 4
# of unsupported tests 4608
/home/richards/gcc/HEAD/mips64-linux-gnu/x86_64-unknown-linux-gnu/gcc/testsuite/g++/../../xg++ version 4.9.0 20140131 (experimental) [trunk revision 207336] (GCC)
=== objc tests ===
Running target qemu64eb/-mabi=32
=== objc Summary for qemu64eb/-mabi=32 ===
# of expected passes 2994
# of unsupported tests 74
Running target qemu64eb/-mabi=64
=== objc Summary for qemu64eb/-mabi=64 ===
# of expected passes 2994
# of unsupported tests 74
Running target qemu64eb/-mabi=n32
=== objc Summary for qemu64eb/-mabi=n32 ===
# of expected passes 2994
# of unsupported tests 74
Running target qemu64eb/-mips16/-mabi=32
=== objc Summary for qemu64eb/-mips16/-mabi=32 ===
# of expected passes 2994
# of unsupported tests 74
=== objc Summary ===
# of expected passes 11976
# of unsupported tests 296
/home/richards/gcc/HEAD/mips64-linux-gnu/x86_64-unknown-linux-gnu/gcc/xgcc version 4.9.0 20140131 (experimental) [trunk revision 207336] (GCC)
Host is mips64-unknown-linux-gnu
=== libatomic tests ===
Running target qemu64eb
=== libatomic Summary ===
# of expected passes 54
Host is mips64-unknown-linux-gnu
=== libgomp tests ===
Running target qemu64eb/-mips16/-mabi=32
WARNING: program timed out.
FAIL: libgomp.c/depend-3.c execution test
=== libgomp Summary for qemu64eb/-mips16/-mabi=32 ===
# of expected passes 2321
# of unexpected failures 1
# of unsupported tests 22
Running target qemu64eb/-mabi=n32
WARNING: program timed out.
FAIL: libgomp.c/depend-3.c execution test
=== libgomp Summary for qemu64eb/-mabi=n32 ===
# of expected passes 2321
# of unexpected failures 1
# of unsupported tests 22
Running target qemu64eb/-mabi=32
WARNING: program timed out.
FAIL: libgomp.c/depend-3.c execution test
=== libgomp Summary for qemu64eb/-mabi=32 ===
# of expected passes 2321
# of unexpected failures 1
# of unsupported tests 22
Running target qemu64eb/-mabi=64
WARNING: program timed out.
FAIL: libgomp.c/depend-3.c execution test
=== libgomp Summary for qemu64eb/-mabi=64 ===
# of expected passes 2321
# of unexpected failures 1
# of unsupported tests 22
=== libgomp Summary ===
# of expected passes 9284
# of unexpected failures 4
# of unsupported tests 88
=== libstdc++ tests ===
Running target qemu64eb/-mabi=32
FAIL: libstdc++-abi/abi_check
=== libstdc++ Summary for qemu64eb/-mabi=32 ===
# of expected passes 8998
# of unexpected failures 1
# of expected failures 41
# of unsupported tests 594
Running target qemu64eb/-mabi=64
FAIL: libstdc++-abi/abi_check
=== libstdc++ Summary for qemu64eb/-mabi=64 ===
# of expected passes 8998
# of unexpected failures 1
# of expected failures 41
# of unsupported tests 594
Running target qemu64eb/-mabi=n32
FAIL: libstdc++-abi/abi_check
=== libstdc++ Summary for qemu64eb/-mabi=n32 ===
# of expected passes 8998
# of unexpected failures 1
# of expected failures 41
# of unsupported tests 594
Running target qemu64eb/-mips16/-mabi=32
FAIL: libstdc++-abi/abi_check
=== libstdc++ Summary for qemu64eb/-mips16/-mabi=32 ===
# of expected passes 8998
# of unexpected failures 1
# of expected failures 41
# of unsupported tests 594
=== libstdc++ Summary ===
# of expected passes 35992
# of unexpected failures 4
# of expected failures 164
# of unsupported tests 2376
Compiler version: 4.9.0 20140131 (experimental) [trunk revision 207336] (GCC)
Platform: mips64-unknown-linux-gnu
configure flags: --enable-checking=yes,rtl,df --enable-languages=c,c++,objc,fortran --with-mips-plt --with-arch=mips64r2