This is the mail archive of the
gcc-testresults@gcc.gnu.org
mailing list for the GCC project.
Results for 4.7.4 20140103 (prerelease) [gcc-4_7-branch revision 206306] (GCC) testsuite on sparc-sun-solaris2.8
- From: Rainer Orth <ro at CeBiTec dot Uni-Bielefeld dot DE>
- To: gcc-testresults at gcc dot gnu dot org
- Date: Sun, 5 Jan 2014 00:07:45 +0100 (MET)
- Subject: Results for 4.7.4 20140103 (prerelease) [gcc-4_7-branch revision 206306] (GCC) testsuite on sparc-sun-solaris2.8
- Authentication-results: sourceware.org; auth=none
LAST_UPDATED: Fri Jan 3 15:43:26 UTC 2014 (revision 206306)
=== acats tests ===
=== acats Summary ===
# of expected passes 2320
# of unexpected failures 0
Native configuration is sparc-sun-solaris2.8
=== g++ tests ===
Running target unix
FAIL: g++.dg/bprob/g++-bprob-1.C execution, -g -fprofile-arcs
UNRESOLVED: g++.dg/bprob/g++-bprob-1.C compilation, -g -fbranch-probabilities
UNRESOLVED: g++.dg/bprob/g++-bprob-1.C execution, -g -fbranch-probabilities
FAIL: g++.dg/bprob/g++-bprob-1.C execution, -O0 -fprofile-arcs
UNRESOLVED: g++.dg/bprob/g++-bprob-1.C compilation, -O0 -fbranch-probabilities
UNRESOLVED: g++.dg/bprob/g++-bprob-1.C execution, -O0 -fbranch-probabilities
FAIL: g++.dg/bprob/g++-bprob-2.C execution, -g -fprofile-arcs
UNRESOLVED: g++.dg/bprob/g++-bprob-2.C compilation, -g -fbranch-probabilities
UNRESOLVED: g++.dg/bprob/g++-bprob-2.C execution, -g -fbranch-probabilities
FAIL: g++.dg/bprob/g++-bprob-2.C execution, -O0 -fprofile-arcs
UNRESOLVED: g++.dg/bprob/g++-bprob-2.C compilation, -O0 -fbranch-probabilities
UNRESOLVED: g++.dg/bprob/g++-bprob-2.C execution, -O0 -fbranch-probabilities
FAIL: g++.dg/other/profile1.C -std=gnu++98 execution test
FAIL: g++.dg/other/profile1.C -std=gnu++11 execution test
FAIL: g++.dg/gcov/gcov-1.C -std=gnu++98 execution test
FAIL: g++.dg/gcov/gcov-1.C -std=gnu++98 gcov failed: gcov-1.C.gov does not exist
FAIL: g++.dg/gcov/gcov-1.C -std=gnu++11 execution test
FAIL: g++.dg/gcov/gcov-1.C -std=gnu++11 gcov failed: gcov-1.C.gov does not exist
FAIL: g++.dg/gcov/gcov-10.C -std=gnu++98 execution test
FAIL: g++.dg/gcov/gcov-10.C -std=gnu++98 gcov failed: gcov-10.C.gov does not exist
FAIL: g++.dg/gcov/gcov-10.C -std=gnu++11 execution test
FAIL: g++.dg/gcov/gcov-10.C -std=gnu++11 gcov failed: gcov-10.C.gov does not exist
FAIL: g++.dg/gcov/gcov-11.C -std=gnu++98 execution test
FAIL: g++.dg/gcov/gcov-11.C -std=gnu++98 gcov failed: gcov-11.C.gov does not exist
FAIL: g++.dg/gcov/gcov-11.C -std=gnu++11 execution test
FAIL: g++.dg/gcov/gcov-11.C -std=gnu++11 gcov failed: gcov-11.C.gov does not exist
FAIL: g++.dg/gcov/gcov-12.C -std=gnu++98 execution test
FAIL: g++.dg/gcov/gcov-12.C -std=gnu++98 gcov failed: gcov-12.C.gov does not exist
FAIL: g++.dg/gcov/gcov-12.C -std=gnu++11 execution test
FAIL: g++.dg/gcov/gcov-12.C -std=gnu++11 gcov failed: gcov-12.C.gov does not exist
FAIL: g++.dg/gcov/gcov-13.C -std=gnu++98 execution test
FAIL: g++.dg/gcov/gcov-13.C -std=gnu++98 gcov failed: gcov-13.C.gov does not exist
FAIL: g++.dg/gcov/gcov-13.C -std=gnu++11 execution test
FAIL: g++.dg/gcov/gcov-13.C -std=gnu++11 gcov failed: gcov-13.C.gov does not exist
FAIL: g++.dg/gcov/gcov-2.C -std=gnu++98 execution test
FAIL: g++.dg/gcov/gcov-2.C -std=gnu++98 gcov failed: gcov-2.C.gov does not exist
FAIL: g++.dg/gcov/gcov-2.C -std=gnu++11 execution test
FAIL: g++.dg/gcov/gcov-2.C -std=gnu++11 gcov failed: gcov-2.C.gov does not exist
FAIL: g++.dg/gcov/gcov-3.C -std=gnu++98 execution test
FAIL: g++.dg/gcov/gcov-3.C -std=gnu++98 gcov failed: gcov-3.C.gov does not exist
FAIL: g++.dg/gcov/gcov-3.C -std=gnu++11 execution test
FAIL: g++.dg/gcov/gcov-3.C -std=gnu++11 gcov failed: gcov-3.C.gov does not exist
FAIL: g++.dg/gcov/gcov-4.C -std=gnu++98 execution test
FAIL: g++.dg/gcov/gcov-4.C -std=gnu++98 gcov failed: gcov-4.C.gov does not exist
FAIL: g++.dg/gcov/gcov-4.C -std=gnu++11 execution test
FAIL: g++.dg/gcov/gcov-4.C -std=gnu++11 gcov failed: gcov-4.C.gov does not exist
FAIL: g++.dg/gcov/gcov-5.C -std=gnu++98 execution test
FAIL: g++.dg/gcov/gcov-5.C -std=gnu++98 gcov failed: gcov-5.C.gov does not exist
FAIL: g++.dg/gcov/gcov-5.C -std=gnu++11 execution test
FAIL: g++.dg/gcov/gcov-5.C -std=gnu++11 gcov failed: gcov-5.C.gov does not exist
FAIL: g++.dg/gcov/gcov-7.C -std=gnu++98 execution test
FAIL: g++.dg/gcov/gcov-7.C -std=gnu++98 gcov failed: gcov-7.C.gov does not exist
FAIL: g++.dg/gcov/gcov-7.C -std=gnu++11 execution test
FAIL: g++.dg/gcov/gcov-7.C -std=gnu++11 gcov failed: gcov-7.C.gov does not exist
WARNING: program timed out.
FAIL: c-c++-common/torture/complex-sign-sub.c -O2 -flto -flto-partition=none (test for excess errors)
FAIL: g++.old-deja/g++.robertl/eb83.C -std=gnu++98 execution test
FAIL: g++.old-deja/g++.robertl/eb83.C -std=gnu++11 execution test
=== g++ Summary for unix ===
# of expected passes 46534
# of unexpected failures 49
# of expected failures 286
# of unresolved testcases 8
# of unsupported tests 736
Running target unix/-m64
FAIL: g++.dg/bprob/g++-bprob-1.C execution, -g -fprofile-arcs
UNRESOLVED: g++.dg/bprob/g++-bprob-1.C compilation, -g -fbranch-probabilities
UNRESOLVED: g++.dg/bprob/g++-bprob-1.C execution, -g -fbranch-probabilities
FAIL: g++.dg/bprob/g++-bprob-1.C execution, -O0 -fprofile-arcs
UNRESOLVED: g++.dg/bprob/g++-bprob-1.C compilation, -O0 -fbranch-probabilities
UNRESOLVED: g++.dg/bprob/g++-bprob-1.C execution, -O0 -fbranch-probabilities
FAIL: g++.dg/bprob/g++-bprob-2.C execution, -g -fprofile-arcs
UNRESOLVED: g++.dg/bprob/g++-bprob-2.C compilation, -g -fbranch-probabilities
UNRESOLVED: g++.dg/bprob/g++-bprob-2.C execution, -g -fbranch-probabilities
FAIL: g++.dg/bprob/g++-bprob-2.C execution, -O0 -fprofile-arcs
UNRESOLVED: g++.dg/bprob/g++-bprob-2.C compilation, -O0 -fbranch-probabilities
UNRESOLVED: g++.dg/bprob/g++-bprob-2.C execution, -O0 -fbranch-probabilities
WARNING: program timed out.
FAIL: tmpdir-g++.dg-struct-layout-1/t024 cp_compat_y_tst.o compile
UNRESOLVED: tmpdir-g++.dg-struct-layout-1/t024 cp_compat_x_tst.o-cp_compat_y_tst.o link
UNRESOLVED: tmpdir-g++.dg-struct-layout-1/t024 cp_compat_x_tst.o-cp_compat_y_tst.o execute
FAIL: g++.dg/cpp0x/nullptr28.C -std=c++11 execution test
FAIL: g++.dg/other/profile1.C -std=gnu++98 execution test
FAIL: g++.dg/other/profile1.C -std=gnu++11 execution test
FAIL: g++.dg/gcov/gcov-1.C -std=gnu++98 execution test
FAIL: g++.dg/gcov/gcov-1.C -std=gnu++98 gcov failed: gcov-1.C.gov does not exist
FAIL: g++.dg/gcov/gcov-1.C -std=gnu++11 execution test
FAIL: g++.dg/gcov/gcov-1.C -std=gnu++11 gcov failed: gcov-1.C.gov does not exist
FAIL: g++.dg/gcov/gcov-10.C -std=gnu++98 execution test
FAIL: g++.dg/gcov/gcov-10.C -std=gnu++98 gcov failed: gcov-10.C.gov does not exist
FAIL: g++.dg/gcov/gcov-10.C -std=gnu++11 execution test
FAIL: g++.dg/gcov/gcov-10.C -std=gnu++11 gcov failed: gcov-10.C.gov does not exist
FAIL: g++.dg/gcov/gcov-11.C -std=gnu++98 execution test
FAIL: g++.dg/gcov/gcov-11.C -std=gnu++98 gcov failed: gcov-11.C.gov does not exist
FAIL: g++.dg/gcov/gcov-11.C -std=gnu++11 execution test
FAIL: g++.dg/gcov/gcov-11.C -std=gnu++11 gcov failed: gcov-11.C.gov does not exist
FAIL: g++.dg/gcov/gcov-12.C -std=gnu++98 execution test
FAIL: g++.dg/gcov/gcov-12.C -std=gnu++98 gcov failed: gcov-12.C.gov does not exist
FAIL: g++.dg/gcov/gcov-12.C -std=gnu++11 execution test
FAIL: g++.dg/gcov/gcov-12.C -std=gnu++11 gcov failed: gcov-12.C.gov does not exist
FAIL: g++.dg/gcov/gcov-13.C -std=gnu++98 execution test
FAIL: g++.dg/gcov/gcov-13.C -std=gnu++98 gcov failed: gcov-13.C.gov does not exist
FAIL: g++.dg/gcov/gcov-13.C -std=gnu++11 execution test
FAIL: g++.dg/gcov/gcov-13.C -std=gnu++11 gcov failed: gcov-13.C.gov does not exist
FAIL: g++.dg/gcov/gcov-2.C -std=gnu++98 execution test
FAIL: g++.dg/gcov/gcov-2.C -std=gnu++98 gcov failed: gcov-2.C.gov does not exist
FAIL: g++.dg/gcov/gcov-2.C -std=gnu++11 execution test
FAIL: g++.dg/gcov/gcov-2.C -std=gnu++11 gcov failed: gcov-2.C.gov does not exist
FAIL: g++.dg/gcov/gcov-3.C -std=gnu++98 execution test
FAIL: g++.dg/gcov/gcov-3.C -std=gnu++98 gcov failed: gcov-3.C.gov does not exist
FAIL: g++.dg/gcov/gcov-3.C -std=gnu++11 execution test
FAIL: g++.dg/gcov/gcov-3.C -std=gnu++11 gcov failed: gcov-3.C.gov does not exist
FAIL: g++.dg/gcov/gcov-4.C -std=gnu++98 execution test
FAIL: g++.dg/gcov/gcov-4.C -std=gnu++98 gcov failed: gcov-4.C.gov does not exist
FAIL: g++.dg/gcov/gcov-4.C -std=gnu++11 execution test
FAIL: g++.dg/gcov/gcov-4.C -std=gnu++11 gcov failed: gcov-4.C.gov does not exist
FAIL: g++.dg/gcov/gcov-5.C -std=gnu++98 execution test
FAIL: g++.dg/gcov/gcov-5.C -std=gnu++98 gcov failed: gcov-5.C.gov does not exist
FAIL: g++.dg/gcov/gcov-5.C -std=gnu++11 execution test
FAIL: g++.dg/gcov/gcov-5.C -std=gnu++11 gcov failed: gcov-5.C.gov does not exist
FAIL: g++.dg/gcov/gcov-7.C -std=gnu++98 execution test
FAIL: g++.dg/gcov/gcov-7.C -std=gnu++98 gcov failed: gcov-7.C.gov does not exist
FAIL: g++.dg/gcov/gcov-7.C -std=gnu++11 execution test
FAIL: g++.dg/gcov/gcov-7.C -std=gnu++11 gcov failed: gcov-7.C.gov does not exist
WARNING: program timed out.
FAIL: c-c++-common/torture/complex-sign-sub.c -O3 -fomit-frame-pointer -funroll-all-loops -finline-functions (test for excess errors)
WARNING: program timed out.
FAIL: g++.old-deja/g++.brendan/new1.C -std=c++98 (test for excess errors)
WARNING: program timed out.
FAIL: g++.old-deja/g++.bugs/900220_02.C -std=c++11 (test for excess errors)
WARNING: program timed out.
FAIL: g++.old-deja/g++.bugs/900321_04.C -std=c++11 (test for excess errors)
FAIL: g++.old-deja/g++.robertl/eb83.C -std=gnu++98 execution test
FAIL: g++.old-deja/g++.robertl/eb83.C -std=gnu++11 execution test
=== g++ Summary for unix/-m64 ===
# of expected passes 47764
# of unexpected failures 54
# of expected failures 286
# of unresolved testcases 10
# of unsupported tests 729
=== g++ Summary ===
# of expected passes 94298
# of unexpected failures 103
# of expected failures 572
# of unresolved testcases 18
# of unsupported tests 1465
/var/gcc/regression/gcc-4.7-branch/8-gcc-gas/build/gcc/testsuite/g++/../../g++ version 4.7.4 20140103 (prerelease) [gcc-4_7-branch revision 206306] (GCC)
=== gcc tests ===
Running target unix
FAIL: gcc.c-torture/compile/20010102-1.c -O1 (test for excess errors)
WARNING: program timed out.
WARNING: program timed out.
FAIL: gcc.c-torture/execute/builtins/memmove-2.c compilation, -O1
UNRESOLVED: gcc.c-torture/execute/builtins/memmove-2.c execution, -O1
WARNING: program timed out.
FAIL: gcc.c-torture/execute/builtins/mempcpy-2.c compilation, -O2 -flto
UNRESOLVED: gcc.c-torture/execute/builtins/mempcpy-2.c execution, -O2 -flto
WARNING: program timed out.
FAIL: gcc.c-torture/execute/builtins/mempcpy-chk.c compilation, -O1
UNRESOLVED: gcc.c-torture/execute/builtins/mempcpy-chk.c execution, -O1
WARNING: program timed out.
FAIL: gcc.c-torture/execute/builtins/sprintf.c compilation, -O2 -flto -flto-partition=none
UNRESOLVED: gcc.c-torture/execute/builtins/sprintf.c execution, -O2 -flto -flto-partition=none
FAIL: gcc.c-torture/execute/vector-compare-1.c compilation, -O2 -flto
UNRESOLVED: gcc.c-torture/execute/vector-compare-1.c execution, -O2 -flto
WARNING: program timed out.
FAIL: gcc.dg/20020201-1.c execution test
WARNING: program timed out.
WARNING: program timed out.
FAIL: gcc.dg/ucnid-5.c (test for excess errors)
WARNING: program timed out.
FAIL: gcc.dg/lto/20100720-3 c_lto_20100720-3_0.o assemble, -O0 -flto
FAIL: gcc.dg/simulate-thread/atomic-other-int.c -O2 -g thread simulation test
FAIL: gcc.dg/simulate-thread/atomic-other-int.c -O3 -g thread simulation test
FAIL: gcc.dg/simulate-thread/atomic-other-short.c -O2 -g thread simulation test
FAIL: gcc.dg/simulate-thread/atomic-other-short.c -O3 -g thread simulation test
FAIL: gcc.dg/simulate-thread/speculative-store.c -O0 -g thread simulation test
WARNING: program timed out.
FAIL: c-c++-common/torture/complex-sign-sub.c -Os (test for excess errors)
WARNING: program timed out.
FAIL: gcc.dg/torture/builtin-complex-1.c -O3 -fomit-frame-pointer -funroll-all-loops -finline-functions (test for excess errors)
WARNING: program timed out.
FAIL: gcc.dg/torture/stackalign/alloca-1.c -Os -fpic (test for excess errors)
WARNING: program timed out.
FAIL: gcc.dg/torture/stackalign/global-1.c -O2 -flto -flto-partition=none -fpic (test for excess errors)
WARNING: program timed out.
FAIL: gcc.dg/vect/vect-87.c (test for excess errors)
WARNING: program timed out.
FAIL: gcc.dg/vect/vect-89-big-array.c (test for excess errors)
WARNING: program timed out.
FAIL: gcc.dg/vect/vect-96.c -flto (test for excess errors)
FAIL: gcc.misc-tests/gcov-1.c execution test
FAIL: gcc.misc-tests/gcov-1.c gcov failed: gcov-1.c.gov does not exist
FAIL: gcc.misc-tests/gcov-10.c execution test
FAIL: gcc.misc-tests/gcov-10.c gcov failed: gcov-10.c.gov does not exist
FAIL: gcc.misc-tests/gcov-10b.c execution test
FAIL: gcc.misc-tests/gcov-10b.c gcov failed: gcov-10b.c.gov does not exist
FAIL: gcc.misc-tests/gcov-11.c execution test
FAIL: gcc.misc-tests/gcov-11.c gcov failed: gcov-11.c.gov does not exist
FAIL: gcc.misc-tests/gcov-12.c execution test
FAIL: gcc.misc-tests/gcov-12.c gcov failed: gcov-12.c.gov does not exist
FAIL: gcc.misc-tests/gcov-13.c execution test
FAIL: gcc.misc-tests/gcov-13.c gcov failed: gcovpart-13b.c.gov does not exist
FAIL: gcc.misc-tests/gcov-15.c execution test
FAIL: gcc.misc-tests/gcov-15.c gcov failed: gcov-15.c.gov does not exist
FAIL: gcc.misc-tests/gcov-2.c execution test
FAIL: gcc.misc-tests/gcov-2.c gcov failed: gcov-2.c.gov does not exist
FAIL: gcc.misc-tests/gcov-3.c execution test
FAIL: gcc.misc-tests/gcov-3.c gcov failed: gcov-3.c.gov does not exist
FAIL: gcc.misc-tests/gcov-4.c execution test
FAIL: gcc.misc-tests/gcov-4.c gcov failed: gcov-4.c.gov does not exist
FAIL: gcc.misc-tests/gcov-4b.c execution test
FAIL: gcc.misc-tests/gcov-4b.c gcov failed: gcov-4b.c.gov does not exist
FAIL: gcc.misc-tests/gcov-5b.c execution test
FAIL: gcc.misc-tests/gcov-5b.c gcov failed: gcov-5b.c.gov does not exist
FAIL: gcc.misc-tests/gcov-6.c execution test
FAIL: gcc.misc-tests/gcov-6.c gcov failed: gcov-6.c.gov does not exist
FAIL: gcc.misc-tests/gcov-7.c execution test
FAIL: gcc.misc-tests/gcov-7.c gcov failed: gcov-7.c.gov does not exist
FAIL: gcc.misc-tests/gcov-8.c execution test
FAIL: gcc.misc-tests/gcov-8.c gcov failed: gcov-8.c.gov does not exist
FAIL: gcc.misc-tests/gcov-9.c execution test
FAIL: gcc.misc-tests/gcov-9.c gcov failed: gcov-9.c.gov does not exist
=== gcc Summary for unix ===
# of expected passes 75970
# of unexpected failures 53
# of expected failures 318
# of unresolved testcases 5
# of unsupported tests 1599
Running target unix/-m64
FAIL: gcc.c-torture/compile/limits-declparen.c -O1 (test for excess errors)
FAIL: gcc.c-torture/compile/pr46534.c -O1 (test for excess errors)
WARNING: program timed out.
WARNING: program timed out.
FAIL: gcc.dg/20020201-1.c execution test
WARNING: program timed out.
FAIL: gcc.dg/lto/20081111 c_lto_20081111_0.o-c_lto_20081111_1.o link, -O0 -flto -flto-partition=none
UNRESOLVED: gcc.dg/lto/20081111 c_lto_20081111_0.o-c_lto_20081111_1.o execute -O0 -flto -flto-partition=none
FAIL: gcc.misc-tests/gcov-1.c execution test
FAIL: gcc.misc-tests/gcov-1.c gcov failed: gcov-1.c.gov does not exist
FAIL: gcc.misc-tests/gcov-10.c execution test
FAIL: gcc.misc-tests/gcov-10.c gcov failed: gcov-10.c.gov does not exist
FAIL: gcc.misc-tests/gcov-10b.c execution test
FAIL: gcc.misc-tests/gcov-10b.c gcov failed: gcov-10b.c.gov does not exist
FAIL: gcc.misc-tests/gcov-11.c execution test
FAIL: gcc.misc-tests/gcov-11.c gcov failed: gcov-11.c.gov does not exist
FAIL: gcc.misc-tests/gcov-12.c execution test
FAIL: gcc.misc-tests/gcov-12.c gcov failed: gcov-12.c.gov does not exist
FAIL: gcc.misc-tests/gcov-13.c execution test
FAIL: gcc.misc-tests/gcov-13.c gcov failed: gcovpart-13b.c.gov does not exist
FAIL: gcc.misc-tests/gcov-15.c execution test
FAIL: gcc.misc-tests/gcov-15.c gcov failed: gcov-15.c.gov does not exist
FAIL: gcc.misc-tests/gcov-2.c execution test
FAIL: gcc.misc-tests/gcov-2.c gcov failed: gcov-2.c.gov does not exist
FAIL: gcc.misc-tests/gcov-3.c execution test
FAIL: gcc.misc-tests/gcov-3.c gcov failed: gcov-3.c.gov does not exist
FAIL: gcc.misc-tests/gcov-4.c execution test
FAIL: gcc.misc-tests/gcov-4.c gcov failed: gcov-4.c.gov does not exist
FAIL: gcc.misc-tests/gcov-4b.c execution test
FAIL: gcc.misc-tests/gcov-4b.c gcov failed: gcov-4b.c.gov does not exist
FAIL: gcc.misc-tests/gcov-5b.c execution test
FAIL: gcc.misc-tests/gcov-5b.c gcov failed: gcov-5b.c.gov does not exist
FAIL: gcc.misc-tests/gcov-6.c execution test
FAIL: gcc.misc-tests/gcov-6.c gcov failed: gcov-6.c.gov does not exist
FAIL: gcc.misc-tests/gcov-7.c execution test
FAIL: gcc.misc-tests/gcov-7.c gcov failed: gcov-7.c.gov does not exist
FAIL: gcc.misc-tests/gcov-8.c execution test
FAIL: gcc.misc-tests/gcov-8.c gcov failed: gcov-8.c.gov does not exist
FAIL: gcc.misc-tests/gcov-9.c execution test
FAIL: gcc.misc-tests/gcov-9.c gcov failed: gcov-9.c.gov does not exist
=== gcc Summary for unix/-m64 ===
# of expected passes 76666
# of unexpected failures 36
# of expected failures 305
# of unresolved testcases 1
# of unsupported tests 1583
=== gcc Summary ===
# of expected passes 152636
# of unexpected failures 89
# of expected failures 623
# of unresolved testcases 6
# of unsupported tests 3182
/var/gcc/regression/gcc-4.7-branch/8-gcc-gas/build/gcc/xgcc version 4.7.4 20140103 (prerelease) [gcc-4_7-branch revision 206306] (GCC)
=== gfortran tests ===
Running target unix
FAIL: gfortran.dg/class_array_1.f03 -O1 (test for excess errors)
WARNING: gfortran.dg/class_array_1.f03 -O1 compilation failed to produce executable
FAIL: gfortran.dg/where_1.f90 -O3 -fomit-frame-pointer -funroll-loops (test for excess errors)
FAIL: gfortran.dg/where_2.f90 -O2 (test for excess errors)
WARNING: program timed out.
WARNING: program timed out.
WARNING: program timed out.
WARNING: program timed out.
=== gfortran Summary for unix ===
# of expected passes 40552
# of unexpected failures 3
# of expected failures 44
# of unsupported tests 405
Running target unix/-m64
FAIL: gfortran.dg/array_constructor_5.f90 -O3 -fomit-frame-pointer -funroll-all-loops -finline-functions (test for excess errors)
FAIL: gfortran.dg/char_type_len.f90 -O3 -g (test for excess errors)
FAIL: gfortran.dg/chkbits.f90 -O1 (test for excess errors)
FAIL: gfortran.dg/elemental_subroutine_3.f90 -O2 (test for excess errors)
FAIL: gfortran.dg/entry_16.f90 -O0 (test for excess errors)
FAIL: gfortran.dg/inline_sum_bounds_check_1.f90 -O3 -fomit-frame-pointer -funroll-loops (test for excess errors)
FAIL: gfortran.dg/namelist_char_only.f90 -O3 -g (test for excess errors)
FAIL: gfortran.dg/negative-z-descriptor.f90 -O0 (test for excess errors)
WARNING: program timed out.
WARNING: program timed out.
WARNING: program timed out.
WARNING: program timed out.
WARNING: program timed out.
WARNING: program timed out.
WARNING: program timed out.
WARNING: program timed out.
WARNING: program timed out.
FAIL: gfortran.fortran-torture/execute/intrinsic_eoshift.f90 compilation, -O2 -fomit-frame-pointer -finline-functions
WARNING: program timed out.
=== gfortran Summary for unix/-m64 ===
# of expected passes 40825
# of unexpected failures 9
# of expected failures 44
# of untested testcases 1
# of unsupported tests 268
=== gfortran Summary ===
# of expected passes 81377
# of unexpected failures 12
# of expected failures 88
# of untested testcases 1
# of unsupported tests 673
/var/gcc/regression/gcc-4.7-branch/8-gcc-gas/build/gcc/testsuite/gfortran/../../gfortran version 4.7.4 20140103 (prerelease) [gcc-4_7-branch revision 206306] (GCC)
=== gnat tests ===
Running target unix
=== gnat Summary for unix ===
# of expected passes 1109
# of expected failures 14
# of unsupported tests 13
Running target unix/-m64
=== gnat Summary for unix/-m64 ===
# of expected passes 1109
# of expected failures 14
# of unsupported tests 13
=== gnat Summary ===
# of expected passes 2218
# of expected failures 28
# of unsupported tests 26
/var/gcc/regression/gcc-4.7-branch/8-gcc-gas/build/gcc/gnatmake version 4.7.4 20140103 (prerelease) [gcc-4_7-branch revision 206306]
=== go tests ===
Running target unix
=== go Summary for unix ===
# of expected passes 3288
# of expected failures 4
# of untested testcases 7
Running target unix/-m64
=== go Summary for unix/-m64 ===
# of expected passes 3288
# of expected failures 4
# of untested testcases 7
=== go Summary ===
# of expected passes 6576
# of expected failures 8
# of untested testcases 14
/var/gcc/regression/gcc-4.7-branch/8-gcc-gas/build/gcc/testsuite/go/../../gccgo version 4.7.4 20140103 (prerelease) [gcc-4_7-branch revision 206306] (GCC)
=== obj-c++ tests ===
Running target unix
=== obj-c++ Summary for unix ===
# of expected passes 1450
# of expected failures 2
# of unsupported tests 86
Running target unix/-m64
=== obj-c++ Summary for unix/-m64 ===
# of expected passes 1442
# of expected failures 10
# of unsupported tests 86
=== obj-c++ Summary ===
# of expected passes 2892
# of expected failures 12
# of unsupported tests 172
/var/gcc/regression/gcc-4.7-branch/8-gcc-gas/build/gcc/testsuite/obj-c++/../../g++ version 4.7.4 20140103 (prerelease) [gcc-4_7-branch revision 206306] (GCC)
=== objc tests ===
Running target unix
=== objc Summary for unix ===
# of expected passes 2994
# of unsupported tests 74
Running target unix/-m64
=== objc Summary for unix/-m64 ===
# of expected passes 2994
# of unsupported tests 74
=== objc Summary ===
# of expected passes 5988
# of unsupported tests 148
/var/gcc/regression/gcc-4.7-branch/8-gcc-gas/build/gcc/xgcc version 4.7.4 20140103 (prerelease) [gcc-4_7-branch revision 206306] (GCC)
=== boehm-gc tests ===
Running target unix
=== boehm-gc Summary for unix ===
# of expected passes 12
# of unsupported tests 1
Running target unix/-m64
=== boehm-gc Summary for unix/-m64 ===
# of expected passes 12
# of unsupported tests 1
=== boehm-gc Summary ===
# of expected passes 24
# of unsupported tests 2
=== libffi tests ===
Running target unix
=== libffi Summary for unix ===
# of expected passes 1634
# of expected failures 10
# of unsupported tests 55
Running target unix/-m64
=== libffi Summary for unix/-m64 ===
# of expected passes 1634
# of expected failures 10
# of unsupported tests 55
=== libffi Summary ===
# of expected passes 3268
# of expected failures 20
# of unsupported tests 110
=== libgo tests ===
Running target unix
FAIL: runtime/pprof
=== libgo Summary for unix ===
# of expected passes 123
# of unexpected failures 1
Running target unix/-m64
FAIL: runtime/pprof
=== libgo Summary for unix/-m64 ===
# of expected passes 123
# of unexpected failures 1
=== libgo Summary ===
# of expected passes 246
# of unexpected failures 2
=== libgomp tests ===
Running target unix
=== libgomp Summary for unix ===
# of expected passes 2940
# of unsupported tests 3
Running target unix/-m64
WARNING: program timed out.
FAIL: libgomp.c++/task-5.C -O3 -fomit-frame-pointer (test for excess errors)
=== libgomp Summary for unix/-m64 ===
# of expected passes 2939
# of unexpected failures 1
# of unsupported tests 3
=== libgomp Summary ===
# of expected passes 5879
# of unexpected failures 1
# of unsupported tests 6
=== libitm tests ===
Running target unix
=== libitm Summary for unix ===
# of expected passes 26
# of expected failures 3
# of unsupported tests 1
Running target unix/-m64
=== libitm Summary for unix/-m64 ===
# of expected passes 26
# of expected failures 3
# of unsupported tests 1
=== libitm Summary ===
# of expected passes 52
# of expected failures 6
# of unsupported tests 2
=== libjava tests ===
Running target unix
=== libjava Summary for unix ===
# of expected passes 2574
Running target unix/-m64
WARNING: program timed out.
FAIL: PR12656 -O3 compilation from source
=== libjava Summary for unix/-m64 ===
# of expected passes 2571
# of unexpected failures 1
# of untested testcases 2
=== libjava Summary ===
# of expected passes 5145
# of unexpected failures 1
# of untested testcases 2
=== libstdc++ tests ===
Running target unix
=== libstdc++ Summary for unix ===
# of expected passes 7386
# of expected failures 47
# of unsupported tests 812
Running target unix/-m64
=== libstdc++ Summary for unix/-m64 ===
# of expected passes 7386
# of expected failures 47
# of unsupported tests 812
=== libstdc++ Summary ===
# of expected passes 14772
# of expected failures 94
# of unsupported tests 1624
Compiler version: 4.7.4 20140103 (prerelease) [gcc-4_7-branch revision 206306] (GCC)
Platform: sparc-sun-solaris2.8
configure flags: --prefix=/vol/gcc --target=sparc-sun-solaris2.8 --enable-obsolete --enable-objc-gc --with-as=/vol/gcc/bin/gas-2.24 --with-gnu-as --with-gmp-include=/vol/gcc/include --with-gmp-lib=/vol/gcc/lib --with-mpfr-include=/vol/gcc/include --with-mpfr-lib=/vol/gcc/lib --with-mpc-include=/vol/gcc/include --with-mpc-lib=/vol/gcc/lib --enable-languages=all,ada,obj-c++,go --without-ppl --without-isl --without-cloog
BOOT_CFLAGS=-g -O2