This is the mail archive of the
gcc-testresults@gcc.gnu.org
mailing list for the GCC project.
Results for 4.9.0 20131229 (experimental) (GCC) testsuite on x86_64-unknown-linux-gnu
- From: Tim Prince <n8tm at aol dot com>
- To: gcc-testresults at gcc dot gnu dot org
- Date: Sun, 29 Dec 2013 19:19:35 -0500
- Subject: Results for 4.9.0 20131229 (experimental) (GCC) testsuite on x86_64-unknown-linux-gnu
- Authentication-results: sourceware.org; auth=none
Native configuration is x86_64-unknown-linux-gnu
=== gcc tests ===
Running target unix
XPASS: gcc.dg/binop-xor1.c scan-tree-dump-times optimized "\\\\^" 1
FAIL: gcc.dg/uninit-pred-8_b.c bogus warning (test for bogus messages,
line 20)
FAIL: gcc.dg/uninit-pred-9_b.c bogus warning (test for bogus messages,
line 24)
FAIL: c-c++-common/tsan/simple_stack.c -O2 output pattern test, is
==================
WARNING: ThreadSanitizer: data race (pid=27156)
=== gcc Summary ===
# of expected passes 100591
# of unexpected failures 3
# of unexpected successes 1
# of expected failures 252
# of unsupported tests 1703
/home/tim/src/gcc/x64/gcc/xgcc version 4.9.0 20131229 (experimental) (GCC)
=== gfortran tests ===
Running target unix
FAIL: gfortran.dg/guality/pr41558.f90 -O2 line 7 s == 'foo'
FAIL: gfortran.dg/guality/pr41558.f90 -O3 -fomit-frame-pointer line 7 s
== 'foo'
FAIL: gfortran.dg/guality/pr41558.f90 -O3 -fomit-frame-pointer
-funroll-loops line 7 s == 'foo'
FAIL: gfortran.dg/guality/pr41558.f90 -O3 -fomit-frame-pointer
-funroll-all-loops -finline-functions line 7 s == 'foo'
FAIL: gfortran.dg/guality/pr41558.f90 -O3 -g line 7 s == 'foo'
FAIL: gfortran.dg/guality/pr41558.f90 -Os line 7 s == 'foo'
FAIL: gfortran.dg/lto/pr45586-2 f_lto_pr45586-2_0.o-f_lto_pr45586-2_0.o
link, -O0 -flto -flto-partition=none (internal compiler error)
UNRESOLVED: gfortran.dg/lto/pr45586-2
f_lto_pr45586-2_0.o-f_lto_pr45586-2_0.o execute -O0 -flto
-flto-partition=none
FAIL: gfortran.dg/lto/pr45586-2 f_lto_pr45586-2_0.o-f_lto_pr45586-2_0.o
link, -O0 -flto -flto-partition=1to1 (internal compiler error)
UNRESOLVED: gfortran.dg/lto/pr45586-2
f_lto_pr45586-2_0.o-f_lto_pr45586-2_0.o execute -O0 -flto
-flto-partition=1to1
FAIL: gfortran.dg/lto/pr45586-2 f_lto_pr45586-2_0.o-f_lto_pr45586-2_0.o
link, -O0 -flto (internal compiler error)
UNRESOLVED: gfortran.dg/lto/pr45586-2
f_lto_pr45586-2_0.o-f_lto_pr45586-2_0.o execute -O0 -flto
FAIL: gfortran.dg/lto/pr45586 f_lto_pr45586_0.o-f_lto_pr45586_0.o link,
-O0 -flto -flto-partition=none (internal compiler error)
UNRESOLVED: gfortran.dg/lto/pr45586 f_lto_pr45586_0.o-f_lto_pr45586_0.o
execute -O0 -flto -flto-partition=none
FAIL: gfortran.dg/lto/pr45586 f_lto_pr45586_0.o-f_lto_pr45586_0.o link,
-O0 -flto -flto-partition=1to1 (internal compiler error)
UNRESOLVED: gfortran.dg/lto/pr45586 f_lto_pr45586_0.o-f_lto_pr45586_0.o
execute -O0 -flto -flto-partition=1to1
FAIL: gfortran.dg/lto/pr45586 f_lto_pr45586_0.o-f_lto_pr45586_0.o link,
-O0 -flto (internal compiler error)
UNRESOLVED: gfortran.dg/lto/pr45586 f_lto_pr45586_0.o-f_lto_pr45586_0.o
execute -O0 -flto
=== gfortran Summary ===
# of expected passes 45236
# of unexpected failures 12
# of expected failures 52
# of unresolved testcases 6
# of unsupported tests 83
/home/tim/src/gcc/x64/gcc/testsuite/gfortran/../../gfortran version
4.9.0 20131229 (experimental) (GCC)
=== g++ tests ===
Running target unix
FAIL: c-c++-common/tsan/simple_stack.c -O2 output pattern test, is
==================
WARNING: ThreadSanitizer: data race (pid=28368)
=== g++ Summary ===
# of expected passes 60059
# of unexpected failures 1
# of expected failures 290
# of unsupported tests 1071
/home/tim/src/gcc/x64/gcc/testsuite/g++/../../xg++ version 4.9.0
20131229 (experimental) (GCC)
=== libatomic tests ===
Running target unix
=== libatomic Summary ===
# of expected passes 54
=== libgomp tests ===
Running target unix
FAIL: libgomp.graphite/bounds.c scan-tree-dump-times graphite "0 loops
carried no dependency" 1
FAIL: libgomp.graphite/force-parallel-4.c execution test
FAIL: libgomp.graphite/force-parallel-4.c scan-tree-dump-times graphite
"2 loops carried no dependency" 1
FAIL: libgomp.graphite/force-parallel-6.c scan-tree-dump-times graphite
"1 loops carried no dependency" 1
FAIL: libgomp.graphite/pr41118.c scan-tree-dump-times optimized "loopfn" 0
=== libgomp Summary ===
# of expected passes 2389
# of unexpected failures 5
=== libitm tests ===
Running target unix
=== libitm Summary ===
# of expected passes 26
# of expected failures 3
# of unsupported tests 1
=== libstdc++ tests ===
Running target unix
=== libstdc++ Summary ===
# of expected passes 9888
# of expected failures 40
# of unsupported tests 222
Compiler version: 4.9.0 20131229 (experimental) (GCC)
Platform: x86_64-unknown-linux-gnu
configure flags: --prefix=/usr/local/gcc4.9/ --enable-languages='c c++
fortran' --enable-languages=c,c++,fortran,lto --no-create --no-recursion