This is the mail archive of the
gcc-testresults@gcc.gnu.org
mailing list for the GCC project.
Results for 4.8.3 20131213 (prerelease) [gcc-4_8-branch revision 205954] (GCC) testsuite on sparc-sun-solaris2.11
- From: Rainer Orth <ro at CeBiTec dot Uni-Bielefeld dot DE>
- To: gcc-testresults at gcc dot gnu dot org
- Date: Sun, 15 Dec 2013 15:31:50 +0100 (MET)
- Subject: Results for 4.8.3 20131213 (prerelease) [gcc-4_8-branch revision 205954] (GCC) testsuite on sparc-sun-solaris2.11
- Authentication-results: sourceware.org; auth=none
LAST_UPDATED: Fri Dec 13 13:26:37 UTC 2013 (revision 205954)
=== acats tests ===
=== acats Summary ===
# of expected passes 2320
# of unexpected failures 0
Native configuration is sparc-sun-solaris2.11
=== g++ tests ===
Running target unix
=== g++ Summary for unix ===
# of expected passes 50337
# of expected failures 292
# of unsupported tests 1012
Running target unix/-m64
=== g++ Summary for unix/-m64 ===
# of expected passes 51573
# of expected failures 292
# of unsupported tests 1004
=== g++ Summary ===
# of expected passes 101910
# of expected failures 584
# of unsupported tests 2016
/var/gcc/regression/gcc-4.8-branch/11-gcc-gas/build/gcc/testsuite/g++/../../xg++ version 4.8.3 20131213 (prerelease) [gcc-4_8-branch revision 205954] (GCC)
=== gcc tests ===
Running target unix
FAIL: gcc.dg/simulate-thread/atomic-other-int.c -O0 -g thread simulation test
FAIL: gcc.dg/simulate-thread/atomic-other-int.c -O2 -g thread simulation test
FAIL: gcc.dg/simulate-thread/atomic-other-int.c -O3 -g thread simulation test
FAIL: gcc.dg/simulate-thread/speculative-store-4.c -O0 -g thread simulation test
FAIL: gcc.dg/simulate-thread/speculative-store-4.c -O2 -g thread simulation test
FAIL: gcc.dg/simulate-thread/speculative-store-4.c -O3 -g thread simulation test
FAIL: gcc.dg/simulate-thread/speculative-store.c -O0 -g thread simulation test
=== gcc Summary for unix ===
# of expected passes 83628
# of unexpected failures 7
# of expected failures 327
# of unsupported tests 1668
Running target unix/-m64
=== gcc Summary for unix/-m64 ===
# of expected passes 84371
# of expected failures 316
# of unsupported tests 1621
=== gcc Summary ===
# of expected passes 167999
# of unexpected failures 7
# of expected failures 643
# of unsupported tests 3289
/var/gcc/regression/gcc-4.8-branch/11-gcc-gas/build/gcc/xgcc version 4.8.3 20131213 (prerelease) [gcc-4_8-branch revision 205954] (GCC)
=== gfortran tests ===
Running target unix
=== gfortran Summary for unix ===
# of expected passes 43362
# of expected failures 58
# of unsupported tests 262
Running target unix/-m64
=== gfortran Summary for unix/-m64 ===
# of expected passes 43688
# of expected failures 58
# of unsupported tests 102
=== gfortran Summary ===
# of expected passes 87050
# of expected failures 116
# of unsupported tests 364
/var/gcc/regression/gcc-4.8-branch/11-gcc-gas/build/gcc/testsuite/gfortran/../../gfortran version 4.8.3 20131213 (prerelease) [gcc-4_8-branch revision 205954] (GCC)
=== gnat tests ===
Running target unix
=== gnat Summary for unix ===
# of expected passes 1154
# of expected failures 17
# of unsupported tests 13
Running target unix/-m64
=== gnat Summary for unix/-m64 ===
# of expected passes 1154
# of expected failures 17
# of unsupported tests 13
=== gnat Summary ===
# of expected passes 2308
# of expected failures 34
# of unsupported tests 26
/var/gcc/regression/gcc-4.8-branch/11-gcc-gas/build/gcc/gnatmake version 4.8.3 20131213 (prerelease) [gcc-4_8-branch revision 205954]
=== go tests ===
Running target unix
FAIL: go.test/test/peano.go execution, -O2 -g
=== go Summary for unix ===
# of expected passes 5176
# of unexpected failures 1
# of expected failures 1
# of untested testcases 6
Running target unix/-m64
FAIL: go.test/test/peano.go execution, -O2 -g
=== go Summary for unix/-m64 ===
# of expected passes 5056
# of unexpected failures 1
# of expected failures 1
# of untested testcases 6
=== go Summary ===
# of expected passes 10232
# of unexpected failures 2
# of expected failures 2
# of untested testcases 12
/var/gcc/regression/gcc-4.8-branch/11-gcc-gas/build/gcc/testsuite/go/../../gccgo version 4.8.3 20131213 (prerelease) [gcc-4_8-branch revision 205954] (GCC)
=== obj-c++ tests ===
Running target unix
=== obj-c++ Summary for unix ===
# of expected passes 1450
# of expected failures 2
# of unsupported tests 86
Running target unix/-m64
=== obj-c++ Summary for unix/-m64 ===
# of expected passes 1442
# of expected failures 10
# of unsupported tests 86
=== obj-c++ Summary ===
# of expected passes 2892
# of expected failures 12
# of unsupported tests 172
/var/gcc/regression/gcc-4.8-branch/11-gcc-gas/build/gcc/testsuite/obj-c++/../../xg++ version 4.8.3 20131213 (prerelease) [gcc-4_8-branch revision 205954] (GCC)
=== objc tests ===
Running target unix
=== objc Summary for unix ===
# of expected passes 2994
# of unsupported tests 74
Running target unix/-m64
=== objc Summary for unix/-m64 ===
# of expected passes 2994
# of unsupported tests 74
=== objc Summary ===
# of expected passes 5988
# of unsupported tests 148
/var/gcc/regression/gcc-4.8-branch/11-gcc-gas/build/gcc/xgcc version 4.8.3 20131213 (prerelease) [gcc-4_8-branch revision 205954] (GCC)
=== boehm-gc tests ===
Running target unix
=== boehm-gc Summary for unix ===
# of expected passes 12
# of unsupported tests 1
Running target unix/-m64
=== boehm-gc Summary for unix/-m64 ===
# of expected passes 12
# of unsupported tests 1
=== boehm-gc Summary ===
# of expected passes 24
# of unsupported tests 2
=== libatomic tests ===
Running target unix
=== libatomic Summary for unix ===
# of expected passes 34
# of unsupported tests 10
Running target unix/-m64
=== libatomic Summary for unix/-m64 ===
# of expected passes 44
# of unsupported tests 5
=== libatomic Summary ===
# of expected passes 78
# of unsupported tests 15
=== libffi tests ===
Running target unix
=== libffi Summary for unix ===
# of expected passes 1819
# of unsupported tests 55
Running target unix/-m64
=== libffi Summary for unix/-m64 ===
# of expected passes 1819
# of unsupported tests 55
=== libffi Summary ===
# of expected passes 3638
# of unsupported tests 110
=== libgo tests ===
Running target unix
FAIL: net
FAIL: text/template
FAIL: testing/quick
=== libgo Summary for unix ===
# of expected passes 119
# of unexpected failures 3
Running target unix/-m64
FAIL: runtime
=== libgo Summary for unix/-m64 ===
# of expected passes 121
# of unexpected failures 1
=== libgo Summary ===
# of expected passes 240
# of unexpected failures 4
/var/gcc/regression/gcc-4.8-branch/11-gcc-gas/build/./gcc/gccgo version 4.8.3 20131213 (prerelease) [gcc-4_8-branch revision 205954] (GCC)
=== libgomp tests ===
Running target unix
=== libgomp Summary for unix ===
# of expected passes 3050
# of unsupported tests 3
Running target unix/-m64
=== libgomp Summary for unix/-m64 ===
# of expected passes 3050
# of unsupported tests 3
=== libgomp Summary ===
# of expected passes 6100
# of unsupported tests 6
=== libitm tests ===
Running target unix
=== libitm Summary for unix ===
# of expected passes 26
# of expected failures 3
# of unsupported tests 1
Running target unix/-m64
=== libitm Summary for unix/-m64 ===
# of expected passes 26
# of expected failures 3
# of unsupported tests 1
=== libitm Summary ===
# of expected passes 52
# of expected failures 6
# of unsupported tests 2
=== libjava tests ===
Running target unix
FAIL: sourcelocation output - source compiled test
FAIL: sourcelocation -findirect-dispatch output - source compiled test
FAIL: sourcelocation -O3 output - source compiled test
FAIL: sourcelocation -O3 -findirect-dispatch output - source compiled test
=== libjava Summary for unix ===
# of expected passes 2582
# of unexpected failures 4
Running target unix/-m64
FAIL: sourcelocation output - source compiled test
FAIL: sourcelocation -findirect-dispatch output - source compiled test
FAIL: sourcelocation -O3 output - source compiled test
FAIL: sourcelocation -O3 -findirect-dispatch output - source compiled test
=== libjava Summary for unix/-m64 ===
# of expected passes 2582
# of unexpected failures 4
=== libjava Summary ===
# of expected passes 5164
# of unexpected failures 8
=== libmudflap tests ===
Running target unix
FAIL: libmudflap.c++/pass41-frag.cxx ( -O) execution test
FAIL: libmudflap.c++/pass41-frag.cxx (-O2) execution test
FAIL: libmudflap.c++/pass41-frag.cxx (-O3) execution test
=== libmudflap Summary for unix ===
# of expected passes 1439
# of unexpected failures 3
Running target unix/-m64
FAIL: libmudflap.c++/pass41-frag.cxx ( -O) execution test
FAIL: libmudflap.c++/pass41-frag.cxx (-O2) execution test
FAIL: libmudflap.c++/pass41-frag.cxx (-O3) execution test
=== libmudflap Summary for unix/-m64 ===
# of expected passes 1439
# of unexpected failures 3
=== libmudflap Summary ===
# of expected passes 2878
# of unexpected failures 6
=== libstdc++ tests ===
Running target unix
=== libstdc++ Summary for unix ===
# of expected passes 8326
# of expected failures 45
# of unsupported tests 588
Running target unix/-m64
=== libstdc++ Summary for unix/-m64 ===
# of expected passes 8326
# of expected failures 45
# of unsupported tests 588
=== libstdc++ Summary ===
# of expected passes 16652
# of expected failures 90
# of unsupported tests 1176
Compiler version: 4.8.3 20131213 (prerelease) [gcc-4_8-branch revision 205954] (GCC)
Platform: sparc-sun-solaris2.11
configure flags: --prefix=/vol/gcc --target=sparc-sun-solaris2.11 --enable-objc-gc --enable-libmudflap --with-as=/vol/gcc/bin/gas-2.24 --with-gnu-as --with-gmp-include=/vol/gcc/include --with-gmp-lib=/vol/gcc/lib --with-mpfr-include=/vol/gcc/include --with-mpfr-lib=/vol/gcc/lib --with-mpc-include=/vol/gcc/include --with-mpc-lib=/vol/gcc/lib --enable-languages=all,ada,obj-c++,go --with-isl-include=/vol/gcc/include --with-isl-lib=/vol/gcc/lib --with-cloog-include=/vol/gcc/include --with-cloog-lib=/vol/gcc/lib --enable-cloog-backend=isl
BOOT_CFLAGS=-g -O2