This is the mail archive of the
gcc-testresults@gcc.gnu.org
mailing list for the GCC project.
Results for 4.8.3 20131203 (prerelease) (GCC) testsuite on arm-unknown-rtems4.11
- From: Sebastian Huber <sebastian dot huber at embedded-brains dot de>
- To: gcc-testresults at gcc dot gnu dot org
- Date: Tue, 03 Dec 2013 13:31:33 +0100
- Subject: Results for 4.8.3 20131203 (prerelease) (GCC) testsuite on arm-unknown-rtems4.11
- Authentication-results: sourceware.org; auth=none
Target is arm-unknown-rtems4.11
Host is x86_64-unknown-linux-gnu
=== gcc tests ===
Running target rtems-arm-edb7312
FAIL: gcc.c-torture/execute/20101011-1.c execution, -O0
FAIL: gcc.c-torture/execute/20101011-1.c execution, -O1
FAIL: gcc.c-torture/execute/20101011-1.c execution, -O2
FAIL: gcc.c-torture/execute/20101011-1.c execution, -O3 -fomit-frame-pointer
FAIL: gcc.c-torture/execute/20101011-1.c execution, -O3 -g
FAIL: gcc.c-torture/execute/20101011-1.c execution, -Os
FAIL: gcc.c-torture/execute/20101011-1.c execution, -Og -g
FAIL: gcc.c-torture/execute/20101011-1.c execution, -O2 -flto
-fno-use-linker-plugin -flto-partition=none
FAIL: gcc.c-torture/execute/20101011-1.c execution, -O2 -flto
-fuse-linker-plugin -fno-fat-lto-objects
FAIL: gcc.dg/debug/dwarf2/aranges-fnsec-1.c scan-assembler DW_AT_ranges
FAIL: gcc.dg/atomic-flag.c (test for excess errors)
UNRESOLVED: gcc.dg/atomic-flag.c compilation failed to produce executable
FAIL: gcc.dg/fshort-wchar.c (test for excess errors)
FAIL: gcc.dg/uninit-13.c unconditional (test for warnings, line 8)
FAIL: gcc.dg/uninit-13.c (test for excess errors)
FAIL: gcc.dg/lto/pr54709 c_lto_pr54709_0.o-c_lto_pr54709_1.o link, -fPIC
-fvisibility=hidden -flto
UNRESOLVED: gcc.dg/lto/pr54709 c_lto_pr54709_0.o-c_lto_pr54709_1.o execute
-fPIC -fvisibility=hidden -flto
FAIL: gcc.dg/torture/tls/tls-test.c -O0 (test for excess errors)
UNRESOLVED: gcc.dg/torture/tls/tls-test.c -O0 compilation failed to produce
executable
FAIL: gcc.dg/torture/tls/tls-test.c -O1 (test for excess errors)
UNRESOLVED: gcc.dg/torture/tls/tls-test.c -O1 compilation failed to produce
executable
FAIL: gcc.dg/torture/tls/tls-test.c -O2 (test for excess errors)
UNRESOLVED: gcc.dg/torture/tls/tls-test.c -O2 compilation failed to produce
executable
FAIL: gcc.dg/torture/tls/tls-test.c -O3 -fomit-frame-pointer (test for excess
errors)
UNRESOLVED: gcc.dg/torture/tls/tls-test.c -O3 -fomit-frame-pointer
compilation failed to produce executable
FAIL: gcc.dg/torture/tls/tls-test.c -O3 -g (test for excess errors)
UNRESOLVED: gcc.dg/torture/tls/tls-test.c -O3 -g compilation failed to
produce executable
FAIL: gcc.dg/torture/tls/tls-test.c -Os (test for excess errors)
UNRESOLVED: gcc.dg/torture/tls/tls-test.c -Os compilation failed to produce
executable
FAIL: gcc.dg/torture/tls/tls-test.c -O0 -fpic (test for excess errors)
UNRESOLVED: gcc.dg/torture/tls/tls-test.c -O0 -fpic compilation failed to
produce executable
FAIL: gcc.dg/torture/tls/tls-test.c -O1 -fpic (test for excess errors)
UNRESOLVED: gcc.dg/torture/tls/tls-test.c -O1 -fpic compilation failed to
produce executable
FAIL: gcc.dg/torture/tls/tls-test.c -O2 -fpic (test for excess errors)
UNRESOLVED: gcc.dg/torture/tls/tls-test.c -O2 -fpic compilation failed to
produce executable
FAIL: gcc.dg/torture/tls/tls-test.c -O3 -fomit-frame-pointer -fpic (test for
excess errors)
UNRESOLVED: gcc.dg/torture/tls/tls-test.c -O3 -fomit-frame-pointer -fpic
compilation failed to produce executable
FAIL: gcc.dg/torture/tls/tls-test.c -O3 -g -fpic (test for excess errors)
UNRESOLVED: gcc.dg/torture/tls/tls-test.c -O3 -g -fpic compilation failed to
produce executable
FAIL: gcc.dg/torture/tls/tls-test.c -Os -fpic (test for excess errors)
UNRESOLVED: gcc.dg/torture/tls/tls-test.c -Os -fpic compilation failed to
produce executable
FAIL: gcc.dg/torture/tls/tls-test.c -O0 -fPIC (test for excess errors)
UNRESOLVED: gcc.dg/torture/tls/tls-test.c -O0 -fPIC compilation failed to
produce executable
FAIL: gcc.dg/torture/tls/tls-test.c -O1 -fPIC (test for excess errors)
UNRESOLVED: gcc.dg/torture/tls/tls-test.c -O1 -fPIC compilation failed to
produce executable
FAIL: gcc.dg/torture/tls/tls-test.c -O2 -fPIC (test for excess errors)
UNRESOLVED: gcc.dg/torture/tls/tls-test.c -O2 -fPIC compilation failed to
produce executable
FAIL: gcc.dg/torture/tls/tls-test.c -O3 -fomit-frame-pointer -fPIC (test for
excess errors)
UNRESOLVED: gcc.dg/torture/tls/tls-test.c -O3 -fomit-frame-pointer -fPIC
compilation failed to produce executable
FAIL: gcc.dg/torture/tls/tls-test.c -O3 -g -fPIC (test for excess errors)
UNRESOLVED: gcc.dg/torture/tls/tls-test.c -O3 -g -fPIC compilation failed to
produce executable
FAIL: gcc.dg/torture/tls/tls-test.c -Os -fPIC (test for excess errors)
UNRESOLVED: gcc.dg/torture/tls/tls-test.c -Os -fPIC compilation failed to
produce executable
FAIL: gcc.dg/torture/tls/tls-test.c -O2 -flto -fno-use-linker-plugin
-flto-partition=none (test for excess errors)
UNRESOLVED: gcc.dg/torture/tls/tls-test.c -O2 -flto -fno-use-linker-plugin
-flto-partition=none compilation failed to produce executable
FAIL: gcc.dg/torture/tls/tls-test.c -O2 -flto -fuse-linker-plugin
-fno-fat-lto-objects (test for excess errors)
UNRESOLVED: gcc.dg/torture/tls/tls-test.c -O2 -flto -fuse-linker-plugin
-fno-fat-lto-objects compilation failed to produce executable
FAIL: gcc.dg/tree-ssa/sra-12.c scan-tree-dump-times release_ssa "l;" 0
FAIL: gcc.target/arm/neon-vcond-ltgt.c scan-assembler vbsl[\\\\t
]*q[0-9]+,[\\\\t ]*q[0-9]+,[\\\\t ]*q[0-9]+
FAIL: gcc.target/arm/neon-vcond-unordered.c scan-assembler vbsl[\\\\t
]*q[0-9]+,[\\\\t ]*q[0-9]+,[\\\\t ]*q[0-9]+
FAIL: gcc.target/arm/neon-vext-execute.c execution test
FAIL: gcc.target/arm/pr42172-1.c scan-assembler-times ldr 1
FAIL: gcc.target/arm/pr42575.c scan-assembler-not mov
=== gcc Summary ===
# of expected passes 88115
# of unexpected failures 41
# of expected failures 255
# of unresolved testcases 22
# of unsupported tests 1638
/scratch/git-rtems-testing/gcc/b-arm-gcc/gcc/xgcc version 4.8.3 20131203
(prerelease) [master revision
022fc2d:bffd767:fd457cef14f3bc6673e90a2de80005feea743ab7] (GCC)
Host is x86_64-unknown-linux-gnu
=== g++ tests ===
Running target rtems-arm-edb7312
FAIL: g++.dg/simulate-thread/atomics-1.C -O0 -g (test for excess errors)
FAIL: g++.dg/simulate-thread/atomics-1.C -O1 -g (test for excess errors)
FAIL: g++.dg/simulate-thread/atomics-1.C -O2 -g -std=c++98 (test for excess
errors)
FAIL: g++.dg/simulate-thread/atomics-1.C -O3 -g -std=c++11 (test for excess
errors)
FAIL: g++.dg/simulate-thread/atomics-1.C -Os -g (test for excess errors)
FAIL: g++.dg/simulate-thread/atomics-2.C -O0 -g (test for excess errors)
FAIL: g++.dg/simulate-thread/atomics-2.C -O1 -g (test for excess errors)
FAIL: g++.dg/simulate-thread/atomics-2.C -O2 -g -std=c++98 (test for excess
errors)
FAIL: g++.dg/simulate-thread/atomics-2.C -O3 -g -std=c++11 (test for excess
errors)
FAIL: g++.dg/simulate-thread/atomics-2.C -Os -g (test for excess errors)
=== g++ Summary ===
# of expected passes 49993
# of unexpected failures 10
# of expected failures 287
# of unsupported tests 1064
/scratch/git-rtems-testing/gcc/b-arm-gcc/gcc/testsuite/g++/../../xg++ version
4.8.3 20131203 (prerelease) [master revision
022fc2d:bffd767:fd457cef14f3bc6673e90a2de80005feea743ab7] (GCC)
Compiler version: 4.8.3 20131203 (prerelease) [master revision
022fc2d:bffd767:fd457cef14f3bc6673e90a2de80005feea743ab7] (GCC)
Platform: arm-unknown-rtems4.11
configure flags: --disable-werror --enable-threads=rtems --with-gnu-as
--disable-multilib --enable-newlib-mb --enable-newlib-iconv --with-gnu-ld
--with-newlib --verbose --with-system-zlib --disable-nls
--enable-version-specific-runtime-libs --enable-languages=c,c++
--target=arm-rtems4.11 --prefix=/scratch/git-rtems-testing/gcc/install-git
--
Sebastian Huber, embedded brains GmbH
Address : Dornierstr. 4, D-82178 Puchheim, Germany
Phone : +49 89 189 47 41-16
Fax : +49 89 189 47 41-09
E-Mail : sebastian.huber@embedded-brains.de
PGP : Public key available on request.
Diese Nachricht ist keine geschäftliche Mitteilung im Sinne des EHUG.