This is the mail archive of the
gcc-testresults@gcc.gnu.org
mailing list for the GCC project.
Results for 4.9.0 20131129 (experimental) [trunk revision 205535] (GCC) testsuite on hppa2.0w-hp-hpux11.11
- From: John David Anglin <dave at hiauly3 dot hia dot nrc dot ca>
- To: dave at hiauly3 dot hia dot nrc dot ca, gcc-testresults at gcc dot gnu dot org
- Date: Mon, 2 Dec 2013 20:34:47 -0500 (EST)
- Subject: Results for 4.9.0 20131129 (experimental) [trunk revision 205535] (GCC) testsuite on hppa2.0w-hp-hpux11.11
- Authentication-results: sourceware.org; auth=none
=== acats tests ===
FAIL: c974013
=== acats Summary ===
# of expected passes 2319
# of unexpected failures 1
Native configuration is hppa2.0w-hp-hpux11.11
=== g++ tests ===
Running target unix
UNRESOLVED: g++.dg/ext/label13.C -std=gnu++98 compilation failed to produce executable
UNRESOLVED: g++.dg/ext/label13.C -std=gnu++11 compilation failed to produce executable
FAIL: g++.dg/warn/Wunused-3.C -std=gnu++98 (test for excess errors)
FAIL: g++.dg/warn/Wunused-3.C -std=gnu++11 (test for excess errors)
WARNING: program timed out.
FAIL: c-c++-common/simulate-thread/bitfields-2.c -Os -g thread simulation test
FAIL: c-c++-common/ubsan/div-by-zero-1.c -O0 (test for excess errors)
UNRESOLVED: c-c++-common/ubsan/div-by-zero-1.c -O0 compilation failed to produce executable
FAIL: c-c++-common/ubsan/div-by-zero-1.c -O1 (test for excess errors)
UNRESOLVED: c-c++-common/ubsan/div-by-zero-1.c -O1 compilation failed to produce executable
FAIL: c-c++-common/ubsan/div-by-zero-1.c -O2 (test for excess errors)
UNRESOLVED: c-c++-common/ubsan/div-by-zero-1.c -O2 compilation failed to produce executable
FAIL: c-c++-common/ubsan/div-by-zero-1.c -O3 -fomit-frame-pointer (test for excess errors)
UNRESOLVED: c-c++-common/ubsan/div-by-zero-1.c -O3 -fomit-frame-pointer compilation failed to produce executable
FAIL: c-c++-common/ubsan/div-by-zero-1.c -O3 -g (test for excess errors)
UNRESOLVED: c-c++-common/ubsan/div-by-zero-1.c -O3 -g compilation failed to produce executable
FAIL: c-c++-common/ubsan/div-by-zero-1.c -Os (test for excess errors)
UNRESOLVED: c-c++-common/ubsan/div-by-zero-1.c -Os compilation failed to produce executable
FAIL: c-c++-common/ubsan/div-by-zero-2.c -O0 (test for excess errors)
UNRESOLVED: c-c++-common/ubsan/div-by-zero-2.c -O0 compilation failed to produce executable
FAIL: c-c++-common/ubsan/div-by-zero-2.c -O1 (test for excess errors)
UNRESOLVED: c-c++-common/ubsan/div-by-zero-2.c -O1 compilation failed to produce executable
FAIL: c-c++-common/ubsan/div-by-zero-2.c -O2 (test for excess errors)
UNRESOLVED: c-c++-common/ubsan/div-by-zero-2.c -O2 compilation failed to produce executable
FAIL: c-c++-common/ubsan/div-by-zero-2.c -O3 -fomit-frame-pointer (test for excess errors)
UNRESOLVED: c-c++-common/ubsan/div-by-zero-2.c -O3 -fomit-frame-pointer compilation failed to produce executable
FAIL: c-c++-common/ubsan/div-by-zero-2.c -O3 -g (test for excess errors)
UNRESOLVED: c-c++-common/ubsan/div-by-zero-2.c -O3 -g compilation failed to produce executable
FAIL: c-c++-common/ubsan/div-by-zero-2.c -Os (test for excess errors)
UNRESOLVED: c-c++-common/ubsan/div-by-zero-2.c -Os compilation failed to produce executable
FAIL: c-c++-common/ubsan/div-by-zero-3.c -O0 (test for excess errors)
UNRESOLVED: c-c++-common/ubsan/div-by-zero-3.c -O0 compilation failed to produce executable
FAIL: c-c++-common/ubsan/div-by-zero-3.c -O1 (test for excess errors)
UNRESOLVED: c-c++-common/ubsan/div-by-zero-3.c -O1 compilation failed to produce executable
FAIL: c-c++-common/ubsan/div-by-zero-3.c -O2 (test for excess errors)
UNRESOLVED: c-c++-common/ubsan/div-by-zero-3.c -O2 compilation failed to produce executable
FAIL: c-c++-common/ubsan/div-by-zero-3.c -O3 -fomit-frame-pointer (test for excess errors)
UNRESOLVED: c-c++-common/ubsan/div-by-zero-3.c -O3 -fomit-frame-pointer compilation failed to produce executable
FAIL: c-c++-common/ubsan/div-by-zero-3.c -O3 -g (test for excess errors)
UNRESOLVED: c-c++-common/ubsan/div-by-zero-3.c -O3 -g compilation failed to produce executable
FAIL: c-c++-common/ubsan/div-by-zero-3.c -Os (test for excess errors)
UNRESOLVED: c-c++-common/ubsan/div-by-zero-3.c -Os compilation failed to produce executable
FAIL: c-c++-common/ubsan/div-by-zero-4.c -O0 (test for excess errors)
UNRESOLVED: c-c++-common/ubsan/div-by-zero-4.c -O0 compilation failed to produce executable
FAIL: c-c++-common/ubsan/div-by-zero-4.c -O1 (test for excess errors)
UNRESOLVED: c-c++-common/ubsan/div-by-zero-4.c -O1 compilation failed to produce executable
FAIL: c-c++-common/ubsan/div-by-zero-4.c -O2 (test for excess errors)
UNRESOLVED: c-c++-common/ubsan/div-by-zero-4.c -O2 compilation failed to produce executable
FAIL: c-c++-common/ubsan/div-by-zero-4.c -O3 -fomit-frame-pointer (test for excess errors)
UNRESOLVED: c-c++-common/ubsan/div-by-zero-4.c -O3 -fomit-frame-pointer compilation failed to produce executable
FAIL: c-c++-common/ubsan/div-by-zero-4.c -O3 -g (test for excess errors)
UNRESOLVED: c-c++-common/ubsan/div-by-zero-4.c -O3 -g compilation failed to produce executable
FAIL: c-c++-common/ubsan/div-by-zero-4.c -Os (test for excess errors)
UNRESOLVED: c-c++-common/ubsan/div-by-zero-4.c -Os compilation failed to produce executable
FAIL: c-c++-common/ubsan/null-1.c -O0 (test for excess errors)
UNRESOLVED: c-c++-common/ubsan/null-1.c -O0 compilation failed to produce executable
FAIL: c-c++-common/ubsan/null-1.c -O1 (test for excess errors)
UNRESOLVED: c-c++-common/ubsan/null-1.c -O1 compilation failed to produce executable
FAIL: c-c++-common/ubsan/null-1.c -O2 (test for excess errors)
UNRESOLVED: c-c++-common/ubsan/null-1.c -O2 compilation failed to produce executable
FAIL: c-c++-common/ubsan/null-1.c -O3 -fomit-frame-pointer (test for excess errors)
UNRESOLVED: c-c++-common/ubsan/null-1.c -O3 -fomit-frame-pointer compilation failed to produce executable
FAIL: c-c++-common/ubsan/null-1.c -O3 -g (test for excess errors)
UNRESOLVED: c-c++-common/ubsan/null-1.c -O3 -g compilation failed to produce executable
FAIL: c-c++-common/ubsan/null-1.c -Os (test for excess errors)
UNRESOLVED: c-c++-common/ubsan/null-1.c -Os compilation failed to produce executable
FAIL: c-c++-common/ubsan/null-10.c -O0 (test for excess errors)
UNRESOLVED: c-c++-common/ubsan/null-10.c -O0 compilation failed to produce executable
FAIL: c-c++-common/ubsan/null-10.c -O1 (test for excess errors)
UNRESOLVED: c-c++-common/ubsan/null-10.c -O1 compilation failed to produce executable
FAIL: c-c++-common/ubsan/null-10.c -O2 (test for excess errors)
UNRESOLVED: c-c++-common/ubsan/null-10.c -O2 compilation failed to produce executable
FAIL: c-c++-common/ubsan/null-10.c -O3 -fomit-frame-pointer (test for excess errors)
UNRESOLVED: c-c++-common/ubsan/null-10.c -O3 -fomit-frame-pointer compilation failed to produce executable
FAIL: c-c++-common/ubsan/null-10.c -O3 -g (test for excess errors)
UNRESOLVED: c-c++-common/ubsan/null-10.c -O3 -g compilation failed to produce executable
FAIL: c-c++-common/ubsan/null-10.c -Os (test for excess errors)
UNRESOLVED: c-c++-common/ubsan/null-10.c -Os compilation failed to produce executable
FAIL: c-c++-common/ubsan/null-11.c -O0 (test for excess errors)
UNRESOLVED: c-c++-common/ubsan/null-11.c -O0 compilation failed to produce executable
FAIL: c-c++-common/ubsan/null-11.c -O1 (test for excess errors)
UNRESOLVED: c-c++-common/ubsan/null-11.c -O1 compilation failed to produce executable
FAIL: c-c++-common/ubsan/null-11.c -O2 (test for excess errors)
UNRESOLVED: c-c++-common/ubsan/null-11.c -O2 compilation failed to produce executable
FAIL: c-c++-common/ubsan/null-11.c -O3 -fomit-frame-pointer (test for excess errors)
UNRESOLVED: c-c++-common/ubsan/null-11.c -O3 -fomit-frame-pointer compilation failed to produce executable
FAIL: c-c++-common/ubsan/null-11.c -O3 -g (test for excess errors)
UNRESOLVED: c-c++-common/ubsan/null-11.c -O3 -g compilation failed to produce executable
FAIL: c-c++-common/ubsan/null-11.c -Os (test for excess errors)
UNRESOLVED: c-c++-common/ubsan/null-11.c -Os compilation failed to produce executable
FAIL: c-c++-common/ubsan/null-2.c -O0 (test for excess errors)
UNRESOLVED: c-c++-common/ubsan/null-2.c -O0 compilation failed to produce executable
FAIL: c-c++-common/ubsan/null-2.c -O1 (test for excess errors)
UNRESOLVED: c-c++-common/ubsan/null-2.c -O1 compilation failed to produce executable
FAIL: c-c++-common/ubsan/null-2.c -O2 (test for excess errors)
UNRESOLVED: c-c++-common/ubsan/null-2.c -O2 compilation failed to produce executable
FAIL: c-c++-common/ubsan/null-2.c -O3 -fomit-frame-pointer (test for excess errors)
UNRESOLVED: c-c++-common/ubsan/null-2.c -O3 -fomit-frame-pointer compilation failed to produce executable
FAIL: c-c++-common/ubsan/null-2.c -O3 -g (test for excess errors)
UNRESOLVED: c-c++-common/ubsan/null-2.c -O3 -g compilation failed to produce executable
FAIL: c-c++-common/ubsan/null-2.c -Os (test for excess errors)
UNRESOLVED: c-c++-common/ubsan/null-2.c -Os compilation failed to produce executable
FAIL: c-c++-common/ubsan/null-3.c -O0 (test for excess errors)
UNRESOLVED: c-c++-common/ubsan/null-3.c -O0 compilation failed to produce executable
FAIL: c-c++-common/ubsan/null-3.c -O1 (test for excess errors)
UNRESOLVED: c-c++-common/ubsan/null-3.c -O1 compilation failed to produce executable
FAIL: c-c++-common/ubsan/null-3.c -O2 (test for excess errors)
UNRESOLVED: c-c++-common/ubsan/null-3.c -O2 compilation failed to produce executable
FAIL: c-c++-common/ubsan/null-3.c -O3 -fomit-frame-pointer (test for excess errors)
UNRESOLVED: c-c++-common/ubsan/null-3.c -O3 -fomit-frame-pointer compilation failed to produce executable
FAIL: c-c++-common/ubsan/null-3.c -O3 -g (test for excess errors)
UNRESOLVED: c-c++-common/ubsan/null-3.c -O3 -g compilation failed to produce executable
FAIL: c-c++-common/ubsan/null-3.c -Os (test for excess errors)
UNRESOLVED: c-c++-common/ubsan/null-3.c -Os compilation failed to produce executable
FAIL: c-c++-common/ubsan/null-4.c -O0 (test for excess errors)
UNRESOLVED: c-c++-common/ubsan/null-4.c -O0 compilation failed to produce executable
FAIL: c-c++-common/ubsan/null-4.c -O1 (test for excess errors)
UNRESOLVED: c-c++-common/ubsan/null-4.c -O1 compilation failed to produce executable
FAIL: c-c++-common/ubsan/null-4.c -O2 (test for excess errors)
UNRESOLVED: c-c++-common/ubsan/null-4.c -O2 compilation failed to produce executable
FAIL: c-c++-common/ubsan/null-4.c -O3 -fomit-frame-pointer (test for excess errors)
UNRESOLVED: c-c++-common/ubsan/null-4.c -O3 -fomit-frame-pointer compilation failed to produce executable
FAIL: c-c++-common/ubsan/null-4.c -O3 -g (test for excess errors)
UNRESOLVED: c-c++-common/ubsan/null-4.c -O3 -g compilation failed to produce executable
FAIL: c-c++-common/ubsan/null-4.c -Os (test for excess errors)
UNRESOLVED: c-c++-common/ubsan/null-4.c -Os compilation failed to produce executable
FAIL: c-c++-common/ubsan/null-5.c -O0 (test for excess errors)
UNRESOLVED: c-c++-common/ubsan/null-5.c -O0 compilation failed to produce executable
FAIL: c-c++-common/ubsan/null-5.c -O1 (test for excess errors)
UNRESOLVED: c-c++-common/ubsan/null-5.c -O1 compilation failed to produce executable
FAIL: c-c++-common/ubsan/null-5.c -O2 (test for excess errors)
UNRESOLVED: c-c++-common/ubsan/null-5.c -O2 compilation failed to produce executable
FAIL: c-c++-common/ubsan/null-5.c -O3 -fomit-frame-pointer (test for excess errors)
UNRESOLVED: c-c++-common/ubsan/null-5.c -O3 -fomit-frame-pointer compilation failed to produce executable
FAIL: c-c++-common/ubsan/null-5.c -O3 -g (test for excess errors)
UNRESOLVED: c-c++-common/ubsan/null-5.c -O3 -g compilation failed to produce executable
FAIL: c-c++-common/ubsan/null-5.c -Os (test for excess errors)
UNRESOLVED: c-c++-common/ubsan/null-5.c -Os compilation failed to produce executable
FAIL: c-c++-common/ubsan/null-6.c -O0 (test for excess errors)
UNRESOLVED: c-c++-common/ubsan/null-6.c -O0 compilation failed to produce executable
FAIL: c-c++-common/ubsan/null-6.c -O1 (test for excess errors)
UNRESOLVED: c-c++-common/ubsan/null-6.c -O1 compilation failed to produce executable
FAIL: c-c++-common/ubsan/null-6.c -O2 (test for excess errors)
UNRESOLVED: c-c++-common/ubsan/null-6.c -O2 compilation failed to produce executable
FAIL: c-c++-common/ubsan/null-6.c -O3 -fomit-frame-pointer (test for excess errors)
UNRESOLVED: c-c++-common/ubsan/null-6.c -O3 -fomit-frame-pointer compilation failed to produce executable
FAIL: c-c++-common/ubsan/null-6.c -O3 -g (test for excess errors)
UNRESOLVED: c-c++-common/ubsan/null-6.c -O3 -g compilation failed to produce executable
FAIL: c-c++-common/ubsan/null-6.c -Os (test for excess errors)
UNRESOLVED: c-c++-common/ubsan/null-6.c -Os compilation failed to produce executable
FAIL: c-c++-common/ubsan/null-7.c -O0 (test for excess errors)
UNRESOLVED: c-c++-common/ubsan/null-7.c -O0 compilation failed to produce executable
FAIL: c-c++-common/ubsan/null-7.c -O1 (test for excess errors)
UNRESOLVED: c-c++-common/ubsan/null-7.c -O1 compilation failed to produce executable
FAIL: c-c++-common/ubsan/null-7.c -O2 (test for excess errors)
UNRESOLVED: c-c++-common/ubsan/null-7.c -O2 compilation failed to produce executable
FAIL: c-c++-common/ubsan/null-7.c -O3 -fomit-frame-pointer (test for excess errors)
UNRESOLVED: c-c++-common/ubsan/null-7.c -O3 -fomit-frame-pointer compilation failed to produce executable
FAIL: c-c++-common/ubsan/null-7.c -O3 -g (test for excess errors)
UNRESOLVED: c-c++-common/ubsan/null-7.c -O3 -g compilation failed to produce executable
FAIL: c-c++-common/ubsan/null-7.c -Os (test for excess errors)
UNRESOLVED: c-c++-common/ubsan/null-7.c -Os compilation failed to produce executable
FAIL: c-c++-common/ubsan/null-8.c -O0 (test for excess errors)
UNRESOLVED: c-c++-common/ubsan/null-8.c -O0 compilation failed to produce executable
FAIL: c-c++-common/ubsan/null-8.c -O1 (test for excess errors)
UNRESOLVED: c-c++-common/ubsan/null-8.c -O1 compilation failed to produce executable
FAIL: c-c++-common/ubsan/null-8.c -O2 (test for excess errors)
UNRESOLVED: c-c++-common/ubsan/null-8.c -O2 compilation failed to produce executable
FAIL: c-c++-common/ubsan/null-8.c -O3 -fomit-frame-pointer (test for excess errors)
UNRESOLVED: c-c++-common/ubsan/null-8.c -O3 -fomit-frame-pointer compilation failed to produce executable
FAIL: c-c++-common/ubsan/null-8.c -O3 -g (test for excess errors)
UNRESOLVED: c-c++-common/ubsan/null-8.c -O3 -g compilation failed to produce executable
FAIL: c-c++-common/ubsan/null-8.c -Os (test for excess errors)
UNRESOLVED: c-c++-common/ubsan/null-8.c -Os compilation failed to produce executable
FAIL: c-c++-common/ubsan/null-9.c -O0 (test for excess errors)
UNRESOLVED: c-c++-common/ubsan/null-9.c -O0 compilation failed to produce executable
FAIL: c-c++-common/ubsan/null-9.c -O1 (test for excess errors)
UNRESOLVED: c-c++-common/ubsan/null-9.c -O1 compilation failed to produce executable
FAIL: c-c++-common/ubsan/null-9.c -O2 (test for excess errors)
UNRESOLVED: c-c++-common/ubsan/null-9.c -O2 compilation failed to produce executable
FAIL: c-c++-common/ubsan/null-9.c -O3 -fomit-frame-pointer (test for excess errors)
UNRESOLVED: c-c++-common/ubsan/null-9.c -O3 -fomit-frame-pointer compilation failed to produce executable
FAIL: c-c++-common/ubsan/null-9.c -O3 -g (test for excess errors)
UNRESOLVED: c-c++-common/ubsan/null-9.c -O3 -g compilation failed to produce executable
FAIL: c-c++-common/ubsan/null-9.c -Os (test for excess errors)
UNRESOLVED: c-c++-common/ubsan/null-9.c -Os compilation failed to produce executable
FAIL: c-c++-common/ubsan/shift-1.c -O0 (test for excess errors)
UNRESOLVED: c-c++-common/ubsan/shift-1.c -O0 compilation failed to produce executable
FAIL: c-c++-common/ubsan/shift-1.c -O1 (test for excess errors)
UNRESOLVED: c-c++-common/ubsan/shift-1.c -O1 compilation failed to produce executable
FAIL: c-c++-common/ubsan/shift-1.c -O2 (test for excess errors)
UNRESOLVED: c-c++-common/ubsan/shift-1.c -O2 compilation failed to produce executable
FAIL: c-c++-common/ubsan/shift-1.c -O3 -fomit-frame-pointer (test for excess errors)
UNRESOLVED: c-c++-common/ubsan/shift-1.c -O3 -fomit-frame-pointer compilation failed to produce executable
FAIL: c-c++-common/ubsan/shift-1.c -O3 -fomit-frame-pointer -funroll-loops (test for excess errors)
UNRESOLVED: c-c++-common/ubsan/shift-1.c -O3 -fomit-frame-pointer -funroll-loops compilation failed to produce executable
FAIL: c-c++-common/ubsan/shift-1.c -O3 -fomit-frame-pointer -funroll-all-loops -finline-functions (test for excess errors)
UNRESOLVED: c-c++-common/ubsan/shift-1.c -O3 -fomit-frame-pointer -funroll-all-loops -finline-functions compilation failed to produce executable
FAIL: c-c++-common/ubsan/shift-1.c -O3 -g (test for excess errors)
UNRESOLVED: c-c++-common/ubsan/shift-1.c -O3 -g compilation failed to produce executable
FAIL: c-c++-common/ubsan/shift-1.c -Os (test for excess errors)
UNRESOLVED: c-c++-common/ubsan/shift-1.c -Os compilation failed to produce executable
FAIL: c-c++-common/ubsan/shift-2.c -O0 (test for excess errors)
UNRESOLVED: c-c++-common/ubsan/shift-2.c -O0 compilation failed to produce executable
FAIL: c-c++-common/ubsan/shift-2.c -O1 (test for excess errors)
UNRESOLVED: c-c++-common/ubsan/shift-2.c -O1 compilation failed to produce executable
FAIL: c-c++-common/ubsan/shift-2.c -O2 (test for excess errors)
UNRESOLVED: c-c++-common/ubsan/shift-2.c -O2 compilation failed to produce executable
FAIL: c-c++-common/ubsan/shift-2.c -O3 -fomit-frame-pointer (test for excess errors)
UNRESOLVED: c-c++-common/ubsan/shift-2.c -O3 -fomit-frame-pointer compilation failed to produce executable
FAIL: c-c++-common/ubsan/shift-2.c -O3 -g (test for excess errors)
UNRESOLVED: c-c++-common/ubsan/shift-2.c -O3 -g compilation failed to produce executable
FAIL: c-c++-common/ubsan/shift-2.c -Os (test for excess errors)
UNRESOLVED: c-c++-common/ubsan/shift-2.c -Os compilation failed to produce executable
FAIL: c-c++-common/ubsan/shift-3.c -O0 (test for excess errors)
UNRESOLVED: c-c++-common/ubsan/shift-3.c -O0 compilation failed to produce executable
FAIL: c-c++-common/ubsan/shift-3.c -O1 (test for excess errors)
UNRESOLVED: c-c++-common/ubsan/shift-3.c -O1 compilation failed to produce executable
FAIL: c-c++-common/ubsan/shift-3.c -O2 (test for excess errors)
UNRESOLVED: c-c++-common/ubsan/shift-3.c -O2 compilation failed to produce executable
FAIL: c-c++-common/ubsan/shift-3.c -O3 -fomit-frame-pointer (test for excess errors)
UNRESOLVED: c-c++-common/ubsan/shift-3.c -O3 -fomit-frame-pointer compilation failed to produce executable
FAIL: c-c++-common/ubsan/shift-3.c -O3 -g (test for excess errors)
UNRESOLVED: c-c++-common/ubsan/shift-3.c -O3 -g compilation failed to produce executable
FAIL: c-c++-common/ubsan/shift-3.c -Os (test for excess errors)
UNRESOLVED: c-c++-common/ubsan/shift-3.c -Os compilation failed to produce executable
FAIL: c-c++-common/ubsan/shift-4.c -O0 (test for excess errors)
UNRESOLVED: c-c++-common/ubsan/shift-4.c -O0 compilation failed to produce executable
FAIL: c-c++-common/ubsan/shift-4.c -O1 (test for excess errors)
UNRESOLVED: c-c++-common/ubsan/shift-4.c -O1 compilation failed to produce executable
FAIL: c-c++-common/ubsan/shift-4.c -O2 (test for excess errors)
UNRESOLVED: c-c++-common/ubsan/shift-4.c -O2 compilation failed to produce executable
FAIL: c-c++-common/ubsan/shift-4.c -O3 -fomit-frame-pointer (test for excess errors)
UNRESOLVED: c-c++-common/ubsan/shift-4.c -O3 -fomit-frame-pointer compilation failed to produce executable
FAIL: c-c++-common/ubsan/shift-4.c -O3 -g (test for excess errors)
UNRESOLVED: c-c++-common/ubsan/shift-4.c -O3 -g compilation failed to produce executable
FAIL: c-c++-common/ubsan/shift-4.c -Os (test for excess errors)
UNRESOLVED: c-c++-common/ubsan/shift-4.c -Os compilation failed to produce executable
FAIL: c-c++-common/ubsan/shift-6.c -O0 (test for excess errors)
UNRESOLVED: c-c++-common/ubsan/shift-6.c -O0 compilation failed to produce executable
FAIL: c-c++-common/ubsan/shift-6.c -O1 (test for excess errors)
UNRESOLVED: c-c++-common/ubsan/shift-6.c -O1 compilation failed to produce executable
FAIL: c-c++-common/ubsan/shift-6.c -O2 (test for excess errors)
UNRESOLVED: c-c++-common/ubsan/shift-6.c -O2 compilation failed to produce executable
FAIL: c-c++-common/ubsan/shift-6.c -O3 -fomit-frame-pointer (test for excess errors)
UNRESOLVED: c-c++-common/ubsan/shift-6.c -O3 -fomit-frame-pointer compilation failed to produce executable
FAIL: c-c++-common/ubsan/shift-6.c -O3 -g (test for excess errors)
UNRESOLVED: c-c++-common/ubsan/shift-6.c -O3 -g compilation failed to produce executable
FAIL: c-c++-common/ubsan/shift-6.c -Os (test for excess errors)
UNRESOLVED: c-c++-common/ubsan/shift-6.c -Os compilation failed to produce executable
FAIL: c-c++-common/ubsan/undefined-1.c -O0 (test for excess errors)
UNRESOLVED: c-c++-common/ubsan/undefined-1.c -O0 compilation failed to produce executable
FAIL: c-c++-common/ubsan/undefined-1.c -O1 (test for excess errors)
UNRESOLVED: c-c++-common/ubsan/undefined-1.c -O1 compilation failed to produce executable
FAIL: c-c++-common/ubsan/undefined-1.c -O2 (test for excess errors)
UNRESOLVED: c-c++-common/ubsan/undefined-1.c -O2 compilation failed to produce executable
FAIL: c-c++-common/ubsan/undefined-1.c -O3 -fomit-frame-pointer (test for excess errors)
UNRESOLVED: c-c++-common/ubsan/undefined-1.c -O3 -fomit-frame-pointer compilation failed to produce executable
FAIL: c-c++-common/ubsan/undefined-1.c -O3 -g (test for excess errors)
UNRESOLVED: c-c++-common/ubsan/undefined-1.c -O3 -g compilation failed to produce executable
FAIL: c-c++-common/ubsan/undefined-1.c -Os (test for excess errors)
UNRESOLVED: c-c++-common/ubsan/undefined-1.c -Os compilation failed to produce executable
FAIL: c-c++-common/ubsan/unreachable-1.c -O0 (test for excess errors)
UNRESOLVED: c-c++-common/ubsan/unreachable-1.c -O0 compilation failed to produce executable
FAIL: c-c++-common/ubsan/unreachable-1.c -O1 (test for excess errors)
UNRESOLVED: c-c++-common/ubsan/unreachable-1.c -O1 compilation failed to produce executable
FAIL: c-c++-common/ubsan/unreachable-1.c -O2 (test for excess errors)
UNRESOLVED: c-c++-common/ubsan/unreachable-1.c -O2 compilation failed to produce executable
FAIL: c-c++-common/ubsan/unreachable-1.c -O3 -fomit-frame-pointer (test for excess errors)
UNRESOLVED: c-c++-common/ubsan/unreachable-1.c -O3 -fomit-frame-pointer compilation failed to produce executable
FAIL: c-c++-common/ubsan/unreachable-1.c -O3 -g (test for excess errors)
UNRESOLVED: c-c++-common/ubsan/unreachable-1.c -O3 -g compilation failed to produce executable
FAIL: c-c++-common/ubsan/unreachable-1.c -Os (test for excess errors)
UNRESOLVED: c-c++-common/ubsan/unreachable-1.c -Os compilation failed to produce executable
FAIL: c-c++-common/ubsan/vla-1.c -O0 (test for excess errors)
UNRESOLVED: c-c++-common/ubsan/vla-1.c -O0 compilation failed to produce executable
FAIL: c-c++-common/ubsan/vla-1.c -O1 (test for excess errors)
UNRESOLVED: c-c++-common/ubsan/vla-1.c -O1 compilation failed to produce executable
FAIL: c-c++-common/ubsan/vla-1.c -O2 (test for excess errors)
UNRESOLVED: c-c++-common/ubsan/vla-1.c -O2 compilation failed to produce executable
FAIL: c-c++-common/ubsan/vla-1.c -O3 -fomit-frame-pointer (test for excess errors)
UNRESOLVED: c-c++-common/ubsan/vla-1.c -O3 -fomit-frame-pointer compilation failed to produce executable
FAIL: c-c++-common/ubsan/vla-1.c -O3 -g (test for excess errors)
UNRESOLVED: c-c++-common/ubsan/vla-1.c -O3 -g compilation failed to produce executable
FAIL: c-c++-common/ubsan/vla-1.c -Os (test for excess errors)
UNRESOLVED: c-c++-common/ubsan/vla-1.c -Os compilation failed to produce executable
FAIL: c-c++-common/ubsan/vla-2.c -O0 (test for excess errors)
UNRESOLVED: c-c++-common/ubsan/vla-2.c -O0 compilation failed to produce executable
FAIL: c-c++-common/ubsan/vla-2.c -O1 (test for excess errors)
UNRESOLVED: c-c++-common/ubsan/vla-2.c -O1 compilation failed to produce executable
FAIL: c-c++-common/ubsan/vla-2.c -O2 (test for excess errors)
UNRESOLVED: c-c++-common/ubsan/vla-2.c -O2 compilation failed to produce executable
FAIL: c-c++-common/ubsan/vla-2.c -O3 -fomit-frame-pointer (test for excess errors)
UNRESOLVED: c-c++-common/ubsan/vla-2.c -O3 -fomit-frame-pointer compilation failed to produce executable
FAIL: c-c++-common/ubsan/vla-2.c -O3 -g (test for excess errors)
UNRESOLVED: c-c++-common/ubsan/vla-2.c -O3 -g compilation failed to produce executable
FAIL: c-c++-common/ubsan/vla-2.c -Os (test for excess errors)
UNRESOLVED: c-c++-common/ubsan/vla-2.c -Os compilation failed to produce executable
FAIL: c-c++-common/ubsan/vla-3.c -O0 (test for excess errors)
UNRESOLVED: c-c++-common/ubsan/vla-3.c -O0 compilation failed to produce executable
FAIL: c-c++-common/ubsan/vla-3.c -O1 (test for excess errors)
UNRESOLVED: c-c++-common/ubsan/vla-3.c -O1 compilation failed to produce executable
FAIL: c-c++-common/ubsan/vla-3.c -O2 (test for excess errors)
UNRESOLVED: c-c++-common/ubsan/vla-3.c -O2 compilation failed to produce executable
FAIL: c-c++-common/ubsan/vla-3.c -O3 -fomit-frame-pointer (test for excess errors)
UNRESOLVED: c-c++-common/ubsan/vla-3.c -O3 -fomit-frame-pointer compilation failed to produce executable
FAIL: c-c++-common/ubsan/vla-3.c -O3 -g (test for excess errors)
UNRESOLVED: c-c++-common/ubsan/vla-3.c -O3 -g compilation failed to produce executable
FAIL: c-c++-common/ubsan/vla-3.c -Os (test for excess errors)
UNRESOLVED: c-c++-common/ubsan/vla-3.c -Os compilation failed to produce executable
FAIL: c-c++-common/ubsan/vla-4.c -O0 (test for excess errors)
UNRESOLVED: c-c++-common/ubsan/vla-4.c -O0 compilation failed to produce executable
FAIL: c-c++-common/ubsan/vla-4.c -O1 (test for excess errors)
UNRESOLVED: c-c++-common/ubsan/vla-4.c -O1 compilation failed to produce executable
FAIL: c-c++-common/ubsan/vla-4.c -O2 (test for excess errors)
UNRESOLVED: c-c++-common/ubsan/vla-4.c -O2 compilation failed to produce executable
FAIL: c-c++-common/ubsan/vla-4.c -O3 -fomit-frame-pointer (test for excess errors)
UNRESOLVED: c-c++-common/ubsan/vla-4.c -O3 -fomit-frame-pointer compilation failed to produce executable
FAIL: c-c++-common/ubsan/vla-4.c -O3 -g (test for excess errors)
UNRESOLVED: c-c++-common/ubsan/vla-4.c -O3 -g compilation failed to produce executable
FAIL: c-c++-common/ubsan/vla-4.c -Os (test for excess errors)
UNRESOLVED: c-c++-common/ubsan/vla-4.c -Os compilation failed to produce executable
FAIL: g++.dg/ubsan/cxx11-shift-1.C -O0 (test for excess errors)
UNRESOLVED: g++.dg/ubsan/cxx11-shift-1.C -O0 compilation failed to produce executable
FAIL: g++.dg/ubsan/cxx11-shift-1.C -O1 (test for excess errors)
UNRESOLVED: g++.dg/ubsan/cxx11-shift-1.C -O1 compilation failed to produce executable
FAIL: g++.dg/ubsan/cxx11-shift-1.C -O2 (test for excess errors)
UNRESOLVED: g++.dg/ubsan/cxx11-shift-1.C -O2 compilation failed to produce executable
FAIL: g++.dg/ubsan/cxx11-shift-1.C -O3 -fomit-frame-pointer (test for excess errors)
UNRESOLVED: g++.dg/ubsan/cxx11-shift-1.C -O3 -fomit-frame-pointer compilation failed to produce executable
FAIL: g++.dg/ubsan/cxx11-shift-1.C -O3 -g (test for excess errors)
UNRESOLVED: g++.dg/ubsan/cxx11-shift-1.C -O3 -g compilation failed to produce executable
FAIL: g++.dg/ubsan/cxx11-shift-1.C -Os (test for excess errors)
UNRESOLVED: g++.dg/ubsan/cxx11-shift-1.C -Os compilation failed to produce executable
FAIL: g++.dg/ubsan/cxx11-shift-2.C -O0 (test for excess errors)
UNRESOLVED: g++.dg/ubsan/cxx11-shift-2.C -O0 compilation failed to produce executable
FAIL: g++.dg/ubsan/cxx11-shift-2.C -O1 (test for excess errors)
UNRESOLVED: g++.dg/ubsan/cxx11-shift-2.C -O1 compilation failed to produce executable
FAIL: g++.dg/ubsan/cxx11-shift-2.C -O2 (test for excess errors)
UNRESOLVED: g++.dg/ubsan/cxx11-shift-2.C -O2 compilation failed to produce executable
FAIL: g++.dg/ubsan/cxx11-shift-2.C -O3 -fomit-frame-pointer (test for excess errors)
UNRESOLVED: g++.dg/ubsan/cxx11-shift-2.C -O3 -fomit-frame-pointer compilation failed to produce executable
FAIL: g++.dg/ubsan/cxx11-shift-2.C -O3 -g (test for excess errors)
UNRESOLVED: g++.dg/ubsan/cxx11-shift-2.C -O3 -g compilation failed to produce executable
FAIL: g++.dg/ubsan/cxx11-shift-2.C -Os (test for excess errors)
UNRESOLVED: g++.dg/ubsan/cxx11-shift-2.C -Os compilation failed to produce executable
FAIL: g++.dg/ubsan/cxx1y-vla.C -O0 (test for excess errors)
UNRESOLVED: g++.dg/ubsan/cxx1y-vla.C -O0 compilation failed to produce executable
FAIL: g++.dg/ubsan/cxx1y-vla.C -O1 (test for excess errors)
UNRESOLVED: g++.dg/ubsan/cxx1y-vla.C -O1 compilation failed to produce executable
FAIL: g++.dg/ubsan/cxx1y-vla.C -O2 (test for excess errors)
UNRESOLVED: g++.dg/ubsan/cxx1y-vla.C -O2 compilation failed to produce executable
FAIL: g++.dg/ubsan/cxx1y-vla.C -O3 -fomit-frame-pointer (test for excess errors)
UNRESOLVED: g++.dg/ubsan/cxx1y-vla.C -O3 -fomit-frame-pointer compilation failed to produce executable
FAIL: g++.dg/ubsan/cxx1y-vla.C -O3 -g (test for excess errors)
UNRESOLVED: g++.dg/ubsan/cxx1y-vla.C -O3 -g compilation failed to produce executable
FAIL: g++.dg/ubsan/cxx1y-vla.C -Os (test for excess errors)
UNRESOLVED: g++.dg/ubsan/cxx1y-vla.C -Os compilation failed to produce executable
FAIL: g++.dg/ubsan/return-1.C -O0 (test for excess errors)
UNRESOLVED: g++.dg/ubsan/return-1.C -O0 compilation failed to produce executable
FAIL: g++.dg/ubsan/return-1.C -O1 (test for excess errors)
UNRESOLVED: g++.dg/ubsan/return-1.C -O1 compilation failed to produce executable
FAIL: g++.dg/ubsan/return-1.C -O2 (test for excess errors)
UNRESOLVED: g++.dg/ubsan/return-1.C -O2 compilation failed to produce executable
FAIL: g++.dg/ubsan/return-1.C -O3 -fomit-frame-pointer (test for excess errors)
UNRESOLVED: g++.dg/ubsan/return-1.C -O3 -fomit-frame-pointer compilation failed to produce executable
FAIL: g++.dg/ubsan/return-1.C -O3 -g (test for excess errors)
UNRESOLVED: g++.dg/ubsan/return-1.C -O3 -g compilation failed to produce executable
FAIL: g++.dg/ubsan/return-1.C -Os (test for excess errors)
UNRESOLVED: g++.dg/ubsan/return-1.C -Os compilation failed to produce executable
FAIL: g++.dg/ubsan/return-2.C -O0 (test for excess errors)
UNRESOLVED: g++.dg/ubsan/return-2.C -O0 compilation failed to produce executable
FAIL: g++.dg/ubsan/return-2.C -O1 (test for excess errors)
UNRESOLVED: g++.dg/ubsan/return-2.C -O1 compilation failed to produce executable
FAIL: g++.dg/ubsan/return-2.C -O2 (test for excess errors)
UNRESOLVED: g++.dg/ubsan/return-2.C -O2 compilation failed to produce executable
FAIL: g++.dg/ubsan/return-2.C -O3 -fomit-frame-pointer (test for excess errors)
UNRESOLVED: g++.dg/ubsan/return-2.C -O3 -fomit-frame-pointer compilation failed to produce executable
FAIL: g++.dg/ubsan/return-2.C -O3 -g (test for excess errors)
UNRESOLVED: g++.dg/ubsan/return-2.C -O3 -g compilation failed to produce executable
FAIL: g++.dg/ubsan/return-2.C -Os (test for excess errors)
UNRESOLVED: g++.dg/ubsan/return-2.C -Os compilation failed to produce executable
=== g++ Summary ===
# of expected passes 49814
# of unexpected failures 191
# of expected failures 292
# of unresolved testcases 190
# of unsupported tests 1409
/test/gnu/gcc/objdir/gcc/testsuite/g++/../../xg++ version 4.9.0 20131129 (experimental) [trunk revision 205535] (GCC)
=== gcc tests ===
Running target unix
FAIL: gcc.dg/atomic/c11-atomic-exec-4.c -O0 (test for excess errors)
UNRESOLVED: gcc.dg/atomic/c11-atomic-exec-4.c -O0 compilation failed to produce executable
FAIL: gcc.dg/atomic/c11-atomic-exec-4.c -O1 (test for excess errors)
UNRESOLVED: gcc.dg/atomic/c11-atomic-exec-4.c -O1 compilation failed to produce executable
FAIL: gcc.dg/atomic/c11-atomic-exec-4.c -O2 (test for excess errors)
UNRESOLVED: gcc.dg/atomic/c11-atomic-exec-4.c -O2 compilation failed to produce executable
FAIL: gcc.dg/atomic/c11-atomic-exec-4.c -O3 -fomit-frame-pointer (test for excess errors)
UNRESOLVED: gcc.dg/atomic/c11-atomic-exec-4.c -O3 -fomit-frame-pointer compilation failed to produce executable
FAIL: gcc.dg/atomic/c11-atomic-exec-4.c -O3 -fomit-frame-pointer -funroll-loops (test for excess errors)
UNRESOLVED: gcc.dg/atomic/c11-atomic-exec-4.c -O3 -fomit-frame-pointer -funroll-loops compilation failed to produce executable
FAIL: gcc.dg/atomic/c11-atomic-exec-4.c -O3 -fomit-frame-pointer -funroll-all-loops -finline-functions (test for excess errors)
UNRESOLVED: gcc.dg/atomic/c11-atomic-exec-4.c -O3 -fomit-frame-pointer -funroll-all-loops -finline-functions compilation failed to produce executable
FAIL: gcc.dg/atomic/c11-atomic-exec-4.c -O3 -g (test for excess errors)
UNRESOLVED: gcc.dg/atomic/c11-atomic-exec-4.c -O3 -g compilation failed to produce executable
FAIL: gcc.dg/atomic/c11-atomic-exec-4.c -Os (test for excess errors)
UNRESOLVED: gcc.dg/atomic/c11-atomic-exec-4.c -Os compilation failed to produce executable
FAIL: gcc.dg/atomic/c11-atomic-exec-5.c -O0 (test for excess errors)
UNRESOLVED: gcc.dg/atomic/c11-atomic-exec-5.c -O0 compilation failed to produce executable
FAIL: gcc.dg/atomic/c11-atomic-exec-5.c -O1 (test for excess errors)
UNRESOLVED: gcc.dg/atomic/c11-atomic-exec-5.c -O1 compilation failed to produce executable
FAIL: gcc.dg/atomic/c11-atomic-exec-5.c -O2 (test for excess errors)
UNRESOLVED: gcc.dg/atomic/c11-atomic-exec-5.c -O2 compilation failed to produce executable
FAIL: gcc.dg/atomic/c11-atomic-exec-5.c -O3 -fomit-frame-pointer (test for excess errors)
UNRESOLVED: gcc.dg/atomic/c11-atomic-exec-5.c -O3 -fomit-frame-pointer compilation failed to produce executable
FAIL: gcc.dg/atomic/c11-atomic-exec-5.c -O3 -fomit-frame-pointer -funroll-loops (test for excess errors)
UNRESOLVED: gcc.dg/atomic/c11-atomic-exec-5.c -O3 -fomit-frame-pointer -funroll-loops compilation failed to produce executable
FAIL: gcc.dg/atomic/c11-atomic-exec-5.c -O3 -fomit-frame-pointer -funroll-all-loops -finline-functions (test for excess errors)
UNRESOLVED: gcc.dg/atomic/c11-atomic-exec-5.c -O3 -fomit-frame-pointer -funroll-all-loops -finline-functions compilation failed to produce executable
FAIL: gcc.dg/atomic/c11-atomic-exec-5.c -O3 -g (test for excess errors)
UNRESOLVED: gcc.dg/atomic/c11-atomic-exec-5.c -O3 -g compilation failed to produce executable
FAIL: gcc.dg/atomic/c11-atomic-exec-5.c -Os (test for excess errors)
UNRESOLVED: gcc.dg/atomic/c11-atomic-exec-5.c -Os compilation failed to produce executable
FAIL: gcc.dg/atomic/stdatomic-flag.c -O0 execution test
FAIL: gcc.dg/atomic/stdatomic-flag.c -O1 execution test
FAIL: gcc.dg/atomic/stdatomic-flag.c -O2 execution test
FAIL: gcc.dg/atomic/stdatomic-flag.c -O3 -fomit-frame-pointer execution test
FAIL: gcc.dg/atomic/stdatomic-flag.c -O3 -g execution test
FAIL: gcc.dg/atomic/stdatomic-flag.c -Os execution test
FAIL: gcc.dg/autopar/outer-1.c scan-tree-dump-times parloops "parallelizing outer loop" 1
FAIL: gcc.dg/autopar/outer-1.c scan-tree-dump-times optimized "loopfn" 4
ERROR: (DejaGnu) proc "<<<<<<< .mine" does not exist.
=== gcc Summary ===
# of expected passes 34767
# of unexpected failures 24
# of expected failures 2
# of unresolved testcases 16
# of unsupported tests 164
/test/gnu/gcc/objdir/gcc/xgcc version 4.9.0 20131129 (experimental) [trunk revision 205535] (GCC)
=== gfortran tests ===
Running target unix
FAIL: gfortran.dg/class_48.f90 -O2 (test for excess errors)
FAIL: gfortran.dg/class_48.f90 -Os (test for excess errors)
FAIL: gfortran.dg/erf_3.F90 -O0 (test for excess errors)
FAIL: gfortran.dg/erf_3.F90 -O0 execution test
FAIL: gfortran.dg/erf_3.F90 -O1 (test for excess errors)
FAIL: gfortran.dg/erf_3.F90 -O1 execution test
FAIL: gfortran.dg/erf_3.F90 -O2 (test for excess errors)
FAIL: gfortran.dg/erf_3.F90 -O2 execution test
FAIL: gfortran.dg/erf_3.F90 -O3 -fomit-frame-pointer (test for excess errors)
FAIL: gfortran.dg/erf_3.F90 -O3 -fomit-frame-pointer execution test
FAIL: gfortran.dg/erf_3.F90 -O3 -fomit-frame-pointer -funroll-loops (test for excess errors)
FAIL: gfortran.dg/erf_3.F90 -O3 -fomit-frame-pointer -funroll-loops execution test
FAIL: gfortran.dg/erf_3.F90 -O3 -fomit-frame-pointer -funroll-all-loops -finline-functions (test for excess errors)
FAIL: gfortran.dg/erf_3.F90 -O3 -fomit-frame-pointer -funroll-all-loops -finline-functions execution test
FAIL: gfortran.dg/erf_3.F90 -O3 -g (test for excess errors)
FAIL: gfortran.dg/erf_3.F90 -O3 -g execution test
FAIL: gfortran.dg/erf_3.F90 -Os (test for excess errors)
FAIL: gfortran.dg/erf_3.F90 -Os execution test
FAIL: gfortran.dg/pr45636.f90 -O scan-tree-dump-times forwprop2 "memset" 0
FAIL: gfortran.dg/round_4.f90 -O0 (test for excess errors)
FAIL: gfortran.dg/round_4.f90 -O0 execution test
FAIL: gfortran.dg/round_4.f90 -O1 (test for excess errors)
FAIL: gfortran.dg/round_4.f90 -O1 execution test
FAIL: gfortran.dg/round_4.f90 -O2 (test for excess errors)
FAIL: gfortran.dg/round_4.f90 -O2 execution test
FAIL: gfortran.dg/round_4.f90 -O3 -fomit-frame-pointer (test for excess errors)
FAIL: gfortran.dg/round_4.f90 -O3 -fomit-frame-pointer execution test
FAIL: gfortran.dg/round_4.f90 -O3 -fomit-frame-pointer -funroll-loops (test for excess errors)
FAIL: gfortran.dg/round_4.f90 -O3 -fomit-frame-pointer -funroll-loops execution test
FAIL: gfortran.dg/round_4.f90 -O3 -fomit-frame-pointer -funroll-all-loops -finline-functions (test for excess errors)
FAIL: gfortran.dg/round_4.f90 -O3 -fomit-frame-pointer -funroll-all-loops -finline-functions execution test
FAIL: gfortran.dg/round_4.f90 -O3 -g (test for excess errors)
FAIL: gfortran.dg/round_4.f90 -O3 -g execution test
FAIL: gfortran.dg/round_4.f90 -Os (test for excess errors)
FAIL: gfortran.dg/round_4.f90 -Os execution test
FAIL: gfortran.dg/size_kind_2.f90 -O scan-tree-dump original "var2 = 4294967300;"
=== gfortran Summary ===
# of expected passes 43432
# of unexpected failures 36
# of expected failures 38
# of unsupported tests 420
/test/gnu/gcc/objdir/gcc/testsuite/gfortran/../../gfortran version 4.9.0 20131129 (experimental) [trunk revision 205535] (GCC)
=== gnat tests ===
Running target unix
=== gnat Summary ===
# of expected passes 1188
# of expected failures 18
# of unsupported tests 14
/test/gnu/gcc/objdir/gcc/gnatmake version 4.9.0 20131129 (experimental) [trunk revision 205535]
=== obj-c++ tests ===
Running target unix
=== obj-c++ Summary ===
# of expected passes 1407
# of expected failures 2
# of unsupported tests 69
/test/gnu/gcc/objdir/gcc/testsuite/obj-c++/../../xg++ version 4.9.0 20131129 (experimental) [trunk revision 205535] (GCC)
=== objc tests ===
Running target unix
=== objc Summary ===
# of expected passes 2912
# of unsupported tests 67
/test/gnu/gcc/objdir/gcc/xgcc version 4.9.0 20131129 (experimental) [trunk revision 205535] (GCC)
=== boehm-gc tests ===
Running target unix
=== boehm-gc Summary ===
# of expected passes 12
# of unsupported tests 1
=== libatomic tests ===
Running target unix
=== libatomic Summary ===
# of expected passes 44
# of unsupported tests 5
=== libffi tests ===
Running target unix
=== libffi Summary ===
# of expected passes 1819
# of unsupported tests 55
=== libgomp tests ===
Running target unix
WARNING: program timed out.
FAIL: libgomp.c/depend-3.c execution test
FAIL: libgomp.c/pr58392.c execution test
FAIL: libgomp.c++/simd-1.C (test for excess errors)
UNRESOLVED: libgomp.c++/simd-1.C compilation failed to produce executable
=== libgomp Summary ===
# of expected passes 2319
# of unexpected failures 3
# of unresolved testcases 1
# of unsupported tests 10
=== libjava tests ===
Running target unix
FAIL: getstacktrace output
FAIL: LargeFile execution - source compiled test
FAIL: LargeFile -findirect-dispatch execution - source compiled test
FAIL: LargeFile -O3 execution - source compiled test
FAIL: LargeFile -O3 -findirect-dispatch execution - source compiled test
FAIL: sourcelocation output - source compiled test
FAIL: sourcelocation -findirect-dispatch output - source compiled test
FAIL: sourcelocation -O3 output - source compiled test
FAIL: sourcelocation -O3 -findirect-dispatch output - source compiled test
=== libjava Summary ===
# of expected passes 2573
# of unexpected failures 9
# of untested testcases 4
=== libstdc++ tests ===
Running target unix
=== libstdc++ Summary ===
# of expected passes 8198
# of expected failures 40
# of unsupported tests 930
Compiler version: 4.9.0 20131129 (experimental) [trunk revision 205535] (GCC)
Platform: hppa2.0w-hp-hpux11.11
configure flags:Test Run By dave on Fri Nov 29 20:01:12 EST 2013