This is the mail archive of the
gcc-testresults@gcc.gnu.org
mailing list for the GCC project.
Results for 4.9.0 20131201 (experimental) [trunk revision 205574] (GCC) testsuite on alphaev68-unknown-linux-gnu
- From: uros at gcc13 dot fsffrance dot org
- To: gcc-testresults at gcc dot gnu dot org
- Date: Mon, 02 Dec 2013 08:40:00 +0100
- Subject: Results for 4.9.0 20131201 (experimental) [trunk revision 205574] (GCC) testsuite on alphaev68-unknown-linux-gnu
- Authentication-results: sourceware.org; auth=none
LAST_UPDATED: Sun Dec 1 20:57:16 UTC 2013 (revision 205574)
Native configuration is alphaev68-unknown-linux-gnu
=== boehm-gc tests ===
Running target unix
=== boehm-gc Summary ===
# of expected passes 12
# of unsupported tests 1
=== libatomic tests ===
Running target unix
=== libatomic Summary ===
# of expected passes 54
=== libffi tests ===
Running target unix
=== libffi Summary ===
# of expected passes 1819
# of unsupported tests 55
=== libgo tests ===
Running target unix
=== libgo Summary ===
# of expected passes 122
/home/uros/gcc-build/./gcc/gccgo version 4.9.0 20131201 (experimental) [trunk revision 205574] (GCC)
=== libgomp tests ===
Running target unix
FAIL: libgomp.c/pr58392.c execution test
FAIL: libgomp.fortran/retval1.f90 -O1 execution test
FAIL: libgomp.fortran/retval1.f90 -O2 execution test
FAIL: libgomp.fortran/retval1.f90 -O3 -fomit-frame-pointer execution test
FAIL: libgomp.fortran/retval1.f90 -O3 -fomit-frame-pointer -funroll-loops execution test
WARNING: program timed out.
FAIL: libgomp.fortran/retval1.f90 -O3 -fomit-frame-pointer -funroll-all-loops -finline-functions execution test
FAIL: libgomp.fortran/retval1.f90 -O3 -g execution test
FAIL: libgomp.fortran/retval1.f90 -Os execution test
=== libgomp Summary ===
# of expected passes 2333
# of unexpected failures 8
# of unsupported tests 1
=== libitm tests ===
Running target unix
=== libitm Summary ===
# of expected passes 26
# of expected failures 3
# of unsupported tests 1
=== libjava tests ===
Running target unix
FAIL: sourcelocation output - source compiled test
FAIL: sourcelocation -findirect-dispatch output - source compiled test
FAIL: sourcelocation -O3 output - source compiled test
FAIL: sourcelocation -O3 -findirect-dispatch output - source compiled test
=== libjava Summary ===
# of expected passes 2582
# of unexpected failures 4
=== libstdc++ tests ===
Running target unix
=== libstdc++ Summary ===
# of expected passes 9165
# of expected failures 40
# of unsupported tests 530
=== gcc tests ===
Running target unix
XPASS: gcc.dg/binop-xor1.c scan-tree-dump-times optimized "\\\\^" 1
FAIL: gcc.dg/uninit-pred-8_b.c bogus warning (test for bogus messages, line 20)
FAIL: gcc.dg/uninit-pred-9_b.c bogus warning (test for bogus messages, line 24)
XPASS: gcc.dg/guality/example.c -O0 execution test
XPASS: gcc.dg/guality/guality.c -O0 execution test
XPASS: gcc.dg/guality/guality.c -O1 execution test
XPASS: gcc.dg/guality/guality.c -O2 execution test
XPASS: gcc.dg/guality/guality.c -O3 -fomit-frame-pointer execution test
XPASS: gcc.dg/guality/guality.c -O3 -g execution test
XPASS: gcc.dg/guality/guality.c -Os execution test
XPASS: gcc.dg/guality/guality.c -O2 -flto -fno-use-linker-plugin -flto-partition=none execution test
XPASS: gcc.dg/guality/guality.c -O2 -flto -fuse-linker-plugin -fno-fat-lto-objects execution test
XPASS: gcc.dg/guality/inline-params.c -O2 execution test
XPASS: gcc.dg/guality/inline-params.c -O3 -fomit-frame-pointer execution test
XPASS: gcc.dg/guality/inline-params.c -O3 -g execution test
XPASS: gcc.dg/guality/inline-params.c -Os execution test
XPASS: gcc.dg/guality/inline-params.c -O2 -flto -fno-use-linker-plugin -flto-partition=none execution test
FAIL: gcc.dg/guality/pr36728-1.c -O1 line 16 arg7 == 30
FAIL: gcc.dg/guality/pr36728-1.c -O1 line 18 arg7 == 30
FAIL: gcc.dg/guality/pr36728-1.c -O2 line 16 arg7 == 30
FAIL: gcc.dg/guality/pr36728-1.c -O2 line 16 y == 2
FAIL: gcc.dg/guality/pr36728-1.c -O2 line 18 arg7 == 30
FAIL: gcc.dg/guality/pr36728-1.c -O3 -fomit-frame-pointer line 16 arg7 == 30
FAIL: gcc.dg/guality/pr36728-1.c -O3 -fomit-frame-pointer line 16 y == 2
FAIL: gcc.dg/guality/pr36728-1.c -O3 -fomit-frame-pointer line 18 arg7 == 30
FAIL: gcc.dg/guality/pr36728-1.c -O3 -g line 16 arg7 == 30
FAIL: gcc.dg/guality/pr36728-1.c -O3 -g line 16 y == 2
FAIL: gcc.dg/guality/pr36728-1.c -O3 -g line 18 arg7 == 30
FAIL: gcc.dg/guality/pr36728-1.c -Os line 16 arg7 == 30
FAIL: gcc.dg/guality/pr36728-1.c -Os line 18 arg7 == 30
FAIL: gcc.dg/guality/pr36728-1.c -O2 -flto -fno-use-linker-plugin -flto-partition=none line 16 arg7 == 30
FAIL: gcc.dg/guality/pr36728-1.c -O2 -flto -fno-use-linker-plugin -flto-partition=none line 16 y == 2
FAIL: gcc.dg/guality/pr36728-1.c -O2 -flto -fno-use-linker-plugin -flto-partition=none line 18 arg7 == 30
FAIL: gcc.dg/guality/pr36728-1.c -O2 -flto -fuse-linker-plugin -fno-fat-lto-objects line 16 arg7 == 30
FAIL: gcc.dg/guality/pr36728-1.c -O2 -flto -fuse-linker-plugin -fno-fat-lto-objects line 16 y == 2
FAIL: gcc.dg/guality/pr36728-1.c -O2 -flto -fuse-linker-plugin -fno-fat-lto-objects line 18 arg7 == 30
FAIL: gcc.dg/guality/pr36728-2.c -Os line 18 y == 2
FAIL: gcc.dg/guality/pr36728-3.c -O1 line 14 arg7 == 30
FAIL: gcc.dg/guality/pr36728-3.c -O1 line 16 arg7 == 30
FAIL: gcc.dg/guality/pr36728-3.c -O2 line 14 arg7 == 30
FAIL: gcc.dg/guality/pr36728-3.c -O2 line 16 arg7 == 30
FAIL: gcc.dg/guality/pr36728-3.c -O3 -fomit-frame-pointer line 14 arg7 == 30
FAIL: gcc.dg/guality/pr36728-3.c -O3 -fomit-frame-pointer line 16 arg7 == 30
FAIL: gcc.dg/guality/pr36728-3.c -O3 -g line 14 arg7 == 30
FAIL: gcc.dg/guality/pr36728-3.c -O3 -g line 16 arg7 == 30
FAIL: gcc.dg/guality/pr36728-3.c -Os line 14 arg7 == 30
FAIL: gcc.dg/guality/pr36728-3.c -Os line 16 arg7 == 30
FAIL: gcc.dg/guality/pr36728-3.c -O2 -flto -fno-use-linker-plugin -flto-partition=none line 14 arg7 == 30
FAIL: gcc.dg/guality/pr36728-3.c -O2 -flto -fno-use-linker-plugin -flto-partition=none line 16 arg7 == 30
FAIL: gcc.dg/guality/pr36728-3.c -O2 -flto -fuse-linker-plugin -fno-fat-lto-objects line 14 arg7 == 30
FAIL: gcc.dg/guality/pr36728-3.c -O2 -flto -fuse-linker-plugin -fno-fat-lto-objects line 16 arg7 == 30
XPASS: gcc.dg/guality/pr41353-1.c -O0 line 28 j == 28 + 37
XPASS: gcc.dg/guality/pr41353-1.c -O2 -flto -fno-use-linker-plugin -flto-partition=none line 28 j == 28 + 37
XPASS: gcc.dg/guality/pr41353-1.c -O2 -flto -fuse-linker-plugin -fno-fat-lto-objects line 28 j == 28 + 37
FAIL: gcc.dg/guality/pr41404-1.c -O2 -flto -fno-use-linker-plugin -flto-partition=none line 10 *foo == 'f'
XPASS: gcc.dg/guality/pr41447-1.c -O0 execution test
XPASS: gcc.dg/guality/pr41447-1.c -O1 execution test
XPASS: gcc.dg/guality/pr41447-1.c -O2 execution test
XPASS: gcc.dg/guality/pr41447-1.c -O3 -fomit-frame-pointer execution test
XPASS: gcc.dg/guality/pr41447-1.c -O3 -g execution test
XPASS: gcc.dg/guality/pr41447-1.c -Os execution test
XPASS: gcc.dg/guality/pr41447-1.c -O2 -flto -fno-use-linker-plugin -flto-partition=none execution test
XPASS: gcc.dg/guality/pr41447-1.c -O2 -flto -fuse-linker-plugin -fno-fat-lto-objects execution test
XPASS: gcc.dg/guality/pr41616-1.c -O0 execution test
XPASS: gcc.dg/guality/pr41616-1.c -O1 execution test
XPASS: gcc.dg/guality/pr41616-1.c -O2 execution test
XPASS: gcc.dg/guality/pr41616-1.c -O3 -fomit-frame-pointer execution test
XPASS: gcc.dg/guality/pr41616-1.c -O3 -g execution test
XPASS: gcc.dg/guality/pr41616-1.c -O2 -flto -fno-use-linker-plugin -flto-partition=none execution test
FAIL: gcc.dg/guality/pr43051-1.c -O1 line 40 v == 1
FAIL: gcc.dg/guality/pr43051-1.c -O2 line 40 v == 1
FAIL: gcc.dg/guality/pr43051-1.c -O3 -fomit-frame-pointer line 35 v == 1
FAIL: gcc.dg/guality/pr43051-1.c -O3 -fomit-frame-pointer line 40 v == 1
FAIL: gcc.dg/guality/pr43051-1.c -O3 -fomit-frame-pointer -funroll-loops line 35 v == 1
FAIL: gcc.dg/guality/pr43051-1.c -O3 -fomit-frame-pointer -funroll-loops line 40 v == 1
FAIL: gcc.dg/guality/pr43051-1.c -O3 -fomit-frame-pointer -funroll-all-loops -finline-functions line 35 v == 1
FAIL: gcc.dg/guality/pr43051-1.c -O3 -fomit-frame-pointer -funroll-all-loops -finline-functions line 40 v == 1
FAIL: gcc.dg/guality/pr43051-1.c -O3 -g line 35 v == 1
FAIL: gcc.dg/guality/pr43051-1.c -O3 -g line 40 v == 1
FAIL: gcc.dg/guality/pr43051-1.c -Os line 40 v == 1
FAIL: gcc.dg/guality/pr43051-1.c -O2 -flto -fno-use-linker-plugin -flto-partition=none line 40 v == 1
FAIL: gcc.dg/guality/pr43051-1.c -O2 -flto -fuse-linker-plugin -fno-fat-lto-objects line 40 v == 1
FAIL: gcc.dg/guality/pr43177.c -O1 line 24 x == 7
FAIL: gcc.dg/guality/pr43177.c -O2 line 24 x == 7
FAIL: gcc.dg/guality/pr43177.c -O3 -fomit-frame-pointer line 24 x == 7
FAIL: gcc.dg/guality/pr43177.c -O3 -g line 24 x == 7
FAIL: gcc.dg/guality/pr43177.c -Os line 24 x == 7
FAIL: gcc.dg/guality/pr43177.c -O2 -flto -fno-use-linker-plugin -flto-partition=none line 24 x == 7
FAIL: gcc.dg/guality/pr43177.c -O2 -flto -fuse-linker-plugin -fno-fat-lto-objects line 24 x == 7
FAIL: gcc.dg/guality/pr45882.c -O1 line 16 b == 7
FAIL: gcc.dg/guality/pr45882.c -O1 line 16 c == 11
FAIL: gcc.dg/guality/pr45882.c -O1 line 16 d == 112
FAIL: gcc.dg/guality/pr45882.c -O1 line 16 e == 142
FAIL: gcc.dg/guality/pr45882.c -O2 line 16 b == 7
FAIL: gcc.dg/guality/pr45882.c -O2 line 16 c == 11
FAIL: gcc.dg/guality/pr45882.c -O2 line 16 d == 112
FAIL: gcc.dg/guality/pr45882.c -O2 line 16 e == 142
FAIL: gcc.dg/guality/pr45882.c -O3 -fomit-frame-pointer line 16 b == 7
FAIL: gcc.dg/guality/pr45882.c -O3 -fomit-frame-pointer line 16 c == 11
FAIL: gcc.dg/guality/pr45882.c -O3 -fomit-frame-pointer line 16 d == 112
FAIL: gcc.dg/guality/pr45882.c -O3 -fomit-frame-pointer line 16 e == 142
FAIL: gcc.dg/guality/pr45882.c -O3 -g line 16 b == 7
FAIL: gcc.dg/guality/pr45882.c -O3 -g line 16 c == 11
FAIL: gcc.dg/guality/pr45882.c -O3 -g line 16 d == 112
FAIL: gcc.dg/guality/pr45882.c -O3 -g line 16 e == 142
FAIL: gcc.dg/guality/pr45882.c -Os line 16 b == 7
FAIL: gcc.dg/guality/pr45882.c -Os line 16 c == 11
FAIL: gcc.dg/guality/pr45882.c -Os line 16 d == 112
FAIL: gcc.dg/guality/pr45882.c -Os line 16 e == 142
FAIL: gcc.dg/guality/pr45882.c -O2 -flto -fno-use-linker-plugin -flto-partition=none line 16 b == 7
FAIL: gcc.dg/guality/pr45882.c -O2 -flto -fno-use-linker-plugin -flto-partition=none line 16 c == 11
FAIL: gcc.dg/guality/pr45882.c -O2 -flto -fno-use-linker-plugin -flto-partition=none line 16 d == 112
FAIL: gcc.dg/guality/pr45882.c -O2 -flto -fno-use-linker-plugin -flto-partition=none line 16 e == 142
FAIL: gcc.dg/guality/pr45882.c -O2 -flto -fuse-linker-plugin -fno-fat-lto-objects line 16 b == 7
FAIL: gcc.dg/guality/pr45882.c -O2 -flto -fuse-linker-plugin -fno-fat-lto-objects line 16 c == 11
FAIL: gcc.dg/guality/pr45882.c -O2 -flto -fuse-linker-plugin -fno-fat-lto-objects line 16 d == 112
FAIL: gcc.dg/guality/pr45882.c -O2 -flto -fuse-linker-plugin -fno-fat-lto-objects line 16 e == 142
FAIL: gcc.dg/guality/pr48437.c -O2 -flto -fno-use-linker-plugin -flto-partition=none line 14 i == 0
FAIL: gcc.dg/guality/pr48437.c -O2 -flto -fuse-linker-plugin -fno-fat-lto-objects line 14 i == 0
FAIL: gcc.dg/guality/pr54519-1.c -O1 line 20 x == 36
FAIL: gcc.dg/guality/pr54519-1.c -O1 line 20 y == 25
FAIL: gcc.dg/guality/pr54519-1.c -O1 line 20 z == 6
FAIL: gcc.dg/guality/pr54519-1.c -O1 line 23 x == 98
FAIL: gcc.dg/guality/pr54519-1.c -O1 line 23 y == 117
FAIL: gcc.dg/guality/pr54519-1.c -O1 line 23 z == 8
FAIL: gcc.dg/guality/pr54519-1.c -O2 line 20 x == 36
FAIL: gcc.dg/guality/pr54519-1.c -O2 line 20 y == 25
FAIL: gcc.dg/guality/pr54519-1.c -O2 line 20 z == 6
FAIL: gcc.dg/guality/pr54519-1.c -O2 line 23 x == 98
FAIL: gcc.dg/guality/pr54519-1.c -O2 line 23 y == 117
FAIL: gcc.dg/guality/pr54519-1.c -O2 line 23 z == 8
FAIL: gcc.dg/guality/pr54519-1.c -O3 -fomit-frame-pointer line 23 x == 98
FAIL: gcc.dg/guality/pr54519-1.c -O3 -fomit-frame-pointer line 23 y == 117
FAIL: gcc.dg/guality/pr54519-1.c -O3 -g line 23 x == 98
FAIL: gcc.dg/guality/pr54519-1.c -O3 -g line 23 y == 117
FAIL: gcc.dg/guality/pr54519-1.c -Os line 20 x == 36
FAIL: gcc.dg/guality/pr54519-1.c -Os line 20 y == 25
FAIL: gcc.dg/guality/pr54519-1.c -Os line 20 z == 6
FAIL: gcc.dg/guality/pr54519-1.c -Os line 23 x == 98
FAIL: gcc.dg/guality/pr54519-1.c -Os line 23 y == 117
FAIL: gcc.dg/guality/pr54519-1.c -Os line 23 z == 8
FAIL: gcc.dg/guality/pr54519-1.c -O2 -flto -fno-use-linker-plugin -flto-partition=none line 20 x == 36
FAIL: gcc.dg/guality/pr54519-1.c -O2 -flto -fno-use-linker-plugin -flto-partition=none line 20 y == 25
FAIL: gcc.dg/guality/pr54519-1.c -O2 -flto -fno-use-linker-plugin -flto-partition=none line 20 z == 6
FAIL: gcc.dg/guality/pr54519-1.c -O2 -flto -fno-use-linker-plugin -flto-partition=none line 23 x == 98
FAIL: gcc.dg/guality/pr54519-1.c -O2 -flto -fno-use-linker-plugin -flto-partition=none line 23 y == 117
FAIL: gcc.dg/guality/pr54519-1.c -O2 -flto -fno-use-linker-plugin -flto-partition=none line 23 z == 8
FAIL: gcc.dg/guality/pr54519-1.c -O2 -flto -fuse-linker-plugin -fno-fat-lto-objects line 20 y == 25
FAIL: gcc.dg/guality/pr54519-1.c -O2 -flto -fuse-linker-plugin -fno-fat-lto-objects line 20 z == 6
FAIL: gcc.dg/guality/pr54519-1.c -O2 -flto -fuse-linker-plugin -fno-fat-lto-objects line 23 x == 98
FAIL: gcc.dg/guality/pr54519-1.c -O2 -flto -fuse-linker-plugin -fno-fat-lto-objects line 23 y == 117
FAIL: gcc.dg/guality/pr54519-2.c -O1 line 17 x == 6
FAIL: gcc.dg/guality/pr54519-2.c -O1 line 17 y == 25
FAIL: gcc.dg/guality/pr54519-2.c -O2 line 17 x == 6
FAIL: gcc.dg/guality/pr54519-2.c -O2 line 17 y == 25
FAIL: gcc.dg/guality/pr54519-2.c -Os line 17 x == 6
FAIL: gcc.dg/guality/pr54519-2.c -Os line 17 y == 25
FAIL: gcc.dg/guality/pr54519-2.c -O2 -flto -fno-use-linker-plugin -flto-partition=none line 17 x == 6
FAIL: gcc.dg/guality/pr54519-2.c -O2 -flto -fno-use-linker-plugin -flto-partition=none line 17 y == 25
FAIL: gcc.dg/guality/pr54519-2.c -O2 -flto -fuse-linker-plugin -fno-fat-lto-objects line 17 y == 25
FAIL: gcc.dg/guality/pr54519-3.c -O1 line 20 x == 36
FAIL: gcc.dg/guality/pr54519-3.c -O1 line 20 y == 25
FAIL: gcc.dg/guality/pr54519-3.c -O1 line 20 z == 6
FAIL: gcc.dg/guality/pr54519-3.c -O1 line 23 x == 98
FAIL: gcc.dg/guality/pr54519-3.c -O1 line 23 y == 117
FAIL: gcc.dg/guality/pr54519-3.c -O1 line 23 z == 8
FAIL: gcc.dg/guality/pr54519-3.c -O2 line 20 z == 6
FAIL: gcc.dg/guality/pr54519-3.c -O2 line 23 z == 8
FAIL: gcc.dg/guality/pr54519-3.c -O3 -fomit-frame-pointer line 20 z == 6
FAIL: gcc.dg/guality/pr54519-3.c -O3 -fomit-frame-pointer line 23 z == 8
FAIL: gcc.dg/guality/pr54519-3.c -O3 -g line 20 z == 6
FAIL: gcc.dg/guality/pr54519-3.c -O3 -g line 23 z == 8
FAIL: gcc.dg/guality/pr54519-3.c -Os line 20 z == 6
FAIL: gcc.dg/guality/pr54519-3.c -Os line 23 z == 8
FAIL: gcc.dg/guality/pr54519-3.c -O2 -flto -fno-use-linker-plugin -flto-partition=none line 20 y == 25
FAIL: gcc.dg/guality/pr54519-3.c -O2 -flto -fno-use-linker-plugin -flto-partition=none line 20 z == 6
FAIL: gcc.dg/guality/pr54519-3.c -O2 -flto -fno-use-linker-plugin -flto-partition=none line 23 y == 117
FAIL: gcc.dg/guality/pr54519-3.c -O2 -flto -fno-use-linker-plugin -flto-partition=none line 23 z == 8
FAIL: gcc.dg/guality/pr54519-3.c -O2 -flto -fuse-linker-plugin -fno-fat-lto-objects line 20 y == 25
FAIL: gcc.dg/guality/pr54519-3.c -O2 -flto -fuse-linker-plugin -fno-fat-lto-objects line 20 z == 6
FAIL: gcc.dg/guality/pr54519-3.c -O2 -flto -fuse-linker-plugin -fno-fat-lto-objects line 23 y == 117
FAIL: gcc.dg/guality/pr54519-3.c -O2 -flto -fuse-linker-plugin -fno-fat-lto-objects line 23 z == 8
FAIL: gcc.dg/guality/pr54519-4.c -O1 line 17 x == 6
FAIL: gcc.dg/guality/pr54519-4.c -O1 line 17 y == 25
FAIL: gcc.dg/guality/pr54519-4.c -O2 line 17 y == 25
FAIL: gcc.dg/guality/pr54519-4.c -O3 -fomit-frame-pointer line 17 y == 25
FAIL: gcc.dg/guality/pr54519-4.c -O3 -g line 17 y == 25
FAIL: gcc.dg/guality/pr54519-4.c -Os line 17 y == 25
FAIL: gcc.dg/guality/pr54519-4.c -O2 -flto -fno-use-linker-plugin -flto-partition=none line 17 y == 25
FAIL: gcc.dg/guality/pr54519-4.c -O2 -flto -fuse-linker-plugin -fno-fat-lto-objects line 17 y == 25
FAIL: gcc.dg/guality/pr54519-5.c -O1 line 17 x == 6
FAIL: gcc.dg/guality/pr54519-5.c -O1 line 17 y == 25
FAIL: gcc.dg/guality/pr54519-5.c -O2 line 17 x == 6
FAIL: gcc.dg/guality/pr54519-5.c -O2 line 17 y == 25
FAIL: gcc.dg/guality/pr54519-5.c -O3 -fomit-frame-pointer line 17 y == 25
FAIL: gcc.dg/guality/pr54519-5.c -O3 -g line 17 y == 25
FAIL: gcc.dg/guality/pr54519-5.c -Os line 17 x == 6
FAIL: gcc.dg/guality/pr54519-5.c -Os line 17 y == 25
FAIL: gcc.dg/guality/pr54519-5.c -O2 -flto -fno-use-linker-plugin -flto-partition=none line 17 x == 6
FAIL: gcc.dg/guality/pr54519-5.c -O2 -flto -fno-use-linker-plugin -flto-partition=none line 17 y == 25
FAIL: gcc.dg/guality/pr54519-5.c -O2 -flto -fuse-linker-plugin -fno-fat-lto-objects line 17 y == 25
FAIL: gcc.dg/guality/pr54551.c -O1 line 18 a == 4
FAIL: gcc.dg/guality/pr54551.c -O1 line 18 z == 3
FAIL: gcc.dg/guality/pr54551.c -O2 line 18 a == 4
FAIL: gcc.dg/guality/pr54551.c -O2 line 18 z == 3
FAIL: gcc.dg/guality/pr54551.c -O3 -fomit-frame-pointer line 18 a == 4
FAIL: gcc.dg/guality/pr54551.c -O3 -fomit-frame-pointer line 18 z == 3
FAIL: gcc.dg/guality/pr54551.c -O3 -g line 18 a == 4
FAIL: gcc.dg/guality/pr54551.c -O3 -g line 18 z == 3
FAIL: gcc.dg/guality/pr54551.c -Os line 18 a == 4
FAIL: gcc.dg/guality/pr54551.c -Os line 18 z == 3
FAIL: gcc.dg/guality/pr54551.c -O2 -flto -fno-use-linker-plugin -flto-partition=none line 18 a == 4
FAIL: gcc.dg/guality/pr54551.c -O2 -flto -fno-use-linker-plugin -flto-partition=none line 18 z == 3
FAIL: gcc.dg/guality/pr54693-2.c -O3 -fomit-frame-pointer -funroll-all-loops -finline-functions line 21 i == v + 1
FAIL: gcc.dg/guality/pr54796.c -O1 line 17 a == 5
FAIL: gcc.dg/guality/pr54796.c -O1 line 17 b == 6
FAIL: gcc.dg/guality/pr54796.c -O1 line 17 c == 5
FAIL: gcc.dg/guality/pr54796.c -O2 line 17 a == 5
FAIL: gcc.dg/guality/pr54796.c -O2 line 17 b == 6
FAIL: gcc.dg/guality/pr54796.c -O2 line 17 c == 5
FAIL: gcc.dg/guality/pr54796.c -O3 -fomit-frame-pointer line 17 a == 5
FAIL: gcc.dg/guality/pr54796.c -O3 -fomit-frame-pointer line 17 b == 6
FAIL: gcc.dg/guality/pr54796.c -O3 -fomit-frame-pointer line 17 c == 5
FAIL: gcc.dg/guality/pr54796.c -O3 -g line 17 a == 5
FAIL: gcc.dg/guality/pr54796.c -O3 -g line 17 b == 6
FAIL: gcc.dg/guality/pr54796.c -O3 -g line 17 c == 5
FAIL: gcc.dg/guality/pr54796.c -Os line 17 a == 5
FAIL: gcc.dg/guality/pr54796.c -Os line 17 b == 6
FAIL: gcc.dg/guality/pr54796.c -Os line 17 c == 5
FAIL: gcc.dg/guality/pr54796.c -O2 -flto -fno-use-linker-plugin -flto-partition=none line 17 a == 5
FAIL: gcc.dg/guality/pr54796.c -O2 -flto -fno-use-linker-plugin -flto-partition=none line 17 b == 6
FAIL: gcc.dg/guality/pr54796.c -O2 -flto -fno-use-linker-plugin -flto-partition=none line 17 c == 5
FAIL: gcc.dg/guality/pr54796.c -O2 -flto -fuse-linker-plugin -fno-fat-lto-objects line 17 a == 5
FAIL: gcc.dg/guality/pr54796.c -O2 -flto -fuse-linker-plugin -fno-fat-lto-objects line 17 b == 6
FAIL: gcc.dg/guality/pr54796.c -O2 -flto -fuse-linker-plugin -fno-fat-lto-objects line 17 c == 5
FAIL: gcc.dg/guality/pr54970.c -O2 -flto -fno-use-linker-plugin -flto-partition=none line 15 a[2] == 3
FAIL: gcc.dg/guality/pr54970.c -O2 -flto -fno-use-linker-plugin -flto-partition=none line 15 *p == 3
FAIL: gcc.dg/guality/pr54970.c -O2 -flto -fuse-linker-plugin -fno-fat-lto-objects line 15 a[2] == 3
FAIL: gcc.dg/guality/pr54970.c -O2 -flto -fuse-linker-plugin -fno-fat-lto-objects line 15 *p == 3
FAIL: gcc.dg/guality/pr58791-5.c -O1 line pr58791-5.c:20 b4 == 4681
FAIL: gcc.dg/guality/pr58791-5.c -O1 line pr58791-5.c:20 b3 == 585
FAIL: gcc.dg/guality/pr58791-5.c -O1 line pr58791-5.c:20 b2 == 73
FAIL: gcc.dg/guality/pr58791-5.c -O1 line pr58791-5.c:20 b1 == 9
FAIL: gcc.dg/guality/pr58791-5.c -O2 line pr58791-5.c:20 b4 == 4681
FAIL: gcc.dg/guality/pr58791-5.c -O2 line pr58791-5.c:20 b3 == 585
FAIL: gcc.dg/guality/pr58791-5.c -O2 line pr58791-5.c:20 b2 == 73
FAIL: gcc.dg/guality/pr58791-5.c -O2 line pr58791-5.c:20 b1 == 9
FAIL: gcc.dg/guality/pr58791-5.c -O3 -fomit-frame-pointer line pr58791-5.c:20 b4 == 4681
FAIL: gcc.dg/guality/pr58791-5.c -O3 -fomit-frame-pointer line pr58791-5.c:20 b3 == 585
FAIL: gcc.dg/guality/pr58791-5.c -O3 -fomit-frame-pointer line pr58791-5.c:20 b2 == 73
FAIL: gcc.dg/guality/pr58791-5.c -O3 -fomit-frame-pointer line pr58791-5.c:20 b1 == 9
FAIL: gcc.dg/guality/pr58791-5.c -O3 -g line pr58791-5.c:20 b4 == 4681
FAIL: gcc.dg/guality/pr58791-5.c -O3 -g line pr58791-5.c:20 b3 == 585
FAIL: gcc.dg/guality/pr58791-5.c -O3 -g line pr58791-5.c:20 b2 == 73
FAIL: gcc.dg/guality/pr58791-5.c -O3 -g line pr58791-5.c:20 b1 == 9
FAIL: gcc.dg/guality/pr58791-5.c -Os line pr58791-5.c:20 b4 == 4681
FAIL: gcc.dg/guality/pr58791-5.c -Os line pr58791-5.c:20 b3 == 585
FAIL: gcc.dg/guality/pr58791-5.c -Os line pr58791-5.c:20 b2 == 73
FAIL: gcc.dg/guality/pr58791-5.c -Os line pr58791-5.c:20 b1 == 9
FAIL: gcc.dg/guality/pr58791-5.c -O2 -flto -fno-use-linker-plugin -flto-partition=none line pr58791-5.c:20 b4 == 4681
FAIL: gcc.dg/guality/pr58791-5.c -O2 -flto -fno-use-linker-plugin -flto-partition=none line pr58791-5.c:20 b3 == 585
FAIL: gcc.dg/guality/pr58791-5.c -O2 -flto -fno-use-linker-plugin -flto-partition=none line pr58791-5.c:20 b2 == 73
FAIL: gcc.dg/guality/pr58791-5.c -O2 -flto -fno-use-linker-plugin -flto-partition=none line pr58791-5.c:20 b1 == 9
FAIL: gcc.dg/guality/pr58791-5.c -O2 -flto -fuse-linker-plugin -fno-fat-lto-objects line pr58791-5.c:20 b4 == 4681
FAIL: gcc.dg/guality/pr58791-5.c -O2 -flto -fuse-linker-plugin -fno-fat-lto-objects line pr58791-5.c:20 b3 == 585
FAIL: gcc.dg/guality/pr58791-5.c -O2 -flto -fuse-linker-plugin -fno-fat-lto-objects line pr58791-5.c:20 b2 == 73
FAIL: gcc.dg/guality/pr58791-5.c -O2 -flto -fuse-linker-plugin -fno-fat-lto-objects line pr58791-5.c:20 b1 == 9
FAIL: gcc.dg/guality/sra-1.c -O2 line 43 a.j == 14
FAIL: gcc.dg/guality/sra-1.c -O3 -fomit-frame-pointer line 43 a.j == 14
FAIL: gcc.dg/guality/sra-1.c -O3 -g line 43 a.j == 14
FAIL: gcc.dg/guality/sra-1.c -Os line 43 a.j == 14
FAIL: gcc.dg/guality/sra-1.c -O2 -flto -fno-use-linker-plugin -flto-partition=none line 43 a.j == 14
FAIL: gcc.dg/guality/sra-1.c -O2 -flto -fuse-linker-plugin -fno-fat-lto-objects line 43 a.j == 14
FAIL: gcc.dg/guality/vla-1.c -O0 line 17 sizeof (a) == 6
FAIL: gcc.dg/guality/vla-1.c -O0 line 24 sizeof (a) == 17 * sizeof (short)
FAIL: gcc.dg/guality/vla-1.c -O1 line 17 sizeof (a) == 6
FAIL: gcc.dg/guality/vla-1.c -O1 line 24 sizeof (a) == 17 * sizeof (short)
FAIL: gcc.dg/guality/vla-1.c -O2 line 17 sizeof (a) == 6
FAIL: gcc.dg/guality/vla-1.c -O2 line 24 sizeof (a) == 17 * sizeof (short)
FAIL: gcc.dg/guality/vla-1.c -O3 -fomit-frame-pointer line 17 sizeof (a) == 6
FAIL: gcc.dg/guality/vla-1.c -O3 -fomit-frame-pointer line 24 sizeof (a) == 17 * sizeof (short)
FAIL: gcc.dg/guality/vla-1.c -O3 -g line 17 sizeof (a) == 6
FAIL: gcc.dg/guality/vla-1.c -O3 -g line 24 sizeof (a) == 17 * sizeof (short)
FAIL: gcc.dg/guality/vla-1.c -Os line 17 sizeof (a) == 6
FAIL: gcc.dg/guality/vla-1.c -Os line 24 sizeof (a) == 17 * sizeof (short)
FAIL: gcc.dg/guality/vla-1.c -O2 -flto -fno-use-linker-plugin -flto-partition=none line 17 sizeof (a) == 6
FAIL: gcc.dg/guality/vla-1.c -O2 -flto -fno-use-linker-plugin -flto-partition=none line 24 sizeof (a) == 17 * sizeof (short)
FAIL: gcc.dg/guality/vla-1.c -O2 -flto -fuse-linker-plugin -fno-fat-lto-objects line 17 sizeof (a) == 6
FAIL: gcc.dg/guality/vla-1.c -O2 -flto -fuse-linker-plugin -fno-fat-lto-objects line 24 sizeof (a) == 17 * sizeof (short)
FAIL: gcc.dg/guality/vla-2.c -O0 line 16 sizeof (a) == 5 * sizeof (int)
FAIL: gcc.dg/guality/vla-2.c -O0 line 25 sizeof (a) == 6 * sizeof (int)
FAIL: gcc.dg/guality/vla-2.c -O1 line 16 sizeof (a) == 5 * sizeof (int)
FAIL: gcc.dg/guality/vla-2.c -O1 line 25 sizeof (a) == 6 * sizeof (int)
FAIL: gcc.dg/guality/vla-2.c -O2 line 16 sizeof (a) == 5 * sizeof (int)
FAIL: gcc.dg/guality/vla-2.c -O2 line 25 sizeof (a) == 6 * sizeof (int)
FAIL: gcc.dg/guality/vla-2.c -O3 -fomit-frame-pointer line 16 sizeof (a) == 5 * sizeof (int)
FAIL: gcc.dg/guality/vla-2.c -O3 -fomit-frame-pointer line 25 sizeof (a) == 6 * sizeof (int)
FAIL: gcc.dg/guality/vla-2.c -O3 -g line 16 sizeof (a) == 5 * sizeof (int)
FAIL: gcc.dg/guality/vla-2.c -O3 -g line 25 sizeof (a) == 6 * sizeof (int)
FAIL: gcc.dg/guality/vla-2.c -Os line 16 sizeof (a) == 5 * sizeof (int)
FAIL: gcc.dg/guality/vla-2.c -Os line 25 sizeof (a) == 6 * sizeof (int)
FAIL: gcc.dg/guality/vla-2.c -O2 -flto -fno-use-linker-plugin -flto-partition=none line 16 sizeof (a) == 5 * sizeof (int)
FAIL: gcc.dg/guality/vla-2.c -O2 -flto -fno-use-linker-plugin -flto-partition=none line 25 sizeof (a) == 6 * sizeof (int)
FAIL: gcc.dg/guality/vla-2.c -O2 -flto -fuse-linker-plugin -fno-fat-lto-objects line 16 sizeof (a) == 5 * sizeof (int)
FAIL: gcc.dg/guality/vla-2.c -O2 -flto -fuse-linker-plugin -fno-fat-lto-objects line 25 sizeof (a) == 6 * sizeof (int)
FAIL: gcc.dg/tree-prof/comp-goto-1.c compilation, -fprofile-use -D_PROFILE_USE (internal compiler error)
UNRESOLVED: gcc.dg/tree-prof/comp-goto-1.c execution, -fprofile-use -D_PROFILE_USE
FAIL: c-c++-common/ubsan/div-by-zero-1.c -O0 (test for excess errors)
UNRESOLVED: c-c++-common/ubsan/div-by-zero-1.c -O0 compilation failed to produce executable
FAIL: c-c++-common/ubsan/div-by-zero-1.c -O1 (test for excess errors)
UNRESOLVED: c-c++-common/ubsan/div-by-zero-1.c -O1 compilation failed to produce executable
FAIL: c-c++-common/ubsan/div-by-zero-1.c -O2 (test for excess errors)
UNRESOLVED: c-c++-common/ubsan/div-by-zero-1.c -O2 compilation failed to produce executable
FAIL: c-c++-common/ubsan/div-by-zero-1.c -O3 -fomit-frame-pointer (test for excess errors)
UNRESOLVED: c-c++-common/ubsan/div-by-zero-1.c -O3 -fomit-frame-pointer compilation failed to produce executable
FAIL: c-c++-common/ubsan/div-by-zero-1.c -O3 -g (test for excess errors)
UNRESOLVED: c-c++-common/ubsan/div-by-zero-1.c -O3 -g compilation failed to produce executable
FAIL: c-c++-common/ubsan/div-by-zero-1.c -Os (test for excess errors)
UNRESOLVED: c-c++-common/ubsan/div-by-zero-1.c -Os compilation failed to produce executable
FAIL: c-c++-common/ubsan/div-by-zero-1.c -O2 -flto -fno-use-linker-plugin -flto-partition=none (test for excess errors)
UNRESOLVED: c-c++-common/ubsan/div-by-zero-1.c -O2 -flto -fno-use-linker-plugin -flto-partition=none compilation failed to produce executable
FAIL: c-c++-common/ubsan/div-by-zero-1.c -O2 -flto -fuse-linker-plugin -fno-fat-lto-objects (test for excess errors)
UNRESOLVED: c-c++-common/ubsan/div-by-zero-1.c -O2 -flto -fuse-linker-plugin -fno-fat-lto-objects compilation failed to produce executable
FAIL: c-c++-common/ubsan/div-by-zero-2.c -O0 (test for excess errors)
UNRESOLVED: c-c++-common/ubsan/div-by-zero-2.c -O0 compilation failed to produce executable
FAIL: c-c++-common/ubsan/div-by-zero-2.c -O1 (test for excess errors)
UNRESOLVED: c-c++-common/ubsan/div-by-zero-2.c -O1 compilation failed to produce executable
FAIL: c-c++-common/ubsan/div-by-zero-2.c -O2 (test for excess errors)
UNRESOLVED: c-c++-common/ubsan/div-by-zero-2.c -O2 compilation failed to produce executable
FAIL: c-c++-common/ubsan/div-by-zero-2.c -O3 -fomit-frame-pointer (test for excess errors)
UNRESOLVED: c-c++-common/ubsan/div-by-zero-2.c -O3 -fomit-frame-pointer compilation failed to produce executable
FAIL: c-c++-common/ubsan/div-by-zero-2.c -O3 -g (test for excess errors)
UNRESOLVED: c-c++-common/ubsan/div-by-zero-2.c -O3 -g compilation failed to produce executable
FAIL: c-c++-common/ubsan/div-by-zero-2.c -Os (test for excess errors)
UNRESOLVED: c-c++-common/ubsan/div-by-zero-2.c -Os compilation failed to produce executable
FAIL: c-c++-common/ubsan/div-by-zero-2.c -O2 -flto -fno-use-linker-plugin -flto-partition=none (test for excess errors)
UNRESOLVED: c-c++-common/ubsan/div-by-zero-2.c -O2 -flto -fno-use-linker-plugin -flto-partition=none compilation failed to produce executable
FAIL: c-c++-common/ubsan/div-by-zero-2.c -O2 -flto -fuse-linker-plugin -fno-fat-lto-objects (test for excess errors)
UNRESOLVED: c-c++-common/ubsan/div-by-zero-2.c -O2 -flto -fuse-linker-plugin -fno-fat-lto-objects compilation failed to produce executable
FAIL: c-c++-common/ubsan/div-by-zero-3.c -O0 (test for excess errors)
UNRESOLVED: c-c++-common/ubsan/div-by-zero-3.c -O0 compilation failed to produce executable
FAIL: c-c++-common/ubsan/div-by-zero-3.c -O1 (test for excess errors)
UNRESOLVED: c-c++-common/ubsan/div-by-zero-3.c -O1 compilation failed to produce executable
FAIL: c-c++-common/ubsan/div-by-zero-3.c -O2 (test for excess errors)
UNRESOLVED: c-c++-common/ubsan/div-by-zero-3.c -O2 compilation failed to produce executable
FAIL: c-c++-common/ubsan/div-by-zero-3.c -O3 -fomit-frame-pointer (test for excess errors)
UNRESOLVED: c-c++-common/ubsan/div-by-zero-3.c -O3 -fomit-frame-pointer compilation failed to produce executable
FAIL: c-c++-common/ubsan/div-by-zero-3.c -O3 -g (test for excess errors)
UNRESOLVED: c-c++-common/ubsan/div-by-zero-3.c -O3 -g compilation failed to produce executable
FAIL: c-c++-common/ubsan/div-by-zero-3.c -Os (test for excess errors)
UNRESOLVED: c-c++-common/ubsan/div-by-zero-3.c -Os compilation failed to produce executable
FAIL: c-c++-common/ubsan/div-by-zero-3.c -O2 -flto -fno-use-linker-plugin -flto-partition=none (test for excess errors)
UNRESOLVED: c-c++-common/ubsan/div-by-zero-3.c -O2 -flto -fno-use-linker-plugin -flto-partition=none compilation failed to produce executable
FAIL: c-c++-common/ubsan/div-by-zero-3.c -O2 -flto -fuse-linker-plugin -fno-fat-lto-objects (test for excess errors)
UNRESOLVED: c-c++-common/ubsan/div-by-zero-3.c -O2 -flto -fuse-linker-plugin -fno-fat-lto-objects compilation failed to produce executable
FAIL: c-c++-common/ubsan/div-by-zero-4.c -O0 (test for excess errors)
UNRESOLVED: c-c++-common/ubsan/div-by-zero-4.c -O0 compilation failed to produce executable
FAIL: c-c++-common/ubsan/div-by-zero-4.c -O1 (test for excess errors)
UNRESOLVED: c-c++-common/ubsan/div-by-zero-4.c -O1 compilation failed to produce executable
FAIL: c-c++-common/ubsan/div-by-zero-4.c -O2 (test for excess errors)
UNRESOLVED: c-c++-common/ubsan/div-by-zero-4.c -O2 compilation failed to produce executable
FAIL: c-c++-common/ubsan/div-by-zero-4.c -O3 -fomit-frame-pointer (test for excess errors)
UNRESOLVED: c-c++-common/ubsan/div-by-zero-4.c -O3 -fomit-frame-pointer compilation failed to produce executable
FAIL: c-c++-common/ubsan/div-by-zero-4.c -O3 -g (test for excess errors)
UNRESOLVED: c-c++-common/ubsan/div-by-zero-4.c -O3 -g compilation failed to produce executable
FAIL: c-c++-common/ubsan/div-by-zero-4.c -Os (test for excess errors)
UNRESOLVED: c-c++-common/ubsan/div-by-zero-4.c -Os compilation failed to produce executable
FAIL: c-c++-common/ubsan/div-by-zero-4.c -O2 -flto -fno-use-linker-plugin -flto-partition=none (test for excess errors)
UNRESOLVED: c-c++-common/ubsan/div-by-zero-4.c -O2 -flto -fno-use-linker-plugin -flto-partition=none compilation failed to produce executable
FAIL: c-c++-common/ubsan/div-by-zero-4.c -O2 -flto -fuse-linker-plugin -fno-fat-lto-objects (test for excess errors)
UNRESOLVED: c-c++-common/ubsan/div-by-zero-4.c -O2 -flto -fuse-linker-plugin -fno-fat-lto-objects compilation failed to produce executable
FAIL: c-c++-common/ubsan/null-1.c -O0 (test for excess errors)
UNRESOLVED: c-c++-common/ubsan/null-1.c -O0 compilation failed to produce executable
FAIL: c-c++-common/ubsan/null-1.c -O1 (test for excess errors)
UNRESOLVED: c-c++-common/ubsan/null-1.c -O1 compilation failed to produce executable
FAIL: c-c++-common/ubsan/null-1.c -O2 (test for excess errors)
UNRESOLVED: c-c++-common/ubsan/null-1.c -O2 compilation failed to produce executable
FAIL: c-c++-common/ubsan/null-1.c -O3 -fomit-frame-pointer (test for excess errors)
UNRESOLVED: c-c++-common/ubsan/null-1.c -O3 -fomit-frame-pointer compilation failed to produce executable
FAIL: c-c++-common/ubsan/null-1.c -O3 -g (test for excess errors)
UNRESOLVED: c-c++-common/ubsan/null-1.c -O3 -g compilation failed to produce executable
FAIL: c-c++-common/ubsan/null-1.c -Os (test for excess errors)
UNRESOLVED: c-c++-common/ubsan/null-1.c -Os compilation failed to produce executable
FAIL: c-c++-common/ubsan/null-10.c -O0 (test for excess errors)
UNRESOLVED: c-c++-common/ubsan/null-10.c -O0 compilation failed to produce executable
FAIL: c-c++-common/ubsan/null-10.c -O1 (test for excess errors)
UNRESOLVED: c-c++-common/ubsan/null-10.c -O1 compilation failed to produce executable
FAIL: c-c++-common/ubsan/null-10.c -O2 (test for excess errors)
UNRESOLVED: c-c++-common/ubsan/null-10.c -O2 compilation failed to produce executable
FAIL: c-c++-common/ubsan/null-10.c -O3 -fomit-frame-pointer (test for excess errors)
UNRESOLVED: c-c++-common/ubsan/null-10.c -O3 -fomit-frame-pointer compilation failed to produce executable
FAIL: c-c++-common/ubsan/null-10.c -O3 -g (test for excess errors)
UNRESOLVED: c-c++-common/ubsan/null-10.c -O3 -g compilation failed to produce executable
FAIL: c-c++-common/ubsan/null-10.c -Os (test for excess errors)
UNRESOLVED: c-c++-common/ubsan/null-10.c -Os compilation failed to produce executable
FAIL: c-c++-common/ubsan/null-11.c -O0 (test for excess errors)
UNRESOLVED: c-c++-common/ubsan/null-11.c -O0 compilation failed to produce executable
FAIL: c-c++-common/ubsan/null-11.c -O1 (test for excess errors)
UNRESOLVED: c-c++-common/ubsan/null-11.c -O1 compilation failed to produce executable
FAIL: c-c++-common/ubsan/null-11.c -O2 (test for excess errors)
UNRESOLVED: c-c++-common/ubsan/null-11.c -O2 compilation failed to produce executable
FAIL: c-c++-common/ubsan/null-11.c -O3 -fomit-frame-pointer (test for excess errors)
UNRESOLVED: c-c++-common/ubsan/null-11.c -O3 -fomit-frame-pointer compilation failed to produce executable
FAIL: c-c++-common/ubsan/null-11.c -O3 -g (test for excess errors)
UNRESOLVED: c-c++-common/ubsan/null-11.c -O3 -g compilation failed to produce executable
FAIL: c-c++-common/ubsan/null-11.c -Os (test for excess errors)
UNRESOLVED: c-c++-common/ubsan/null-11.c -Os compilation failed to produce executable
FAIL: c-c++-common/ubsan/null-2.c -O0 (test for excess errors)
UNRESOLVED: c-c++-common/ubsan/null-2.c -O0 compilation failed to produce executable
FAIL: c-c++-common/ubsan/null-2.c -O1 (test for excess errors)
UNRESOLVED: c-c++-common/ubsan/null-2.c -O1 compilation failed to produce executable
FAIL: c-c++-common/ubsan/null-2.c -O2 (test for excess errors)
UNRESOLVED: c-c++-common/ubsan/null-2.c -O2 compilation failed to produce executable
FAIL: c-c++-common/ubsan/null-2.c -O3 -fomit-frame-pointer (test for excess errors)
UNRESOLVED: c-c++-common/ubsan/null-2.c -O3 -fomit-frame-pointer compilation failed to produce executable
FAIL: c-c++-common/ubsan/null-2.c -O3 -g (test for excess errors)
UNRESOLVED: c-c++-common/ubsan/null-2.c -O3 -g compilation failed to produce executable
FAIL: c-c++-common/ubsan/null-2.c -Os (test for excess errors)
UNRESOLVED: c-c++-common/ubsan/null-2.c -Os compilation failed to produce executable
FAIL: c-c++-common/ubsan/null-3.c -O0 (test for excess errors)
UNRESOLVED: c-c++-common/ubsan/null-3.c -O0 compilation failed to produce executable
FAIL: c-c++-common/ubsan/null-3.c -O1 (test for excess errors)
UNRESOLVED: c-c++-common/ubsan/null-3.c -O1 compilation failed to produce executable
FAIL: c-c++-common/ubsan/null-3.c -O2 (test for excess errors)
UNRESOLVED: c-c++-common/ubsan/null-3.c -O2 compilation failed to produce executable
FAIL: c-c++-common/ubsan/null-3.c -O3 -fomit-frame-pointer (test for excess errors)
UNRESOLVED: c-c++-common/ubsan/null-3.c -O3 -fomit-frame-pointer compilation failed to produce executable
FAIL: c-c++-common/ubsan/null-3.c -O3 -g (test for excess errors)
UNRESOLVED: c-c++-common/ubsan/null-3.c -O3 -g compilation failed to produce executable
FAIL: c-c++-common/ubsan/null-3.c -Os (test for excess errors)
UNRESOLVED: c-c++-common/ubsan/null-3.c -Os compilation failed to produce executable
FAIL: c-c++-common/ubsan/null-4.c -O0 (test for excess errors)
UNRESOLVED: c-c++-common/ubsan/null-4.c -O0 compilation failed to produce executable
FAIL: c-c++-common/ubsan/null-4.c -O1 (test for excess errors)
UNRESOLVED: c-c++-common/ubsan/null-4.c -O1 compilation failed to produce executable
FAIL: c-c++-common/ubsan/null-4.c -O2 (test for excess errors)
UNRESOLVED: c-c++-common/ubsan/null-4.c -O2 compilation failed to produce executable
FAIL: c-c++-common/ubsan/null-4.c -O3 -fomit-frame-pointer (test for excess errors)
UNRESOLVED: c-c++-common/ubsan/null-4.c -O3 -fomit-frame-pointer compilation failed to produce executable
FAIL: c-c++-common/ubsan/null-4.c -O3 -g (test for excess errors)
UNRESOLVED: c-c++-common/ubsan/null-4.c -O3 -g compilation failed to produce executable
FAIL: c-c++-common/ubsan/null-4.c -Os (test for excess errors)
UNRESOLVED: c-c++-common/ubsan/null-4.c -Os compilation failed to produce executable
FAIL: c-c++-common/ubsan/null-5.c -O0 (test for excess errors)
UNRESOLVED: c-c++-common/ubsan/null-5.c -O0 compilation failed to produce executable
FAIL: c-c++-common/ubsan/null-5.c -O1 (test for excess errors)
UNRESOLVED: c-c++-common/ubsan/null-5.c -O1 compilation failed to produce executable
FAIL: c-c++-common/ubsan/null-5.c -O2 (test for excess errors)
UNRESOLVED: c-c++-common/ubsan/null-5.c -O2 compilation failed to produce executable
FAIL: c-c++-common/ubsan/null-5.c -O3 -fomit-frame-pointer (test for excess errors)
UNRESOLVED: c-c++-common/ubsan/null-5.c -O3 -fomit-frame-pointer compilation failed to produce executable
FAIL: c-c++-common/ubsan/null-5.c -O3 -g (test for excess errors)
UNRESOLVED: c-c++-common/ubsan/null-5.c -O3 -g compilation failed to produce executable
FAIL: c-c++-common/ubsan/null-5.c -Os (test for excess errors)
UNRESOLVED: c-c++-common/ubsan/null-5.c -Os compilation failed to produce executable
FAIL: c-c++-common/ubsan/null-6.c -O0 (test for excess errors)
UNRESOLVED: c-c++-common/ubsan/null-6.c -O0 compilation failed to produce executable
FAIL: c-c++-common/ubsan/null-6.c -O1 (test for excess errors)
UNRESOLVED: c-c++-common/ubsan/null-6.c -O1 compilation failed to produce executable
FAIL: c-c++-common/ubsan/null-6.c -O2 (test for excess errors)
UNRESOLVED: c-c++-common/ubsan/null-6.c -O2 compilation failed to produce executable
FAIL: c-c++-common/ubsan/null-6.c -O3 -fomit-frame-pointer (test for excess errors)
UNRESOLVED: c-c++-common/ubsan/null-6.c -O3 -fomit-frame-pointer compilation failed to produce executable
FAIL: c-c++-common/ubsan/null-6.c -O3 -g (test for excess errors)
UNRESOLVED: c-c++-common/ubsan/null-6.c -O3 -g compilation failed to produce executable
FAIL: c-c++-common/ubsan/null-6.c -Os (test for excess errors)
UNRESOLVED: c-c++-common/ubsan/null-6.c -Os compilation failed to produce executable
FAIL: c-c++-common/ubsan/null-7.c -O0 (test for excess errors)
UNRESOLVED: c-c++-common/ubsan/null-7.c -O0 compilation failed to produce executable
FAIL: c-c++-common/ubsan/null-7.c -O1 (test for excess errors)
UNRESOLVED: c-c++-common/ubsan/null-7.c -O1 compilation failed to produce executable
FAIL: c-c++-common/ubsan/null-7.c -O2 (test for excess errors)
UNRESOLVED: c-c++-common/ubsan/null-7.c -O2 compilation failed to produce executable
FAIL: c-c++-common/ubsan/null-7.c -O3 -fomit-frame-pointer (test for excess errors)
UNRESOLVED: c-c++-common/ubsan/null-7.c -O3 -fomit-frame-pointer compilation failed to produce executable
FAIL: c-c++-common/ubsan/null-7.c -O3 -g (test for excess errors)
UNRESOLVED: c-c++-common/ubsan/null-7.c -O3 -g compilation failed to produce executable
FAIL: c-c++-common/ubsan/null-7.c -Os (test for excess errors)
UNRESOLVED: c-c++-common/ubsan/null-7.c -Os compilation failed to produce executable
FAIL: c-c++-common/ubsan/null-8.c -O0 (test for excess errors)
UNRESOLVED: c-c++-common/ubsan/null-8.c -O0 compilation failed to produce executable
FAIL: c-c++-common/ubsan/null-8.c -O1 (test for excess errors)
UNRESOLVED: c-c++-common/ubsan/null-8.c -O1 compilation failed to produce executable
FAIL: c-c++-common/ubsan/null-8.c -O2 (test for excess errors)
UNRESOLVED: c-c++-common/ubsan/null-8.c -O2 compilation failed to produce executable
FAIL: c-c++-common/ubsan/null-8.c -O3 -fomit-frame-pointer (test for excess errors)
UNRESOLVED: c-c++-common/ubsan/null-8.c -O3 -fomit-frame-pointer compilation failed to produce executable
FAIL: c-c++-common/ubsan/null-8.c -O3 -g (test for excess errors)
UNRESOLVED: c-c++-common/ubsan/null-8.c -O3 -g compilation failed to produce executable
FAIL: c-c++-common/ubsan/null-8.c -Os (test for excess errors)
UNRESOLVED: c-c++-common/ubsan/null-8.c -Os compilation failed to produce executable
FAIL: c-c++-common/ubsan/null-9.c -O0 (test for excess errors)
UNRESOLVED: c-c++-common/ubsan/null-9.c -O0 compilation failed to produce executable
FAIL: c-c++-common/ubsan/null-9.c -O1 (test for excess errors)
UNRESOLVED: c-c++-common/ubsan/null-9.c -O1 compilation failed to produce executable
FAIL: c-c++-common/ubsan/null-9.c -O2 (test for excess errors)
UNRESOLVED: c-c++-common/ubsan/null-9.c -O2 compilation failed to produce executable
FAIL: c-c++-common/ubsan/null-9.c -O3 -fomit-frame-pointer (test for excess errors)
UNRESOLVED: c-c++-common/ubsan/null-9.c -O3 -fomit-frame-pointer compilation failed to produce executable
FAIL: c-c++-common/ubsan/null-9.c -O3 -g (test for excess errors)
UNRESOLVED: c-c++-common/ubsan/null-9.c -O3 -g compilation failed to produce executable
FAIL: c-c++-common/ubsan/null-9.c -Os (test for excess errors)
UNRESOLVED: c-c++-common/ubsan/null-9.c -Os compilation failed to produce executable
FAIL: c-c++-common/ubsan/shift-1.c -O0 (test for excess errors)
UNRESOLVED: c-c++-common/ubsan/shift-1.c -O0 compilation failed to produce executable
FAIL: c-c++-common/ubsan/shift-1.c -O1 (test for excess errors)
UNRESOLVED: c-c++-common/ubsan/shift-1.c -O1 compilation failed to produce executable
FAIL: c-c++-common/ubsan/shift-1.c -O2 (test for excess errors)
UNRESOLVED: c-c++-common/ubsan/shift-1.c -O2 compilation failed to produce executable
FAIL: c-c++-common/ubsan/shift-1.c -O3 -fomit-frame-pointer (test for excess errors)
UNRESOLVED: c-c++-common/ubsan/shift-1.c -O3 -fomit-frame-pointer compilation failed to produce executable
FAIL: c-c++-common/ubsan/shift-1.c -O3 -fomit-frame-pointer -funroll-loops (test for excess errors)
UNRESOLVED: c-c++-common/ubsan/shift-1.c -O3 -fomit-frame-pointer -funroll-loops compilation failed to produce executable
FAIL: c-c++-common/ubsan/shift-1.c -O3 -fomit-frame-pointer -funroll-all-loops -finline-functions (test for excess errors)
UNRESOLVED: c-c++-common/ubsan/shift-1.c -O3 -fomit-frame-pointer -funroll-all-loops -finline-functions compilation failed to produce executable
FAIL: c-c++-common/ubsan/shift-1.c -O3 -g (test for excess errors)
UNRESOLVED: c-c++-common/ubsan/shift-1.c -O3 -g compilation failed to produce executable
FAIL: c-c++-common/ubsan/shift-1.c -Os (test for excess errors)
UNRESOLVED: c-c++-common/ubsan/shift-1.c -Os compilation failed to produce executable
FAIL: c-c++-common/ubsan/shift-1.c -O2 -flto -fno-use-linker-plugin -flto-partition=none (test for excess errors)
UNRESOLVED: c-c++-common/ubsan/shift-1.c -O2 -flto -fno-use-linker-plugin -flto-partition=none compilation failed to produce executable
FAIL: c-c++-common/ubsan/shift-1.c -O2 -flto -fuse-linker-plugin -fno-fat-lto-objects (test for excess errors)
UNRESOLVED: c-c++-common/ubsan/shift-1.c -O2 -flto -fuse-linker-plugin -fno-fat-lto-objects compilation failed to produce executable
FAIL: c-c++-common/ubsan/shift-2.c -O0 (test for excess errors)
UNRESOLVED: c-c++-common/ubsan/shift-2.c -O0 compilation failed to produce executable
FAIL: c-c++-common/ubsan/shift-2.c -O1 (test for excess errors)
UNRESOLVED: c-c++-common/ubsan/shift-2.c -O1 compilation failed to produce executable
FAIL: c-c++-common/ubsan/shift-2.c -O2 (test for excess errors)
UNRESOLVED: c-c++-common/ubsan/shift-2.c -O2 compilation failed to produce executable
FAIL: c-c++-common/ubsan/shift-2.c -O3 -fomit-frame-pointer (test for excess errors)
UNRESOLVED: c-c++-common/ubsan/shift-2.c -O3 -fomit-frame-pointer compilation failed to produce executable
FAIL: c-c++-common/ubsan/shift-2.c -O3 -g (test for excess errors)
UNRESOLVED: c-c++-common/ubsan/shift-2.c -O3 -g compilation failed to produce executable
FAIL: c-c++-common/ubsan/shift-2.c -Os (test for excess errors)
UNRESOLVED: c-c++-common/ubsan/shift-2.c -Os compilation failed to produce executable
FAIL: c-c++-common/ubsan/shift-2.c -O2 -flto -fno-use-linker-plugin -flto-partition=none (test for excess errors)
UNRESOLVED: c-c++-common/ubsan/shift-2.c -O2 -flto -fno-use-linker-plugin -flto-partition=none compilation failed to produce executable
FAIL: c-c++-common/ubsan/shift-2.c -O2 -flto -fuse-linker-plugin -fno-fat-lto-objects (test for excess errors)
UNRESOLVED: c-c++-common/ubsan/shift-2.c -O2 -flto -fuse-linker-plugin -fno-fat-lto-objects compilation failed to produce executable
FAIL: c-c++-common/ubsan/shift-3.c -O0 (test for excess errors)
UNRESOLVED: c-c++-common/ubsan/shift-3.c -O0 compilation failed to produce executable
FAIL: c-c++-common/ubsan/shift-3.c -O1 (test for excess errors)
UNRESOLVED: c-c++-common/ubsan/shift-3.c -O1 compilation failed to produce executable
FAIL: c-c++-common/ubsan/shift-3.c -O2 (test for excess errors)
UNRESOLVED: c-c++-common/ubsan/shift-3.c -O2 compilation failed to produce executable
FAIL: c-c++-common/ubsan/shift-3.c -O3 -fomit-frame-pointer (test for excess errors)
UNRESOLVED: c-c++-common/ubsan/shift-3.c -O3 -fomit-frame-pointer compilation failed to produce executable
FAIL: c-c++-common/ubsan/shift-3.c -O3 -g (test for excess errors)
UNRESOLVED: c-c++-common/ubsan/shift-3.c -O3 -g compilation failed to produce executable
FAIL: c-c++-common/ubsan/shift-3.c -Os (test for excess errors)
UNRESOLVED: c-c++-common/ubsan/shift-3.c -Os compilation failed to produce executable
FAIL: c-c++-common/ubsan/shift-3.c -O2 -flto -fno-use-linker-plugin -flto-partition=none (test for excess errors)
UNRESOLVED: c-c++-common/ubsan/shift-3.c -O2 -flto -fno-use-linker-plugin -flto-partition=none compilation failed to produce executable
FAIL: c-c++-common/ubsan/shift-3.c -O2 -flto -fuse-linker-plugin -fno-fat-lto-objects (test for excess errors)
UNRESOLVED: c-c++-common/ubsan/shift-3.c -O2 -flto -fuse-linker-plugin -fno-fat-lto-objects compilation failed to produce executable
FAIL: c-c++-common/ubsan/shift-4.c -O0 (test for excess errors)
UNRESOLVED: c-c++-common/ubsan/shift-4.c -O0 compilation failed to produce executable
FAIL: c-c++-common/ubsan/shift-4.c -O1 (test for excess errors)
UNRESOLVED: c-c++-common/ubsan/shift-4.c -O1 compilation failed to produce executable
FAIL: c-c++-common/ubsan/shift-4.c -O2 (test for excess errors)
UNRESOLVED: c-c++-common/ubsan/shift-4.c -O2 compilation failed to produce executable
FAIL: c-c++-common/ubsan/shift-4.c -O3 -fomit-frame-pointer (test for excess errors)
UNRESOLVED: c-c++-common/ubsan/shift-4.c -O3 -fomit-frame-pointer compilation failed to produce executable
FAIL: c-c++-common/ubsan/shift-4.c -O3 -g (test for excess errors)
UNRESOLVED: c-c++-common/ubsan/shift-4.c -O3 -g compilation failed to produce executable
FAIL: c-c++-common/ubsan/shift-4.c -Os (test for excess errors)
UNRESOLVED: c-c++-common/ubsan/shift-4.c -Os compilation failed to produce executable
FAIL: c-c++-common/ubsan/shift-4.c -O2 -flto -fno-use-linker-plugin -flto-partition=none (test for excess errors)
UNRESOLVED: c-c++-common/ubsan/shift-4.c -O2 -flto -fno-use-linker-plugin -flto-partition=none compilation failed to produce executable
FAIL: c-c++-common/ubsan/shift-4.c -O2 -flto -fuse-linker-plugin -fno-fat-lto-objects (test for excess errors)
UNRESOLVED: c-c++-common/ubsan/shift-4.c -O2 -flto -fuse-linker-plugin -fno-fat-lto-objects compilation failed to produce executable
FAIL: c-c++-common/ubsan/shift-6.c -O0 (test for excess errors)
UNRESOLVED: c-c++-common/ubsan/shift-6.c -O0 compilation failed to produce executable
FAIL: c-c++-common/ubsan/shift-6.c -O1 (test for excess errors)
UNRESOLVED: c-c++-common/ubsan/shift-6.c -O1 compilation failed to produce executable
FAIL: c-c++-common/ubsan/shift-6.c -O2 (test for excess errors)
UNRESOLVED: c-c++-common/ubsan/shift-6.c -O2 compilation failed to produce executable
FAIL: c-c++-common/ubsan/shift-6.c -O3 -fomit-frame-pointer (test for excess errors)
UNRESOLVED: c-c++-common/ubsan/shift-6.c -O3 -fomit-frame-pointer compilation failed to produce executable
FAIL: c-c++-common/ubsan/shift-6.c -O3 -g (test for excess errors)
UNRESOLVED: c-c++-common/ubsan/shift-6.c -O3 -g compilation failed to produce executable
FAIL: c-c++-common/ubsan/shift-6.c -Os (test for excess errors)
UNRESOLVED: c-c++-common/ubsan/shift-6.c -Os compilation failed to produce executable
FAIL: c-c++-common/ubsan/shift-6.c -O2 -flto -fno-use-linker-plugin -flto-partition=none (test for excess errors)
UNRESOLVED: c-c++-common/ubsan/shift-6.c -O2 -flto -fno-use-linker-plugin -flto-partition=none compilation failed to produce executable
FAIL: c-c++-common/ubsan/shift-6.c -O2 -flto -fuse-linker-plugin -fno-fat-lto-objects (test for excess errors)
UNRESOLVED: c-c++-common/ubsan/shift-6.c -O2 -flto -fuse-linker-plugin -fno-fat-lto-objects compilation failed to produce executable
FAIL: c-c++-common/ubsan/undefined-1.c -O0 (test for excess errors)
UNRESOLVED: c-c++-common/ubsan/undefined-1.c -O0 compilation failed to produce executable
FAIL: c-c++-common/ubsan/undefined-1.c -O1 (test for excess errors)
UNRESOLVED: c-c++-common/ubsan/undefined-1.c -O1 compilation failed to produce executable
FAIL: c-c++-common/ubsan/undefined-1.c -O2 (test for excess errors)
UNRESOLVED: c-c++-common/ubsan/undefined-1.c -O2 compilation failed to produce executable
FAIL: c-c++-common/ubsan/undefined-1.c -O3 -fomit-frame-pointer (test for excess errors)
UNRESOLVED: c-c++-common/ubsan/undefined-1.c -O3 -fomit-frame-pointer compilation failed to produce executable
FAIL: c-c++-common/ubsan/undefined-1.c -O3 -g (test for excess errors)
UNRESOLVED: c-c++-common/ubsan/undefined-1.c -O3 -g compilation failed to produce executable
FAIL: c-c++-common/ubsan/undefined-1.c -Os (test for excess errors)
UNRESOLVED: c-c++-common/ubsan/undefined-1.c -Os compilation failed to produce executable
FAIL: c-c++-common/ubsan/unreachable-1.c -O0 (test for excess errors)
UNRESOLVED: c-c++-common/ubsan/unreachable-1.c -O0 compilation failed to produce executable
FAIL: c-c++-common/ubsan/unreachable-1.c -O1 (test for excess errors)
UNRESOLVED: c-c++-common/ubsan/unreachable-1.c -O1 compilation failed to produce executable
FAIL: c-c++-common/ubsan/unreachable-1.c -O2 (test for excess errors)
UNRESOLVED: c-c++-common/ubsan/unreachable-1.c -O2 compilation failed to produce executable
FAIL: c-c++-common/ubsan/unreachable-1.c -O3 -fomit-frame-pointer (test for excess errors)
UNRESOLVED: c-c++-common/ubsan/unreachable-1.c -O3 -fomit-frame-pointer compilation failed to produce executable
FAIL: c-c++-common/ubsan/unreachable-1.c -O3 -g (test for excess errors)
UNRESOLVED: c-c++-common/ubsan/unreachable-1.c -O3 -g compilation failed to produce executable
FAIL: c-c++-common/ubsan/unreachable-1.c -Os (test for excess errors)
UNRESOLVED: c-c++-common/ubsan/unreachable-1.c -Os compilation failed to produce executable
FAIL: c-c++-common/ubsan/unreachable-1.c -O2 -flto -fno-use-linker-plugin -flto-partition=none (test for excess errors)
UNRESOLVED: c-c++-common/ubsan/unreachable-1.c -O2 -flto -fno-use-linker-plugin -flto-partition=none compilation failed to produce executable
FAIL: c-c++-common/ubsan/unreachable-1.c -O2 -flto -fuse-linker-plugin -fno-fat-lto-objects (test for excess errors)
UNRESOLVED: c-c++-common/ubsan/unreachable-1.c -O2 -flto -fuse-linker-plugin -fno-fat-lto-objects compilation failed to produce executable
FAIL: c-c++-common/ubsan/vla-1.c -O0 (test for excess errors)
UNRESOLVED: c-c++-common/ubsan/vla-1.c -O0 compilation failed to produce executable
FAIL: c-c++-common/ubsan/vla-1.c -O1 (test for excess errors)
UNRESOLVED: c-c++-common/ubsan/vla-1.c -O1 compilation failed to produce executable
FAIL: c-c++-common/ubsan/vla-1.c -O2 (test for excess errors)
UNRESOLVED: c-c++-common/ubsan/vla-1.c -O2 compilation failed to produce executable
FAIL: c-c++-common/ubsan/vla-1.c -O3 -fomit-frame-pointer (test for excess errors)
UNRESOLVED: c-c++-common/ubsan/vla-1.c -O3 -fomit-frame-pointer compilation failed to produce executable
FAIL: c-c++-common/ubsan/vla-1.c -O3 -g (test for excess errors)
UNRESOLVED: c-c++-common/ubsan/vla-1.c -O3 -g compilation failed to produce executable
FAIL: c-c++-common/ubsan/vla-1.c -Os (test for excess errors)
UNRESOLVED: c-c++-common/ubsan/vla-1.c -Os compilation failed to produce executable
FAIL: c-c++-common/ubsan/vla-1.c -O2 -flto -fno-use-linker-plugin -flto-partition=none (test for excess errors)
UNRESOLVED: c-c++-common/ubsan/vla-1.c -O2 -flto -fno-use-linker-plugin -flto-partition=none compilation failed to produce executable
FAIL: c-c++-common/ubsan/vla-1.c -O2 -flto -fuse-linker-plugin -fno-fat-lto-objects (test for excess errors)
UNRESOLVED: c-c++-common/ubsan/vla-1.c -O2 -flto -fuse-linker-plugin -fno-fat-lto-objects compilation failed to produce executable
FAIL: c-c++-common/ubsan/vla-2.c -O0 (test for excess errors)
UNRESOLVED: c-c++-common/ubsan/vla-2.c -O0 compilation failed to produce executable
FAIL: c-c++-common/ubsan/vla-2.c -O1 (test for excess errors)
UNRESOLVED: c-c++-common/ubsan/vla-2.c -O1 compilation failed to produce executable
FAIL: c-c++-common/ubsan/vla-2.c -O2 (test for excess errors)
UNRESOLVED: c-c++-common/ubsan/vla-2.c -O2 compilation failed to produce executable
FAIL: c-c++-common/ubsan/vla-2.c -O3 -fomit-frame-pointer (test for excess errors)
UNRESOLVED: c-c++-common/ubsan/vla-2.c -O3 -fomit-frame-pointer compilation failed to produce executable
FAIL: c-c++-common/ubsan/vla-2.c -O3 -g (test for excess errors)
UNRESOLVED: c-c++-common/ubsan/vla-2.c -O3 -g compilation failed to produce executable
FAIL: c-c++-common/ubsan/vla-2.c -Os (test for excess errors)
UNRESOLVED: c-c++-common/ubsan/vla-2.c -Os compilation failed to produce executable
FAIL: c-c++-common/ubsan/vla-2.c -O2 -flto -fno-use-linker-plugin -flto-partition=none (test for excess errors)
UNRESOLVED: c-c++-common/ubsan/vla-2.c -O2 -flto -fno-use-linker-plugin -flto-partition=none compilation failed to produce executable
FAIL: c-c++-common/ubsan/vla-2.c -O2 -flto -fuse-linker-plugin -fno-fat-lto-objects (test for excess errors)
UNRESOLVED: c-c++-common/ubsan/vla-2.c -O2 -flto -fuse-linker-plugin -fno-fat-lto-objects compilation failed to produce executable
FAIL: c-c++-common/ubsan/vla-3.c -O0 (test for excess errors)
UNRESOLVED: c-c++-common/ubsan/vla-3.c -O0 compilation failed to produce executable
FAIL: c-c++-common/ubsan/vla-3.c -O1 (test for excess errors)
UNRESOLVED: c-c++-common/ubsan/vla-3.c -O1 compilation failed to produce executable
FAIL: c-c++-common/ubsan/vla-3.c -O2 (test for excess errors)
UNRESOLVED: c-c++-common/ubsan/vla-3.c -O2 compilation failed to produce executable
FAIL: c-c++-common/ubsan/vla-3.c -O3 -fomit-frame-pointer (test for excess errors)
UNRESOLVED: c-c++-common/ubsan/vla-3.c -O3 -fomit-frame-pointer compilation failed to produce executable
FAIL: c-c++-common/ubsan/vla-3.c -O3 -g (test for excess errors)
UNRESOLVED: c-c++-common/ubsan/vla-3.c -O3 -g compilation failed to produce executable
FAIL: c-c++-common/ubsan/vla-3.c -Os (test for excess errors)
UNRESOLVED: c-c++-common/ubsan/vla-3.c -Os compilation failed to produce executable
FAIL: c-c++-common/ubsan/vla-3.c -O2 -flto -fno-use-linker-plugin -flto-partition=none (test for excess errors)
UNRESOLVED: c-c++-common/ubsan/vla-3.c -O2 -flto -fno-use-linker-plugin -flto-partition=none compilation failed to produce executable
FAIL: c-c++-common/ubsan/vla-3.c -O2 -flto -fuse-linker-plugin -fno-fat-lto-objects (test for excess errors)
UNRESOLVED: c-c++-common/ubsan/vla-3.c -O2 -flto -fuse-linker-plugin -fno-fat-lto-objects compilation failed to produce executable
FAIL: c-c++-common/ubsan/vla-4.c -O0 (test for excess errors)
UNRESOLVED: c-c++-common/ubsan/vla-4.c -O0 compilation failed to produce executable
FAIL: c-c++-common/ubsan/vla-4.c -O1 (test for excess errors)
UNRESOLVED: c-c++-common/ubsan/vla-4.c -O1 compilation failed to produce executable
FAIL: c-c++-common/ubsan/vla-4.c -O2 (test for excess errors)
UNRESOLVED: c-c++-common/ubsan/vla-4.c -O2 compilation failed to produce executable
FAIL: c-c++-common/ubsan/vla-4.c -O3 -fomit-frame-pointer (test for excess errors)
UNRESOLVED: c-c++-common/ubsan/vla-4.c -O3 -fomit-frame-pointer compilation failed to produce executable
FAIL: c-c++-common/ubsan/vla-4.c -O3 -g (test for excess errors)
UNRESOLVED: c-c++-common/ubsan/vla-4.c -O3 -g compilation failed to produce executable
FAIL: c-c++-common/ubsan/vla-4.c -Os (test for excess errors)
UNRESOLVED: c-c++-common/ubsan/vla-4.c -Os compilation failed to produce executable
FAIL: c-c++-common/ubsan/vla-4.c -O2 -flto -fno-use-linker-plugin -flto-partition=none (test for excess errors)
UNRESOLVED: c-c++-common/ubsan/vla-4.c -O2 -flto -fno-use-linker-plugin -flto-partition=none compilation failed to produce executable
FAIL: c-c++-common/ubsan/vla-4.c -O2 -flto -fuse-linker-plugin -fno-fat-lto-objects (test for excess errors)
UNRESOLVED: c-c++-common/ubsan/vla-4.c -O2 -flto -fuse-linker-plugin -fno-fat-lto-objects compilation failed to produce executable
FAIL: gcc.dg/ubsan/c99-shift-1.c -O0 (test for excess errors)
UNRESOLVED: gcc.dg/ubsan/c99-shift-1.c -O0 compilation failed to produce executable
FAIL: gcc.dg/ubsan/c99-shift-1.c -O1 (test for excess errors)
UNRESOLVED: gcc.dg/ubsan/c99-shift-1.c -O1 compilation failed to produce executable
FAIL: gcc.dg/ubsan/c99-shift-1.c -O2 (test for excess errors)
UNRESOLVED: gcc.dg/ubsan/c99-shift-1.c -O2 compilation failed to produce executable
FAIL: gcc.dg/ubsan/c99-shift-1.c -O3 -fomit-frame-pointer (test for excess errors)
UNRESOLVED: gcc.dg/ubsan/c99-shift-1.c -O3 -fomit-frame-pointer compilation failed to produce executable
FAIL: gcc.dg/ubsan/c99-shift-1.c -O3 -g (test for excess errors)
UNRESOLVED: gcc.dg/ubsan/c99-shift-1.c -O3 -g compilation failed to produce executable
FAIL: gcc.dg/ubsan/c99-shift-1.c -Os (test for excess errors)
UNRESOLVED: gcc.dg/ubsan/c99-shift-1.c -Os compilation failed to produce executable
FAIL: gcc.dg/ubsan/c99-shift-1.c -O2 -flto -fno-use-linker-plugin -flto-partition=none (test for excess errors)
UNRESOLVED: gcc.dg/ubsan/c99-shift-1.c -O2 -flto -fno-use-linker-plugin -flto-partition=none compilation failed to produce executable
FAIL: gcc.dg/ubsan/c99-shift-1.c -O2 -flto -fuse-linker-plugin -fno-fat-lto-objects (test for excess errors)
UNRESOLVED: gcc.dg/ubsan/c99-shift-1.c -O2 -flto -fuse-linker-plugin -fno-fat-lto-objects compilation failed to produce executable
FAIL: gcc.dg/ubsan/c99-shift-2.c -O0 (test for excess errors)
UNRESOLVED: gcc.dg/ubsan/c99-shift-2.c -O0 compilation failed to produce executable
FAIL: gcc.dg/ubsan/c99-shift-2.c -O1 (test for excess errors)
UNRESOLVED: gcc.dg/ubsan/c99-shift-2.c -O1 compilation failed to produce executable
FAIL: gcc.dg/ubsan/c99-shift-2.c -O2 (test for excess errors)
UNRESOLVED: gcc.dg/ubsan/c99-shift-2.c -O2 compilation failed to produce executable
FAIL: gcc.dg/ubsan/c99-shift-2.c -O3 -fomit-frame-pointer (test for excess errors)
UNRESOLVED: gcc.dg/ubsan/c99-shift-2.c -O3 -fomit-frame-pointer compilation failed to produce executable
FAIL: gcc.dg/ubsan/c99-shift-2.c -O3 -g (test for excess errors)
UNRESOLVED: gcc.dg/ubsan/c99-shift-2.c -O3 -g compilation failed to produce executable
FAIL: gcc.dg/ubsan/c99-shift-2.c -Os (test for excess errors)
UNRESOLVED: gcc.dg/ubsan/c99-shift-2.c -Os compilation failed to produce executable
FAIL: gcc.dg/ubsan/c99-shift-2.c -O2 -flto -fno-use-linker-plugin -flto-partition=none (test for excess errors)
UNRESOLVED: gcc.dg/ubsan/c99-shift-2.c -O2 -flto -fno-use-linker-plugin -flto-partition=none compilation failed to produce executable
FAIL: gcc.dg/ubsan/c99-shift-2.c -O2 -flto -fuse-linker-plugin -fno-fat-lto-objects (test for excess errors)
UNRESOLVED: gcc.dg/ubsan/c99-shift-2.c -O2 -flto -fuse-linker-plugin -fno-fat-lto-objects compilation failed to produce executable
=== gcc Summary ===
# of expected passes 87652
# of unexpected failures 476
# of unexpected successes 32
# of expected failures 125
# of unresolved testcases 203
# of unsupported tests 1487
/space/uros/gcc-build/gcc/xgcc version 4.9.0 20131201 (experimental) [trunk revision 205574] (GCC)
=== gfortran tests ===
Running target unix
FAIL: gfortran.dg/lto/pr45586-2 f_lto_pr45586-2_0.o-f_lto_pr45586-2_0.o link, -O0 -flto -flto-partition=none -fuse-linker-plugin (internal compiler error)
UNRESOLVED: gfortran.dg/lto/pr45586-2 f_lto_pr45586-2_0.o-f_lto_pr45586-2_0.o execute -O0 -flto -flto-partition=none -fuse-linker-plugin
FAIL: gfortran.dg/lto/pr45586-2 f_lto_pr45586-2_0.o-f_lto_pr45586-2_0.o link, -O0 -flto -flto-partition=1to1 -fno-use-linker-plugin (internal compiler error)
UNRESOLVED: gfortran.dg/lto/pr45586-2 f_lto_pr45586-2_0.o-f_lto_pr45586-2_0.o execute -O0 -flto -flto-partition=1to1 -fno-use-linker-plugin
FAIL: gfortran.dg/lto/pr45586-2 f_lto_pr45586-2_0.o-f_lto_pr45586-2_0.o link, -O0 -flto -fuse-linker-plugin -fno-fat-lto-objects (internal compiler error)
UNRESOLVED: gfortran.dg/lto/pr45586-2 f_lto_pr45586-2_0.o-f_lto_pr45586-2_0.o execute -O0 -flto -fuse-linker-plugin -fno-fat-lto-objects
FAIL: gfortran.dg/lto/pr45586 f_lto_pr45586_0.o-f_lto_pr45586_0.o link, -O0 -flto -flto-partition=none -fuse-linker-plugin (internal compiler error)
UNRESOLVED: gfortran.dg/lto/pr45586 f_lto_pr45586_0.o-f_lto_pr45586_0.o execute -O0 -flto -flto-partition=none -fuse-linker-plugin
FAIL: gfortran.dg/lto/pr45586 f_lto_pr45586_0.o-f_lto_pr45586_0.o link, -O0 -flto -flto-partition=1to1 -fno-use-linker-plugin (internal compiler error)
UNRESOLVED: gfortran.dg/lto/pr45586 f_lto_pr45586_0.o-f_lto_pr45586_0.o execute -O0 -flto -flto-partition=1to1 -fno-use-linker-plugin
FAIL: gfortran.dg/lto/pr45586 f_lto_pr45586_0.o-f_lto_pr45586_0.o link, -O0 -flto -fuse-linker-plugin -fno-fat-lto-objects (internal compiler error)
UNRESOLVED: gfortran.dg/lto/pr45586 f_lto_pr45586_0.o-f_lto_pr45586_0.o execute -O0 -flto -fuse-linker-plugin -fno-fat-lto-objects
=== gfortran Summary ===
# of expected passes 44944
# of unexpected failures 6
# of expected failures 38
# of unresolved testcases 6
# of unsupported tests 60
/space/uros/gcc-build/gcc/testsuite/gfortran/../../gfortran version 4.9.0 20131201 (experimental) [trunk revision 205574] (GCC)
=== g++ tests ===
Running target unix
FAIL: g++.dg/guality/pr55665.C -O2 line 23 p == 40
FAIL: g++.dg/guality/pr55665.C -O3 -fomit-frame-pointer line 23 p == 40
FAIL: g++.dg/guality/pr55665.C -O3 -g line 23 p == 40
FAIL: c-c++-common/ubsan/div-by-zero-1.c -O0 (test for excess errors)
UNRESOLVED: c-c++-common/ubsan/div-by-zero-1.c -O0 compilation failed to produce executable
FAIL: c-c++-common/ubsan/div-by-zero-1.c -O1 (test for excess errors)
UNRESOLVED: c-c++-common/ubsan/div-by-zero-1.c -O1 compilation failed to produce executable
FAIL: c-c++-common/ubsan/div-by-zero-1.c -O2 (test for excess errors)
UNRESOLVED: c-c++-common/ubsan/div-by-zero-1.c -O2 compilation failed to produce executable
FAIL: c-c++-common/ubsan/div-by-zero-1.c -O3 -fomit-frame-pointer (test for excess errors)
UNRESOLVED: c-c++-common/ubsan/div-by-zero-1.c -O3 -fomit-frame-pointer compilation failed to produce executable
FAIL: c-c++-common/ubsan/div-by-zero-1.c -O3 -g (test for excess errors)
UNRESOLVED: c-c++-common/ubsan/div-by-zero-1.c -O3 -g compilation failed to produce executable
FAIL: c-c++-common/ubsan/div-by-zero-1.c -Os (test for excess errors)
UNRESOLVED: c-c++-common/ubsan/div-by-zero-1.c -Os compilation failed to produce executable
FAIL: c-c++-common/ubsan/div-by-zero-1.c -O2 -flto -fno-use-linker-plugin -flto-partition=none (test for excess errors)
UNRESOLVED: c-c++-common/ubsan/div-by-zero-1.c -O2 -flto -fno-use-linker-plugin -flto-partition=none compilation failed to produce executable
FAIL: c-c++-common/ubsan/div-by-zero-1.c -O2 -flto -fuse-linker-plugin -fno-fat-lto-objects (test for excess errors)
UNRESOLVED: c-c++-common/ubsan/div-by-zero-1.c -O2 -flto -fuse-linker-plugin -fno-fat-lto-objects compilation failed to produce executable
FAIL: c-c++-common/ubsan/div-by-zero-2.c -O0 (test for excess errors)
UNRESOLVED: c-c++-common/ubsan/div-by-zero-2.c -O0 compilation failed to produce executable
FAIL: c-c++-common/ubsan/div-by-zero-2.c -O1 (test for excess errors)
UNRESOLVED: c-c++-common/ubsan/div-by-zero-2.c -O1 compilation failed to produce executable
FAIL: c-c++-common/ubsan/div-by-zero-2.c -O2 (test for excess errors)
UNRESOLVED: c-c++-common/ubsan/div-by-zero-2.c -O2 compilation failed to produce executable
FAIL: c-c++-common/ubsan/div-by-zero-2.c -O3 -fomit-frame-pointer (test for excess errors)
UNRESOLVED: c-c++-common/ubsan/div-by-zero-2.c -O3 -fomit-frame-pointer compilation failed to produce executable
FAIL: c-c++-common/ubsan/div-by-zero-2.c -O3 -g (test for excess errors)
UNRESOLVED: c-c++-common/ubsan/div-by-zero-2.c -O3 -g compilation failed to produce executable
FAIL: c-c++-common/ubsan/div-by-zero-2.c -Os (test for excess errors)
UNRESOLVED: c-c++-common/ubsan/div-by-zero-2.c -Os compilation failed to produce executable
FAIL: c-c++-common/ubsan/div-by-zero-2.c -O2 -flto -fno-use-linker-plugin -flto-partition=none (test for excess errors)
UNRESOLVED: c-c++-common/ubsan/div-by-zero-2.c -O2 -flto -fno-use-linker-plugin -flto-partition=none compilation failed to produce executable
FAIL: c-c++-common/ubsan/div-by-zero-2.c -O2 -flto -fuse-linker-plugin -fno-fat-lto-objects (test for excess errors)
UNRESOLVED: c-c++-common/ubsan/div-by-zero-2.c -O2 -flto -fuse-linker-plugin -fno-fat-lto-objects compilation failed to produce executable
FAIL: c-c++-common/ubsan/div-by-zero-3.c -O0 (test for excess errors)
UNRESOLVED: c-c++-common/ubsan/div-by-zero-3.c -O0 compilation failed to produce executable
FAIL: c-c++-common/ubsan/div-by-zero-3.c -O1 (test for excess errors)
UNRESOLVED: c-c++-common/ubsan/div-by-zero-3.c -O1 compilation failed to produce executable
FAIL: c-c++-common/ubsan/div-by-zero-3.c -O2 (test for excess errors)
UNRESOLVED: c-c++-common/ubsan/div-by-zero-3.c -O2 compilation failed to produce executable
FAIL: c-c++-common/ubsan/div-by-zero-3.c -O3 -fomit-frame-pointer (test for excess errors)
UNRESOLVED: c-c++-common/ubsan/div-by-zero-3.c -O3 -fomit-frame-pointer compilation failed to produce executable
FAIL: c-c++-common/ubsan/div-by-zero-3.c -O3 -g (test for excess errors)
UNRESOLVED: c-c++-common/ubsan/div-by-zero-3.c -O3 -g compilation failed to produce executable
FAIL: c-c++-common/ubsan/div-by-zero-3.c -Os (test for excess errors)
UNRESOLVED: c-c++-common/ubsan/div-by-zero-3.c -Os compilation failed to produce executable
FAIL: c-c++-common/ubsan/div-by-zero-3.c -O2 -flto -fno-use-linker-plugin -flto-partition=none (test for excess errors)
UNRESOLVED: c-c++-common/ubsan/div-by-zero-3.c -O2 -flto -fno-use-linker-plugin -flto-partition=none compilation failed to produce executable
FAIL: c-c++-common/ubsan/div-by-zero-3.c -O2 -flto -fuse-linker-plugin -fno-fat-lto-objects (test for excess errors)
UNRESOLVED: c-c++-common/ubsan/div-by-zero-3.c -O2 -flto -fuse-linker-plugin -fno-fat-lto-objects compilation failed to produce executable
FAIL: c-c++-common/ubsan/div-by-zero-4.c -O0 (test for excess errors)
UNRESOLVED: c-c++-common/ubsan/div-by-zero-4.c -O0 compilation failed to produce executable
FAIL: c-c++-common/ubsan/div-by-zero-4.c -O1 (test for excess errors)
UNRESOLVED: c-c++-common/ubsan/div-by-zero-4.c -O1 compilation failed to produce executable
FAIL: c-c++-common/ubsan/div-by-zero-4.c -O2 (test for excess errors)
UNRESOLVED: c-c++-common/ubsan/div-by-zero-4.c -O2 compilation failed to produce executable
FAIL: c-c++-common/ubsan/div-by-zero-4.c -O3 -fomit-frame-pointer (test for excess errors)
UNRESOLVED: c-c++-common/ubsan/div-by-zero-4.c -O3 -fomit-frame-pointer compilation failed to produce executable
FAIL: c-c++-common/ubsan/div-by-zero-4.c -O3 -g (test for excess errors)
UNRESOLVED: c-c++-common/ubsan/div-by-zero-4.c -O3 -g compilation failed to produce executable
FAIL: c-c++-common/ubsan/div-by-zero-4.c -Os (test for excess errors)
UNRESOLVED: c-c++-common/ubsan/div-by-zero-4.c -Os compilation failed to produce executable
FAIL: c-c++-common/ubsan/div-by-zero-4.c -O2 -flto -fno-use-linker-plugin -flto-partition=none (test for excess errors)
UNRESOLVED: c-c++-common/ubsan/div-by-zero-4.c -O2 -flto -fno-use-linker-plugin -flto-partition=none compilation failed to produce executable
FAIL: c-c++-common/ubsan/div-by-zero-4.c -O2 -flto -fuse-linker-plugin -fno-fat-lto-objects (test for excess errors)
UNRESOLVED: c-c++-common/ubsan/div-by-zero-4.c -O2 -flto -fuse-linker-plugin -fno-fat-lto-objects compilation failed to produce executable
FAIL: c-c++-common/ubsan/null-1.c -O0 (test for excess errors)
UNRESOLVED: c-c++-common/ubsan/null-1.c -O0 compilation failed to produce executable
FAIL: c-c++-common/ubsan/null-1.c -O1 (test for excess errors)
UNRESOLVED: c-c++-common/ubsan/null-1.c -O1 compilation failed to produce executable
FAIL: c-c++-common/ubsan/null-1.c -O2 (test for excess errors)
UNRESOLVED: c-c++-common/ubsan/null-1.c -O2 compilation failed to produce executable
FAIL: c-c++-common/ubsan/null-1.c -O3 -fomit-frame-pointer (test for excess errors)
UNRESOLVED: c-c++-common/ubsan/null-1.c -O3 -fomit-frame-pointer compilation failed to produce executable
FAIL: c-c++-common/ubsan/null-1.c -O3 -g (test for excess errors)
UNRESOLVED: c-c++-common/ubsan/null-1.c -O3 -g compilation failed to produce executable
FAIL: c-c++-common/ubsan/null-1.c -Os (test for excess errors)
UNRESOLVED: c-c++-common/ubsan/null-1.c -Os compilation failed to produce executable
FAIL: c-c++-common/ubsan/null-10.c -O0 (test for excess errors)
UNRESOLVED: c-c++-common/ubsan/null-10.c -O0 compilation failed to produce executable
FAIL: c-c++-common/ubsan/null-10.c -O1 (test for excess errors)
UNRESOLVED: c-c++-common/ubsan/null-10.c -O1 compilation failed to produce executable
FAIL: c-c++-common/ubsan/null-10.c -O2 (test for excess errors)
UNRESOLVED: c-c++-common/ubsan/null-10.c -O2 compilation failed to produce executable
FAIL: c-c++-common/ubsan/null-10.c -O3 -fomit-frame-pointer (test for excess errors)
UNRESOLVED: c-c++-common/ubsan/null-10.c -O3 -fomit-frame-pointer compilation failed to produce executable
FAIL: c-c++-common/ubsan/null-10.c -O3 -g (test for excess errors)
UNRESOLVED: c-c++-common/ubsan/null-10.c -O3 -g compilation failed to produce executable
FAIL: c-c++-common/ubsan/null-10.c -Os (test for excess errors)
UNRESOLVED: c-c++-common/ubsan/null-10.c -Os compilation failed to produce executable
FAIL: c-c++-common/ubsan/null-11.c -O0 (test for excess errors)
UNRESOLVED: c-c++-common/ubsan/null-11.c -O0 compilation failed to produce executable
FAIL: c-c++-common/ubsan/null-11.c -O1 (test for excess errors)
UNRESOLVED: c-c++-common/ubsan/null-11.c -O1 compilation failed to produce executable
FAIL: c-c++-common/ubsan/null-11.c -O2 (test for excess errors)
UNRESOLVED: c-c++-common/ubsan/null-11.c -O2 compilation failed to produce executable
FAIL: c-c++-common/ubsan/null-11.c -O3 -fomit-frame-pointer (test for excess errors)
UNRESOLVED: c-c++-common/ubsan/null-11.c -O3 -fomit-frame-pointer compilation failed to produce executable
FAIL: c-c++-common/ubsan/null-11.c -O3 -g (test for excess errors)
UNRESOLVED: c-c++-common/ubsan/null-11.c -O3 -g compilation failed to produce executable
FAIL: c-c++-common/ubsan/null-11.c -Os (test for excess errors)
UNRESOLVED: c-c++-common/ubsan/null-11.c -Os compilation failed to produce executable
FAIL: c-c++-common/ubsan/null-2.c -O0 (test for excess errors)
UNRESOLVED: c-c++-common/ubsan/null-2.c -O0 compilation failed to produce executable
FAIL: c-c++-common/ubsan/null-2.c -O1 (test for excess errors)
UNRESOLVED: c-c++-common/ubsan/null-2.c -O1 compilation failed to produce executable
FAIL: c-c++-common/ubsan/null-2.c -O2 (test for excess errors)
UNRESOLVED: c-c++-common/ubsan/null-2.c -O2 compilation failed to produce executable
FAIL: c-c++-common/ubsan/null-2.c -O3 -fomit-frame-pointer (test for excess errors)
UNRESOLVED: c-c++-common/ubsan/null-2.c -O3 -fomit-frame-pointer compilation failed to produce executable
FAIL: c-c++-common/ubsan/null-2.c -O3 -g (test for excess errors)
UNRESOLVED: c-c++-common/ubsan/null-2.c -O3 -g compilation failed to produce executable
FAIL: c-c++-common/ubsan/null-2.c -Os (test for excess errors)
UNRESOLVED: c-c++-common/ubsan/null-2.c -Os compilation failed to produce executable
FAIL: c-c++-common/ubsan/null-3.c -O0 (test for excess errors)
UNRESOLVED: c-c++-common/ubsan/null-3.c -O0 compilation failed to produce executable
FAIL: c-c++-common/ubsan/null-3.c -O1 (test for excess errors)
UNRESOLVED: c-c++-common/ubsan/null-3.c -O1 compilation failed to produce executable
FAIL: c-c++-common/ubsan/null-3.c -O2 (test for excess errors)
UNRESOLVED: c-c++-common/ubsan/null-3.c -O2 compilation failed to produce executable
FAIL: c-c++-common/ubsan/null-3.c -O3 -fomit-frame-pointer (test for excess errors)
UNRESOLVED: c-c++-common/ubsan/null-3.c -O3 -fomit-frame-pointer compilation failed to produce executable
FAIL: c-c++-common/ubsan/null-3.c -O3 -g (test for excess errors)
UNRESOLVED: c-c++-common/ubsan/null-3.c -O3 -g compilation failed to produce executable
FAIL: c-c++-common/ubsan/null-3.c -Os (test for excess errors)
UNRESOLVED: c-c++-common/ubsan/null-3.c -Os compilation failed to produce executable
FAIL: c-c++-common/ubsan/null-4.c -O0 (test for excess errors)
UNRESOLVED: c-c++-common/ubsan/null-4.c -O0 compilation failed to produce executable
FAIL: c-c++-common/ubsan/null-4.c -O1 (test for excess errors)
UNRESOLVED: c-c++-common/ubsan/null-4.c -O1 compilation failed to produce executable
FAIL: c-c++-common/ubsan/null-4.c -O2 (test for excess errors)
UNRESOLVED: c-c++-common/ubsan/null-4.c -O2 compilation failed to produce executable
FAIL: c-c++-common/ubsan/null-4.c -O3 -fomit-frame-pointer (test for excess errors)
UNRESOLVED: c-c++-common/ubsan/null-4.c -O3 -fomit-frame-pointer compilation failed to produce executable
FAIL: c-c++-common/ubsan/null-4.c -O3 -g (test for excess errors)
UNRESOLVED: c-c++-common/ubsan/null-4.c -O3 -g compilation failed to produce executable
FAIL: c-c++-common/ubsan/null-4.c -Os (test for excess errors)
UNRESOLVED: c-c++-common/ubsan/null-4.c -Os compilation failed to produce executable
FAIL: c-c++-common/ubsan/null-5.c -O0 (test for excess errors)
UNRESOLVED: c-c++-common/ubsan/null-5.c -O0 compilation failed to produce executable
FAIL: c-c++-common/ubsan/null-5.c -O1 (test for excess errors)
UNRESOLVED: c-c++-common/ubsan/null-5.c -O1 compilation failed to produce executable
FAIL: c-c++-common/ubsan/null-5.c -O2 (test for excess errors)
UNRESOLVED: c-c++-common/ubsan/null-5.c -O2 compilation failed to produce executable
FAIL: c-c++-common/ubsan/null-5.c -O3 -fomit-frame-pointer (test for excess errors)
UNRESOLVED: c-c++-common/ubsan/null-5.c -O3 -fomit-frame-pointer compilation failed to produce executable
FAIL: c-c++-common/ubsan/null-5.c -O3 -g (test for excess errors)
UNRESOLVED: c-c++-common/ubsan/null-5.c -O3 -g compilation failed to produce executable
FAIL: c-c++-common/ubsan/null-5.c -Os (test for excess errors)
UNRESOLVED: c-c++-common/ubsan/null-5.c -Os compilation failed to produce executable
FAIL: c-c++-common/ubsan/null-6.c -O0 (test for excess errors)
UNRESOLVED: c-c++-common/ubsan/null-6.c -O0 compilation failed to produce executable
FAIL: c-c++-common/ubsan/null-6.c -O1 (test for excess errors)
UNRESOLVED: c-c++-common/ubsan/null-6.c -O1 compilation failed to produce executable
FAIL: c-c++-common/ubsan/null-6.c -O2 (test for excess errors)
UNRESOLVED: c-c++-common/ubsan/null-6.c -O2 compilation failed to produce executable
FAIL: c-c++-common/ubsan/null-6.c -O3 -fomit-frame-pointer (test for excess errors)
UNRESOLVED: c-c++-common/ubsan/null-6.c -O3 -fomit-frame-pointer compilation failed to produce executable
FAIL: c-c++-common/ubsan/null-6.c -O3 -g (test for excess errors)
UNRESOLVED: c-c++-common/ubsan/null-6.c -O3 -g compilation failed to produce executable
FAIL: c-c++-common/ubsan/null-6.c -Os (test for excess errors)
UNRESOLVED: c-c++-common/ubsan/null-6.c -Os compilation failed to produce executable
FAIL: c-c++-common/ubsan/null-7.c -O0 (test for excess errors)
UNRESOLVED: c-c++-common/ubsan/null-7.c -O0 compilation failed to produce executable
FAIL: c-c++-common/ubsan/null-7.c -O1 (test for excess errors)
UNRESOLVED: c-c++-common/ubsan/null-7.c -O1 compilation failed to produce executable
FAIL: c-c++-common/ubsan/null-7.c -O2 (test for excess errors)
UNRESOLVED: c-c++-common/ubsan/null-7.c -O2 compilation failed to produce executable
FAIL: c-c++-common/ubsan/null-7.c -O3 -fomit-frame-pointer (test for excess errors)
UNRESOLVED: c-c++-common/ubsan/null-7.c -O3 -fomit-frame-pointer compilation failed to produce executable
FAIL: c-c++-common/ubsan/null-7.c -O3 -g (test for excess errors)
UNRESOLVED: c-c++-common/ubsan/null-7.c -O3 -g compilation failed to produce executable
FAIL: c-c++-common/ubsan/null-7.c -Os (test for excess errors)
UNRESOLVED: c-c++-common/ubsan/null-7.c -Os compilation failed to produce executable
FAIL: c-c++-common/ubsan/null-8.c -O0 (test for excess errors)
UNRESOLVED: c-c++-common/ubsan/null-8.c -O0 compilation failed to produce executable
FAIL: c-c++-common/ubsan/null-8.c -O1 (test for excess errors)
UNRESOLVED: c-c++-common/ubsan/null-8.c -O1 compilation failed to produce executable
FAIL: c-c++-common/ubsan/null-8.c -O2 (test for excess errors)
UNRESOLVED: c-c++-common/ubsan/null-8.c -O2 compilation failed to produce executable
FAIL: c-c++-common/ubsan/null-8.c -O3 -fomit-frame-pointer (test for excess errors)
UNRESOLVED: c-c++-common/ubsan/null-8.c -O3 -fomit-frame-pointer compilation failed to produce executable
FAIL: c-c++-common/ubsan/null-8.c -O3 -g (test for excess errors)
UNRESOLVED: c-c++-common/ubsan/null-8.c -O3 -g compilation failed to produce executable
FAIL: c-c++-common/ubsan/null-8.c -Os (test for excess errors)
UNRESOLVED: c-c++-common/ubsan/null-8.c -Os compilation failed to produce executable
FAIL: c-c++-common/ubsan/null-9.c -O0 (test for excess errors)
UNRESOLVED: c-c++-common/ubsan/null-9.c -O0 compilation failed to produce executable
FAIL: c-c++-common/ubsan/null-9.c -O1 (test for excess errors)
UNRESOLVED: c-c++-common/ubsan/null-9.c -O1 compilation failed to produce executable
FAIL: c-c++-common/ubsan/null-9.c -O2 (test for excess errors)
UNRESOLVED: c-c++-common/ubsan/null-9.c -O2 compilation failed to produce executable
FAIL: c-c++-common/ubsan/null-9.c -O3 -fomit-frame-pointer (test for excess errors)
UNRESOLVED: c-c++-common/ubsan/null-9.c -O3 -fomit-frame-pointer compilation failed to produce executable
FAIL: c-c++-common/ubsan/null-9.c -O3 -g (test for excess errors)
UNRESOLVED: c-c++-common/ubsan/null-9.c -O3 -g compilation failed to produce executable
FAIL: c-c++-common/ubsan/null-9.c -Os (test for excess errors)
UNRESOLVED: c-c++-common/ubsan/null-9.c -Os compilation failed to produce executable
FAIL: c-c++-common/ubsan/shift-1.c -O0 (test for excess errors)
UNRESOLVED: c-c++-common/ubsan/shift-1.c -O0 compilation failed to produce executable
FAIL: c-c++-common/ubsan/shift-1.c -O1 (test for excess errors)
UNRESOLVED: c-c++-common/ubsan/shift-1.c -O1 compilation failed to produce executable
FAIL: c-c++-common/ubsan/shift-1.c -O2 (test for excess errors)
UNRESOLVED: c-c++-common/ubsan/shift-1.c -O2 compilation failed to produce executable
FAIL: c-c++-common/ubsan/shift-1.c -O3 -fomit-frame-pointer (test for excess errors)
UNRESOLVED: c-c++-common/ubsan/shift-1.c -O3 -fomit-frame-pointer compilation failed to produce executable
FAIL: c-c++-common/ubsan/shift-1.c -O3 -fomit-frame-pointer -funroll-loops (test for excess errors)
UNRESOLVED: c-c++-common/ubsan/shift-1.c -O3 -fomit-frame-pointer -funroll-loops compilation failed to produce executable
FAIL: c-c++-common/ubsan/shift-1.c -O3 -fomit-frame-pointer -funroll-all-loops -finline-functions (test for excess errors)
UNRESOLVED: c-c++-common/ubsan/shift-1.c -O3 -fomit-frame-pointer -funroll-all-loops -finline-functions compilation failed to produce executable
FAIL: c-c++-common/ubsan/shift-1.c -O3 -g (test for excess errors)
UNRESOLVED: c-c++-common/ubsan/shift-1.c -O3 -g compilation failed to produce executable
FAIL: c-c++-common/ubsan/shift-1.c -Os (test for excess errors)
UNRESOLVED: c-c++-common/ubsan/shift-1.c -Os compilation failed to produce executable
FAIL: c-c++-common/ubsan/shift-1.c -O2 -flto -fno-use-linker-plugin -flto-partition=none (test for excess errors)
UNRESOLVED: c-c++-common/ubsan/shift-1.c -O2 -flto -fno-use-linker-plugin -flto-partition=none compilation failed to produce executable
FAIL: c-c++-common/ubsan/shift-1.c -O2 -flto -fuse-linker-plugin -fno-fat-lto-objects (test for excess errors)
UNRESOLVED: c-c++-common/ubsan/shift-1.c -O2 -flto -fuse-linker-plugin -fno-fat-lto-objects compilation failed to produce executable
FAIL: c-c++-common/ubsan/shift-2.c -O0 (test for excess errors)
UNRESOLVED: c-c++-common/ubsan/shift-2.c -O0 compilation failed to produce executable
FAIL: c-c++-common/ubsan/shift-2.c -O1 (test for excess errors)
UNRESOLVED: c-c++-common/ubsan/shift-2.c -O1 compilation failed to produce executable
FAIL: c-c++-common/ubsan/shift-2.c -O2 (test for excess errors)
UNRESOLVED: c-c++-common/ubsan/shift-2.c -O2 compilation failed to produce executable
FAIL: c-c++-common/ubsan/shift-2.c -O3 -fomit-frame-pointer (test for excess errors)
UNRESOLVED: c-c++-common/ubsan/shift-2.c -O3 -fomit-frame-pointer compilation failed to produce executable
FAIL: c-c++-common/ubsan/shift-2.c -O3 -g (test for excess errors)
UNRESOLVED: c-c++-common/ubsan/shift-2.c -O3 -g compilation failed to produce executable
FAIL: c-c++-common/ubsan/shift-2.c -Os (test for excess errors)
UNRESOLVED: c-c++-common/ubsan/shift-2.c -Os compilation failed to produce executable
FAIL: c-c++-common/ubsan/shift-2.c -O2 -flto -fno-use-linker-plugin -flto-partition=none (test for excess errors)
UNRESOLVED: c-c++-common/ubsan/shift-2.c -O2 -flto -fno-use-linker-plugin -flto-partition=none compilation failed to produce executable
FAIL: c-c++-common/ubsan/shift-2.c -O2 -flto -fuse-linker-plugin -fno-fat-lto-objects (test for excess errors)
UNRESOLVED: c-c++-common/ubsan/shift-2.c -O2 -flto -fuse-linker-plugin -fno-fat-lto-objects compilation failed to produce executable
FAIL: c-c++-common/ubsan/shift-3.c -O0 (test for excess errors)
UNRESOLVED: c-c++-common/ubsan/shift-3.c -O0 compilation failed to produce executable
FAIL: c-c++-common/ubsan/shift-3.c -O1 (test for excess errors)
UNRESOLVED: c-c++-common/ubsan/shift-3.c -O1 compilation failed to produce executable
FAIL: c-c++-common/ubsan/shift-3.c -O2 (test for excess errors)
UNRESOLVED: c-c++-common/ubsan/shift-3.c -O2 compilation failed to produce executable
FAIL: c-c++-common/ubsan/shift-3.c -O3 -fomit-frame-pointer (test for excess errors)
UNRESOLVED: c-c++-common/ubsan/shift-3.c -O3 -fomit-frame-pointer compilation failed to produce executable
FAIL: c-c++-common/ubsan/shift-3.c -O3 -g (test for excess errors)
UNRESOLVED: c-c++-common/ubsan/shift-3.c -O3 -g compilation failed to produce executable
FAIL: c-c++-common/ubsan/shift-3.c -Os (test for excess errors)
UNRESOLVED: c-c++-common/ubsan/shift-3.c -Os compilation failed to produce executable
FAIL: c-c++-common/ubsan/shift-3.c -O2 -flto -fno-use-linker-plugin -flto-partition=none (test for excess errors)
UNRESOLVED: c-c++-common/ubsan/shift-3.c -O2 -flto -fno-use-linker-plugin -flto-partition=none compilation failed to produce executable
FAIL: c-c++-common/ubsan/shift-3.c -O2 -flto -fuse-linker-plugin -fno-fat-lto-objects (test for excess errors)
UNRESOLVED: c-c++-common/ubsan/shift-3.c -O2 -flto -fuse-linker-plugin -fno-fat-lto-objects compilation failed to produce executable
FAIL: c-c++-common/ubsan/shift-4.c -O0 (test for excess errors)
UNRESOLVED: c-c++-common/ubsan/shift-4.c -O0 compilation failed to produce executable
FAIL: c-c++-common/ubsan/shift-4.c -O1 (test for excess errors)
UNRESOLVED: c-c++-common/ubsan/shift-4.c -O1 compilation failed to produce executable
FAIL: c-c++-common/ubsan/shift-4.c -O2 (test for excess errors)
UNRESOLVED: c-c++-common/ubsan/shift-4.c -O2 compilation failed to produce executable
FAIL: c-c++-common/ubsan/shift-4.c -O3 -fomit-frame-pointer (test for excess errors)
UNRESOLVED: c-c++-common/ubsan/shift-4.c -O3 -fomit-frame-pointer compilation failed to produce executable
FAIL: c-c++-common/ubsan/shift-4.c -O3 -g (test for excess errors)
UNRESOLVED: c-c++-common/ubsan/shift-4.c -O3 -g compilation failed to produce executable
FAIL: c-c++-common/ubsan/shift-4.c -Os (test for excess errors)
UNRESOLVED: c-c++-common/ubsan/shift-4.c -Os compilation failed to produce executable
FAIL: c-c++-common/ubsan/shift-4.c -O2 -flto -fno-use-linker-plugin -flto-partition=none (test for excess errors)
UNRESOLVED: c-c++-common/ubsan/shift-4.c -O2 -flto -fno-use-linker-plugin -flto-partition=none compilation failed to produce executable
FAIL: c-c++-common/ubsan/shift-4.c -O2 -flto -fuse-linker-plugin -fno-fat-lto-objects (test for excess errors)
UNRESOLVED: c-c++-common/ubsan/shift-4.c -O2 -flto -fuse-linker-plugin -fno-fat-lto-objects compilation failed to produce executable
FAIL: c-c++-common/ubsan/shift-6.c -O0 (test for excess errors)
UNRESOLVED: c-c++-common/ubsan/shift-6.c -O0 compilation failed to produce executable
FAIL: c-c++-common/ubsan/shift-6.c -O1 (test for excess errors)
UNRESOLVED: c-c++-common/ubsan/shift-6.c -O1 compilation failed to produce executable
FAIL: c-c++-common/ubsan/shift-6.c -O2 (test for excess errors)
UNRESOLVED: c-c++-common/ubsan/shift-6.c -O2 compilation failed to produce executable
FAIL: c-c++-common/ubsan/shift-6.c -O3 -fomit-frame-pointer (test for excess errors)
UNRESOLVED: c-c++-common/ubsan/shift-6.c -O3 -fomit-frame-pointer compilation failed to produce executable
FAIL: c-c++-common/ubsan/shift-6.c -O3 -g (test for excess errors)
UNRESOLVED: c-c++-common/ubsan/shift-6.c -O3 -g compilation failed to produce executable
FAIL: c-c++-common/ubsan/shift-6.c -Os (test for excess errors)
UNRESOLVED: c-c++-common/ubsan/shift-6.c -Os compilation failed to produce executable
FAIL: c-c++-common/ubsan/shift-6.c -O2 -flto -fno-use-linker-plugin -flto-partition=none (test for excess errors)
UNRESOLVED: c-c++-common/ubsan/shift-6.c -O2 -flto -fno-use-linker-plugin -flto-partition=none compilation failed to produce executable
FAIL: c-c++-common/ubsan/shift-6.c -O2 -flto -fuse-linker-plugin -fno-fat-lto-objects (test for excess errors)
UNRESOLVED: c-c++-common/ubsan/shift-6.c -O2 -flto -fuse-linker-plugin -fno-fat-lto-objects compilation failed to produce executable
FAIL: c-c++-common/ubsan/undefined-1.c -O0 (test for excess errors)
UNRESOLVED: c-c++-common/ubsan/undefined-1.c -O0 compilation failed to produce executable
FAIL: c-c++-common/ubsan/undefined-1.c -O1 (test for excess errors)
UNRESOLVED: c-c++-common/ubsan/undefined-1.c -O1 compilation failed to produce executable
FAIL: c-c++-common/ubsan/undefined-1.c -O2 (test for excess errors)
UNRESOLVED: c-c++-common/ubsan/undefined-1.c -O2 compilation failed to produce executable
FAIL: c-c++-common/ubsan/undefined-1.c -O3 -fomit-frame-pointer (test for excess errors)
UNRESOLVED: c-c++-common/ubsan/undefined-1.c -O3 -fomit-frame-pointer compilation failed to produce executable
FAIL: c-c++-common/ubsan/undefined-1.c -O3 -g (test for excess errors)
UNRESOLVED: c-c++-common/ubsan/undefined-1.c -O3 -g compilation failed to produce executable
FAIL: c-c++-common/ubsan/undefined-1.c -Os (test for excess errors)
UNRESOLVED: c-c++-common/ubsan/undefined-1.c -Os compilation failed to produce executable
FAIL: c-c++-common/ubsan/unreachable-1.c -O0 (test for excess errors)
UNRESOLVED: c-c++-common/ubsan/unreachable-1.c -O0 compilation failed to produce executable
FAIL: c-c++-common/ubsan/unreachable-1.c -O1 (test for excess errors)
UNRESOLVED: c-c++-common/ubsan/unreachable-1.c -O1 compilation failed to produce executable
FAIL: c-c++-common/ubsan/unreachable-1.c -O2 (test for excess errors)
UNRESOLVED: c-c++-common/ubsan/unreachable-1.c -O2 compilation failed to produce executable
FAIL: c-c++-common/ubsan/unreachable-1.c -O3 -fomit-frame-pointer (test for excess errors)
UNRESOLVED: c-c++-common/ubsan/unreachable-1.c -O3 -fomit-frame-pointer compilation failed to produce executable
FAIL: c-c++-common/ubsan/unreachable-1.c -O3 -g (test for excess errors)
UNRESOLVED: c-c++-common/ubsan/unreachable-1.c -O3 -g compilation failed to produce executable
FAIL: c-c++-common/ubsan/unreachable-1.c -Os (test for excess errors)
UNRESOLVED: c-c++-common/ubsan/unreachable-1.c -Os compilation failed to produce executable
FAIL: c-c++-common/ubsan/unreachable-1.c -O2 -flto -fno-use-linker-plugin -flto-partition=none (test for excess errors)
UNRESOLVED: c-c++-common/ubsan/unreachable-1.c -O2 -flto -fno-use-linker-plugin -flto-partition=none compilation failed to produce executable
FAIL: c-c++-common/ubsan/unreachable-1.c -O2 -flto -fuse-linker-plugin -fno-fat-lto-objects (test for excess errors)
UNRESOLVED: c-c++-common/ubsan/unreachable-1.c -O2 -flto -fuse-linker-plugin -fno-fat-lto-objects compilation failed to produce executable
FAIL: c-c++-common/ubsan/vla-1.c -O0 (test for excess errors)
UNRESOLVED: c-c++-common/ubsan/vla-1.c -O0 compilation failed to produce executable
FAIL: c-c++-common/ubsan/vla-1.c -O1 (test for excess errors)
UNRESOLVED: c-c++-common/ubsan/vla-1.c -O1 compilation failed to produce executable
FAIL: c-c++-common/ubsan/vla-1.c -O2 (test for excess errors)
UNRESOLVED: c-c++-common/ubsan/vla-1.c -O2 compilation failed to produce executable
FAIL: c-c++-common/ubsan/vla-1.c -O3 -fomit-frame-pointer (test for excess errors)
UNRESOLVED: c-c++-common/ubsan/vla-1.c -O3 -fomit-frame-pointer compilation failed to produce executable
FAIL: c-c++-common/ubsan/vla-1.c -O3 -g (test for excess errors)
UNRESOLVED: c-c++-common/ubsan/vla-1.c -O3 -g compilation failed to produce executable
FAIL: c-c++-common/ubsan/vla-1.c -Os (test for excess errors)
UNRESOLVED: c-c++-common/ubsan/vla-1.c -Os compilation failed to produce executable
FAIL: c-c++-common/ubsan/vla-1.c -O2 -flto -fno-use-linker-plugin -flto-partition=none (test for excess errors)
UNRESOLVED: c-c++-common/ubsan/vla-1.c -O2 -flto -fno-use-linker-plugin -flto-partition=none compilation failed to produce executable
FAIL: c-c++-common/ubsan/vla-1.c -O2 -flto -fuse-linker-plugin -fno-fat-lto-objects (test for excess errors)
UNRESOLVED: c-c++-common/ubsan/vla-1.c -O2 -flto -fuse-linker-plugin -fno-fat-lto-objects compilation failed to produce executable
FAIL: c-c++-common/ubsan/vla-2.c -O0 (test for excess errors)
UNRESOLVED: c-c++-common/ubsan/vla-2.c -O0 compilation failed to produce executable
FAIL: c-c++-common/ubsan/vla-2.c -O1 (test for excess errors)
UNRESOLVED: c-c++-common/ubsan/vla-2.c -O1 compilation failed to produce executable
FAIL: c-c++-common/ubsan/vla-2.c -O2 (test for excess errors)
UNRESOLVED: c-c++-common/ubsan/vla-2.c -O2 compilation failed to produce executable
FAIL: c-c++-common/ubsan/vla-2.c -O3 -fomit-frame-pointer (test for excess errors)
UNRESOLVED: c-c++-common/ubsan/vla-2.c -O3 -fomit-frame-pointer compilation failed to produce executable
FAIL: c-c++-common/ubsan/vla-2.c -O3 -g (test for excess errors)
UNRESOLVED: c-c++-common/ubsan/vla-2.c -O3 -g compilation failed to produce executable
FAIL: c-c++-common/ubsan/vla-2.c -Os (test for excess errors)
UNRESOLVED: c-c++-common/ubsan/vla-2.c -Os compilation failed to produce executable
FAIL: c-c++-common/ubsan/vla-2.c -O2 -flto -fno-use-linker-plugin -flto-partition=none (test for excess errors)
UNRESOLVED: c-c++-common/ubsan/vla-2.c -O2 -flto -fno-use-linker-plugin -flto-partition=none compilation failed to produce executable
FAIL: c-c++-common/ubsan/vla-2.c -O2 -flto -fuse-linker-plugin -fno-fat-lto-objects (test for excess errors)
UNRESOLVED: c-c++-common/ubsan/vla-2.c -O2 -flto -fuse-linker-plugin -fno-fat-lto-objects compilation failed to produce executable
FAIL: c-c++-common/ubsan/vla-3.c -O0 (test for excess errors)
UNRESOLVED: c-c++-common/ubsan/vla-3.c -O0 compilation failed to produce executable
FAIL: c-c++-common/ubsan/vla-3.c -O1 (test for excess errors)
UNRESOLVED: c-c++-common/ubsan/vla-3.c -O1 compilation failed to produce executable
FAIL: c-c++-common/ubsan/vla-3.c -O2 (test for excess errors)
UNRESOLVED: c-c++-common/ubsan/vla-3.c -O2 compilation failed to produce executable
FAIL: c-c++-common/ubsan/vla-3.c -O3 -fomit-frame-pointer (test for excess errors)
UNRESOLVED: c-c++-common/ubsan/vla-3.c -O3 -fomit-frame-pointer compilation failed to produce executable
FAIL: c-c++-common/ubsan/vla-3.c -O3 -g (test for excess errors)
UNRESOLVED: c-c++-common/ubsan/vla-3.c -O3 -g compilation failed to produce executable
FAIL: c-c++-common/ubsan/vla-3.c -Os (test for excess errors)
UNRESOLVED: c-c++-common/ubsan/vla-3.c -Os compilation failed to produce executable
FAIL: c-c++-common/ubsan/vla-3.c -O2 -flto -fno-use-linker-plugin -flto-partition=none (test for excess errors)
UNRESOLVED: c-c++-common/ubsan/vla-3.c -O2 -flto -fno-use-linker-plugin -flto-partition=none compilation failed to produce executable
FAIL: c-c++-common/ubsan/vla-3.c -O2 -flto -fuse-linker-plugin -fno-fat-lto-objects (test for excess errors)
UNRESOLVED: c-c++-common/ubsan/vla-3.c -O2 -flto -fuse-linker-plugin -fno-fat-lto-objects compilation failed to produce executable
FAIL: c-c++-common/ubsan/vla-4.c -O0 (test for excess errors)
UNRESOLVED: c-c++-common/ubsan/vla-4.c -O0 compilation failed to produce executable
FAIL: c-c++-common/ubsan/vla-4.c -O1 (test for excess errors)
UNRESOLVED: c-c++-common/ubsan/vla-4.c -O1 compilation failed to produce executable
FAIL: c-c++-common/ubsan/vla-4.c -O2 (test for excess errors)
UNRESOLVED: c-c++-common/ubsan/vla-4.c -O2 compilation failed to produce executable
FAIL: c-c++-common/ubsan/vla-4.c -O3 -fomit-frame-pointer (test for excess errors)
UNRESOLVED: c-c++-common/ubsan/vla-4.c -O3 -fomit-frame-pointer compilation failed to produce executable
FAIL: c-c++-common/ubsan/vla-4.c -O3 -g (test for excess errors)
UNRESOLVED: c-c++-common/ubsan/vla-4.c -O3 -g compilation failed to produce executable
FAIL: c-c++-common/ubsan/vla-4.c -Os (test for excess errors)
UNRESOLVED: c-c++-common/ubsan/vla-4.c -Os compilation failed to produce executable
FAIL: c-c++-common/ubsan/vla-4.c -O2 -flto -fno-use-linker-plugin -flto-partition=none (test for excess errors)
UNRESOLVED: c-c++-common/ubsan/vla-4.c -O2 -flto -fno-use-linker-plugin -flto-partition=none compilation failed to produce executable
FAIL: c-c++-common/ubsan/vla-4.c -O2 -flto -fuse-linker-plugin -fno-fat-lto-objects (test for excess errors)
UNRESOLVED: c-c++-common/ubsan/vla-4.c -O2 -flto -fuse-linker-plugin -fno-fat-lto-objects compilation failed to produce executable
FAIL: g++.dg/ubsan/cxx11-shift-1.C -O0 (test for excess errors)
UNRESOLVED: g++.dg/ubsan/cxx11-shift-1.C -O0 compilation failed to produce executable
FAIL: g++.dg/ubsan/cxx11-shift-1.C -O1 (test for excess errors)
UNRESOLVED: g++.dg/ubsan/cxx11-shift-1.C -O1 compilation failed to produce executable
FAIL: g++.dg/ubsan/cxx11-shift-1.C -O2 (test for excess errors)
UNRESOLVED: g++.dg/ubsan/cxx11-shift-1.C -O2 compilation failed to produce executable
FAIL: g++.dg/ubsan/cxx11-shift-1.C -O3 -fomit-frame-pointer (test for excess errors)
UNRESOLVED: g++.dg/ubsan/cxx11-shift-1.C -O3 -fomit-frame-pointer compilation failed to produce executable
FAIL: g++.dg/ubsan/cxx11-shift-1.C -O3 -g (test for excess errors)
UNRESOLVED: g++.dg/ubsan/cxx11-shift-1.C -O3 -g compilation failed to produce executable
FAIL: g++.dg/ubsan/cxx11-shift-1.C -Os (test for excess errors)
UNRESOLVED: g++.dg/ubsan/cxx11-shift-1.C -Os compilation failed to produce executable
FAIL: g++.dg/ubsan/cxx11-shift-1.C -O2 -flto -fno-use-linker-plugin -flto-partition=none (test for excess errors)
UNRESOLVED: g++.dg/ubsan/cxx11-shift-1.C -O2 -flto -fno-use-linker-plugin -flto-partition=none compilation failed to produce executable
FAIL: g++.dg/ubsan/cxx11-shift-1.C -O2 -flto -fuse-linker-plugin -fno-fat-lto-objects (test for excess errors)
UNRESOLVED: g++.dg/ubsan/cxx11-shift-1.C -O2 -flto -fuse-linker-plugin -fno-fat-lto-objects compilation failed to produce executable
FAIL: g++.dg/ubsan/cxx11-shift-2.C -O0 (test for excess errors)
UNRESOLVED: g++.dg/ubsan/cxx11-shift-2.C -O0 compilation failed to produce executable
FAIL: g++.dg/ubsan/cxx11-shift-2.C -O1 (test for excess errors)
UNRESOLVED: g++.dg/ubsan/cxx11-shift-2.C -O1 compilation failed to produce executable
FAIL: g++.dg/ubsan/cxx11-shift-2.C -O2 (test for excess errors)
UNRESOLVED: g++.dg/ubsan/cxx11-shift-2.C -O2 compilation failed to produce executable
FAIL: g++.dg/ubsan/cxx11-shift-2.C -O3 -fomit-frame-pointer (test for excess errors)
UNRESOLVED: g++.dg/ubsan/cxx11-shift-2.C -O3 -fomit-frame-pointer compilation failed to produce executable
FAIL: g++.dg/ubsan/cxx11-shift-2.C -O3 -g (test for excess errors)
UNRESOLVED: g++.dg/ubsan/cxx11-shift-2.C -O3 -g compilation failed to produce executable
FAIL: g++.dg/ubsan/cxx11-shift-2.C -Os (test for excess errors)
UNRESOLVED: g++.dg/ubsan/cxx11-shift-2.C -Os compilation failed to produce executable
FAIL: g++.dg/ubsan/cxx11-shift-2.C -O2 -flto -fno-use-linker-plugin -flto-partition=none (test for excess errors)
UNRESOLVED: g++.dg/ubsan/cxx11-shift-2.C -O2 -flto -fno-use-linker-plugin -flto-partition=none compilation failed to produce executable
FAIL: g++.dg/ubsan/cxx11-shift-2.C -O2 -flto -fuse-linker-plugin -fno-fat-lto-objects (test for excess errors)
UNRESOLVED: g++.dg/ubsan/cxx11-shift-2.C -O2 -flto -fuse-linker-plugin -fno-fat-lto-objects compilation failed to produce executable
FAIL: g++.dg/ubsan/cxx1y-vla.C -O0 (test for excess errors)
UNRESOLVED: g++.dg/ubsan/cxx1y-vla.C -O0 compilation failed to produce executable
FAIL: g++.dg/ubsan/cxx1y-vla.C -O1 (test for excess errors)
UNRESOLVED: g++.dg/ubsan/cxx1y-vla.C -O1 compilation failed to produce executable
FAIL: g++.dg/ubsan/cxx1y-vla.C -O2 (test for excess errors)
UNRESOLVED: g++.dg/ubsan/cxx1y-vla.C -O2 compilation failed to produce executable
FAIL: g++.dg/ubsan/cxx1y-vla.C -O3 -fomit-frame-pointer (test for excess errors)
UNRESOLVED: g++.dg/ubsan/cxx1y-vla.C -O3 -fomit-frame-pointer compilation failed to produce executable
FAIL: g++.dg/ubsan/cxx1y-vla.C -O3 -g (test for excess errors)
UNRESOLVED: g++.dg/ubsan/cxx1y-vla.C -O3 -g compilation failed to produce executable
FAIL: g++.dg/ubsan/cxx1y-vla.C -Os (test for excess errors)
UNRESOLVED: g++.dg/ubsan/cxx1y-vla.C -Os compilation failed to produce executable
FAIL: g++.dg/ubsan/cxx1y-vla.C -O2 -flto -fno-use-linker-plugin -flto-partition=none (test for excess errors)
UNRESOLVED: g++.dg/ubsan/cxx1y-vla.C -O2 -flto -fno-use-linker-plugin -flto-partition=none compilation failed to produce executable
FAIL: g++.dg/ubsan/cxx1y-vla.C -O2 -flto -fuse-linker-plugin -fno-fat-lto-objects (test for excess errors)
UNRESOLVED: g++.dg/ubsan/cxx1y-vla.C -O2 -flto -fuse-linker-plugin -fno-fat-lto-objects compilation failed to produce executable
FAIL: g++.dg/ubsan/return-1.C -O0 (test for excess errors)
UNRESOLVED: g++.dg/ubsan/return-1.C -O0 compilation failed to produce executable
FAIL: g++.dg/ubsan/return-1.C -O1 (test for excess errors)
UNRESOLVED: g++.dg/ubsan/return-1.C -O1 compilation failed to produce executable
FAIL: g++.dg/ubsan/return-1.C -O2 (test for excess errors)
UNRESOLVED: g++.dg/ubsan/return-1.C -O2 compilation failed to produce executable
FAIL: g++.dg/ubsan/return-1.C -O3 -fomit-frame-pointer (test for excess errors)
UNRESOLVED: g++.dg/ubsan/return-1.C -O3 -fomit-frame-pointer compilation failed to produce executable
FAIL: g++.dg/ubsan/return-1.C -O3 -g (test for excess errors)
UNRESOLVED: g++.dg/ubsan/return-1.C -O3 -g compilation failed to produce executable
FAIL: g++.dg/ubsan/return-1.C -Os (test for excess errors)
UNRESOLVED: g++.dg/ubsan/return-1.C -Os compilation failed to produce executable
FAIL: g++.dg/ubsan/return-1.C -O2 -flto -fno-use-linker-plugin -flto-partition=none (test for excess errors)
UNRESOLVED: g++.dg/ubsan/return-1.C -O2 -flto -fno-use-linker-plugin -flto-partition=none compilation failed to produce executable
FAIL: g++.dg/ubsan/return-1.C -O2 -flto -fuse-linker-plugin -fno-fat-lto-objects (test for excess errors)
UNRESOLVED: g++.dg/ubsan/return-1.C -O2 -flto -fuse-linker-plugin -fno-fat-lto-objects compilation failed to produce executable
FAIL: g++.dg/ubsan/return-2.C -O0 (test for excess errors)
UNRESOLVED: g++.dg/ubsan/return-2.C -O0 compilation failed to produce executable
FAIL: g++.dg/ubsan/return-2.C -O1 (test for excess errors)
UNRESOLVED: g++.dg/ubsan/return-2.C -O1 compilation failed to produce executable
FAIL: g++.dg/ubsan/return-2.C -O2 (test for excess errors)
UNRESOLVED: g++.dg/ubsan/return-2.C -O2 compilation failed to produce executable
FAIL: g++.dg/ubsan/return-2.C -O3 -fomit-frame-pointer (test for excess errors)
UNRESOLVED: g++.dg/ubsan/return-2.C -O3 -fomit-frame-pointer compilation failed to produce executable
FAIL: g++.dg/ubsan/return-2.C -O3 -g (test for excess errors)
UNRESOLVED: g++.dg/ubsan/return-2.C -O3 -g compilation failed to produce executable
FAIL: g++.dg/ubsan/return-2.C -Os (test for excess errors)
UNRESOLVED: g++.dg/ubsan/return-2.C -Os compilation failed to produce executable
FAIL: g++.dg/ubsan/return-2.C -O2 -flto -fno-use-linker-plugin -flto-partition=none (test for excess errors)
UNRESOLVED: g++.dg/ubsan/return-2.C -O2 -flto -fno-use-linker-plugin -flto-partition=none compilation failed to produce executable
FAIL: g++.dg/ubsan/return-2.C -O2 -flto -fuse-linker-plugin -fno-fat-lto-objects (test for excess errors)
UNRESOLVED: g++.dg/ubsan/return-2.C -O2 -flto -fuse-linker-plugin -fno-fat-lto-objects compilation failed to produce executable
=== g++ Summary ===
# of expected passes 54676
# of unexpected failures 229
# of expected failures 290
# of unresolved testcases 226
# of unsupported tests 1128
/space/uros/gcc-build/gcc/testsuite/g++/../../xg++ version 4.9.0 20131201 (experimental) [trunk revision 205574] (GCC)
=== go tests ===
Running target unix
=== go Summary ===
# of expected passes 7126
# of expected failures 1
# of untested testcases 6
# of unsupported tests 2
/space/uros/gcc-build/gcc/testsuite/go/../../gccgo version 4.9.0 20131201 (experimental) [trunk revision 205574] (GCC)
=== obj-c++ tests ===
Running target unix
=== obj-c++ Summary ===
# of expected passes 1441
# of expected failures 10
# of unsupported tests 86
/space/uros/gcc-build/gcc/testsuite/obj-c++/../../xg++ version 4.9.0 20131201 (experimental) [trunk revision 205574] (GCC)
=== objc tests ===
Running target unix
=== objc Summary ===
# of expected passes 2992
# of unsupported tests 75
/space/uros/gcc-build/gcc/xgcc version 4.9.0 20131201 (experimental) [trunk revision 205574] (GCC)
Compiler version: 4.9.0 20131201 (experimental) [trunk revision 205574] (GCC)
Platform: alphaev68-unknown-linux-gnu
configure flags: --enable-languages=all,obj-c++,go
BOOT_CFLAGS=-g -O2