This is the mail archive of the
gcc-testresults@gcc.gnu.org
mailing list for the GCC project.
Results for 4.9.0 20131122 (experimental) [trunk revision 205254] (GCC) testsuite on sparc-sun-solaris2.11
- From: Rainer Orth <ro at CeBiTec dot Uni-Bielefeld dot DE>
- To: gcc-testresults at gcc dot gnu dot org
- Date: Mon, 25 Nov 2013 12:32:09 +0100 (MET)
- Subject: Results for 4.9.0 20131122 (experimental) [trunk revision 205254] (GCC) testsuite on sparc-sun-solaris2.11
- Authentication-results: sourceware.org; auth=none
LAST_UPDATED: Fri Nov 22 12:27:22 UTC 2013 (revision 205254)
=== acats tests ===
FAIL: c52102c
=== acats Summary ===
# of expected passes 2319
# of unexpected failures 1
Native configuration is sparc-sun-solaris2.11
=== g++ tests ===
Running target unix
FAIL: g++.dg/warn/Wunused-3.C -std=gnu++98 (test for excess errors)
FAIL: g++.dg/warn/Wunused-3.C -std=gnu++11 (test for excess errors)
=== g++ Summary for unix ===
# of expected passes 54300
# of unexpected failures 2
# of expected failures 294
# of unsupported tests 1126
Running target unix/-m64
FAIL: g++.dg/warn/Wunused-3.C -std=gnu++98 (test for excess errors)
FAIL: g++.dg/warn/Wunused-3.C -std=gnu++11 (test for excess errors)
=== g++ Summary for unix/-m64 ===
# of expected passes 55538
# of unexpected failures 2
# of expected failures 294
# of unsupported tests 1116
=== g++ Summary ===
# of expected passes 109838
# of unexpected failures 4
# of expected failures 588
# of unsupported tests 2242
/var/gcc/regression/trunk/11-gcc-gas-gld/build/gcc/testsuite/g++/../../xg++ version 4.9.0 20131122 (experimental) [trunk revision 205254] (GCC)
=== gcc tests ===
Running target unix
WARNING: program timed out.
FAIL: gcc.dg/atomic/c11-atomic-exec-3.c -O3 -fomit-frame-pointer -funroll-all-loops -finline-functions (test for excess errors)
WARNING: gcc.dg/atomic/c11-atomic-exec-3.c -O3 -fomit-frame-pointer -funroll-all-loops -finline-functions compilation failed to produce executable
FAIL: gcc.dg/atomic/c11-atomic-exec-5.c -O0 execution test
FAIL: gcc.dg/atomic/c11-atomic-exec-5.c -O1 execution test
FAIL: gcc.dg/atomic/c11-atomic-exec-5.c -O2 execution test
FAIL: gcc.dg/atomic/c11-atomic-exec-5.c -O3 -fomit-frame-pointer execution test
FAIL: gcc.dg/atomic/c11-atomic-exec-5.c -O3 -fomit-frame-pointer -funroll-loops execution test
FAIL: gcc.dg/atomic/c11-atomic-exec-5.c -O3 -fomit-frame-pointer -funroll-all-loops -finline-functions execution test
FAIL: gcc.dg/atomic/c11-atomic-exec-5.c -O3 -g execution test
FAIL: gcc.dg/atomic/c11-atomic-exec-5.c -Os execution test
FAIL: gcc.dg/atomic/c11-atomic-exec-5.c -O2 -flto -fno-use-linker-plugin -flto-partition=none execution test
FAIL: gcc.dg/atomic/c11-atomic-exec-5.c -O2 -flto -fuse-linker-plugin -fno-fat-lto-objects execution test
FAIL: gcc.dg/20081223-1.c (test for errors, line 5)
XPASS: gcc.dg/Wstrict-overflow-18.c (test for bogus messages, line 20)
XPASS: gcc.dg/binop-xor1.c scan-tree-dump-times optimized "\\\\^" 1
FAIL: gcc.dg/float-exact-1.c (test for excess errors)
WARNING: gcc.dg/float-exact-1.c compilation failed to produce executable
FAIL: gcc.dg/uninit-pred-8_b.c bogus warning (test for bogus messages, line 20)
FAIL: gcc.dg/uninit-pred-9_b.c bogus warning (test for bogus messages, line 24)
FAIL: gcc.dg/unroll_1.c (test for warnings, line 14)
FAIL: gcc.dg/unroll_1.c (test for warnings, line 24)
FAIL: gcc.dg/simulate-thread/atomic-other-int.c -O0 -g thread simulation test
FAIL: gcc.dg/simulate-thread/atomic-other-int.c -O2 -g thread simulation test
FAIL: gcc.dg/simulate-thread/atomic-other-int.c -O3 -g thread simulation test
FAIL: gcc.dg/simulate-thread/speculative-store-4.c -O0 -g thread simulation test
FAIL: gcc.dg/simulate-thread/speculative-store-4.c -O2 -g thread simulation test
FAIL: gcc.dg/simulate-thread/speculative-store-4.c -O3 -g thread simulation test
FAIL: gcc.dg/simulate-thread/speculative-store.c -O0 -g thread simulation test
FAIL: gcc.dg/vect/pr58508.c scan-tree-dump-times vect "hoist" 8
FAIL: gcc.dg/vect/vect-reduc-pattern-3.c scan-tree-dump-times vect "vectorized 1 loops" 1
UNRESOLVED: gcc.dg/vect/pr18400.c -flto scan-tree-dump-times vect "vectorized 1 loops" 1
UNRESOLVED: gcc.dg/vect/pr18425.c -flto scan-tree-dump-times vect "vectorized 1 loops" 1
UNRESOLVED: gcc.dg/vect/pr18536.c -flto scan-tree-dump-times vect "vectorized 1 loops" 1
UNRESOLVED: gcc.dg/vect/pr20122.c -flto scan-tree-dump-times vect "vectorized 1 loops" 3
UNRESOLVED: gcc.dg/vect/pr20122.c -flto scan-tree-dump-times vect "Alignment of access forced using versioning" 2
UNRESOLVED: gcc.dg/vect/pr21591.c -flto scan-tree-dump-times vect "vectorized 2 loops" 1
UNRESOLVED: gcc.dg/vect/pr30795.c -flto scan-tree-dump-times vect "vectorized 1 loops" 1
UNRESOLVED: gcc.dg/vect/pr30858.c -flto scan-tree-dump-times vect "vectorized 0 loops" 1
UNRESOLVED: gcc.dg/vect/pr30858.c -flto scan-tree-dump vect "Unknown def-use cycle pattern."
UNRESOLVED: gcc.dg/vect/pr32824.c -flto scan-tree-dump-times vect "vectorized 1 loops" 1
UNRESOLVED: gcc.dg/vect/pr33804.c -flto scan-tree-dump-times vect "vectorized 1 loops" 1
UNRESOLVED: gcc.dg/vect/pr33804.c -flto scan-tree-dump-times vect "vectorizing stmts using SLP" 1
UNRESOLVED: gcc.dg/vect/pr33953.c -flto scan-tree-dump-times vect "vectorized 1 loops" 1
UNRESOLVED: gcc.dg/vect/pr33953.c -flto scan-tree-dump-times vect "vectorizing stmts using SLP" 1
UNRESOLVED: gcc.dg/vect/pr36228.c -flto scan-tree-dump-times vect "versioning for alias required" 0
UNRESOLVED: gcc.dg/vect/pr36493.c -flto scan-tree-dump-times vect "vectorized 1 loops" 1
UNRESOLVED: gcc.dg/vect/pr36630.c -flto scan-tree-dump-times vect "vectorized 1 loops" 1
UNRESOLVED: gcc.dg/vect/pr37027.c -flto scan-tree-dump-times vect "vectorized 1 loops" 1
UNRESOLVED: gcc.dg/vect/pr37027.c -flto scan-tree-dump-times vect "vectorizing stmts using SLP" 1
UNRESOLVED: gcc.dg/vect/pr40542.c -flto scan-tree-dump-times vect "vectorized 1 loops" 1
UNRESOLVED: gcc.dg/vect/pr45752.c -flto scan-tree-dump-times vect "vectorized 1 loops" 0
UNRESOLVED: gcc.dg/vect/pr45752.c -flto scan-tree-dump-times vect "vectorizing stmts using SLP" 0
UNRESOLVED: gcc.dg/vect/pr53773.c -flto scan-tree-dump-times optimized "\\\\* 10" 2
UNRESOLVED: gcc.dg/vect/pr57705.c -flto scan-tree-dump-times vect "vectorized 1 loop" 2
UNRESOLVED: gcc.dg/vect/pr58508.c -flto scan-tree-dump-times vect "hoist" 8
UNRESOLVED: gcc.dg/vect/vect-10-big-array.c -flto scan-tree-dump-times vect "vectorized 1 loops" 1
UNRESOLVED: gcc.dg/vect/vect-10.c -flto scan-tree-dump-times vect "vectorized 1 loops" 1
UNRESOLVED: gcc.dg/vect/vect-100.c -flto scan-tree-dump-times vect "vectorized 2 loops" 0
UNRESOLVED: gcc.dg/vect/vect-103.c -flto scan-tree-dump-times vect "vectorized 1 loops" 1
UNRESOLVED: gcc.dg/vect/vect-103.c -flto scan-tree-dump-times vect "dependence distance modulo vf == 0" 1
UNRESOLVED: gcc.dg/vect/vect-104.c -flto scan-tree-dump-times vect "vectorized 1 loops" 0
UNRESOLVED: gcc.dg/vect/vect-104.c -flto scan-tree-dump-times vect "possible dependence between data-refs" 1
UNRESOLVED: gcc.dg/vect/vect-105-big-array.c -flto scan-tree-dump-times vect "vectorized 1 loops" 1
UNRESOLVED: gcc.dg/vect/vect-105-big-array.c -flto scan-tree-dump-times vect "Alignment of access forced using versioning" 2
UNRESOLVED: gcc.dg/vect/vect-105-big-array.c -flto scan-tree-dump-times vect "possible dependence between data-refs" 0
UNRESOLVED: gcc.dg/vect/vect-105.c -flto scan-tree-dump-times vect "vectorized 1 loops" 1
UNRESOLVED: gcc.dg/vect/vect-105.c -flto scan-tree-dump-times vect "Alignment of access forced using versioning" 2
UNRESOLVED: gcc.dg/vect/vect-105.c -flto scan-tree-dump-times vect "possible dependence between data-refs" 0
UNRESOLVED: gcc.dg/vect/vect-106.c -flto scan-tree-dump-times vect "vectorized 2 loops" 1
UNRESOLVED: gcc.dg/vect/vect-109.c -flto scan-tree-dump-times vect "not vectorized: unsupported unaligned store" 2
UNRESOLVED: gcc.dg/vect/vect-115.c -flto scan-tree-dump-times vect "vectorized 2 loops" 1
UNRESOLVED: gcc.dg/vect/vect-117.c -flto scan-tree-dump-times vect "vectorized 1 loops" 1
UNRESOLVED: gcc.dg/vect/vect-117.c -flto scan-tree-dump-times vect "possible dependence between data-refs" 0
UNRESOLVED: gcc.dg/vect/vect-118.c -flto scan-tree-dump-times vect "vectorized 1 loops" 1
UNRESOLVED: gcc.dg/vect/vect-119.c -flto scan-tree-dump-times vect "Detected interleaving of size 2" 1
UNRESOLVED: gcc.dg/vect/vect-12.c -flto scan-tree-dump-times vect "vectorized 1 loops" 1
UNRESOLVED: gcc.dg/vect/vect-123.c -flto scan-tree-dump vect "vectorized 1 loops"
UNRESOLVED: gcc.dg/vect/vect-13.c -flto scan-tree-dump-times vect "vectorized 1 loops" 1
UNRESOLVED: gcc.dg/vect/vect-13.c -flto scan-tree-dump-times vect "Vectorizing an unaligned access" 0
UNRESOLVED: gcc.dg/vect/vect-14.c -flto scan-tree-dump-times vect "vectorized 1 loops" 1
UNRESOLVED: gcc.dg/vect/vect-17.c -flto scan-tree-dump-times vect "vectorized 3 loops" 1
UNRESOLVED: gcc.dg/vect/vect-17.c -flto scan-tree-dump-times vect "Vectorizing an unaligned access" 0
UNRESOLVED: gcc.dg/vect/vect-18.c -flto scan-tree-dump-times vect "vectorized 3 loops" 1
UNRESOLVED: gcc.dg/vect/vect-18.c -flto scan-tree-dump-times vect "Vectorizing an unaligned access" 0
UNRESOLVED: gcc.dg/vect/vect-19.c -flto scan-tree-dump-times vect "vectorized 3 loops" 1
UNRESOLVED: gcc.dg/vect/vect-19.c -flto scan-tree-dump-times vect "Vectorizing an unaligned access" 0
UNRESOLVED: gcc.dg/vect/vect-2-big-array.c -flto scan-tree-dump-times vect "vectorized 1 loops" 1
UNRESOLVED: gcc.dg/vect/vect-2-big-array.c -flto scan-tree-dump-times vect "Vectorizing an unaligned access" 0
UNRESOLVED: gcc.dg/vect/vect-2.c -flto scan-tree-dump-times vect "vectorized 1 loops" 1
UNRESOLVED: gcc.dg/vect/vect-2.c -flto scan-tree-dump-times vect "Vectorizing an unaligned access" 0
UNRESOLVED: gcc.dg/vect/vect-20.c -flto scan-tree-dump-times vect "vectorized 3 loops" 1
UNRESOLVED: gcc.dg/vect/vect-20.c -flto scan-tree-dump-times vect "Vectorizing an unaligned access" 0
UNRESOLVED: gcc.dg/vect/vect-21.c -flto scan-tree-dump-times vect "Vectorizing an unaligned access" 0
UNRESOLVED: gcc.dg/vect/vect-23.c -flto scan-tree-dump-times vect "vectorized 3 loops" 1
UNRESOLVED: gcc.dg/vect/vect-23.c -flto scan-tree-dump-times vect "Vectorizing an unaligned access" 0
UNRESOLVED: gcc.dg/vect/vect-24.c -flto scan-tree-dump-times vect "vectorized 3 loops" 1
UNRESOLVED: gcc.dg/vect/vect-24.c -flto scan-tree-dump-times vect "Vectorizing an unaligned access" 0
UNRESOLVED: gcc.dg/vect/vect-25.c -flto scan-tree-dump-times vect "vectorized 2 loops" 1
UNRESOLVED: gcc.dg/vect/vect-25.c -flto scan-tree-dump-times vect "Vectorizing an unaligned access" 0
UNRESOLVED: gcc.dg/vect/vect-26.c -flto scan-tree-dump-times vect "vectorized 1 loops" 1
UNRESOLVED: gcc.dg/vect/vect-26.c -flto scan-tree-dump-times vect "Vectorizing an unaligned access" 0
UNRESOLVED: gcc.dg/vect/vect-26.c -flto scan-tree-dump-times vect "Alignment of access forced using peeling" 1
UNRESOLVED: gcc.dg/vect/vect-27.c -flto scan-tree-dump-times vect "vectorized 2 loops" 1
UNRESOLVED: gcc.dg/vect/vect-27.c -flto scan-tree-dump-times vect "vectorized 1 loops" 1
UNRESOLVED: gcc.dg/vect/vect-27.c -flto scan-tree-dump-times vect "Vectorizing an unaligned access" 1
UNRESOLVED: gcc.dg/vect/vect-27.c -flto scan-tree-dump-times vect "Alignment of access forced using peeling" 0
UNRESOLVED: gcc.dg/vect/vect-28.c -flto scan-tree-dump-times vect "vectorized 1 loops" 1
UNRESOLVED: gcc.dg/vect/vect-28.c -flto scan-tree-dump-times vect "Vectorizing an unaligned access" 0
UNRESOLVED: gcc.dg/vect/vect-28.c -flto scan-tree-dump-times vect "Alignment of access forced using peeling" 1
UNRESOLVED: gcc.dg/vect/vect-29.c -flto scan-tree-dump-times vect "vectorized 2 loops" 1
UNRESOLVED: gcc.dg/vect/vect-29.c -flto scan-tree-dump-times vect "Vectorizing an unaligned access" 1
UNRESOLVED: gcc.dg/vect/vect-29.c -flto scan-tree-dump-times vect "Alignment of access forced using peeling" 0
UNRESOLVED: gcc.dg/vect/vect-29.c -flto scan-tree-dump-times vect "Alignment of access forced using versioning." 1
UNRESOLVED: gcc.dg/vect/vect-31-big-array.c -flto scan-tree-dump-times vect "vectorized 4 loops" 1
UNRESOLVED: gcc.dg/vect/vect-31.c -flto scan-tree-dump-times vect "vectorized 4 loops" 1
UNRESOLVED: gcc.dg/vect/vect-32-big-array.c -flto scan-tree-dump-times vect "vectorized 1 loops" 1
UNRESOLVED: gcc.dg/vect/vect-32-big-array.c -flto scan-tree-dump-times vect "Vectorizing an unaligned access" 0
UNRESOLVED: gcc.dg/vect/vect-32.c -flto scan-tree-dump-times vect "vectorized 1 loops" 1
UNRESOLVED: gcc.dg/vect/vect-32.c -flto scan-tree-dump-times vect "Vectorizing an unaligned access" 0
UNRESOLVED: gcc.dg/vect/vect-33-big-array.c -flto scan-tree-dump-times vect "vectorized 1 loops" 1
UNRESOLVED: gcc.dg/vect/vect-33-big-array.c -flto scan-tree-dump-times vect "Vectorizing an unaligned access" 0
UNRESOLVED: gcc.dg/vect/vect-33-big-array.c -flto scan-tree-dump-times vect "Alignment of access forced using peeling" 1
UNRESOLVED: gcc.dg/vect/vect-33.c -flto scan-tree-dump-times vect "vectorized 1 loops" 1
UNRESOLVED: gcc.dg/vect/vect-33.c -flto scan-tree-dump-times vect "Vectorizing an unaligned access" 0
UNRESOLVED: gcc.dg/vect/vect-33.c -flto scan-tree-dump vect "Alignment of access forced using peeling"
UNRESOLVED: gcc.dg/vect/vect-34-big-array.c -flto scan-tree-dump-times vect "vectorized 1 loops" 1
UNRESOLVED: gcc.dg/vect/vect-34.c -flto scan-tree-dump-times vect "vectorized 1 loops" 1
UNRESOLVED: gcc.dg/vect/vect-35-big-array.c -flto scan-tree-dump-times vect "vectorized 2 loops" 1
UNRESOLVED: gcc.dg/vect/vect-35-big-array.c -flto scan-tree-dump-times vect "can't determine dependence between" 1
UNRESOLVED: gcc.dg/vect/vect-35.c -flto scan-tree-dump-times vect "vectorized 2 loops" 1
UNRESOLVED: gcc.dg/vect/vect-35.c -flto scan-tree-dump vect "can't determine dependence between"
UNRESOLVED: gcc.dg/vect/vect-36-big-array.c -flto scan-tree-dump-times vect "vectorized 1 loops" 1
UNRESOLVED: gcc.dg/vect/vect-36.c -flto scan-tree-dump-times vect "vectorized 1 loops" 1
UNRESOLVED: gcc.dg/vect/vect-62.c -flto scan-tree-dump-times vect "vectorized 1 loops" 1
UNRESOLVED: gcc.dg/vect/vect-62.c -flto scan-tree-dump-times vect "Vectorizing an unaligned access" 0
UNRESOLVED: gcc.dg/vect/vect-63.c -flto scan-tree-dump-times vect "vectorized 1 loops" 1
UNRESOLVED: gcc.dg/vect/vect-64.c -flto scan-tree-dump-times vect "vectorized 3 loops" 1
UNRESOLVED: gcc.dg/vect/vect-65.c -flto scan-tree-dump-times vect "vectorized 2 loops" 1
UNRESOLVED: gcc.dg/vect/vect-66.c -flto scan-tree-dump-times vect "vectorized 1 loops" 3
UNRESOLVED: gcc.dg/vect/vect-67.c -flto scan-tree-dump-times vect "vectorized 1 loops" 1
UNRESOLVED: gcc.dg/vect/vect-67.c -flto scan-tree-dump-times vect "Vectorizing an unaligned access" 0
UNRESOLVED: gcc.dg/vect/vect-68.c -flto scan-tree-dump-times vect "vectorized 4 loops" 1
UNRESOLVED: gcc.dg/vect/vect-7.c -flto scan-tree-dump-times vect "vectorized 2 loops" 1
UNRESOLVED: gcc.dg/vect/vect-7.c -flto scan-tree-dump-times vect "Vectorizing an unaligned access" 0
UNRESOLVED: gcc.dg/vect/vect-70.c -flto scan-tree-dump-times vect "vectorized 1 loops" 1
UNRESOLVED: gcc.dg/vect/vect-70.c -flto scan-tree-dump-times vect "Vectorizing an unaligned access" 0
UNRESOLVED: gcc.dg/vect/vect-70.c -flto scan-tree-dump-times vect "Alignment of access forced using peeling" 1
UNRESOLVED: gcc.dg/vect/vect-71.c -flto scan-tree-dump-times vect "vectorized 1 loops" 1
UNRESOLVED: gcc.dg/vect/vect-72.c -flto scan-tree-dump-times vect "vectorized 1 loops" 1
UNRESOLVED: gcc.dg/vect/vect-72.c -flto scan-tree-dump-times vect "Vectorizing an unaligned access" 1
UNRESOLVED: gcc.dg/vect/vect-72.c -flto scan-tree-dump-times vect "Alignment of access forced using peeling" 0
UNRESOLVED: gcc.dg/vect/vect-73-big-array.c -flto scan-tree-dump-times vect "vectorized 1 loops" 1
UNRESOLVED: gcc.dg/vect/vect-73-big-array.c -flto scan-tree-dump-times vect "Vectorizing an unaligned access" 0
UNRESOLVED: gcc.dg/vect/vect-73.c -flto scan-tree-dump-times vect "vectorized 1 loops" 1
UNRESOLVED: gcc.dg/vect/vect-73.c -flto scan-tree-dump-times vect "Vectorizing an unaligned access" 0
UNRESOLVED: gcc.dg/vect/vect-75-big-array.c -flto scan-tree-dump-times vect "vectorized 1 loops" 1
UNRESOLVED: gcc.dg/vect/vect-75-big-array.c -flto scan-tree-dump-times vect "Alignment of access forced using versioning" 1
UNRESOLVED: gcc.dg/vect/vect-75-big-array.c -flto scan-tree-dump-times vect "Vectorizing an unaligned access" 1
UNRESOLVED: gcc.dg/vect/vect-75.c -flto scan-tree-dump-times vect "vectorized 1 loops" 1
UNRESOLVED: gcc.dg/vect/vect-75.c -flto scan-tree-dump-times vect "Alignment of access forced using versioning" 1
UNRESOLVED: gcc.dg/vect/vect-75.c -flto scan-tree-dump-times vect "Vectorizing an unaligned access" 1
UNRESOLVED: gcc.dg/vect/vect-76-big-array.c -flto scan-tree-dump-times vect "vectorized 3 loops" 1
UNRESOLVED: gcc.dg/vect/vect-76.c -flto scan-tree-dump-times vect "vectorized 3 loops" 1
UNRESOLVED: gcc.dg/vect/vect-77-alignchecks.c -flto scan-tree-dump-times vect "vectorized 1 loops" 1
UNRESOLVED: gcc.dg/vect/vect-77-alignchecks.c -flto scan-tree-dump-times vect "Vectorizing an unaligned access" 1
UNRESOLVED: gcc.dg/vect/vect-77-alignchecks.c -flto scan-tree-dump-times vect "Alignment of access forced using versioning." 1
UNRESOLVED: gcc.dg/vect/vect-77-global.c -flto scan-tree-dump-times vect "vectorized 1 loops" 1
UNRESOLVED: gcc.dg/vect/vect-77-global.c -flto scan-tree-dump-times vect "Vectorizing an unaligned access" 1
UNRESOLVED: gcc.dg/vect/vect-77-global.c -flto scan-tree-dump-times vect "Alignment of access forced using peeling" 0
UNRESOLVED: gcc.dg/vect/vect-77-global.c -flto scan-tree-dump-times vect "Alignment of access forced using versioning." 1
UNRESOLVED: gcc.dg/vect/vect-77.c -flto scan-tree-dump-times vect "vectorized 1 loops" 1
UNRESOLVED: gcc.dg/vect/vect-78-alignchecks.c -flto scan-tree-dump-times vect "vectorized 1 loops" 1
UNRESOLVED: gcc.dg/vect/vect-78-alignchecks.c -flto scan-tree-dump-times vect "Vectorizing an unaligned access" 1
UNRESOLVED: gcc.dg/vect/vect-78-alignchecks.c -flto scan-tree-dump-times vect "Alignment of access forced using versioning." 1
UNRESOLVED: gcc.dg/vect/vect-78-global.c -flto scan-tree-dump-times vect "vectorized 1 loops" 1
UNRESOLVED: gcc.dg/vect/vect-78-global.c -flto scan-tree-dump-times vect "Vectorizing an unaligned access" 1
UNRESOLVED: gcc.dg/vect/vect-78-global.c -flto scan-tree-dump-times vect "Alignment of access forced using peeling" 0
UNRESOLVED: gcc.dg/vect/vect-78-global.c -flto scan-tree-dump-times vect "Alignment of access forced using versioning." 1
UNRESOLVED: gcc.dg/vect/vect-78.c -flto scan-tree-dump-times vect "vectorized 1 loops" 1
UNRESOLVED: gcc.dg/vect/vect-85-big-array.c -flto scan-tree-dump-times vect "vectorized 1 loops" 1
UNRESOLVED: gcc.dg/vect/vect-85.c -flto scan-tree-dump-times vect "vectorized 1 loops" 1
UNRESOLVED: gcc.dg/vect/vect-86.c -flto scan-tree-dump-times vect "vectorized 1 loops" 1
UNRESOLVED: gcc.dg/vect/vect-86.c -flto scan-tree-dump-times vect "Vectorizing an unaligned access" 0
UNRESOLVED: gcc.dg/vect/vect-86.c -flto scan-tree-dump-times vect "Alignment of access forced using peeling" 0
UNRESOLVED: gcc.dg/vect/vect-87.c -flto scan-tree-dump-times vect "vectorized 1 loops" 1
UNRESOLVED: gcc.dg/vect/vect-87.c -flto scan-tree-dump-times vect "Vectorizing an unaligned access" 0
UNRESOLVED: gcc.dg/vect/vect-87.c -flto scan-tree-dump-times vect "Alignment of access forced using peeling" 1
UNRESOLVED: gcc.dg/vect/vect-88.c -flto scan-tree-dump-times vect "vectorized 1 loops" 1
UNRESOLVED: gcc.dg/vect/vect-88.c -flto scan-tree-dump-times vect "Vectorizing an unaligned access" 0
UNRESOLVED: gcc.dg/vect/vect-88.c -flto scan-tree-dump-times vect "Alignment of access forced using peeling" 1
UNRESOLVED: gcc.dg/vect/vect-89-big-array.c -flto scan-tree-dump-times vect "vectorized 1 loops" 1
UNRESOLVED: gcc.dg/vect/vect-89-big-array.c -flto scan-tree-dump-times vect "Vectorizing an unaligned access" 0
UNRESOLVED: gcc.dg/vect/vect-89-big-array.c -flto scan-tree-dump-times vect "Alignment of access forced using peeling" 1
UNRESOLVED: gcc.dg/vect/vect-89.c -flto scan-tree-dump-times vect "vectorized 1 loops" 1
UNRESOLVED: gcc.dg/vect/vect-89.c -flto scan-tree-dump-times vect "Vectorizing an unaligned access" 0
UNRESOLVED: gcc.dg/vect/vect-89.c -flto scan-tree-dump-times vect "Alignment of access forced using peeling" 1
UNRESOLVED: gcc.dg/vect/vect-91.c -flto scan-tree-dump-times vect "vectorized 1 loops" 3
UNRESOLVED: gcc.dg/vect/vect-91.c -flto scan-tree-dump-times vect "Alignment of access forced using peeling" 3
UNRESOLVED: gcc.dg/vect/vect-96.c -flto scan-tree-dump-times vect "vectorized 1 loops" 1
UNRESOLVED: gcc.dg/vect/vect-96.c -flto scan-tree-dump-times vect "Alignment of access forced using peeling" 1
UNRESOLVED: gcc.dg/vect/vect-96.c -flto scan-tree-dump-times vect "Alignment of access forced using versioning." 1
UNRESOLVED: gcc.dg/vect/vect-97-big-array.c -flto scan-tree-dump-times vect "vectorized 2 loops" 1
UNRESOLVED: gcc.dg/vect/vect-97-big-array.c -flto scan-tree-dump-times vect "Vectorizing an unaligned access" 0
UNRESOLVED: gcc.dg/vect/vect-97.c -flto scan-tree-dump-times vect "vectorized 2 loops" 1
UNRESOLVED: gcc.dg/vect/vect-97.c -flto scan-tree-dump-times vect "Vectorizing an unaligned access" 0
UNRESOLVED: gcc.dg/vect/vect-98-big-array.c -flto scan-tree-dump-times vect "vectorized 1 loops" 0
UNRESOLVED: gcc.dg/vect/vect-98.c -flto scan-tree-dump-times vect "vectorized 1 loops" 0
UNRESOLVED: gcc.dg/vect/vect-99.c -flto scan-tree-dump-times vect "vectorized 1 loops" 1
UNRESOLVED: gcc.dg/vect/vect-alias-check.c -flto scan-tree-dump-times vect "vectorized 1 loops" 1
UNRESOLVED: gcc.dg/vect/vect-align-1.c -flto scan-tree-dump-times vect "Alignment of access forced using versioning" 1
UNRESOLVED: gcc.dg/vect/vect-align-1.c -flto scan-tree-dump-times vect "vectorized 1 loops" 1
UNRESOLVED: gcc.dg/vect/vect-align-2.c -flto scan-tree-dump-times vect "Alignment of access forced using peeling" 0
UNRESOLVED: gcc.dg/vect/vect-align-2.c -flto scan-tree-dump-times vect "Alignment of access forced using versioning" 1
UNRESOLVED: gcc.dg/vect/vect-align-2.c -flto scan-tree-dump-times vect "vectorized 1 loops" 1
UNRESOLVED: gcc.dg/vect/vect-align-3.c -flto scan-tree-dump-not vect "vect_do_peeling_for_loop_bound"
UNRESOLVED: gcc.dg/vect/vect-align-3.c -flto scan-tree-dump-not vect "loop peeled for vectorization"
UNRESOLVED: gcc.dg/vect/vect-bool-1.c -flto scan-tree-dump vect "vectorized 1 loops"
UNRESOLVED: gcc.dg/vect/vect-complex-4.c -flto scan-tree-dump-times vect "vectorized 1 loops" 1
UNRESOLVED: gcc.dg/vect/vect-complex-4.c -flto scan-tree-dump-times vect "vectorizing stmts using SLP" 1
UNRESOLVED: gcc.dg/vect/vect-complex-5.c -flto scan-tree-dump-times vect "vectorizing stmts using SLP" 0
UNRESOLVED: gcc.dg/vect/vect-cselim-1.c -flto scan-tree-dump-times vect "vectorized 1 loops" 1
UNRESOLVED: gcc.dg/vect/vect-cselim-2.c -flto scan-tree-dump-times vect "vectorized 1 loops" 0
UNRESOLVED: gcc.dg/vect/vect-double-reduc-3.c -flto scan-tree-dump-times vect "OUTER LOOP VECTORIZED" 1
UNRESOLVED: gcc.dg/vect/vect-double-reduc-7.c -flto scan-tree-dump-times vect "OUTER LOOP VECTORIZED" 3
UNRESOLVED: gcc.dg/vect/vect-iv-1.c -flto scan-tree-dump-times vect "vectorized 1 loops" 1
UNRESOLVED: gcc.dg/vect/vect-iv-10.c -flto scan-tree-dump-times vect "vectorized 1 loops" 1
UNRESOLVED: gcc.dg/vect/vect-iv-11.c -flto scan-tree-dump-times vect "vectorized 1 loops" 1
UNRESOLVED: gcc.dg/vect/vect-iv-2.c -flto scan-tree-dump-times vect "vectorized 1 loops" 1
UNRESOLVED: gcc.dg/vect/vect-iv-3.c -flto scan-tree-dump-times vect "vectorized 1 loops" 1
UNRESOLVED: gcc.dg/vect/vect-iv-5.c -flto scan-tree-dump-times vect "vectorized 1 loops" 1
UNRESOLVED: gcc.dg/vect/vect-iv-7.c -flto scan-tree-dump-times vect "vectorized 1 loops" 1
UNRESOLVED: gcc.dg/vect/vect-iv-9.c -flto scan-tree-dump-times vect "vectorized 1 loops" 1
UNRESOLVED: gcc.dg/vect/vect-multitypes-1.c -flto scan-tree-dump-times vect "vectorized 1 loops" 2
UNRESOLVED: gcc.dg/vect/vect-multitypes-1.c -flto scan-tree-dump-times vect "Alignment of access forced using peeling" 2
UNRESOLVED: gcc.dg/vect/vect-multitypes-1.c -flto scan-tree-dump-times vect "Vectorizing an unaligned access" 4
UNRESOLVED: gcc.dg/vect/vect-multitypes-11.c -flto scan-tree-dump-times vect "vectorized 1 loops" 1
UNRESOLVED: gcc.dg/vect/vect-multitypes-12.c -flto scan-tree-dump-times vect "vectorized 1 loops" 1
UNRESOLVED: gcc.dg/vect/vect-multitypes-2.c -flto scan-tree-dump-times vect "vectorized 1 loops" 1
UNRESOLVED: gcc.dg/vect/vect-multitypes-3.c -flto scan-tree-dump-times vect "vectorized 1 loops" 1
UNRESOLVED: gcc.dg/vect/vect-multitypes-3.c -flto scan-tree-dump-times vect "Alignment of access forced using versioning" 3
UNRESOLVED: gcc.dg/vect/vect-multitypes-3.c -flto scan-tree-dump-times vect "Vectorizing an unaligned access" 3
UNRESOLVED: gcc.dg/vect/vect-multitypes-4.c -flto scan-tree-dump-times vect "vectorized 1 loops" 2
UNRESOLVED: gcc.dg/vect/vect-multitypes-4.c -flto scan-tree-dump-times vect "Alignment of access forced using peeling" 2
UNRESOLVED: gcc.dg/vect/vect-multitypes-4.c -flto scan-tree-dump-times vect "Vectorizing an unaligned access" 8
UNRESOLVED: gcc.dg/vect/vect-multitypes-5.c -flto scan-tree-dump-times vect "vectorized 1 loops" 1
UNRESOLVED: gcc.dg/vect/vect-multitypes-6.c -flto scan-tree-dump-times vect "vectorized 1 loops" 1
UNRESOLVED: gcc.dg/vect/vect-multitypes-6.c -flto scan-tree-dump-times vect "Alignment of access forced using versioning" 6
UNRESOLVED: gcc.dg/vect/vect-multitypes-6.c -flto scan-tree-dump-times vect "Vectorizing an unaligned access" 6
UNRESOLVED: gcc.dg/vect/vect-outer-1-big-array.c -flto scan-tree-dump-times vect "OUTER LOOP VECTORIZED" 1
UNRESOLVED: gcc.dg/vect/vect-outer-1-big-array.c -flto scan-tree-dump-times vect "grouped access in outer loop" 1
UNRESOLVED: gcc.dg/vect/vect-outer-1.c -flto scan-tree-dump-times vect "OUTER LOOP VECTORIZED" 1
UNRESOLVED: gcc.dg/vect/vect-outer-1.c -flto scan-tree-dump-times vect "grouped access in outer loop" 1
UNRESOLVED: gcc.dg/vect/vect-outer-1a-big-array.c -flto scan-tree-dump-times vect "OUTER LOOP VECTORIZED" 1
UNRESOLVED: gcc.dg/vect/vect-outer-1a-big-array.c -flto scan-tree-dump-times vect "grouped access in outer loop" 1
UNRESOLVED: gcc.dg/vect/vect-outer-1a.c -flto scan-tree-dump-times vect "OUTER LOOP VECTORIZED" 1
UNRESOLVED: gcc.dg/vect/vect-outer-1a.c -flto scan-tree-dump-times vect "grouped access in outer loop" 1
UNRESOLVED: gcc.dg/vect/vect-outer-1b-big-array.c -flto scan-tree-dump-times vect "OUTER LOOP VECTORIZED" 1
UNRESOLVED: gcc.dg/vect/vect-outer-1b-big-array.c -flto scan-tree-dump-times vect "grouped access in outer loop" 1
UNRESOLVED: gcc.dg/vect/vect-outer-1b.c -flto scan-tree-dump-times vect "OUTER LOOP VECTORIZED" 1
UNRESOLVED: gcc.dg/vect/vect-outer-1b.c -flto scan-tree-dump-times vect "grouped access in outer loop" 1
UNRESOLVED: gcc.dg/vect/vect-outer-4c-big-array.c -flto scan-tree-dump-times vect "zero step in outer loop." 1
UNRESOLVED: gcc.dg/vect/vect-outer-4c.c -flto scan-tree-dump vect "zero step in outer loop."
UNRESOLVED: gcc.dg/vect/vect-outer-4e.c -flto scan-tree-dump-times vect "OUTER LOOP VECTORIZED" 1
UNRESOLVED: gcc.dg/vect/vect-outer-4f.c -flto scan-tree-dump-times vect "OUTER LOOP VECTORIZED" 1
UNRESOLVED: gcc.dg/vect/vect-outer-4g.c -flto scan-tree-dump-times vect "OUTER LOOP VECTORIZED" 1
UNRESOLVED: gcc.dg/vect/vect-outer-4k.c -flto scan-tree-dump-times vect "OUTER LOOP VECTORIZED" 1
UNRESOLVED: gcc.dg/vect/vect-outer-4l.c -flto scan-tree-dump-times vect "OUTER LOOP VECTORIZED" 1
UNRESOLVED: gcc.dg/vect/vect-outer-4m-big-array.c -flto scan-tree-dump-times vect "OUTER LOOP VECTORIZED" 1
UNRESOLVED: gcc.dg/vect/vect-outer-4m.c -flto scan-tree-dump-times vect "OUTER LOOP VECTORIZED" 1
UNRESOLVED: gcc.dg/vect/vect-peel-1.c -flto scan-tree-dump-times vect "vectorized 1 loops" 1
UNRESOLVED: gcc.dg/vect/vect-peel-1.c -flto scan-tree-dump-times vect "Alignment of access forced using peeling" 1
UNRESOLVED: gcc.dg/vect/vect-peel-2.c -flto scan-tree-dump-times vect "vectorized 1 loops" 1
UNRESOLVED: gcc.dg/vect/vect-peel-3.c -flto scan-tree-dump-times vect "vectorized 1 loops" 1
UNRESOLVED: gcc.dg/vect/vect-peel-3.c -flto scan-tree-dump-times vect "Vectorizing an unaligned access" 1
UNRESOLVED: gcc.dg/vect/vect-peel-3.c -flto scan-tree-dump-times vect "Alignment of access forced using peeling" 1
UNRESOLVED: gcc.dg/vect/vect-peel-4.c -flto scan-tree-dump-times vect "vectorized 1 loops" 1
UNRESOLVED: gcc.dg/vect/vect-peel-4.c -flto scan-tree-dump-times vect "Vectorizing an unaligned access" 1
UNRESOLVED: gcc.dg/vect/vect-peel-4.c -flto scan-tree-dump-times vect "Alignment of access forced using peeling" 0
UNRESOLVED: gcc.dg/vect/vect-reduc-1.c -flto scan-tree-dump-times vect "vectorized 3 loops" 1
UNRESOLVED: gcc.dg/vect/vect-reduc-1char-big-array.c -flto scan-tree-dump-times vect "vectorized 3 loops" 1
UNRESOLVED: gcc.dg/vect/vect-reduc-1char.c -flto scan-tree-dump-times vect "vectorized 3 loops" 1
UNRESOLVED: gcc.dg/vect/vect-reduc-1short.c -flto scan-tree-dump-times vect "vectorized 3 loops" 1
UNRESOLVED: gcc.dg/vect/vect-reduc-2.c -flto scan-tree-dump-times vect "vectorized 3 loops" 1
UNRESOLVED: gcc.dg/vect/vect-reduc-2char-big-array.c -flto scan-tree-dump-times vect "vectorized 3 loops" 1
UNRESOLVED: gcc.dg/vect/vect-reduc-2char.c -flto scan-tree-dump-times vect "vectorized 3 loops" 1
UNRESOLVED: gcc.dg/vect/vect-reduc-2short.c -flto scan-tree-dump-times vect "vectorized 3 loops" 1
UNRESOLVED: gcc.dg/vect/vect-reduc-3.c -flto scan-tree-dump-times vect "vectorized 1 loops" 1
UNRESOLVED: gcc.dg/vect/vect-reduc-dot-s16a.c -flto scan-tree-dump-times vect "vect_recog_dot_prod_pattern: detected" 1
UNRESOLVED: gcc.dg/vect/vect-reduc-dot-s16b.c -flto scan-tree-dump-times vect "vectorized 1 loops" 0
UNRESOLVED: gcc.dg/vect/vect-reduc-dot-s16b.c -flto scan-tree-dump-times vect "vectorized 1 loops" 0
UNRESOLVED: gcc.dg/vect/vect-reduc-dot-s8a.c -flto scan-tree-dump-times vect "vect_recog_dot_prod_pattern: detected" 1
UNRESOLVED: gcc.dg/vect/vect-reduc-dot-s8a.c -flto scan-tree-dump-times vect "vect_recog_widen_mult_pattern: detected" 1
UNRESOLVED: gcc.dg/vect/vect-reduc-dot-s8b.c -flto scan-tree-dump-times vect "vect_recog_dot_prod_pattern: detected" 1
UNRESOLVED: gcc.dg/vect/vect-reduc-dot-s8b.c -flto scan-tree-dump-times vect "vect_recog_widen_mult_pattern: detected" 1
UNRESOLVED: gcc.dg/vect/vect-reduc-dot-s8b.c -flto scan-tree-dump-times vect "vectorized 1 loops" 1
UNRESOLVED: gcc.dg/vect/vect-reduc-dot-u16a.c -flto scan-tree-dump-times vect "vect_recog_dot_prod_pattern: detected" 1
UNRESOLVED: gcc.dg/vect/vect-reduc-dot-u16b.c -flto scan-tree-dump-times vect "vect_recog_dot_prod_pattern: detected" 1
UNRESOLVED: gcc.dg/vect/vect-reduc-dot-u16b.c -flto scan-tree-dump-times vect "vectorized 1 loops" 2
UNRESOLVED: gcc.dg/vect/vect-reduc-dot-u8a.c -flto scan-tree-dump-times vect "vect_recog_dot_prod_pattern: detected" 1
UNRESOLVED: gcc.dg/vect/vect-reduc-dot-u8b.c -flto scan-tree-dump-times vect "vect_recog_dot_prod_pattern: detected" 1
UNRESOLVED: gcc.dg/vect/vect-reduc-pattern-1a.c -flto scan-tree-dump-times vect "vect_recog_widen_sum_pattern: detected" 1
UNRESOLVED: gcc.dg/vect/vect-reduc-pattern-1a.c -flto scan-tree-dump-times vect "vectorized 1 loops" 0
UNRESOLVED: gcc.dg/vect/vect-reduc-pattern-1b-big-array.c -flto scan-tree-dump-times vect "vect_recog_widen_sum_pattern: detected" 1
UNRESOLVED: gcc.dg/vect/vect-reduc-pattern-1b-big-array.c -flto scan-tree-dump-times vect "vectorized 1 loops" 0
UNRESOLVED: gcc.dg/vect/vect-reduc-pattern-1b.c -flto scan-tree-dump vect "vect_recog_widen_sum_pattern: detected"
UNRESOLVED: gcc.dg/vect/vect-reduc-pattern-1b.c -flto scan-tree-dump-times vect "vectorized 1 loops" 0
UNRESOLVED: gcc.dg/vect/vect-reduc-pattern-1c-big-array.c -flto scan-tree-dump-times vect "vect_recog_widen_sum_pattern: detected" 1
UNRESOLVED: gcc.dg/vect/vect-reduc-pattern-1c-big-array.c -flto scan-tree-dump-times vect "vectorized 1 loops" 0
UNRESOLVED: gcc.dg/vect/vect-reduc-pattern-1c.c -flto scan-tree-dump vect "vect_recog_widen_sum_pattern: detected"
UNRESOLVED: gcc.dg/vect/vect-reduc-pattern-1c.c -flto scan-tree-dump-times vect "vectorized 1 loops" 0
UNRESOLVED: gcc.dg/vect/vect-reduc-pattern-2a.c -flto scan-tree-dump-times vect "vect_recog_widen_sum_pattern: detected" 1
UNRESOLVED: gcc.dg/vect/vect-reduc-pattern-2a.c -flto scan-tree-dump-times vect "vectorized 1 loops" 0
UNRESOLVED: gcc.dg/vect/vect-reduc-pattern-2b-big-array.c -flto scan-tree-dump-times vect "vect_recog_widen_sum_pattern: detected" 1
UNRESOLVED: gcc.dg/vect/vect-reduc-pattern-2b-big-array.c -flto scan-tree-dump-times vect "vectorized 1 loops" 0
UNRESOLVED: gcc.dg/vect/vect-reduc-pattern-2b.c -flto scan-tree-dump vect "vect_recog_widen_sum_pattern: detected"
UNRESOLVED: gcc.dg/vect/vect-reduc-pattern-2b.c -flto scan-tree-dump-times vect "vectorized 1 loops" 0
UNRESOLVED: gcc.dg/vect/vect-reduc-pattern-2c.c -flto scan-tree-dump-times vect "vect_recog_widen_sum_pattern: detected" 1
UNRESOLVED: gcc.dg/vect/vect-reduc-pattern-2c.c -flto scan-tree-dump-times vect "vectorized 1 loops" 1
UNRESOLVED: gcc.dg/vect/vect-reduc-pattern-2c.c -flto scan-tree-dump-times vect "vectorized 1 loops" 0
UNRESOLVED: gcc.dg/vect/vect-reduc-pattern-3.c -flto scan-tree-dump-times vect "vectorized 1 loops" 1
UNRESOLVED: gcc.dg/vect/vect-strided-store-u32-i2.c -flto scan-tree-dump-times vect "vectorized 0 loops" 1
UNRESOLVED: gcc.dg/vect/vect-vfa-01.c -flto scan-tree-dump-times vect "vectorized 1 loops" 1
UNRESOLVED: gcc.dg/vect/vect-vfa-02.c -flto scan-tree-dump-times vect "vectorized 1 loops" 1
UNRESOLVED: gcc.dg/vect/vect-vfa-03.c -flto scan-tree-dump-times vect "vectorized 1 loops" 0
UNRESOLVED: gcc.dg/vect/vect-vfa-04.c -flto scan-tree-dump-times vect "vectorized 1 loops" 1
UNRESOLVED: gcc.dg/vect/vect-vfa-slp.c -flto scan-tree-dump-times vect "vectorized 1 loops" 1
UNRESOLVED: gcc.dg/vect/vect-widen-mult-sum.c -flto scan-tree-dump-times vect "vect_recog_widen_mult_pattern: detected" 1
UNRESOLVED: gcc.dg/vect/slp-1.c -flto scan-tree-dump-times vect "vectorized 4 loops" 1
UNRESOLVED: gcc.dg/vect/slp-1.c -flto scan-tree-dump-times vect "vectorizing stmts using SLP" 4
UNRESOLVED: gcc.dg/vect/slp-10.c -flto scan-tree-dump-times vect "vectorized 0 loops" 1
UNRESOLVED: gcc.dg/vect/slp-10.c -flto scan-tree-dump-times vect "vectorizing stmts using SLP" 0
UNRESOLVED: gcc.dg/vect/slp-11a.c -flto scan-tree-dump-times vect "vectorized 0 loops" 1
UNRESOLVED: gcc.dg/vect/slp-11a.c -flto scan-tree-dump-times vect "vectorizing stmts using SLP" 0
UNRESOLVED: gcc.dg/vect/slp-11b.c -flto scan-tree-dump-times vect "vectorized 0 loops" 1
UNRESOLVED: gcc.dg/vect/slp-11b.c -flto scan-tree-dump-times vect "vectorizing stmts using SLP" 0
UNRESOLVED: gcc.dg/vect/slp-11c.c -flto scan-tree-dump-times vect "vectorized 0 loops" 1
UNRESOLVED: gcc.dg/vect/slp-11c.c -flto scan-tree-dump-times vect "vectorizing stmts using SLP" 0
UNRESOLVED: gcc.dg/vect/slp-12a.c -flto scan-tree-dump-times vect "vectorized 0 loops" 1
UNRESOLVED: gcc.dg/vect/slp-12a.c -flto scan-tree-dump-times vect "vectorizing stmts using SLP" 0
UNRESOLVED: gcc.dg/vect/slp-12c.c -flto scan-tree-dump-times vect "vectorized 0 loops" 1
UNRESOLVED: gcc.dg/vect/slp-12c.c -flto scan-tree-dump-times vect "vectorizing stmts using SLP" 0
UNRESOLVED: gcc.dg/vect/slp-13-big-array.c -flto scan-tree-dump-times vect "vectorizing stmts using SLP" 3
UNRESOLVED: gcc.dg/vect/slp-13-big-array.c -flto scan-tree-dump-times vect "vectorizing stmts using SLP" 1
UNRESOLVED: gcc.dg/vect/slp-13.c -flto scan-tree-dump-times vect "vectorizing stmts using SLP" 3
UNRESOLVED: gcc.dg/vect/slp-13.c -flto scan-tree-dump-times vect "vectorizing stmts using SLP" 1
UNRESOLVED: gcc.dg/vect/slp-15.c -flto scan-tree-dump-times vect "vectorized 0 loops" 1
UNRESOLVED: gcc.dg/vect/slp-15.c -flto scan-tree-dump-times vect "vectorizing stmts using SLP" 0
UNRESOLVED: gcc.dg/vect/slp-17.c -flto scan-tree-dump-times vect "vectorized 1 loops" 1
UNRESOLVED: gcc.dg/vect/slp-17.c -flto scan-tree-dump-times vect "vectorizing stmts using SLP" 2
UNRESOLVED: gcc.dg/vect/slp-19a.c -flto scan-tree-dump-times vect "vectorized 0 loops" 1
UNRESOLVED: gcc.dg/vect/slp-19a.c -flto scan-tree-dump-times vect "vectorizing stmts using SLP" 0
UNRESOLVED: gcc.dg/vect/slp-19b.c -flto scan-tree-dump-times vect "vectorized 0 loops" 1
UNRESOLVED: gcc.dg/vect/slp-19b.c -flto scan-tree-dump-times vect "vectorizing stmts using SLP" 0
UNRESOLVED: gcc.dg/vect/slp-19c.c -flto scan-tree-dump-times vect "vectorized 1 loops" 1
UNRESOLVED: gcc.dg/vect/slp-19c.c -flto scan-tree-dump-times vect "vectorizing stmts using SLP" 1
UNRESOLVED: gcc.dg/vect/slp-2.c -flto scan-tree-dump-times vect "vectorized 4 loops" 1
UNRESOLVED: gcc.dg/vect/slp-2.c -flto scan-tree-dump-times vect "vectorizing stmts using SLP" 4
UNRESOLVED: gcc.dg/vect/slp-20.c -flto scan-tree-dump-times vect "vectorized 2 loops" 1
UNRESOLVED: gcc.dg/vect/slp-20.c -flto scan-tree-dump-times vect "vectorizing stmts using SLP" 4
UNRESOLVED: gcc.dg/vect/slp-21.c -flto scan-tree-dump-times vect "vectorized 1 loops" 1
UNRESOLVED: gcc.dg/vect/slp-21.c -flto scan-tree-dump-times vect "vectorizing stmts using SLP" 0
UNRESOLVED: gcc.dg/vect/slp-22.c -flto scan-tree-dump-times vect "vectorized 2 loops" 1
UNRESOLVED: gcc.dg/vect/slp-22.c -flto scan-tree-dump-times vect "vectorizing stmts using SLP" 6
UNRESOLVED: gcc.dg/vect/slp-23.c -flto scan-tree-dump-times vect "vectorizing stmts using SLP" 1
UNRESOLVED: gcc.dg/vect/slp-24-big-array.c -flto scan-tree-dump-times vect "vectorized 1 loops" 1
UNRESOLVED: gcc.dg/vect/slp-24-big-array.c -flto scan-tree-dump-times vect "vectorizing stmts using SLP" 2
UNRESOLVED: gcc.dg/vect/slp-24.c -flto scan-tree-dump-times vect "vectorized 1 loops" 1
UNRESOLVED: gcc.dg/vect/slp-24.c -flto scan-tree-dump-times vect "vectorizing stmts using SLP" 2
UNRESOLVED: gcc.dg/vect/slp-25.c -flto scan-tree-dump-times vect "vectorized 2 loops" 1
UNRESOLVED: gcc.dg/vect/slp-25.c -flto scan-tree-dump-times vect "Vectorizing an unaligned access" 0
UNRESOLVED: gcc.dg/vect/slp-25.c -flto scan-tree-dump-times vect "Alignment of access forced using peeling" 2
UNRESOLVED: gcc.dg/vect/slp-26.c -flto scan-tree-dump-times vect "vectorized 0 loops" 1
UNRESOLVED: gcc.dg/vect/slp-26.c -flto scan-tree-dump-times vect "vectorizing stmts using SLP" 0
UNRESOLVED: gcc.dg/vect/slp-28.c -flto scan-tree-dump-times vect "vectorized 1 loops" 1
UNRESOLVED: gcc.dg/vect/slp-28.c -flto scan-tree-dump-times vect "vectorizing stmts using SLP" 1
UNRESOLVED: gcc.dg/vect/slp-3-big-array.c -flto scan-tree-dump-times vect "vectorized 4 loops" 1
UNRESOLVED: gcc.dg/vect/slp-3-big-array.c -flto scan-tree-dump-times vect "vectorizing stmts using SLP" 4
UNRESOLVED: gcc.dg/vect/slp-3.c -flto scan-tree-dump-times vect "vectorized 3 loops" 1
UNRESOLVED: gcc.dg/vect/slp-3.c -flto scan-tree-dump-times vect "vectorizing stmts using SLP" 3
UNRESOLVED: gcc.dg/vect/slp-33.c -flto scan-tree-dump-times vect "vectorized 0 loops" 1
UNRESOLVED: gcc.dg/vect/slp-33.c -flto scan-tree-dump-times vect "vectorizing stmts using SLP" 0
UNRESOLVED: gcc.dg/vect/slp-34-big-array.c -flto scan-tree-dump-times vect "vectorized 1 loops" 1
UNRESOLVED: gcc.dg/vect/slp-34-big-array.c -flto scan-tree-dump-times vect "vectorizing stmts using SLP" 2
UNRESOLVED: gcc.dg/vect/slp-34.c -flto scan-tree-dump-times vect "vectorized 1 loops" 1
UNRESOLVED: gcc.dg/vect/slp-34.c -flto scan-tree-dump-times vect "vectorizing stmts using SLP" 2
UNRESOLVED: gcc.dg/vect/slp-35.c -flto scan-tree-dump-times vect "vectorized 1 loops" 1
UNRESOLVED: gcc.dg/vect/slp-35.c -flto scan-tree-dump-times vect "vectorizing stmts using SLP" 1
UNRESOLVED: gcc.dg/vect/slp-37.c -flto scan-tree-dump-times vect "vectorized 1 loops" 0
UNRESOLVED: gcc.dg/vect/slp-37.c -flto scan-tree-dump-times vect "vectorizing stmts using SLP" 0
UNRESOLVED: gcc.dg/vect/slp-4-big-array.c -flto scan-tree-dump-times vect "vectorized 3 loops" 1
UNRESOLVED: gcc.dg/vect/slp-4-big-array.c -flto scan-tree-dump-times vect "vectorizing stmts using SLP" 3
UNRESOLVED: gcc.dg/vect/slp-4.c -flto scan-tree-dump-times vect "vectorized 3 loops" 1
UNRESOLVED: gcc.dg/vect/slp-4.c -flto scan-tree-dump-times vect "vectorizing stmts using SLP" 3
UNRESOLVED: gcc.dg/vect/slp-5.c -flto scan-tree-dump-times vect "vectorized 3 loops" 1
UNRESOLVED: gcc.dg/vect/slp-5.c -flto scan-tree-dump-times vect "vectorizing stmts using SLP" 3
UNRESOLVED: gcc.dg/vect/slp-6.c -flto scan-tree-dump-times vect "vectorized 2 loops" 1
UNRESOLVED: gcc.dg/vect/slp-6.c -flto scan-tree-dump-times vect "vectorizing stmts using SLP" 2
UNRESOLVED: gcc.dg/vect/slp-7.c -flto scan-tree-dump-times vect "vectorized 2 loops" 1
UNRESOLVED: gcc.dg/vect/slp-7.c -flto scan-tree-dump-times vect "vectorizing stmts using SLP" 2
UNRESOLVED: gcc.dg/vect/slp-multitypes-1.c -flto scan-tree-dump-times vect "vectorized 1 loops" 1
UNRESOLVED: gcc.dg/vect/slp-multitypes-1.c -flto scan-tree-dump-times vect "vectorizing stmts using SLP" 2
UNRESOLVED: gcc.dg/vect/slp-multitypes-12.c -flto scan-tree-dump-times vect "vectorized 1 loops" 1
UNRESOLVED: gcc.dg/vect/slp-multitypes-12.c -flto scan-tree-dump-times vect "vectorizing stmts using SLP" 3
UNRESOLVED: gcc.dg/vect/slp-multitypes-2.c -flto scan-tree-dump-times vect "vectorized 1 loops" 1
UNRESOLVED: gcc.dg/vect/slp-multitypes-2.c -flto scan-tree-dump-times vect "vectorizing stmts using SLP" 2
UNRESOLVED: gcc.dg/vect/slp-multitypes-3.c -flto scan-tree-dump-times vect "vectorized 1 loops" 1
UNRESOLVED: gcc.dg/vect/slp-multitypes-3.c -flto scan-tree-dump-times vect "vectorizing stmts using SLP" 2
UNRESOLVED: gcc.dg/vect/slp-perm-4.c -flto scan-tree-dump-times vect "vectorized 1 loops" 0
UNRESOLVED: gcc.dg/vect/slp-perm-4.c -flto scan-tree-dump-times vect "vectorizing stmts using SLP" 0
UNRESOLVED: gcc.dg/vect/slp-perm-9.c -flto scan-tree-dump-times vect "vectorized 1 loops" 1
UNRESOLVED: gcc.dg/vect/slp-perm-9.c -flto scan-tree-dump-times vect "vectorizing stmts using SLP" 0
UNRESOLVED: gcc.dg/vect/slp-reduc-1.c -flto scan-tree-dump-times vect "vectorized 1 loops" 1
UNRESOLVED: gcc.dg/vect/slp-reduc-1.c -flto scan-tree-dump-times vect "vectorizing stmts using SLP" 1
UNRESOLVED: gcc.dg/vect/slp-reduc-2.c -flto scan-tree-dump-times vect "vectorized 1 loops" 1
UNRESOLVED: gcc.dg/vect/slp-reduc-2.c -flto scan-tree-dump-times vect "vectorizing stmts using SLP" 1
UNRESOLVED: gcc.dg/vect/slp-reduc-3.c -flto scan-tree-dump-times vect "vect_recog_dot_prod_pattern: detected" 1
UNRESOLVED: gcc.dg/vect/slp-reduc-3.c -flto scan-tree-dump-times vect "vectorizing stmts using SLP" 1
UNRESOLVED: gcc.dg/vect/slp-reduc-4.c -flto scan-tree-dump-times vect "vectorized 1 loops" 1
UNRESOLVED: gcc.dg/vect/slp-reduc-4.c -flto scan-tree-dump-times vect "vectorizing stmts using SLP" 1
UNRESOLVED: gcc.dg/vect/slp-reduc-5.c -flto scan-tree-dump-times vect "vectorized 1 loops" 2
UNRESOLVED: gcc.dg/vect/slp-reduc-5.c -flto scan-tree-dump-times vect "vectorizing stmts using SLP" 1
UNRESOLVED: gcc.dg/vect/slp-reduc-6.c -flto scan-tree-dump-times vect "vectorized 1 loops" 2
UNRESOLVED: gcc.dg/vect/slp-reduc-6.c -flto scan-tree-dump-times vect "vectorizing stmts using SLP" 0
UNRESOLVED: gcc.dg/vect/slp-reduc-6.c -flto scan-tree-dump-times vect "different interleaving chains in one node" 1
UNRESOLVED: gcc.dg/vect/bb-slp-1.c -flto scan-tree-dump-times slp "basic block vectorized" 1
UNRESOLVED: gcc.dg/vect/bb-slp-10.c -flto scan-tree-dump-times slp "unsupported alignment in basic block." 1
UNRESOLVED: gcc.dg/vect/bb-slp-14.c -flto scan-tree-dump-times slp "basic block vectorized" 0
UNRESOLVED: gcc.dg/vect/bb-slp-16.c -flto scan-tree-dump-times slp "basic block vectorized" 1
UNRESOLVED: gcc.dg/vect/bb-slp-19.c -flto scan-tree-dump-times slp "basic block vectorized" 1
UNRESOLVED: gcc.dg/vect/bb-slp-2.c -flto scan-tree-dump-times slp "basic block vectorized" 1
UNRESOLVED: gcc.dg/vect/bb-slp-21.c -flto scan-tree-dump-times slp "basic block vectorized" 1
UNRESOLVED: gcc.dg/vect/bb-slp-21.c -flto scan-tree-dump-times slp "vectorizing stmts using SLP" 1
UNRESOLVED: gcc.dg/vect/bb-slp-22.c -flto scan-tree-dump-times slp "basic block vectorized" 1
UNRESOLVED: gcc.dg/vect/bb-slp-3.c -flto scan-tree-dump-times slp "basic block vectorized" 1
UNRESOLVED: gcc.dg/vect/bb-slp-30.c -flto scan-tree-dump-times slp "basic block vectorized" 1
UNRESOLVED: gcc.dg/vect/bb-slp-32.c -flto scan-tree-dump slp "vectorization is not profitable"
UNRESOLVED: gcc.dg/vect/bb-slp-4.c -flto scan-tree-dump-times slp "basic block vectorized" 0
UNRESOLVED: gcc.dg/vect/bb-slp-5.c -flto scan-tree-dump-times slp "basic block vectorized" 1
UNRESOLVED: gcc.dg/vect/bb-slp-7.c -flto scan-tree-dump-times slp "basic block vectorized" 0
UNRESOLVED: gcc.dg/vect/bb-slp-8a.c -flto scan-tree-dump-times slp "basic block vectorized" 0
UNRESOLVED: gcc.dg/vect/bb-slp-9.c -flto scan-tree-dump-times slp "basic block vectorized" 1
=== gcc Summary for unix ===
# of expected passes 87347
# of unexpected failures 26
# of unexpected successes 2
# of expected failures 224
# of unresolved testcases 411
# of unsupported tests 1839
Running target unix/-m64
FAIL: gcc.dg/atomic/c11-atomic-exec-1.c -O2 -flto -fuse-linker-plugin -fno-fat-lto-objects execution test
FAIL: gcc.dg/atomic/c11-atomic-exec-2.c -O2 -flto -fuse-linker-plugin -fno-fat-lto-objects execution test
FAIL: gcc.dg/atomic/c11-atomic-exec-3.c -O2 -flto -fuse-linker-plugin -fno-fat-lto-objects execution test
FAIL: gcc.dg/atomic/c11-atomic-exec-4.c -O2 -flto -fuse-linker-plugin -fno-fat-lto-objects execution test
FAIL: gcc.dg/atomic/c11-atomic-exec-5.c -O0 execution test
FAIL: gcc.dg/atomic/c11-atomic-exec-5.c -O1 execution test
FAIL: gcc.dg/atomic/c11-atomic-exec-5.c -O2 execution test
FAIL: gcc.dg/atomic/c11-atomic-exec-5.c -O3 -fomit-frame-pointer execution test
FAIL: gcc.dg/atomic/c11-atomic-exec-5.c -O3 -fomit-frame-pointer -funroll-loops execution test
FAIL: gcc.dg/atomic/c11-atomic-exec-5.c -O3 -fomit-frame-pointer -funroll-all-loops -finline-functions execution test
FAIL: gcc.dg/atomic/c11-atomic-exec-5.c -O3 -g execution test
FAIL: gcc.dg/atomic/c11-atomic-exec-5.c -Os execution test
FAIL: gcc.dg/atomic/c11-atomic-exec-5.c -O2 -flto -fno-use-linker-plugin -flto-partition=none execution test
FAIL: gcc.dg/atomic/c11-atomic-exec-5.c -O2 -flto -fuse-linker-plugin -fno-fat-lto-objects execution test
FAIL: gcc.dg/atomic/stdatomic-compare-exchange-1.c -O2 -flto -fuse-linker-plugin -fno-fat-lto-objects execution test
FAIL: gcc.dg/atomic/stdatomic-compare-exchange-2.c -O2 -flto -fuse-linker-plugin -fno-fat-lto-objects execution test
FAIL: gcc.dg/atomic/stdatomic-compare-exchange-3.c -O2 -flto -fuse-linker-plugin -fno-fat-lto-objects execution test
FAIL: gcc.dg/atomic/stdatomic-compare-exchange-4.c -O2 -flto -fuse-linker-plugin -fno-fat-lto-objects execution test
FAIL: gcc.dg/atomic/stdatomic-exchange-1.c -O2 -flto -fuse-linker-plugin -fno-fat-lto-objects execution test
FAIL: gcc.dg/atomic/stdatomic-exchange-2.c -O2 -flto -fuse-linker-plugin -fno-fat-lto-objects execution test
FAIL: gcc.dg/atomic/stdatomic-exchange-3.c -O2 -flto -fuse-linker-plugin -fno-fat-lto-objects execution test
FAIL: gcc.dg/atomic/stdatomic-exchange-4.c -O2 -flto -fuse-linker-plugin -fno-fat-lto-objects execution test
FAIL: gcc.dg/atomic/stdatomic-fence.c -O2 -flto -fuse-linker-plugin -fno-fat-lto-objects execution test
FAIL: gcc.dg/atomic/stdatomic-flag.c -O2 -flto -fuse-linker-plugin -fno-fat-lto-objects execution test
FAIL: gcc.dg/atomic/stdatomic-generic.c -O2 -flto -fuse-linker-plugin -fno-fat-lto-objects execution test
FAIL: gcc.dg/atomic/stdatomic-kill-dep.c -O2 -flto -fuse-linker-plugin -fno-fat-lto-objects execution test
FAIL: gcc.dg/atomic/stdatomic-load-1.c -O2 -flto -fuse-linker-plugin -fno-fat-lto-objects execution test
FAIL: gcc.dg/atomic/stdatomic-load-2.c -O2 -flto -fuse-linker-plugin -fno-fat-lto-objects execution test
FAIL: gcc.dg/atomic/stdatomic-load-3.c -O2 -flto -fuse-linker-plugin -fno-fat-lto-objects execution test
FAIL: gcc.dg/atomic/stdatomic-load-4.c -O2 -flto -fuse-linker-plugin -fno-fat-lto-objects execution test
FAIL: gcc.dg/atomic/stdatomic-lockfree.c -O2 -flto -fuse-linker-plugin -fno-fat-lto-objects execution test
FAIL: gcc.dg/atomic/stdatomic-op-1.c -O2 -flto -fuse-linker-plugin -fno-fat-lto-objects execution test
FAIL: gcc.dg/atomic/stdatomic-op-2.c -O2 -flto -fuse-linker-plugin -fno-fat-lto-objects execution test
FAIL: gcc.dg/atomic/stdatomic-op-3.c -O2 -flto -fuse-linker-plugin -fno-fat-lto-objects execution test
FAIL: gcc.dg/atomic/stdatomic-op-4.c -O2 -flto -fuse-linker-plugin -fno-fat-lto-objects execution test
FAIL: gcc.dg/atomic/stdatomic-store-1.c -O2 -flto -fuse-linker-plugin -fno-fat-lto-objects execution test
FAIL: gcc.dg/atomic/stdatomic-store-2.c -O2 -flto -fuse-linker-plugin -fno-fat-lto-objects execution test
FAIL: gcc.dg/atomic/stdatomic-store-3.c -O2 -flto -fuse-linker-plugin -fno-fat-lto-objects execution test
FAIL: gcc.dg/atomic/stdatomic-store-4.c -O2 -flto -fuse-linker-plugin -fno-fat-lto-objects execution test
FAIL: gcc.dg/atomic/stdatomic-vm.c -O2 -flto -fuse-linker-plugin -fno-fat-lto-objects execution test
FAIL: c-c++-common/cilk-plus/CK/test__cilk.c -O3 -flto -g -fcilkplus execution test
FAIL: gcc.dg/20081223-1.c (test for errors, line 5)
XPASS: gcc.dg/Wstrict-overflow-18.c (test for bogus messages, line 20)
XPASS: gcc.dg/binop-xor1.c scan-tree-dump-times optimized "\\\\^" 1
FAIL: gcc.dg/float-exact-1.c (test for excess errors)
WARNING: gcc.dg/float-exact-1.c compilation failed to produce executable
FAIL: gcc.dg/uninit-pred-8_b.c bogus warning (test for bogus messages, line 20)
FAIL: gcc.dg/uninit-pred-9_b.c bogus warning (test for bogus messages, line 24)
FAIL: gcc.dg/unroll_1.c (test for warnings, line 14)
FAIL: gcc.dg/unroll_1.c (test for warnings, line 24)
FAIL: gcc.dg/lto/20081024 c_lto_20081024_0.o-c_lto_20081024_0.o execute -O0 -flto -flto-partition=none -fuse-linker-plugin
FAIL: gcc.dg/lto/20081024 c_lto_20081024_0.o-c_lto_20081024_0.o execute -O2 -flto -flto-partition=none -fuse-linker-plugin -fno-fat-lto-objects
FAIL: gcc.dg/lto/20081024 c_lto_20081024_0.o-c_lto_20081024_0.o execute -O0 -flto -fuse-linker-plugin -fno-fat-lto-objects
FAIL: gcc.dg/lto/20081024 c_lto_20081024_0.o-c_lto_20081024_0.o execute -O2 -flto -fuse-linker-plugin
FAIL: gcc.dg/lto/20081111 c_lto_20081111_0.o-c_lto_20081111_1.o execute -O0 -flto -flto-partition=none -fuse-linker-plugin
FAIL: gcc.dg/lto/20081111 c_lto_20081111_0.o-c_lto_20081111_1.o execute -O2 -flto -flto-partition=none -fuse-linker-plugin -fno-fat-lto-objects
FAIL: gcc.dg/lto/20081111 c_lto_20081111_0.o-c_lto_20081111_1.o execute -O0 -flto -fuse-linker-plugin -fno-fat-lto-objects
FAIL: gcc.dg/lto/20081111 c_lto_20081111_0.o-c_lto_20081111_1.o execute -O2 -flto -fuse-linker-plugin
FAIL: gcc.dg/lto/20081112 c_lto_20081112_0.o-c_lto_20081112_1.o execute -O0 -flto -flto-partition=none -fuse-linker-plugin
FAIL: gcc.dg/lto/20081112 c_lto_20081112_0.o-c_lto_20081112_1.o execute -O2 -flto -flto-partition=none -fuse-linker-plugin -fno-fat-lto-objects
FAIL: gcc.dg/lto/20081112 c_lto_20081112_0.o-c_lto_20081112_1.o execute -O0 -flto -fuse-linker-plugin -fno-fat-lto-objects
FAIL: gcc.dg/lto/20081112 c_lto_20081112_0.o-c_lto_20081112_1.o execute -O2 -flto -fuse-linker-plugin
FAIL: gcc.dg/lto/20081115 c_lto_20081115_0.o-c_lto_20081115_2.o execute -O2 -DOPTIMIZE -flto -flto-partition=1to1
FAIL: gcc.dg/lto/20081115 c_lto_20081115_0.o-c_lto_20081115_2.o execute -O0 -flto -flto-partition=1to1
FAIL: gcc.dg/lto/20081118 c_lto_20081118_0.o-c_lto_20081118_2.o execute -O2 -DOPTIMIZE -flto -flto-partition=1to1
FAIL: gcc.dg/lto/20081118 c_lto_20081118_0.o-c_lto_20081118_2.o execute -O0 -flto -flto-partition=1to1
FAIL: gcc.dg/lto/20081125 c_lto_20081125_0.o-c_lto_20081125_1.o execute -O0 -flto -flto-partition=none -fuse-linker-plugin
FAIL: gcc.dg/lto/20081125 c_lto_20081125_0.o-c_lto_20081125_1.o execute -O2 -flto -flto-partition=none -fuse-linker-plugin -fno-fat-lto-objects
FAIL: gcc.dg/lto/20081125 c_lto_20081125_0.o-c_lto_20081125_1.o execute -O0 -flto -fuse-linker-plugin -fno-fat-lto-objects
FAIL: gcc.dg/lto/20081125 c_lto_20081125_0.o-c_lto_20081125_1.o execute -O2 -flto -fuse-linker-plugin
FAIL: gcc.dg/lto/20081201-1 c_lto_20081201-1_0.o-c_lto_20081201-1_2.o execute -O2 -DOPTIMIZE -flto -flto-partition=1to1
FAIL: gcc.dg/lto/20081201-1 c_lto_20081201-1_0.o-c_lto_20081201-1_2.o execute -O0 -flto -flto-partition=1to1
FAIL: gcc.dg/lto/20081201-2 c_lto_20081201-2_0.o-c_lto_20081201-2_1.o execute -O3 -flto -flto-partition=1to1
FAIL: gcc.dg/lto/20081202-1 c_lto_20081202-1_0.o-c_lto_20081202-1_1.o execute -flto -flto-partition=1to1 -O3
FAIL: gcc.dg/lto/20081202-2 c_lto_20081202-2_0.o-c_lto_20081202-2_1.o execute -flto -flto-partition=1to1 -O3
FAIL: gcc.dg/lto/20081210-1 c_lto_20081210-1_0.o-c_lto_20081210-1_0.o execute -O0 -flto -flto-partition=none -fuse-linker-plugin
FAIL: gcc.dg/lto/20081210-1 c_lto_20081210-1_0.o-c_lto_20081210-1_0.o execute -O2 -flto -flto-partition=none -fuse-linker-plugin -fno-fat-lto-objects
FAIL: gcc.dg/lto/20081210-1 c_lto_20081210-1_0.o-c_lto_20081210-1_0.o execute -O0 -flto -fuse-linker-plugin -fno-fat-lto-objects
FAIL: gcc.dg/lto/20081210-1 c_lto_20081210-1_0.o-c_lto_20081210-1_0.o execute -O2 -flto -fuse-linker-plugin
FAIL: gcc.dg/lto/20081222 c_lto_20081222_0.o-c_lto_20081222_1.o execute -O0 -flto -flto-partition=none -fuse-linker-plugin
FAIL: gcc.dg/lto/20081222 c_lto_20081222_0.o-c_lto_20081222_1.o execute -O2 -flto -flto-partition=none -fuse-linker-plugin -fno-fat-lto-objects
FAIL: gcc.dg/lto/20081222 c_lto_20081222_0.o-c_lto_20081222_1.o execute -O0 -flto -fuse-linker-plugin -fno-fat-lto-objects
FAIL: gcc.dg/lto/20081222 c_lto_20081222_0.o-c_lto_20081222_1.o execute -O2 -flto -fuse-linker-plugin
FAIL: gcc.dg/lto/20090120 c_lto_20090120_0.o-c_lto_20090120_0.o execute -flto -funsigned-char
FAIL: gcc.dg/lto/20090210 c_lto_20090210_0.o-c_lto_20090210_1.o execute -O0 -flto -flto-partition=none -fuse-linker-plugin
FAIL: gcc.dg/lto/20090210 c_lto_20090210_0.o-c_lto_20090210_1.o execute -O2 -flto -flto-partition=none -fuse-linker-plugin -fno-fat-lto-objects
FAIL: gcc.dg/lto/20090210 c_lto_20090210_0.o-c_lto_20090210_1.o execute -O0 -flto -fuse-linker-plugin -fno-fat-lto-objects
FAIL: gcc.dg/lto/20090210 c_lto_20090210_0.o-c_lto_20090210_1.o execute -O2 -flto -fuse-linker-plugin
FAIL: gcc.dg/lto/20090213 c_lto_20090213_0.o-c_lto_20090213_1.o execute -O0 -flto -flto-partition=none -fuse-linker-plugin
FAIL: gcc.dg/lto/20090213 c_lto_20090213_0.o-c_lto_20090213_1.o execute -O2 -flto -flto-partition=none -fuse-linker-plugin -fno-fat-lto-objects
FAIL: gcc.dg/lto/20090213 c_lto_20090213_0.o-c_lto_20090213_1.o execute -O0 -flto -fuse-linker-plugin -fno-fat-lto-objects
FAIL: gcc.dg/lto/20090213 c_lto_20090213_0.o-c_lto_20090213_1.o execute -O2 -flto -fuse-linker-plugin
FAIL: gcc.dg/lto/20090218-1 c_lto_20090218-1_0.o-c_lto_20090218-1_1.o execute -O0 -flto -flto-partition=none -fuse-linker-plugin
FAIL: gcc.dg/lto/20090218-1 c_lto_20090218-1_0.o-c_lto_20090218-1_1.o execute -O2 -flto -flto-partition=none -fuse-linker-plugin -fno-fat-lto-objects
FAIL: gcc.dg/lto/20090218-1 c_lto_20090218-1_0.o-c_lto_20090218-1_1.o execute -O0 -flto -fuse-linker-plugin -fno-fat-lto-objects
FAIL: gcc.dg/lto/20090218-1 c_lto_20090218-1_0.o-c_lto_20090218-1_1.o execute -O2 -flto -fuse-linker-plugin
FAIL: gcc.dg/lto/20090218-2 c_lto_20090218-2_0.o-c_lto_20090218-2_1.o execute -O0 -flto -flto-partition=none -fuse-linker-plugin
FAIL: gcc.dg/lto/20090218-2 c_lto_20090218-2_0.o-c_lto_20090218-2_1.o execute -O2 -flto -flto-partition=none -fuse-linker-plugin -fno-fat-lto-objects
FAIL: gcc.dg/lto/20090218-2 c_lto_20090218-2_0.o-c_lto_20090218-2_1.o execute -O0 -flto -fuse-linker-plugin -fno-fat-lto-objects
FAIL: gcc.dg/lto/20090218-2 c_lto_20090218-2_0.o-c_lto_20090218-2_1.o execute -O2 -flto -fuse-linker-plugin
FAIL: gcc.dg/lto/20090218 c_lto_20090218_0.o-c_lto_20090218_3.o execute -O0 -flto -flto-partition=none -fuse-linker-plugin
FAIL: gcc.dg/lto/20090218 c_lto_20090218_0.o-c_lto_20090218_3.o execute -O2 -flto -flto-partition=none -fuse-linker-plugin -fno-fat-lto-objects
FAIL: gcc.dg/lto/20090218 c_lto_20090218_0.o-c_lto_20090218_3.o execute -O0 -flto -fuse-linker-plugin -fno-fat-lto-objects
FAIL: gcc.dg/lto/20090218 c_lto_20090218_0.o-c_lto_20090218_3.o execute -O2 -flto -fuse-linker-plugin
FAIL: gcc.dg/lto/20090706-1 c_lto_20090706-1_0.o-c_lto_20090706-1_0.o execute -O0 -flto -flto-partition=none -fuse-linker-plugin
FAIL: gcc.dg/lto/20090706-1 c_lto_20090706-1_0.o-c_lto_20090706-1_0.o execute -O2 -flto -flto-partition=none -fuse-linker-plugin -fno-fat-lto-objects
FAIL: gcc.dg/lto/20090706-1 c_lto_20090706-1_0.o-c_lto_20090706-1_0.o execute -O0 -flto -fuse-linker-plugin -fno-fat-lto-objects
FAIL: gcc.dg/lto/20090706-1 c_lto_20090706-1_0.o-c_lto_20090706-1_0.o execute -O2 -flto -fuse-linker-plugin
FAIL: gcc.dg/lto/20090706-2 c_lto_20090706-2_0.o-c_lto_20090706-2_0.o execute -O0 -flto -flto-partition=none -fuse-linker-plugin
FAIL: gcc.dg/lto/20090706-2 c_lto_20090706-2_0.o-c_lto_20090706-2_0.o execute -O2 -flto -flto-partition=none -fuse-linker-plugin -fno-fat-lto-objects
FAIL: gcc.dg/lto/20090706-2 c_lto_20090706-2_0.o-c_lto_20090706-2_0.o execute -O0 -flto -fuse-linker-plugin -fno-fat-lto-objects
FAIL: gcc.dg/lto/20090706-2 c_lto_20090706-2_0.o-c_lto_20090706-2_0.o execute -O2 -flto -fuse-linker-plugin
FAIL: gcc.dg/lto/20090717 c_lto_20090717_0.o-c_lto_20090717_1.o execute -O0 -flto -flto-partition=none -fuse-linker-plugin
FAIL: gcc.dg/lto/20090717 c_lto_20090717_0.o-c_lto_20090717_1.o execute -O2 -flto -flto-partition=none -fuse-linker-plugin -fno-fat-lto-objects
FAIL: gcc.dg/lto/20090717 c_lto_20090717_0.o-c_lto_20090717_1.o execute -O0 -flto -fuse-linker-plugin -fno-fat-lto-objects
FAIL: gcc.dg/lto/20090717 c_lto_20090717_0.o-c_lto_20090717_1.o execute -O2 -flto -fuse-linker-plugin
FAIL: gcc.dg/lto/20090812 c_lto_20090812_0.o-c_lto_20090812_1.o execute -O0 -flto -flto-partition=none -fuse-linker-plugin
FAIL: gcc.dg/lto/20090812 c_lto_20090812_0.o-c_lto_20090812_1.o execute -O2 -flto -flto-partition=none -fuse-linker-plugin -fno-fat-lto-objects
FAIL: gcc.dg/lto/20090812 c_lto_20090812_0.o-c_lto_20090812_1.o execute -O0 -flto -fuse-linker-plugin -fno-fat-lto-objects
FAIL: gcc.dg/lto/20090812 c_lto_20090812_0.o-c_lto_20090812_1.o execute -O2 -flto -fuse-linker-plugin
FAIL: gcc.dg/lto/20091005-1 c_lto_20091005-1_0.o-c_lto_20091005-1_1.o execute -O0 -flto -flto-partition=none -fuse-linker-plugin
FAIL: gcc.dg/lto/20091005-1 c_lto_20091005-1_0.o-c_lto_20091005-1_1.o execute -O2 -flto -flto-partition=none -fuse-linker-plugin -fno-fat-lto-objects
FAIL: gcc.dg/lto/20091005-1 c_lto_20091005-1_0.o-c_lto_20091005-1_1.o execute -O0 -flto -fuse-linker-plugin -fno-fat-lto-objects
FAIL: gcc.dg/lto/20091005-1 c_lto_20091005-1_0.o-c_lto_20091005-1_1.o execute -O2 -flto -fuse-linker-plugin
FAIL: gcc.dg/lto/20091017-1 c_lto_20091017-1_0.o-c_lto_20091017-1_1.o execute -O0 -flto -flto-partition=none -fuse-linker-plugin
FAIL: gcc.dg/lto/20091017-1 c_lto_20091017-1_0.o-c_lto_20091017-1_1.o execute -O2 -flto -flto-partition=none -fuse-linker-plugin -fno-fat-lto-objects
FAIL: gcc.dg/lto/20091017-1 c_lto_20091017-1_0.o-c_lto_20091017-1_1.o execute -O0 -flto -fuse-linker-plugin -fno-fat-lto-objects
FAIL: gcc.dg/lto/20091017-1 c_lto_20091017-1_0.o-c_lto_20091017-1_1.o execute -O2 -flto -fuse-linker-plugin
FAIL: gcc.dg/lto/20091216-1 c_lto_20091216-1_0.o-c_lto_20091216-1_0.o execute -O0 -flto -flto-partition=none -fuse-linker-plugin
FAIL: gcc.dg/lto/20091216-1 c_lto_20091216-1_0.o-c_lto_20091216-1_0.o execute -O2 -flto -flto-partition=none -fuse-linker-plugin -fno-fat-lto-objects
FAIL: gcc.dg/lto/20091216-1 c_lto_20091216-1_0.o-c_lto_20091216-1_0.o execute -O0 -flto -fuse-linker-plugin -fno-fat-lto-objects
FAIL: gcc.dg/lto/20091216-1 c_lto_20091216-1_0.o-c_lto_20091216-1_0.o execute -O2 -flto -fuse-linker-plugin
FAIL: gcc.dg/lto/20100423-1 c_lto_20100423-1_0.o-c_lto_20100423-1_1.o execute -O0 -flto -flto-partition=none -fuse-linker-plugin
FAIL: gcc.dg/lto/20100423-1 c_lto_20100423-1_0.o-c_lto_20100423-1_1.o execute -O2 -flto -flto-partition=none -fuse-linker-plugin -fno-fat-lto-objects
FAIL: gcc.dg/lto/20100423-1 c_lto_20100423-1_0.o-c_lto_20100423-1_1.o execute -O0 -flto -fuse-linker-plugin -fno-fat-lto-objects
FAIL: gcc.dg/lto/20100423-1 c_lto_20100423-1_0.o-c_lto_20100423-1_1.o execute -O2 -flto -fuse-linker-plugin
FAIL: gcc.dg/lto/20100720-1 c_lto_20100720-1_0.o-c_lto_20100720-1_1.o execute -O0 -flto -flto-partition=none -fuse-linker-plugin
FAIL: gcc.dg/lto/20100720-1 c_lto_20100720-1_0.o-c_lto_20100720-1_1.o execute -O2 -flto -flto-partition=none -fuse-linker-plugin -fno-fat-lto-objects
FAIL: gcc.dg/lto/20100720-1 c_lto_20100720-1_0.o-c_lto_20100720-1_1.o execute -O0 -flto -fuse-linker-plugin -fno-fat-lto-objects
FAIL: gcc.dg/lto/20100720-1 c_lto_20100720-1_0.o-c_lto_20100720-1_1.o execute -O2 -flto -fuse-linker-plugin
FAIL: gcc.dg/lto/20100720-2 c_lto_20100720-2_0.o-c_lto_20100720-2_1.o execute -O0 -flto -flto-partition=none -fuse-linker-plugin
FAIL: gcc.dg/lto/20100720-2 c_lto_20100720-2_0.o-c_lto_20100720-2_1.o execute -O2 -flto -flto-partition=none -fuse-linker-plugin -fno-fat-lto-objects
FAIL: gcc.dg/lto/20100720-2 c_lto_20100720-2_0.o-c_lto_20100720-2_1.o execute -O0 -flto -fuse-linker-plugin -fno-fat-lto-objects
FAIL: gcc.dg/lto/20100720-2 c_lto_20100720-2_0.o-c_lto_20100720-2_1.o execute -O2 -flto -fuse-linker-plugin
FAIL: gcc.dg/lto/20100720-3 c_lto_20100720-3_0.o-c_lto_20100720-3_1.o execute -O0 -flto -flto-partition=none -fuse-linker-plugin
FAIL: gcc.dg/lto/20100720-3 c_lto_20100720-3_0.o-c_lto_20100720-3_1.o execute -O2 -flto -flto-partition=none -fuse-linker-plugin -fno-fat-lto-objects
FAIL: gcc.dg/lto/20100720-3 c_lto_20100720-3_0.o-c_lto_20100720-3_1.o execute -O0 -flto -fuse-linker-plugin -fno-fat-lto-objects
FAIL: gcc.dg/lto/20100720-3 c_lto_20100720-3_0.o-c_lto_20100720-3_1.o execute -O2 -flto -fuse-linker-plugin
FAIL: gcc.dg/lto/20100722-1 c_lto_20100722-1_0.o-c_lto_20100722-1_0.o execute -O0 -flto -flto-partition=none -fuse-linker-plugin
FAIL: gcc.dg/lto/20100722-1 c_lto_20100722-1_0.o-c_lto_20100722-1_0.o execute -O2 -flto -flto-partition=none -fuse-linker-plugin -fno-fat-lto-objects
FAIL: gcc.dg/lto/20100722-1 c_lto_20100722-1_0.o-c_lto_20100722-1_0.o execute -O0 -flto -flto-partition=1to1 -fno-use-linker-plugin
FAIL: gcc.dg/lto/20100722-1 c_lto_20100722-1_0.o-c_lto_20100722-1_0.o execute -O2 -flto -flto-partition=1to1 -fno-use-linker-plugin
FAIL: gcc.dg/lto/20100722-1 c_lto_20100722-1_0.o-c_lto_20100722-1_0.o execute -O0 -flto -fuse-linker-plugin -fno-fat-lto-objects
FAIL: gcc.dg/lto/20100722-1 c_lto_20100722-1_0.o-c_lto_20100722-1_0.o execute -O2 -flto -fuse-linker-plugin
FAIL: gcc.dg/lto/20110201-1 c_lto_20110201-1_0.o-c_lto_20110201-1_0.o execute -O0 -flto
FAIL: gcc.dg/lto/20111207-1 c_lto_20111207-1_0.o-c_lto_20111207-1_3.o execute -flto
FAIL: gcc.dg/lto/20111207-2 c_lto_20111207-2_0.o-c_lto_20111207-2_0.o execute -g -O -flto
FAIL: gcc.dg/lto/20120723 c_lto_20120723_0.o-c_lto_20120723_1.o execute -O3 -fno-early-inlining -flto
FAIL: gcc.dg/lto/attr-weakref-1 c_lto_attr-weakref-1_0.o-c_lto_attr-weakref-1_2.o execute -O0 -flto -flto-partition=none -fuse-linker-plugin
FAIL: gcc.dg/lto/attr-weakref-1 c_lto_attr-weakref-1_0.o-c_lto_attr-weakref-1_2.o execute -O2 -flto -flto-partition=none -fuse-linker-plugin -fno-fat-lto-objects
FAIL: gcc.dg/lto/attr-weakref-1 c_lto_attr-weakref-1_0.o-c_lto_attr-weakref-1_2.o execute -O0 -flto -fuse-linker-plugin -fno-fat-lto-objects
FAIL: gcc.dg/lto/attr-weakref-1 c_lto_attr-weakref-1_0.o-c_lto_attr-weakref-1_2.o execute -O2 -flto -fuse-linker-plugin
FAIL: gcc.dg/lto/const-uniq c_lto_const-uniq_0.o-c_lto_const-uniq_1.o execute -Os -flto -flto-partition=none
FAIL: gcc.dg/lto/const-uniq c_lto_const-uniq_0.o-c_lto_const-uniq_1.o execute -Os -flto -flto-partition=1to1
FAIL: gcc.dg/lto/ipacp c_lto_ipacp_0.o-c_lto_ipacp_1.o execute -O1 -flto -flto-partition=1to1 -fipa-cp -fipa-cp-clone
FAIL: gcc.dg/lto/ipareference2 c_lto_ipareference2_0.o-c_lto_ipareference2_1.o execute -O1 -flto -flto-partition=1to1 -fwhole-program
FAIL: gcc.dg/lto/ipareference c_lto_ipareference_0.o-c_lto_ipareference_1.o execute -O1 -flto -flto-partition=1to1
FAIL: gcc.dg/lto/materialize-1 c_lto_materialize-1_0.o-c_lto_materialize-1_1.o execute -O3 -flto -flto-partition=1to1
FAIL: gcc.dg/lto/noreturn-1 c_lto_noreturn-1_0.o-c_lto_noreturn-1_1.o execute -O2 -flto -flto-partition=1to1
FAIL: gcc.dg/lto/pr46940 c_lto_pr46940_0.o-c_lto_pr46940_1.o execute -O0 -flto -flto-partition=none -fuse-linker-plugin
FAIL: gcc.dg/lto/pr46940 c_lto_pr46940_0.o-c_lto_pr46940_1.o execute -O2 -flto -flto-partition=none -fuse-linker-plugin -fno-fat-lto-objects
FAIL: gcc.dg/lto/pr46940 c_lto_pr46940_0.o-c_lto_pr46940_1.o execute -O0 -flto -flto-partition=1to1 -fno-use-linker-plugin
FAIL: gcc.dg/lto/pr46940 c_lto_pr46940_0.o-c_lto_pr46940_1.o execute -O2 -flto -flto-partition=1to1 -fno-use-linker-plugin
FAIL: gcc.dg/lto/pr46940 c_lto_pr46940_0.o-c_lto_pr46940_1.o execute -O0 -flto -fuse-linker-plugin -fno-fat-lto-objects
FAIL: gcc.dg/lto/pr46940 c_lto_pr46940_0.o-c_lto_pr46940_1.o execute -O2 -flto -fuse-linker-plugin
FAIL: gcc.dg/lto/pr53214 c_lto_pr53214_0.o-c_lto_pr53214_0.o execute -O0 -flto -flto-partition=none -fuse-linker-plugin
FAIL: gcc.dg/lto/pr53214 c_lto_pr53214_0.o-c_lto_pr53214_0.o execute -O2 -flto -flto-partition=none -fuse-linker-plugin -fno-fat-lto-objects
FAIL: gcc.dg/lto/pr53214 c_lto_pr53214_0.o-c_lto_pr53214_0.o execute -O0 -flto -fuse-linker-plugin -fno-fat-lto-objects
FAIL: gcc.dg/lto/pr53214 c_lto_pr53214_0.o-c_lto_pr53214_0.o execute -O2 -flto -fuse-linker-plugin
FAIL: gcc.dg/lto/pr55660 c_lto_pr55660_0.o-c_lto_pr55660_1.o execute -O0 -flto -flto-partition=none -fuse-linker-plugin
FAIL: gcc.dg/lto/pr55660 c_lto_pr55660_0.o-c_lto_pr55660_1.o execute -O2 -flto -flto-partition=none -fuse-linker-plugin -fno-fat-lto-objects
FAIL: gcc.dg/lto/pr55660 c_lto_pr55660_0.o-c_lto_pr55660_1.o execute -O0 -flto -fuse-linker-plugin -fno-fat-lto-objects
FAIL: gcc.dg/lto/pr55660 c_lto_pr55660_0.o-c_lto_pr55660_1.o execute -O2 -flto -fuse-linker-plugin
FAIL: gcc.dg/lto/pr55703 c_lto_pr55703_0.o-c_lto_pr55703_0.o execute -O2 -flto -fno-tree-copy-prop -fno-tree-dce
FAIL: gcc.dg/lto/pr56168 c_lto_pr56168_0.o-c_lto_pr56168_1.o execute -flto -O -ffast-math -fno-builtin
FAIL: gcc.dg/lto/resolutions c_lto_resolutions_0.o-c_lto_resolutions_0.o execute -O0 -flto -flto-partition=none -fuse-linker-plugin
FAIL: gcc.dg/lto/resolutions c_lto_resolutions_0.o-c_lto_resolutions_0.o execute -O2 -flto -flto-partition=none -fuse-linker-plugin -fno-fat-lto-objects
FAIL: gcc.dg/lto/resolutions c_lto_resolutions_0.o-c_lto_resolutions_0.o execute -O0 -flto -flto-partition=1to1 -fno-use-linker-plugin
FAIL: gcc.dg/lto/resolutions c_lto_resolutions_0.o-c_lto_resolutions_0.o execute -O2 -flto -flto-partition=1to1 -fno-use-linker-plugin
FAIL: gcc.dg/lto/resolutions c_lto_resolutions_0.o-c_lto_resolutions_0.o execute -O0 -flto -fuse-linker-plugin -fno-fat-lto-objects
FAIL: gcc.dg/lto/resolutions c_lto_resolutions_0.o-c_lto_resolutions_0.o execute -O2 -flto -fuse-linker-plugin
FAIL: gcc.dg/torture/tls/run-gd.c -O2 -flto -fuse-linker-plugin -fno-fat-lto-objects execution test
FAIL: gcc.dg/torture/tls/run-ie.c -O2 -flto -fuse-linker-plugin -fno-fat-lto-objects execution test
FAIL: gcc.dg/torture/tls/run-ld.c -O2 -flto -fuse-linker-plugin -fno-fat-lto-objects execution test
FAIL: gcc.dg/torture/tls/run-le.c -O2 -flto -fuse-linker-plugin -fno-fat-lto-objects execution test
FAIL: gcc.dg/torture/tls/thr-init-1.c -O2 -flto -fuse-linker-plugin -fno-fat-lto-objects execution test
FAIL: gcc.dg/torture/tls/thr-init-2.c -O2 -flto -fuse-linker-plugin -fno-fat-lto-objects execution test
FAIL: gcc.dg/torture/tls/tls-reload-1.c -O2 -flto -fuse-linker-plugin -fno-fat-lto-objects execution test
FAIL: gcc.dg/torture/tls/tls-test.c -O2 -flto -fuse-linker-plugin -fno-fat-lto-objects execution test
FAIL: gcc.dg/tree-prof/crossmodule-indircall-1.c execution, -fprofile-generate -D_PROFILE_GENERATE
UNRESOLVED: gcc.dg/tree-prof/crossmodule-indircall-1.c compilation, -fprofile-use -D_PROFILE_USE
UNRESOLVED: gcc.dg/tree-prof/crossmodule-indircall-1.c execution, -fprofile-use -D_PROFILE_USE
FAIL: gcc.dg/vect/pr58508.c scan-tree-dump-times vect "hoist" 8
FAIL: gcc.dg/vect/vect-reduc-pattern-3.c scan-tree-dump-times vect "vectorized 1 loops" 1
UNRESOLVED: gcc.dg/vect/pr18400.c -flto scan-tree-dump-times vect "vectorized 1 loops" 1
UNRESOLVED: gcc.dg/vect/pr18536.c -flto scan-tree-dump-times vect "vectorized 1 loops" 1
UNRESOLVED: gcc.dg/vect/pr20122.c -flto scan-tree-dump-times vect "vectorized 1 loops" 3
UNRESOLVED: gcc.dg/vect/pr20122.c -flto scan-tree-dump-times vect "Alignment of access forced using versioning" 2
UNRESOLVED: gcc.dg/vect/pr21591.c -flto scan-tree-dump-times vect "vectorized 2 loops" 1
UNRESOLVED: gcc.dg/vect/pr30795.c -flto scan-tree-dump-times vect "vectorized 1 loops" 1
UNRESOLVED: gcc.dg/vect/pr30858.c -flto scan-tree-dump-times vect "vectorized 0 loops" 1
UNRESOLVED: gcc.dg/vect/pr30858.c -flto scan-tree-dump vect "Unknown def-use cycle pattern."
UNRESOLVED: gcc.dg/vect/pr32824.c -flto scan-tree-dump-times vect "vectorized 1 loops" 1
UNRESOLVED: gcc.dg/vect/pr33804.c -flto scan-tree-dump-times vect "vectorized 1 loops" 1
UNRESOLVED: gcc.dg/vect/pr33804.c -flto scan-tree-dump-times vect "vectorizing stmts using SLP" 1
UNRESOLVED: gcc.dg/vect/pr33953.c -flto scan-tree-dump-times vect "vectorized 1 loops" 1
UNRESOLVED: gcc.dg/vect/pr33953.c -flto scan-tree-dump-times vect "vectorizing stmts using SLP" 1
UNRESOLVED: gcc.dg/vect/pr36228.c -flto scan-tree-dump-times vect "versioning for alias required" 0
UNRESOLVED: gcc.dg/vect/pr36630.c -flto scan-tree-dump-times vect "vectorized 1 loops" 1
UNRESOLVED: gcc.dg/vect/pr37027.c -flto scan-tree-dump-times vect "vectorized 1 loops" 1
UNRESOLVED: gcc.dg/vect/pr37027.c -flto scan-tree-dump-times vect "vectorizing stmts using SLP" 1
UNRESOLVED: gcc.dg/vect/pr40542.c -flto scan-tree-dump-times vect "vectorized 1 loops" 1
UNRESOLVED: gcc.dg/vect/pr45752.c -flto scan-tree-dump-times vect "vectorized 1 loops" 0
UNRESOLVED: gcc.dg/vect/pr45752.c -flto scan-tree-dump-times vect "vectorizing stmts using SLP" 0
UNRESOLVED: gcc.dg/vect/pr53773.c -flto scan-tree-dump-times optimized "\\\\* 10" 2
UNRESOLVED: gcc.dg/vect/pr57705.c -flto scan-tree-dump-times vect "vectorized 1 loop" 2
UNRESOLVED: gcc.dg/vect/pr58508.c -flto scan-tree-dump-times vect "hoist" 8
UNRESOLVED: gcc.dg/vect/vect-10-big-array.c -flto scan-tree-dump-times vect "vectorized 1 loops" 1
UNRESOLVED: gcc.dg/vect/vect-10.c -flto scan-tree-dump-times vect "vectorized 1 loops" 1
UNRESOLVED: gcc.dg/vect/vect-100.c -flto scan-tree-dump-times vect "vectorized 2 loops" 0
UNRESOLVED: gcc.dg/vect/vect-103.c -flto scan-tree-dump-times vect "vectorized 1 loops" 1
UNRESOLVED: gcc.dg/vect/vect-103.c -flto scan-tree-dump-times vect "dependence distance modulo vf == 0" 1
UNRESOLVED: gcc.dg/vect/vect-104.c -flto scan-tree-dump-times vect "vectorized 1 loops" 0
UNRESOLVED: gcc.dg/vect/vect-104.c -flto scan-tree-dump-times vect "possible dependence between data-refs" 1
UNRESOLVED: gcc.dg/vect/vect-105-big-array.c -flto scan-tree-dump-times vect "vectorized 1 loops" 1
UNRESOLVED: gcc.dg/vect/vect-105-big-array.c -flto scan-tree-dump-times vect "Alignment of access forced using versioning" 2
UNRESOLVED: gcc.dg/vect/vect-105-big-array.c -flto scan-tree-dump-times vect "possible dependence between data-refs" 0
UNRESOLVED: gcc.dg/vect/vect-105.c -flto scan-tree-dump-times vect "vectorized 1 loops" 1
UNRESOLVED: gcc.dg/vect/vect-105.c -flto scan-tree-dump-times vect "Alignment of access forced using versioning" 2
UNRESOLVED: gcc.dg/vect/vect-105.c -flto scan-tree-dump-times vect "possible dependence between data-refs" 0
UNRESOLVED: gcc.dg/vect/vect-106.c -flto scan-tree-dump-times vect "vectorized 2 loops" 1
UNRESOLVED: gcc.dg/vect/vect-109.c -flto scan-tree-dump-times vect "not vectorized: unsupported unaligned store" 2
UNRESOLVED: gcc.dg/vect/vect-115.c -flto scan-tree-dump-times vect "vectorized 2 loops" 1
UNRESOLVED: gcc.dg/vect/vect-117.c -flto scan-tree-dump-times vect "vectorized 1 loops" 1
UNRESOLVED: gcc.dg/vect/vect-117.c -flto scan-tree-dump-times vect "possible dependence between data-refs" 0
UNRESOLVED: gcc.dg/vect/vect-118.c -flto scan-tree-dump-times vect "vectorized 1 loops" 1
UNRESOLVED: gcc.dg/vect/vect-119.c -flto scan-tree-dump-times vect "Detected interleaving of size 2" 1
UNRESOLVED: gcc.dg/vect/vect-12.c -flto scan-tree-dump-times vect "vectorized 1 loops" 1
UNRESOLVED: gcc.dg/vect/vect-123.c -flto scan-tree-dump vect "vectorized 1 loops"
UNRESOLVED: gcc.dg/vect/vect-13.c -flto scan-tree-dump-times vect "vectorized 1 loops" 1
UNRESOLVED: gcc.dg/vect/vect-13.c -flto scan-tree-dump-times vect "Vectorizing an unaligned access" 0
UNRESOLVED: gcc.dg/vect/vect-14.c -flto scan-tree-dump-times vect "vectorized 1 loops" 1
UNRESOLVED: gcc.dg/vect/vect-17.c -flto scan-tree-dump-times vect "vectorized 3 loops" 1
UNRESOLVED: gcc.dg/vect/vect-17.c -flto scan-tree-dump-times vect "Vectorizing an unaligned access" 0
UNRESOLVED: gcc.dg/vect/vect-18.c -flto scan-tree-dump-times vect "vectorized 3 loops" 1
UNRESOLVED: gcc.dg/vect/vect-18.c -flto scan-tree-dump-times vect "Vectorizing an unaligned access" 0
UNRESOLVED: gcc.dg/vect/vect-19.c -flto scan-tree-dump-times vect "vectorized 3 loops" 1
UNRESOLVED: gcc.dg/vect/vect-19.c -flto scan-tree-dump-times vect "Vectorizing an unaligned access" 0
UNRESOLVED: gcc.dg/vect/vect-2-big-array.c -flto scan-tree-dump-times vect "vectorized 1 loops" 1
UNRESOLVED: gcc.dg/vect/vect-2-big-array.c -flto scan-tree-dump-times vect "Vectorizing an unaligned access" 0
UNRESOLVED: gcc.dg/vect/vect-2.c -flto scan-tree-dump-times vect "vectorized 1 loops" 1
UNRESOLVED: gcc.dg/vect/vect-2.c -flto scan-tree-dump-times vect "Vectorizing an unaligned access" 0
UNRESOLVED: gcc.dg/vect/vect-20.c -flto scan-tree-dump-times vect "vectorized 3 loops" 1
UNRESOLVED: gcc.dg/vect/vect-20.c -flto scan-tree-dump-times vect "Vectorizing an unaligned access" 0
UNRESOLVED: gcc.dg/vect/vect-21.c -flto scan-tree-dump-times vect "Vectorizing an unaligned access" 0
UNRESOLVED: gcc.dg/vect/vect-23.c -flto scan-tree-dump-times vect "vectorized 3 loops" 1
UNRESOLVED: gcc.dg/vect/vect-23.c -flto scan-tree-dump-times vect "Vectorizing an unaligned access" 0
UNRESOLVED: gcc.dg/vect/vect-24.c -flto scan-tree-dump-times vect "vectorized 3 loops" 1
UNRESOLVED: gcc.dg/vect/vect-24.c -flto scan-tree-dump-times vect "Vectorizing an unaligned access" 0
UNRESOLVED: gcc.dg/vect/vect-25.c -flto scan-tree-dump-times vect "vectorized 2 loops" 1
UNRESOLVED: gcc.dg/vect/vect-25.c -flto scan-tree-dump-times vect "Vectorizing an unaligned access" 0
UNRESOLVED: gcc.dg/vect/vect-26.c -flto scan-tree-dump-times vect "vectorized 1 loops" 1
UNRESOLVED: gcc.dg/vect/vect-26.c -flto scan-tree-dump-times vect "Vectorizing an unaligned access" 0
UNRESOLVED: gcc.dg/vect/vect-26.c -flto scan-tree-dump-times vect "Alignment of access forced using peeling" 1
UNRESOLVED: gcc.dg/vect/vect-27.c -flto scan-tree-dump-times vect "vectorized 2 loops" 1
UNRESOLVED: gcc.dg/vect/vect-27.c -flto scan-tree-dump-times vect "vectorized 1 loops" 1
UNRESOLVED: gcc.dg/vect/vect-27.c -flto scan-tree-dump-times vect "Vectorizing an unaligned access" 1
UNRESOLVED: gcc.dg/vect/vect-27.c -flto scan-tree-dump-times vect "Alignment of access forced using peeling" 0
UNRESOLVED: gcc.dg/vect/vect-28.c -flto scan-tree-dump-times vect "vectorized 1 loops" 1
UNRESOLVED: gcc.dg/vect/vect-28.c -flto scan-tree-dump-times vect "Vectorizing an unaligned access" 0
UNRESOLVED: gcc.dg/vect/vect-28.c -flto scan-tree-dump-times vect "Alignment of access forced using peeling" 1
UNRESOLVED: gcc.dg/vect/vect-29.c -flto scan-tree-dump-times vect "vectorized 2 loops" 1
UNRESOLVED: gcc.dg/vect/vect-29.c -flto scan-tree-dump-times vect "Vectorizing an unaligned access" 1
UNRESOLVED: gcc.dg/vect/vect-29.c -flto scan-tree-dump-times vect "Alignment of access forced using peeling" 0
UNRESOLVED: gcc.dg/vect/vect-29.c -flto scan-tree-dump-times vect "Alignment of access forced using versioning." 1
UNRESOLVED: gcc.dg/vect/vect-31-big-array.c -flto scan-tree-dump-times vect "vectorized 4 loops" 1
UNRESOLVED: gcc.dg/vect/vect-31.c -flto scan-tree-dump-times vect "vectorized 4 loops" 1
UNRESOLVED: gcc.dg/vect/vect-32-big-array.c -flto scan-tree-dump-times vect "vectorized 1 loops" 1
UNRESOLVED: gcc.dg/vect/vect-32-big-array.c -flto scan-tree-dump-times vect "Vectorizing an unaligned access" 0
UNRESOLVED: gcc.dg/vect/vect-32.c -flto scan-tree-dump-times vect "vectorized 1 loops" 1
UNRESOLVED: gcc.dg/vect/vect-32.c -flto scan-tree-dump-times vect "Vectorizing an unaligned access" 0
UNRESOLVED: gcc.dg/vect/vect-33-big-array.c -flto scan-tree-dump-times vect "vectorized 1 loops" 1
UNRESOLVED: gcc.dg/vect/vect-33-big-array.c -flto scan-tree-dump-times vect "Vectorizing an unaligned access" 0
UNRESOLVED: gcc.dg/vect/vect-33-big-array.c -flto scan-tree-dump-times vect "Alignment of access forced using peeling" 1
UNRESOLVED: gcc.dg/vect/vect-33.c -flto scan-tree-dump-times vect "vectorized 1 loops" 1
UNRESOLVED: gcc.dg/vect/vect-33.c -flto scan-tree-dump-times vect "Vectorizing an unaligned access" 0
UNRESOLVED: gcc.dg/vect/vect-33.c -flto scan-tree-dump vect "Alignment of access forced using peeling"
UNRESOLVED: gcc.dg/vect/vect-34-big-array.c -flto scan-tree-dump-times vect "vectorized 1 loops" 1
UNRESOLVED: gcc.dg/vect/vect-34.c -flto scan-tree-dump-times vect "vectorized 1 loops" 1
UNRESOLVED: gcc.dg/vect/vect-35-big-array.c -flto scan-tree-dump-times vect "vectorized 2 loops" 1
UNRESOLVED: gcc.dg/vect/vect-35-big-array.c -flto scan-tree-dump-times vect "can't determine dependence between" 1
UNRESOLVED: gcc.dg/vect/vect-35.c -flto scan-tree-dump-times vect "vectorized 2 loops" 1
UNRESOLVED: gcc.dg/vect/vect-35.c -flto scan-tree-dump vect "can't determine dependence between"
UNRESOLVED: gcc.dg/vect/vect-36-big-array.c -flto scan-tree-dump-times vect "vectorized 1 loops" 1
UNRESOLVED: gcc.dg/vect/vect-36.c -flto scan-tree-dump-times vect "vectorized 1 loops" 1
UNRESOLVED: gcc.dg/vect/vect-62.c -flto scan-tree-dump-times vect "vectorized 1 loops" 1
UNRESOLVED: gcc.dg/vect/vect-62.c -flto scan-tree-dump-times vect "Vectorizing an unaligned access" 0
UNRESOLVED: gcc.dg/vect/vect-63.c -flto scan-tree-dump-times vect "vectorized 1 loops" 1
UNRESOLVED: gcc.dg/vect/vect-64.c -flto scan-tree-dump-times vect "vectorized 3 loops" 1
UNRESOLVED: gcc.dg/vect/vect-65.c -flto scan-tree-dump-times vect "vectorized 2 loops" 1
UNRESOLVED: gcc.dg/vect/vect-66.c -flto scan-tree-dump-times vect "vectorized 1 loops" 3
UNRESOLVED: gcc.dg/vect/vect-67.c -flto scan-tree-dump-times vect "vectorized 1 loops" 1
UNRESOLVED: gcc.dg/vect/vect-67.c -flto scan-tree-dump-times vect "Vectorizing an unaligned access" 0
UNRESOLVED: gcc.dg/vect/vect-68.c -flto scan-tree-dump-times vect "vectorized 4 loops" 1
UNRESOLVED: gcc.dg/vect/vect-7.c -flto scan-tree-dump-times vect "vectorized 2 loops" 1
UNRESOLVED: gcc.dg/vect/vect-7.c -flto scan-tree-dump-times vect "Vectorizing an unaligned access" 0
UNRESOLVED: gcc.dg/vect/vect-70.c -flto scan-tree-dump-times vect "vectorized 1 loops" 1
UNRESOLVED: gcc.dg/vect/vect-70.c -flto scan-tree-dump-times vect "Vectorizing an unaligned access" 0
UNRESOLVED: gcc.dg/vect/vect-70.c -flto scan-tree-dump-times vect "Alignment of access forced using peeling" 1
UNRESOLVED: gcc.dg/vect/vect-71.c -flto scan-tree-dump-times vect "vectorized 1 loops" 1
UNRESOLVED: gcc.dg/vect/vect-72.c -flto scan-tree-dump-times vect "vectorized 1 loops" 1
UNRESOLVED: gcc.dg/vect/vect-72.c -flto scan-tree-dump-times vect "Vectorizing an unaligned access" 1
UNRESOLVED: gcc.dg/vect/vect-72.c -flto scan-tree-dump-times vect "Alignment of access forced using peeling" 0
UNRESOLVED: gcc.dg/vect/vect-73-big-array.c -flto scan-tree-dump-times vect "vectorized 1 loops" 1
UNRESOLVED: gcc.dg/vect/vect-73-big-array.c -flto scan-tree-dump-times vect "Vectorizing an unaligned access" 0
UNRESOLVED: gcc.dg/vect/vect-73.c -flto scan-tree-dump-times vect "vectorized 1 loops" 1
UNRESOLVED: gcc.dg/vect/vect-73.c -flto scan-tree-dump-times vect "Vectorizing an unaligned access" 0
UNRESOLVED: gcc.dg/vect/vect-75-big-array.c -flto scan-tree-dump-times vect "vectorized 1 loops" 1
UNRESOLVED: gcc.dg/vect/vect-75-big-array.c -flto scan-tree-dump-times vect "Alignment of access forced using versioning" 1
UNRESOLVED: gcc.dg/vect/vect-75-big-array.c -flto scan-tree-dump-times vect "Vectorizing an unaligned access" 1
UNRESOLVED: gcc.dg/vect/vect-75.c -flto scan-tree-dump-times vect "vectorized 1 loops" 1
UNRESOLVED: gcc.dg/vect/vect-75.c -flto scan-tree-dump-times vect "Alignment of access forced using versioning" 1
UNRESOLVED: gcc.dg/vect/vect-75.c -flto scan-tree-dump-times vect "Vectorizing an unaligned access" 1
UNRESOLVED: gcc.dg/vect/vect-76-big-array.c -flto scan-tree-dump-times vect "vectorized 3 loops" 1
UNRESOLVED: gcc.dg/vect/vect-76.c -flto scan-tree-dump-times vect "vectorized 3 loops" 1
UNRESOLVED: gcc.dg/vect/vect-77-alignchecks.c -flto scan-tree-dump-times vect "vectorized 1 loops" 1
UNRESOLVED: gcc.dg/vect/vect-77-alignchecks.c -flto scan-tree-dump-times vect "Vectorizing an unaligned access" 1
UNRESOLVED: gcc.dg/vect/vect-77-alignchecks.c -flto scan-tree-dump-times vect "Alignment of access forced using versioning." 1
UNRESOLVED: gcc.dg/vect/vect-77-global.c -flto scan-tree-dump-times vect "vectorized 1 loops" 1
UNRESOLVED: gcc.dg/vect/vect-77-global.c -flto scan-tree-dump-times vect "Vectorizing an unaligned access" 1
UNRESOLVED: gcc.dg/vect/vect-77-global.c -flto scan-tree-dump-times vect "Alignment of access forced using peeling" 0
UNRESOLVED: gcc.dg/vect/vect-77-global.c -flto scan-tree-dump-times vect "Alignment of access forced using versioning." 1
UNRESOLVED: gcc.dg/vect/vect-77.c -flto scan-tree-dump-times vect "vectorized 1 loops" 1
UNRESOLVED: gcc.dg/vect/vect-78-alignchecks.c -flto scan-tree-dump-times vect "vectorized 1 loops" 1
UNRESOLVED: gcc.dg/vect/vect-78-alignchecks.c -flto scan-tree-dump-times vect "Vectorizing an unaligned access" 1
UNRESOLVED: gcc.dg/vect/vect-78-alignchecks.c -flto scan-tree-dump-times vect "Alignment of access forced using versioning." 1
UNRESOLVED: gcc.dg/vect/vect-78-global.c -flto scan-tree-dump-times vect "vectorized 1 loops" 1
UNRESOLVED: gcc.dg/vect/vect-78-global.c -flto scan-tree-dump-times vect "Vectorizing an unaligned access" 1
UNRESOLVED: gcc.dg/vect/vect-78-global.c -flto scan-tree-dump-times vect "Alignment of access forced using peeling" 0
UNRESOLVED: gcc.dg/vect/vect-78-global.c -flto scan-tree-dump-times vect "Alignment of access forced using versioning." 1
UNRESOLVED: gcc.dg/vect/vect-78.c -flto scan-tree-dump-times vect "vectorized 1 loops" 1
UNRESOLVED: gcc.dg/vect/vect-85-big-array.c -flto scan-tree-dump-times vect "vectorized 1 loops" 1
UNRESOLVED: gcc.dg/vect/vect-85.c -flto scan-tree-dump-times vect "vectorized 1 loops" 1
UNRESOLVED: gcc.dg/vect/vect-86.c -flto scan-tree-dump-times vect "vectorized 1 loops" 1
UNRESOLVED: gcc.dg/vect/vect-86.c -flto scan-tree-dump-times vect "Vectorizing an unaligned access" 0
UNRESOLVED: gcc.dg/vect/vect-86.c -flto scan-tree-dump-times vect "Alignment of access forced using peeling" 0
UNRESOLVED: gcc.dg/vect/vect-87.c -flto scan-tree-dump-times vect "vectorized 1 loops" 1
UNRESOLVED: gcc.dg/vect/vect-87.c -flto scan-tree-dump-times vect "Vectorizing an unaligned access" 0
UNRESOLVED: gcc.dg/vect/vect-87.c -flto scan-tree-dump-times vect "Alignment of access forced using peeling" 1
UNRESOLVED: gcc.dg/vect/vect-88.c -flto scan-tree-dump-times vect "vectorized 1 loops" 1
UNRESOLVED: gcc.dg/vect/vect-88.c -flto scan-tree-dump-times vect "Vectorizing an unaligned access" 0
UNRESOLVED: gcc.dg/vect/vect-88.c -flto scan-tree-dump-times vect "Alignment of access forced using peeling" 1
UNRESOLVED: gcc.dg/vect/vect-89-big-array.c -flto scan-tree-dump-times vect "vectorized 1 loops" 1
UNRESOLVED: gcc.dg/vect/vect-89-big-array.c -flto scan-tree-dump-times vect "Vectorizing an unaligned access" 0
UNRESOLVED: gcc.dg/vect/vect-89-big-array.c -flto scan-tree-dump-times vect "Alignment of access forced using peeling" 1
UNRESOLVED: gcc.dg/vect/vect-89.c -flto scan-tree-dump-times vect "vectorized 1 loops" 1
UNRESOLVED: gcc.dg/vect/vect-89.c -flto scan-tree-dump-times vect "Vectorizing an unaligned access" 0
UNRESOLVED: gcc.dg/vect/vect-89.c -flto scan-tree-dump-times vect "Alignment of access forced using peeling" 1
UNRESOLVED: gcc.dg/vect/vect-91.c -flto scan-tree-dump-times vect "vectorized 1 loops" 3
UNRESOLVED: gcc.dg/vect/vect-91.c -flto scan-tree-dump-times vect "Alignment of access forced using peeling" 3
UNRESOLVED: gcc.dg/vect/vect-96.c -flto scan-tree-dump-times vect "vectorized 1 loops" 1
UNRESOLVED: gcc.dg/vect/vect-96.c -flto scan-tree-dump-times vect "Alignment of access forced using peeling" 1
UNRESOLVED: gcc.dg/vect/vect-96.c -flto scan-tree-dump-times vect "Alignment of access forced using versioning." 1
UNRESOLVED: gcc.dg/vect/vect-97-big-array.c -flto scan-tree-dump-times vect "vectorized 2 loops" 1
UNRESOLVED: gcc.dg/vect/vect-97-big-array.c -flto scan-tree-dump-times vect "Vectorizing an unaligned access" 0
UNRESOLVED: gcc.dg/vect/vect-97.c -flto scan-tree-dump-times vect "vectorized 2 loops" 1
UNRESOLVED: gcc.dg/vect/vect-97.c -flto scan-tree-dump-times vect "Vectorizing an unaligned access" 0
UNRESOLVED: gcc.dg/vect/vect-98-big-array.c -flto scan-tree-dump-times vect "vectorized 1 loops" 0
UNRESOLVED: gcc.dg/vect/vect-98.c -flto scan-tree-dump-times vect "vectorized 1 loops" 0
UNRESOLVED: gcc.dg/vect/vect-99.c -flto scan-tree-dump-times vect "vectorized 1 loops" 1
UNRESOLVED: gcc.dg/vect/vect-alias-check.c -flto scan-tree-dump-times vect "vectorized 1 loops" 1
UNRESOLVED: gcc.dg/vect/vect-align-1.c -flto scan-tree-dump-times vect "Alignment of access forced using versioning" 1
UNRESOLVED: gcc.dg/vect/vect-align-1.c -flto scan-tree-dump-times vect "vectorized 1 loops" 1
UNRESOLVED: gcc.dg/vect/vect-align-2.c -flto scan-tree-dump-times vect "Alignment of access forced using peeling" 0
UNRESOLVED: gcc.dg/vect/vect-align-2.c -flto scan-tree-dump-times vect "Alignment of access forced using versioning" 1
UNRESOLVED: gcc.dg/vect/vect-align-2.c -flto scan-tree-dump-times vect "vectorized 1 loops" 1
UNRESOLVED: gcc.dg/vect/vect-align-3.c -flto scan-tree-dump-not vect "vect_do_peeling_for_loop_bound"
UNRESOLVED: gcc.dg/vect/vect-align-3.c -flto scan-tree-dump-not vect "loop peeled for vectorization"
UNRESOLVED: gcc.dg/vect/vect-bool-1.c -flto scan-tree-dump vect "vectorized 1 loops"
UNRESOLVED: gcc.dg/vect/vect-complex-4.c -flto scan-tree-dump-times vect "vectorized 1 loops" 1
UNRESOLVED: gcc.dg/vect/vect-complex-4.c -flto scan-tree-dump-times vect "vectorizing stmts using SLP" 1
UNRESOLVED: gcc.dg/vect/vect-complex-5.c -flto scan-tree-dump-times vect "vectorizing stmts using SLP" 0
UNRESOLVED: gcc.dg/vect/vect-cselim-1.c -flto scan-tree-dump-times vect "vectorized 1 loops" 1
UNRESOLVED: gcc.dg/vect/vect-cselim-2.c -flto scan-tree-dump-times vect "vectorized 1 loops" 0
UNRESOLVED: gcc.dg/vect/vect-double-reduc-3.c -flto scan-tree-dump-times vect "OUTER LOOP VECTORIZED" 1
UNRESOLVED: gcc.dg/vect/vect-double-reduc-7.c -flto scan-tree-dump-times vect "OUTER LOOP VECTORIZED" 3
UNRESOLVED: gcc.dg/vect/vect-iv-1.c -flto scan-tree-dump-times vect "vectorized 1 loops" 1
UNRESOLVED: gcc.dg/vect/vect-iv-10.c -flto scan-tree-dump-times vect "vectorized 1 loops" 1
UNRESOLVED: gcc.dg/vect/vect-iv-11.c -flto scan-tree-dump-times vect "vectorized 1 loops" 1
UNRESOLVED: gcc.dg/vect/vect-iv-2.c -flto scan-tree-dump-times vect "vectorized 1 loops" 1
UNRESOLVED: gcc.dg/vect/vect-iv-3.c -flto scan-tree-dump-times vect "vectorized 1 loops" 1
UNRESOLVED: gcc.dg/vect/vect-iv-5.c -flto scan-tree-dump-times vect "vectorized 1 loops" 1
UNRESOLVED: gcc.dg/vect/vect-iv-7.c -flto scan-tree-dump-times vect "vectorized 1 loops" 1
UNRESOLVED: gcc.dg/vect/vect-iv-9.c -flto scan-tree-dump-times vect "vectorized 1 loops" 1
UNRESOLVED: gcc.dg/vect/vect-multitypes-1.c -flto scan-tree-dump-times vect "vectorized 1 loops" 2
UNRESOLVED: gcc.dg/vect/vect-multitypes-1.c -flto scan-tree-dump-times vect "Alignment of access forced using peeling" 2
UNRESOLVED: gcc.dg/vect/vect-multitypes-1.c -flto scan-tree-dump-times vect "Vectorizing an unaligned access" 4
UNRESOLVED: gcc.dg/vect/vect-multitypes-11.c -flto scan-tree-dump-times vect "vectorized 1 loops" 1
UNRESOLVED: gcc.dg/vect/vect-multitypes-12.c -flto scan-tree-dump-times vect "vectorized 1 loops" 1
UNRESOLVED: gcc.dg/vect/vect-multitypes-2.c -flto scan-tree-dump-times vect "vectorized 1 loops" 1
UNRESOLVED: gcc.dg/vect/vect-multitypes-3.c -flto scan-tree-dump-times vect "vectorized 1 loops" 1
UNRESOLVED: gcc.dg/vect/vect-multitypes-3.c -flto scan-tree-dump-times vect "Alignment of access forced using versioning" 3
UNRESOLVED: gcc.dg/vect/vect-multitypes-3.c -flto scan-tree-dump-times vect "Vectorizing an unaligned access" 3
UNRESOLVED: gcc.dg/vect/vect-multitypes-4.c -flto scan-tree-dump-times vect "vectorized 1 loops" 2
UNRESOLVED: gcc.dg/vect/vect-multitypes-4.c -flto scan-tree-dump-times vect "Alignment of access forced using peeling" 2
UNRESOLVED: gcc.dg/vect/vect-multitypes-4.c -flto scan-tree-dump-times vect "Vectorizing an unaligned access" 8
UNRESOLVED: gcc.dg/vect/vect-multitypes-5.c -flto scan-tree-dump-times vect "vectorized 1 loops" 1
UNRESOLVED: gcc.dg/vect/vect-multitypes-6.c -flto scan-tree-dump-times vect "vectorized 1 loops" 1
UNRESOLVED: gcc.dg/vect/vect-multitypes-6.c -flto scan-tree-dump-times vect "Alignment of access forced using versioning" 6
UNRESOLVED: gcc.dg/vect/vect-multitypes-6.c -flto scan-tree-dump-times vect "Vectorizing an unaligned access" 6
UNRESOLVED: gcc.dg/vect/vect-outer-1-big-array.c -flto scan-tree-dump-times vect "OUTER LOOP VECTORIZED" 1
UNRESOLVED: gcc.dg/vect/vect-outer-1-big-array.c -flto scan-tree-dump-times vect "grouped access in outer loop" 1
UNRESOLVED: gcc.dg/vect/vect-outer-1.c -flto scan-tree-dump-times vect "OUTER LOOP VECTORIZED" 1
UNRESOLVED: gcc.dg/vect/vect-outer-1.c -flto scan-tree-dump-times vect "grouped access in outer loop" 1
UNRESOLVED: gcc.dg/vect/vect-outer-1a-big-array.c -flto scan-tree-dump-times vect "OUTER LOOP VECTORIZED" 1
UNRESOLVED: gcc.dg/vect/vect-outer-1a-big-array.c -flto scan-tree-dump-times vect "grouped access in outer loop" 1
UNRESOLVED: gcc.dg/vect/vect-outer-1a.c -flto scan-tree-dump-times vect "OUTER LOOP VECTORIZED" 1
UNRESOLVED: gcc.dg/vect/vect-outer-1a.c -flto scan-tree-dump-times vect "grouped access in outer loop" 1
UNRESOLVED: gcc.dg/vect/vect-outer-1b-big-array.c -flto scan-tree-dump-times vect "OUTER LOOP VECTORIZED" 1
UNRESOLVED: gcc.dg/vect/vect-outer-1b-big-array.c -flto scan-tree-dump-times vect "grouped access in outer loop" 1
UNRESOLVED: gcc.dg/vect/vect-outer-1b.c -flto scan-tree-dump-times vect "OUTER LOOP VECTORIZED" 1
UNRESOLVED: gcc.dg/vect/vect-outer-1b.c -flto scan-tree-dump-times vect "grouped access in outer loop" 1
UNRESOLVED: gcc.dg/vect/vect-outer-4c-big-array.c -flto scan-tree-dump-times vect "zero step in outer loop." 1
UNRESOLVED: gcc.dg/vect/vect-outer-4c.c -flto scan-tree-dump vect "zero step in outer loop."
UNRESOLVED: gcc.dg/vect/vect-outer-4e.c -flto scan-tree-dump-times vect "OUTER LOOP VECTORIZED" 1
UNRESOLVED: gcc.dg/vect/vect-outer-4f.c -flto scan-tree-dump-times vect "OUTER LOOP VECTORIZED" 1
UNRESOLVED: gcc.dg/vect/vect-outer-4g.c -flto scan-tree-dump-times vect "OUTER LOOP VECTORIZED" 1
UNRESOLVED: gcc.dg/vect/vect-outer-4k.c -flto scan-tree-dump-times vect "OUTER LOOP VECTORIZED" 1
UNRESOLVED: gcc.dg/vect/vect-outer-4l.c -flto scan-tree-dump-times vect "OUTER LOOP VECTORIZED" 1
UNRESOLVED: gcc.dg/vect/vect-outer-4m-big-array.c -flto scan-tree-dump-times vect "OUTER LOOP VECTORIZED" 1
UNRESOLVED: gcc.dg/vect/vect-outer-4m.c -flto scan-tree-dump-times vect "OUTER LOOP VECTORIZED" 1
UNRESOLVED: gcc.dg/vect/vect-peel-1.c -flto scan-tree-dump-times vect "vectorized 1 loops" 1
UNRESOLVED: gcc.dg/vect/vect-peel-1.c -flto scan-tree-dump-times vect "Alignment of access forced using peeling" 1
UNRESOLVED: gcc.dg/vect/vect-peel-2.c -flto scan-tree-dump-times vect "vectorized 1 loops" 1
UNRESOLVED: gcc.dg/vect/vect-peel-3.c -flto scan-tree-dump-times vect "vectorized 1 loops" 1
UNRESOLVED: gcc.dg/vect/vect-peel-3.c -flto scan-tree-dump-times vect "Vectorizing an unaligned access" 1
UNRESOLVED: gcc.dg/vect/vect-peel-3.c -flto scan-tree-dump-times vect "Alignment of access forced using peeling" 1
UNRESOLVED: gcc.dg/vect/vect-peel-4.c -flto scan-tree-dump-times vect "vectorized 1 loops" 1
UNRESOLVED: gcc.dg/vect/vect-peel-4.c -flto scan-tree-dump-times vect "Vectorizing an unaligned access" 1
UNRESOLVED: gcc.dg/vect/vect-peel-4.c -flto scan-tree-dump-times vect "Alignment of access forced using peeling" 0
UNRESOLVED: gcc.dg/vect/vect-reduc-1.c -flto scan-tree-dump-times vect "vectorized 3 loops" 1
UNRESOLVED: gcc.dg/vect/vect-reduc-1char-big-array.c -flto scan-tree-dump-times vect "vectorized 3 loops" 1
UNRESOLVED: gcc.dg/vect/vect-reduc-1char.c -flto scan-tree-dump-times vect "vectorized 3 loops" 1
UNRESOLVED: gcc.dg/vect/vect-reduc-1short.c -flto scan-tree-dump-times vect "vectorized 3 loops" 1
UNRESOLVED: gcc.dg/vect/vect-reduc-2.c -flto scan-tree-dump-times vect "vectorized 3 loops" 1
UNRESOLVED: gcc.dg/vect/vect-reduc-2char-big-array.c -flto scan-tree-dump-times vect "vectorized 3 loops" 1
UNRESOLVED: gcc.dg/vect/vect-reduc-2char.c -flto scan-tree-dump-times vect "vectorized 3 loops" 1
UNRESOLVED: gcc.dg/vect/vect-reduc-2short.c -flto scan-tree-dump-times vect "vectorized 3 loops" 1
UNRESOLVED: gcc.dg/vect/vect-reduc-3.c -flto scan-tree-dump-times vect "vectorized 1 loops" 1
UNRESOLVED: gcc.dg/vect/vect-reduc-dot-s16a.c -flto scan-tree-dump-times vect "vect_recog_dot_prod_pattern: detected" 1
UNRESOLVED: gcc.dg/vect/vect-reduc-dot-s16b.c -flto scan-tree-dump-times vect "vectorized 1 loops" 0
UNRESOLVED: gcc.dg/vect/vect-reduc-dot-s16b.c -flto scan-tree-dump-times vect "vectorized 1 loops" 0
UNRESOLVED: gcc.dg/vect/vect-reduc-dot-s8a.c -flto scan-tree-dump-times vect "vect_recog_dot_prod_pattern: detected" 1
UNRESOLVED: gcc.dg/vect/vect-reduc-dot-s8a.c -flto scan-tree-dump-times vect "vect_recog_widen_mult_pattern: detected" 1
UNRESOLVED: gcc.dg/vect/vect-reduc-dot-s8b.c -flto scan-tree-dump-times vect "vect_recog_dot_prod_pattern: detected" 1
UNRESOLVED: gcc.dg/vect/vect-reduc-dot-s8b.c -flto scan-tree-dump-times vect "vect_recog_widen_mult_pattern: detected" 1
UNRESOLVED: gcc.dg/vect/vect-reduc-dot-s8b.c -flto scan-tree-dump-times vect "vectorized 1 loops" 1
UNRESOLVED: gcc.dg/vect/vect-reduc-dot-u16a.c -flto scan-tree-dump-times vect "vect_recog_dot_prod_pattern: detected" 1
UNRESOLVED: gcc.dg/vect/vect-reduc-dot-u16b.c -flto scan-tree-dump-times vect "vect_recog_dot_prod_pattern: detected" 1
UNRESOLVED: gcc.dg/vect/vect-reduc-dot-u16b.c -flto scan-tree-dump-times vect "vectorized 1 loops" 2
UNRESOLVED: gcc.dg/vect/vect-reduc-dot-u8a.c -flto scan-tree-dump-times vect "vect_recog_dot_prod_pattern: detected" 1
UNRESOLVED: gcc.dg/vect/vect-reduc-dot-u8b.c -flto scan-tree-dump-times vect "vect_recog_dot_prod_pattern: detected" 1
UNRESOLVED: gcc.dg/vect/vect-reduc-pattern-1a.c -flto scan-tree-dump-times vect "vect_recog_widen_sum_pattern: detected" 1
UNRESOLVED: gcc.dg/vect/vect-reduc-pattern-1a.c -flto scan-tree-dump-times vect "vectorized 1 loops" 0
UNRESOLVED: gcc.dg/vect/vect-reduc-pattern-1b-big-array.c -flto scan-tree-dump-times vect "vect_recog_widen_sum_pattern: detected" 1
UNRESOLVED: gcc.dg/vect/vect-reduc-pattern-1b-big-array.c -flto scan-tree-dump-times vect "vectorized 1 loops" 0
UNRESOLVED: gcc.dg/vect/vect-reduc-pattern-1b.c -flto scan-tree-dump vect "vect_recog_widen_sum_pattern: detected"
UNRESOLVED: gcc.dg/vect/vect-reduc-pattern-1b.c -flto scan-tree-dump-times vect "vectorized 1 loops" 0
UNRESOLVED: gcc.dg/vect/vect-reduc-pattern-1c-big-array.c -flto scan-tree-dump-times vect "vect_recog_widen_sum_pattern: detected" 1
UNRESOLVED: gcc.dg/vect/vect-reduc-pattern-1c-big-array.c -flto scan-tree-dump-times vect "vectorized 1 loops" 0
UNRESOLVED: gcc.dg/vect/vect-reduc-pattern-1c.c -flto scan-tree-dump vect "vect_recog_widen_sum_pattern: detected"
UNRESOLVED: gcc.dg/vect/vect-reduc-pattern-1c.c -flto scan-tree-dump-times vect "vectorized 1 loops" 0
UNRESOLVED: gcc.dg/vect/vect-reduc-pattern-2a.c -flto scan-tree-dump-times vect "vect_recog_widen_sum_pattern: detected" 1
UNRESOLVED: gcc.dg/vect/vect-reduc-pattern-2a.c -flto scan-tree-dump-times vect "vectorized 1 loops" 0
UNRESOLVED: gcc.dg/vect/vect-reduc-pattern-2b-big-array.c -flto scan-tree-dump-times vect "vect_recog_widen_sum_pattern: detected" 1
UNRESOLVED: gcc.dg/vect/vect-reduc-pattern-2b-big-array.c -flto scan-tree-dump-times vect "vectorized 1 loops" 0
UNRESOLVED: gcc.dg/vect/vect-reduc-pattern-2b.c -flto scan-tree-dump vect "vect_recog_widen_sum_pattern: detected"
UNRESOLVED: gcc.dg/vect/vect-reduc-pattern-2b.c -flto scan-tree-dump-times vect "vectorized 1 loops" 0
UNRESOLVED: gcc.dg/vect/vect-reduc-pattern-2c.c -flto scan-tree-dump-times vect "vect_recog_widen_sum_pattern: detected" 1
UNRESOLVED: gcc.dg/vect/vect-reduc-pattern-2c.c -flto scan-tree-dump-times vect "vectorized 1 loops" 1
UNRESOLVED: gcc.dg/vect/vect-reduc-pattern-2c.c -flto scan-tree-dump-times vect "vectorized 1 loops" 0
UNRESOLVED: gcc.dg/vect/vect-reduc-pattern-3.c -flto scan-tree-dump-times vect "vectorized 1 loops" 1
UNRESOLVED: gcc.dg/vect/vect-strided-store-u32-i2.c -flto scan-tree-dump-times vect "vectorized 0 loops" 1
UNRESOLVED: gcc.dg/vect/vect-vfa-01.c -flto scan-tree-dump-times vect "vectorized 1 loops" 1
UNRESOLVED: gcc.dg/vect/vect-vfa-02.c -flto scan-tree-dump-times vect "vectorized 1 loops" 1
UNRESOLVED: gcc.dg/vect/vect-vfa-03.c -flto scan-tree-dump-times vect "vectorized 1 loops" 0
UNRESOLVED: gcc.dg/vect/vect-vfa-04.c -flto scan-tree-dump-times vect "vectorized 1 loops" 1
UNRESOLVED: gcc.dg/vect/vect-vfa-slp.c -flto scan-tree-dump-times vect "vectorized 1 loops" 1
UNRESOLVED: gcc.dg/vect/vect-widen-mult-sum.c -flto scan-tree-dump-times vect "vect_recog_widen_mult_pattern: detected" 1
UNRESOLVED: gcc.dg/vect/slp-1.c -flto scan-tree-dump-times vect "vectorized 4 loops" 1
UNRESOLVED: gcc.dg/vect/slp-1.c -flto scan-tree-dump-times vect "vectorizing stmts using SLP" 4
UNRESOLVED: gcc.dg/vect/slp-10.c -flto scan-tree-dump-times vect "vectorized 0 loops" 1
UNRESOLVED: gcc.dg/vect/slp-10.c -flto scan-tree-dump-times vect "vectorizing stmts using SLP" 0
UNRESOLVED: gcc.dg/vect/slp-11a.c -flto scan-tree-dump-times vect "vectorized 0 loops" 1
UNRESOLVED: gcc.dg/vect/slp-11a.c -flto scan-tree-dump-times vect "vectorizing stmts using SLP" 0
UNRESOLVED: gcc.dg/vect/slp-11b.c -flto scan-tree-dump-times vect "vectorized 0 loops" 1
UNRESOLVED: gcc.dg/vect/slp-11b.c -flto scan-tree-dump-times vect "vectorizing stmts using SLP" 0
UNRESOLVED: gcc.dg/vect/slp-11c.c -flto scan-tree-dump-times vect "vectorized 0 loops" 1
UNRESOLVED: gcc.dg/vect/slp-11c.c -flto scan-tree-dump-times vect "vectorizing stmts using SLP" 0
UNRESOLVED: gcc.dg/vect/slp-12a.c -flto scan-tree-dump-times vect "vectorized 0 loops" 1
UNRESOLVED: gcc.dg/vect/slp-12a.c -flto scan-tree-dump-times vect "vectorizing stmts using SLP" 0
UNRESOLVED: gcc.dg/vect/slp-12c.c -flto scan-tree-dump-times vect "vectorized 0 loops" 1
UNRESOLVED: gcc.dg/vect/slp-12c.c -flto scan-tree-dump-times vect "vectorizing stmts using SLP" 0
UNRESOLVED: gcc.dg/vect/slp-13-big-array.c -flto scan-tree-dump-times vect "vectorizing stmts using SLP" 3
UNRESOLVED: gcc.dg/vect/slp-13-big-array.c -flto scan-tree-dump-times vect "vectorizing stmts using SLP" 1
UNRESOLVED: gcc.dg/vect/slp-13.c -flto scan-tree-dump-times vect "vectorizing stmts using SLP" 3
UNRESOLVED: gcc.dg/vect/slp-13.c -flto scan-tree-dump-times vect "vectorizing stmts using SLP" 1
UNRESOLVED: gcc.dg/vect/slp-15.c -flto scan-tree-dump-times vect "vectorized 0 loops" 1
UNRESOLVED: gcc.dg/vect/slp-15.c -flto scan-tree-dump-times vect "vectorizing stmts using SLP" 0
UNRESOLVED: gcc.dg/vect/slp-17.c -flto scan-tree-dump-times vect "vectorized 1 loops" 1
UNRESOLVED: gcc.dg/vect/slp-17.c -flto scan-tree-dump-times vect "vectorizing stmts using SLP" 2
UNRESOLVED: gcc.dg/vect/slp-19a.c -flto scan-tree-dump-times vect "vectorized 0 loops" 1
UNRESOLVED: gcc.dg/vect/slp-19a.c -flto scan-tree-dump-times vect "vectorizing stmts using SLP" 0
UNRESOLVED: gcc.dg/vect/slp-19b.c -flto scan-tree-dump-times vect "vectorized 0 loops" 1
UNRESOLVED: gcc.dg/vect/slp-19b.c -flto scan-tree-dump-times vect "vectorizing stmts using SLP" 0
UNRESOLVED: gcc.dg/vect/slp-19c.c -flto scan-tree-dump-times vect "vectorized 1 loops" 1
UNRESOLVED: gcc.dg/vect/slp-19c.c -flto scan-tree-dump-times vect "vectorizing stmts using SLP" 1
UNRESOLVED: gcc.dg/vect/slp-2.c -flto scan-tree-dump-times vect "vectorized 4 loops" 1
UNRESOLVED: gcc.dg/vect/slp-2.c -flto scan-tree-dump-times vect "vectorizing stmts using SLP" 4
UNRESOLVED: gcc.dg/vect/slp-20.c -flto scan-tree-dump-times vect "vectorized 2 loops" 1
UNRESOLVED: gcc.dg/vect/slp-20.c -flto scan-tree-dump-times vect "vectorizing stmts using SLP" 4
UNRESOLVED: gcc.dg/vect/slp-21.c -flto scan-tree-dump-times vect "vectorized 1 loops" 1
UNRESOLVED: gcc.dg/vect/slp-21.c -flto scan-tree-dump-times vect "vectorizing stmts using SLP" 0
UNRESOLVED: gcc.dg/vect/slp-22.c -flto scan-tree-dump-times vect "vectorized 2 loops" 1
UNRESOLVED: gcc.dg/vect/slp-22.c -flto scan-tree-dump-times vect "vectorizing stmts using SLP" 6
UNRESOLVED: gcc.dg/vect/slp-23.c -flto scan-tree-dump-times vect "vectorizing stmts using SLP" 1
UNRESOLVED: gcc.dg/vect/slp-24-big-array.c -flto scan-tree-dump-times vect "vectorized 1 loops" 1
UNRESOLVED: gcc.dg/vect/slp-24-big-array.c -flto scan-tree-dump-times vect "vectorizing stmts using SLP" 2
UNRESOLVED: gcc.dg/vect/slp-24.c -flto scan-tree-dump-times vect "vectorized 1 loops" 1
UNRESOLVED: gcc.dg/vect/slp-24.c -flto scan-tree-dump-times vect "vectorizing stmts using SLP" 2
UNRESOLVED: gcc.dg/vect/slp-25.c -flto scan-tree-dump-times vect "vectorized 2 loops" 1
UNRESOLVED: gcc.dg/vect/slp-25.c -flto scan-tree-dump-times vect "Vectorizing an unaligned access" 0
UNRESOLVED: gcc.dg/vect/slp-25.c -flto scan-tree-dump-times vect "Alignment of access forced using peeling" 2
UNRESOLVED: gcc.dg/vect/slp-26.c -flto scan-tree-dump-times vect "vectorized 0 loops" 1
UNRESOLVED: gcc.dg/vect/slp-26.c -flto scan-tree-dump-times vect "vectorizing stmts using SLP" 0
UNRESOLVED: gcc.dg/vect/slp-28.c -flto scan-tree-dump-times vect "vectorized 1 loops" 1
UNRESOLVED: gcc.dg/vect/slp-28.c -flto scan-tree-dump-times vect "vectorizing stmts using SLP" 1
UNRESOLVED: gcc.dg/vect/slp-3-big-array.c -flto scan-tree-dump-times vect "vectorized 4 loops" 1
UNRESOLVED: gcc.dg/vect/slp-3-big-array.c -flto scan-tree-dump-times vect "vectorizing stmts using SLP" 4
UNRESOLVED: gcc.dg/vect/slp-3.c -flto scan-tree-dump-times vect "vectorized 3 loops" 1
UNRESOLVED: gcc.dg/vect/slp-3.c -flto scan-tree-dump-times vect "vectorizing stmts using SLP" 3
UNRESOLVED: gcc.dg/vect/slp-33.c -flto scan-tree-dump-times vect "vectorized 0 loops" 1
UNRESOLVED: gcc.dg/vect/slp-33.c -flto scan-tree-dump-times vect "vectorizing stmts using SLP" 0
UNRESOLVED: gcc.dg/vect/slp-34-big-array.c -flto scan-tree-dump-times vect "vectorized 1 loops" 1
UNRESOLVED: gcc.dg/vect/slp-34-big-array.c -flto scan-tree-dump-times vect "vectorizing stmts using SLP" 2
UNRESOLVED: gcc.dg/vect/slp-34.c -flto scan-tree-dump-times vect "vectorized 1 loops" 1
UNRESOLVED: gcc.dg/vect/slp-34.c -flto scan-tree-dump-times vect "vectorizing stmts using SLP" 2
UNRESOLVED: gcc.dg/vect/slp-35.c -flto scan-tree-dump-times vect "vectorized 1 loops" 1
UNRESOLVED: gcc.dg/vect/slp-35.c -flto scan-tree-dump-times vect "vectorizing stmts using SLP" 1
UNRESOLVED: gcc.dg/vect/slp-37.c -flto scan-tree-dump-times vect "vectorized 1 loops" 0
UNRESOLVED: gcc.dg/vect/slp-37.c -flto scan-tree-dump-times vect "vectorizing stmts using SLP" 0
UNRESOLVED: gcc.dg/vect/slp-4-big-array.c -flto scan-tree-dump-times vect "vectorized 3 loops" 1
UNRESOLVED: gcc.dg/vect/slp-4-big-array.c -flto scan-tree-dump-times vect "vectorizing stmts using SLP" 3
UNRESOLVED: gcc.dg/vect/slp-4.c -flto scan-tree-dump-times vect "vectorized 3 loops" 1
UNRESOLVED: gcc.dg/vect/slp-4.c -flto scan-tree-dump-times vect "vectorizing stmts using SLP" 3
UNRESOLVED: gcc.dg/vect/slp-5.c -flto scan-tree-dump-times vect "vectorized 3 loops" 1
UNRESOLVED: gcc.dg/vect/slp-5.c -flto scan-tree-dump-times vect "vectorizing stmts using SLP" 3
UNRESOLVED: gcc.dg/vect/slp-6.c -flto scan-tree-dump-times vect "vectorized 2 loops" 1
UNRESOLVED: gcc.dg/vect/slp-6.c -flto scan-tree-dump-times vect "vectorizing stmts using SLP" 2
UNRESOLVED: gcc.dg/vect/slp-7.c -flto scan-tree-dump-times vect "vectorized 2 loops" 1
UNRESOLVED: gcc.dg/vect/slp-7.c -flto scan-tree-dump-times vect "vectorizing stmts using SLP" 2
UNRESOLVED: gcc.dg/vect/slp-multitypes-1.c -flto scan-tree-dump-times vect "vectorized 1 loops" 1
UNRESOLVED: gcc.dg/vect/slp-multitypes-1.c -flto scan-tree-dump-times vect "vectorizing stmts using SLP" 2
UNRESOLVED: gcc.dg/vect/slp-multitypes-12.c -flto scan-tree-dump-times vect "vectorized 1 loops" 1
UNRESOLVED: gcc.dg/vect/slp-multitypes-12.c -flto scan-tree-dump-times vect "vectorizing stmts using SLP" 3
UNRESOLVED: gcc.dg/vect/slp-multitypes-2.c -flto scan-tree-dump-times vect "vectorized 1 loops" 1
UNRESOLVED: gcc.dg/vect/slp-multitypes-2.c -flto scan-tree-dump-times vect "vectorizing stmts using SLP" 2
UNRESOLVED: gcc.dg/vect/slp-multitypes-3.c -flto scan-tree-dump-times vect "vectorized 1 loops" 1
UNRESOLVED: gcc.dg/vect/slp-multitypes-3.c -flto scan-tree-dump-times vect "vectorizing stmts using SLP" 2
UNRESOLVED: gcc.dg/vect/slp-perm-4.c -flto scan-tree-dump-times vect "vectorized 1 loops" 0
UNRESOLVED: gcc.dg/vect/slp-perm-4.c -flto scan-tree-dump-times vect "vectorizing stmts using SLP" 0
UNRESOLVED: gcc.dg/vect/slp-perm-9.c -flto scan-tree-dump-times vect "vectorized 1 loops" 1
UNRESOLVED: gcc.dg/vect/slp-perm-9.c -flto scan-tree-dump-times vect "vectorizing stmts using SLP" 0
UNRESOLVED: gcc.dg/vect/slp-reduc-1.c -flto scan-tree-dump-times vect "vectorized 1 loops" 1
UNRESOLVED: gcc.dg/vect/slp-reduc-1.c -flto scan-tree-dump-times vect "vectorizing stmts using SLP" 1
UNRESOLVED: gcc.dg/vect/slp-reduc-2.c -flto scan-tree-dump-times vect "vectorized 1 loops" 1
UNRESOLVED: gcc.dg/vect/slp-reduc-2.c -flto scan-tree-dump-times vect "vectorizing stmts using SLP" 1
UNRESOLVED: gcc.dg/vect/slp-reduc-3.c -flto scan-tree-dump-times vect "vect_recog_dot_prod_pattern: detected" 1
UNRESOLVED: gcc.dg/vect/slp-reduc-3.c -flto scan-tree-dump-times vect "vectorizing stmts using SLP" 1
UNRESOLVED: gcc.dg/vect/slp-reduc-4.c -flto scan-tree-dump-times vect "vectorized 1 loops" 1
UNRESOLVED: gcc.dg/vect/slp-reduc-4.c -flto scan-tree-dump-times vect "vectorizing stmts using SLP" 1
UNRESOLVED: gcc.dg/vect/slp-reduc-5.c -flto scan-tree-dump-times vect "vectorized 1 loops" 2
UNRESOLVED: gcc.dg/vect/slp-reduc-5.c -flto scan-tree-dump-times vect "vectorizing stmts using SLP" 1
UNRESOLVED: gcc.dg/vect/slp-reduc-6.c -flto scan-tree-dump-times vect "vectorized 1 loops" 2
UNRESOLVED: gcc.dg/vect/slp-reduc-6.c -flto scan-tree-dump-times vect "vectorizing stmts using SLP" 0
UNRESOLVED: gcc.dg/vect/slp-reduc-6.c -flto scan-tree-dump-times vect "different interleaving chains in one node" 1
UNRESOLVED: gcc.dg/vect/bb-slp-1.c -flto scan-tree-dump-times slp "basic block vectorized" 1
UNRESOLVED: gcc.dg/vect/bb-slp-10.c -flto scan-tree-dump-times slp "unsupported alignment in basic block." 1
UNRESOLVED: gcc.dg/vect/bb-slp-14.c -flto scan-tree-dump-times slp "basic block vectorized" 0
UNRESOLVED: gcc.dg/vect/bb-slp-16.c -flto scan-tree-dump-times slp "basic block vectorized" 1
UNRESOLVED: gcc.dg/vect/bb-slp-19.c -flto scan-tree-dump-times slp "basic block vectorized" 1
UNRESOLVED: gcc.dg/vect/bb-slp-2.c -flto scan-tree-dump-times slp "basic block vectorized" 1
UNRESOLVED: gcc.dg/vect/bb-slp-21.c -flto scan-tree-dump-times slp "basic block vectorized" 1
UNRESOLVED: gcc.dg/vect/bb-slp-21.c -flto scan-tree-dump-times slp "vectorizing stmts using SLP" 1
UNRESOLVED: gcc.dg/vect/bb-slp-22.c -flto scan-tree-dump-times slp "basic block vectorized" 1
UNRESOLVED: gcc.dg/vect/bb-slp-3.c -flto scan-tree-dump-times slp "basic block vectorized" 1
UNRESOLVED: gcc.dg/vect/bb-slp-30.c -flto scan-tree-dump-times slp "basic block vectorized" 1
UNRESOLVED: gcc.dg/vect/bb-slp-32.c -flto scan-tree-dump slp "vectorization is not profitable"
UNRESOLVED: gcc.dg/vect/bb-slp-4.c -flto scan-tree-dump-times slp "basic block vectorized" 0
UNRESOLVED: gcc.dg/vect/bb-slp-5.c -flto scan-tree-dump-times slp "basic block vectorized" 1
UNRESOLVED: gcc.dg/vect/bb-slp-7.c -flto scan-tree-dump-times slp "basic block vectorized" 0
UNRESOLVED: gcc.dg/vect/bb-slp-8a.c -flto scan-tree-dump-times slp "basic block vectorized" 0
UNRESOLVED: gcc.dg/vect/bb-slp-9.c -flto scan-tree-dump-times slp "basic block vectorized" 1
=== gcc Summary for unix/-m64 ===
# of expected passes 87936
# of unexpected failures 199
# of unexpected successes 2
# of expected failures 220
# of unresolved testcases 411
# of unsupported tests 1781
=== gcc Summary ===
# of expected passes 175283
# of unexpected failures 225
# of unexpected successes 4
# of expected failures 444
# of unresolved testcases 822
# of unsupported tests 3620
/var/gcc/regression/trunk/11-gcc-gas-gld/build/gcc/xgcc version 4.9.0 20131122 (experimental) [trunk revision 205254] (GCC)
=== gfortran tests ===
Running target unix
FAIL: gfortran.dg/class_48.f90 -O2 (test for excess errors)
FAIL: gfortran.dg/class_48.f90 -Os (test for excess errors)
FAIL: gfortran.dg/erf_3.F90 -O0 execution test
FAIL: gfortran.dg/erf_3.F90 -O1 execution test
FAIL: gfortran.dg/erf_3.F90 -O2 execution test
FAIL: gfortran.dg/erf_3.F90 -O3 -fomit-frame-pointer execution test
FAIL: gfortran.dg/erf_3.F90 -O3 -fomit-frame-pointer -funroll-loops execution test
FAIL: gfortran.dg/erf_3.F90 -O3 -fomit-frame-pointer -funroll-all-loops -finline-functions execution test
FAIL: gfortran.dg/erf_3.F90 -O3 -g execution test
FAIL: gfortran.dg/erf_3.F90 -Os execution test
FAIL: gfortran.dg/lto/pr45586-2 f_lto_pr45586-2_0.o-f_lto_pr45586-2_0.o link, -O0 -flto -flto-partition=none -fuse-linker-plugin (internal compiler error)
UNRESOLVED: gfortran.dg/lto/pr45586-2 f_lto_pr45586-2_0.o-f_lto_pr45586-2_0.o execute -O0 -flto -flto-partition=none -fuse-linker-plugin
FAIL: gfortran.dg/lto/pr45586-2 f_lto_pr45586-2_0.o-f_lto_pr45586-2_0.o link, -O0 -flto -flto-partition=1to1 -fno-use-linker-plugin (internal compiler error)
UNRESOLVED: gfortran.dg/lto/pr45586-2 f_lto_pr45586-2_0.o-f_lto_pr45586-2_0.o execute -O0 -flto -flto-partition=1to1 -fno-use-linker-plugin
FAIL: gfortran.dg/lto/pr45586-2 f_lto_pr45586-2_0.o-f_lto_pr45586-2_0.o link, -O0 -flto -fuse-linker-plugin -fno-fat-lto-objects (internal compiler error)
UNRESOLVED: gfortran.dg/lto/pr45586-2 f_lto_pr45586-2_0.o-f_lto_pr45586-2_0.o execute -O0 -flto -fuse-linker-plugin -fno-fat-lto-objects
FAIL: gfortran.dg/lto/pr45586 f_lto_pr45586_0.o-f_lto_pr45586_0.o link, -O0 -flto -flto-partition=none -fuse-linker-plugin (internal compiler error)
UNRESOLVED: gfortran.dg/lto/pr45586 f_lto_pr45586_0.o-f_lto_pr45586_0.o execute -O0 -flto -flto-partition=none -fuse-linker-plugin
FAIL: gfortran.dg/lto/pr45586 f_lto_pr45586_0.o-f_lto_pr45586_0.o link, -O0 -flto -flto-partition=1to1 -fno-use-linker-plugin (internal compiler error)
UNRESOLVED: gfortran.dg/lto/pr45586 f_lto_pr45586_0.o-f_lto_pr45586_0.o execute -O0 -flto -flto-partition=1to1 -fno-use-linker-plugin
FAIL: gfortran.dg/lto/pr45586 f_lto_pr45586_0.o-f_lto_pr45586_0.o link, -O0 -flto -fuse-linker-plugin -fno-fat-lto-objects (internal compiler error)
UNRESOLVED: gfortran.dg/lto/pr45586 f_lto_pr45586_0.o-f_lto_pr45586_0.o execute -O0 -flto -fuse-linker-plugin -fno-fat-lto-objects
=== gfortran Summary for unix ===
# of expected passes 44764
# of unexpected failures 16
# of expected failures 54
# of unresolved testcases 6
# of unsupported tests 267
Running target unix/-m64
FAIL: gfortran.dg/erf_3.F90 -O0 execution test
FAIL: gfortran.dg/erf_3.F90 -O1 execution test
FAIL: gfortran.dg/erf_3.F90 -O2 execution test
FAIL: gfortran.dg/erf_3.F90 -O3 -fomit-frame-pointer execution test
FAIL: gfortran.dg/erf_3.F90 -O3 -fomit-frame-pointer -funroll-loops execution test
FAIL: gfortran.dg/erf_3.F90 -O3 -fomit-frame-pointer -funroll-all-loops -finline-functions execution test
FAIL: gfortran.dg/erf_3.F90 -O3 -g execution test
FAIL: gfortran.dg/erf_3.F90 -Os execution test
FAIL: gfortran.dg/lto/pr45586-2 f_lto_pr45586-2_0.o-f_lto_pr45586-2_0.o link, -O0 -flto -flto-partition=none -fuse-linker-plugin (internal compiler error)
UNRESOLVED: gfortran.dg/lto/pr45586-2 f_lto_pr45586-2_0.o-f_lto_pr45586-2_0.o execute -O0 -flto -flto-partition=none -fuse-linker-plugin
FAIL: gfortran.dg/lto/pr45586-2 f_lto_pr45586-2_0.o-f_lto_pr45586-2_0.o link, -O0 -flto -flto-partition=1to1 -fno-use-linker-plugin (internal compiler error)
UNRESOLVED: gfortran.dg/lto/pr45586-2 f_lto_pr45586-2_0.o-f_lto_pr45586-2_0.o execute -O0 -flto -flto-partition=1to1 -fno-use-linker-plugin
FAIL: gfortran.dg/lto/pr45586-2 f_lto_pr45586-2_0.o-f_lto_pr45586-2_0.o link, -O0 -flto -fuse-linker-plugin -fno-fat-lto-objects (internal compiler error)
UNRESOLVED: gfortran.dg/lto/pr45586-2 f_lto_pr45586-2_0.o-f_lto_pr45586-2_0.o execute -O0 -flto -fuse-linker-plugin -fno-fat-lto-objects
FAIL: gfortran.dg/lto/pr45586 f_lto_pr45586_0.o-f_lto_pr45586_0.o link, -O0 -flto -flto-partition=none -fuse-linker-plugin (internal compiler error)
UNRESOLVED: gfortran.dg/lto/pr45586 f_lto_pr45586_0.o-f_lto_pr45586_0.o execute -O0 -flto -flto-partition=none -fuse-linker-plugin
FAIL: gfortran.dg/lto/pr45586 f_lto_pr45586_0.o-f_lto_pr45586_0.o link, -O0 -flto -flto-partition=1to1 -fno-use-linker-plugin (internal compiler error)
UNRESOLVED: gfortran.dg/lto/pr45586 f_lto_pr45586_0.o-f_lto_pr45586_0.o execute -O0 -flto -flto-partition=1to1 -fno-use-linker-plugin
FAIL: gfortran.dg/lto/pr45586 f_lto_pr45586_0.o-f_lto_pr45586_0.o link, -O0 -flto -fuse-linker-plugin -fno-fat-lto-objects (internal compiler error)
UNRESOLVED: gfortran.dg/lto/pr45586 f_lto_pr45586_0.o-f_lto_pr45586_0.o execute -O0 -flto -fuse-linker-plugin -fno-fat-lto-objects
=== gfortran Summary for unix/-m64 ===
# of expected passes 45093
# of unexpected failures 14
# of expected failures 54
# of unresolved testcases 6
# of unsupported tests 106
=== gfortran Summary ===
# of expected passes 89857
# of unexpected failures 30
# of expected failures 108
# of unresolved testcases 12
# of unsupported tests 373
/var/gcc/regression/trunk/11-gcc-gas-gld/build/gcc/testsuite/gfortran/../../gfortran version 4.9.0 20131122 (experimental) [trunk revision 205254] (GCC)
=== gnat tests ===
Running target unix
=== gnat Summary for unix ===
# of expected passes 1189
# of expected failures 18
# of unsupported tests 13
Running target unix/-m64
=== gnat Summary for unix/-m64 ===
# of expected passes 1189
# of expected failures 18
# of unsupported tests 13
=== gnat Summary ===
# of expected passes 2378
# of expected failures 36
# of unsupported tests 26
/var/gcc/regression/trunk/11-gcc-gas-gld/build/gcc/gnatmake version 4.9.0 20131122 (experimental) [trunk revision 205254]
=== go tests ===
Running target unix
FAIL: ./rotate0-out.go compilation, -O0 -g -fno-var-tracking-assignments
FAIL: ./rotate1-out.go compilation, -O0 -g -fno-var-tracking-assignments
FAIL: ./rotate2-out.go compilation, -O0 -g -fno-var-tracking-assignments
FAIL: ./rotate3-out.go compilation, -O0 -g -fno-var-tracking-assignments
FAIL: go.test/test/chan/doubleselect.go execution, -O2 -g
FAIL: go.test/test/fixedbugs/bug370.go execution, -O2 -g
FAIL: go.test/test/mallocfin.go execution, -O2 -g
WARNING: program timed out.
WARNING: program timed out.
WARNING: program timed out.
WARNING: program timed out.
=== go Summary for unix ===
# of expected passes 7235
# of unexpected failures 7
# of expected failures 1
# of untested testcases 10
# of unsupported tests 2
Running target unix/-m64
FAIL: go.go-torture/execute/array-2.go execution, -O2
FAIL: go.go-torture/execute/go-3.go execution, -O1
FAIL: go.go-torture/execute/go-3.go execution, -Os
FAIL: go.go-torture/execute/method-1.go execution, -O2 -fomit-frame-pointer -finline-functions
FAIL: go.go-torture/execute/method-1.go execution, -O2 -fomit-frame-pointer -finline-functions -funroll-loops
FAIL: go.go-torture/execute/pointer-1.go execution, -O0
FAIL: go.go-torture/execute/pointer-1.go execution, -O1
FAIL: go.go-torture/execute/select-1.go execution, -O2 -fomit-frame-pointer -finline-functions -funroll-loops
FAIL: go.test/test/64bit.go execution
FAIL: go.test/test/append.go execution, -O2 -g
FAIL: go.test/test/blank.go execution, -O2 -g
FAIL: go.test/test/bom.go execution
FAIL: go.test/test/chan/doubleselect.go execution, -O2 -g
FAIL: go.test/test/chan/goroutines.go execution, -O2 -g
FAIL: go.test/test/chan/nonblock.go execution, -O2 -g
FAIL: go.test/test/chan/powser1.go execution, -O2 -g
FAIL: go.test/test/chan/powser2.go execution, -O2 -g
FAIL: go.test/test/chan/select3.go execution, -O2 -g
FAIL: go.test/test/chan/select5.go execution
FAIL: go.test/test/chan/sieve1.go execution, -O2 -g
FAIL: go.test/test/const3.go execution, -O2 -g
FAIL: go.test/test/convT2X.go execution, -O2 -g
FAIL: go.test/test/copy.go execution, -O2 -g
FAIL: go.test/test/deferprint.go execution
FAIL: go.test/test/fixedbugs/bug054.go execution, -O2 -g
FAIL: go.test/test/fixedbugs/bug101.go execution, -O2 -g
FAIL: go.test/test/fixedbugs/bug147.go execution, -O2 -g
FAIL: go.test/test/fixedbugs/bug177.go execution, -O2 -g
FAIL: go.test/test/fixedbugs/bug234.go execution, -O2 -g
FAIL: go.test/test/fixedbugs/bug257.go execution, -O2 -g
FAIL: go.test/test/fixedbugs/bug260.go execution, -O2 -g
FAIL: go.test/test/fixedbugs/bug348.go execution, -O0 -g
FAIL: go.test/test/fixedbugs/bug369.go
FAIL: go.test/test/fixedbugs/bug370.go execution, -O2 -g
FAIL: go.test/test/fixedbugs/bug423.go execution, -O2 -g
FAIL: go.test/test/fixedbugs/bug447.go execution
FAIL: go.test/test/fixedbugs/bug449.go execution
FAIL: go.test/test/fixedbugs/issue4348.go -O (test for excess errors)
FAIL: go.test/test/fixedbugs/issue4562.go execution, -O2 -g
FAIL: go.test/test/fixedbugs/issue4618.go execution, -O2 -g
FAIL: go.test/test/fixedbugs/issue4667.go execution, -O2 -g
FAIL: go.test/test/fixedbugs/issue4909b.go execution
FAIL: go.test/test/fixedbugs/issue5162.go execution
FAIL: go.test/test/gc1.go execution, -O2 -g
FAIL: go.test/test/gc2.go execution, -O2 -g
FAIL: go.test/test/goprint.go execution
FAIL: go.test/test/index0.go execution
FAIL: go.test/test/index1.go execution
FAIL: go.test/test/index2.go execution
FAIL: go.test/test/ken/chan.go execution, -O2 -g
FAIL: go.test/test/ken/chan1.go execution, -O2 -g
FAIL: go.test/test/ken/divconst.go execution, -O2 -g
FAIL: go.test/test/ken/modconst.go execution, -O2 -g
FAIL: go.test/test/mallocfin.go execution, -O2 -g
FAIL: go.test/test/map.go execution, -O2 -g
FAIL: go.test/test/mapnan.go execution, -O2 -g
FAIL: go.test/test/nil.go execution, -O2 -g
FAIL: go.test/test/peano.go execution, -O2 -g
FAIL: go.test/test/rotate0.go execution
FAIL: go.test/test/rotate1.go execution
FAIL: go.test/test/rotate2.go execution
FAIL: go.test/test/rotate3.go execution
FAIL: go.test/test/typeswitch1.go execution, -O2 -g
=== go Summary for unix/-m64 ===
# of expected passes 2960
# of unexpected failures 63
# of expected failures 1
# of untested testcases 8
# of unsupported tests 2
=== go Summary ===
# of expected passes 10195
# of unexpected failures 70
# of expected failures 2
# of untested testcases 18
# of unsupported tests 4
/var/gcc/regression/trunk/11-gcc-gas-gld/build/gcc/testsuite/go/../../gccgo version 4.9.0 20131122 (experimental) [trunk revision 205254] (GCC)
=== obj-c++ tests ===
Running target unix
=== obj-c++ Summary for unix ===
# of expected passes 1449
# of expected failures 2
# of unsupported tests 86
Running target unix/-m64
=== obj-c++ Summary for unix/-m64 ===
# of expected passes 1441
# of expected failures 10
# of unsupported tests 86
=== obj-c++ Summary ===
# of expected passes 2890
# of expected failures 12
# of unsupported tests 172
/var/gcc/regression/trunk/11-gcc-gas-gld/build/gcc/testsuite/obj-c++/../../xg++ version 4.9.0 20131122 (experimental) [trunk revision 205254] (GCC)
=== objc tests ===
Running target unix
=== objc Summary for unix ===
# of expected passes 2994
# of unsupported tests 74
Running target unix/-m64
=== objc Summary for unix/-m64 ===
# of expected passes 2994
# of unsupported tests 74
=== objc Summary ===
# of expected passes 5988
# of unsupported tests 148
/var/gcc/regression/trunk/11-gcc-gas-gld/build/gcc/xgcc version 4.9.0 20131122 (experimental) [trunk revision 205254] (GCC)
=== boehm-gc tests ===
Running target unix
=== boehm-gc Summary for unix ===
# of expected passes 12
# of unsupported tests 1
Running target unix/-m64
=== boehm-gc Summary for unix/-m64 ===
# of expected passes 12
# of unsupported tests 1
=== boehm-gc Summary ===
# of expected passes 24
# of unsupported tests 2
=== libatomic tests ===
Running target unix
=== libatomic Summary for unix ===
# of expected passes 44
# of unsupported tests 5
Running target unix/-m64
=== libatomic Summary for unix/-m64 ===
# of expected passes 54
=== libatomic Summary ===
# of expected passes 98
# of unsupported tests 5
=== libffi tests ===
Running target unix
=== libffi Summary for unix ===
# of expected passes 1819
# of unsupported tests 55
Running target unix/-m64
FAIL: libffi.call/cls_double_va.c -O0 -W -Wall output pattern test, is 7.0
FAIL: libffi.call/cls_double_va.c -O2 output pattern test, is 7.0
FAIL: libffi.call/cls_double_va.c -O3 output pattern test, is 7.0
FAIL: libffi.call/cls_double_va.c -Os output pattern test, is 7.0
FAIL: libffi.call/cls_double_va.c -O2 -fomit-frame-pointer output pattern test, is 7.0
=== libffi Summary for unix/-m64 ===
# of expected passes 1814
# of unexpected failures 5
# of unsupported tests 55
=== libffi Summary ===
# of expected passes 3633
# of unexpected failures 5
# of unsupported tests 110
=== libgo tests ===
Running target unix
FAIL: net
FAIL: runtime
FAIL: sort
FAIL: sync
FAIL: time
FAIL: database/sql
FAIL: net/http
FAIL: os/signal
FAIL: os/user
FAIL: runtime/pprof
FAIL: sync/atomic
FAIL: text/template
FAIL: testing/quick
=== libgo Summary for unix ===
# of expected passes 109
# of unexpected failures 13
Running target unix/-m64
FAIL: bufio
FAIL: bytes
FAIL: errors
FAIL: expvar
FAIL: flag
FAIL: fmt
FAIL: html
FAIL: image
FAIL: io
FAIL: log
FAIL: math
FAIL: mime
FAIL: net
FAIL: os
FAIL: path
FAIL: reflect
FAIL: regexp
FAIL: runtime
FAIL: sort
FAIL: strconv
FAIL: strings
FAIL: sync
FAIL: syscall
FAIL: time
FAIL: unicode
FAIL: archive/tar
FAIL: archive/zip
FAIL: compress/bzip2
FAIL: compress/flate
FAIL: compress/gzip
FAIL: compress/lzw
FAIL: compress/zlib
FAIL: container/heap
FAIL: container/list
FAIL: container/ring
FAIL: crypto/aes
FAIL: crypto/cipher
FAIL: crypto/des
FAIL: crypto/dsa
FAIL: crypto/ecdsa
FAIL: crypto/elliptic
FAIL: crypto/hmac
FAIL: crypto/md5
FAIL: crypto/rand
FAIL: crypto/rc4
FAIL: crypto/rsa
FAIL: crypto/sha1
FAIL: crypto/sha256
FAIL: crypto/sha512
FAIL: crypto/subtle
FAIL: crypto/tls
FAIL: crypto/x509
FAIL: database/sql
FAIL: database/sql/driver
FAIL: debug/dwarf
FAIL: debug/elf
FAIL: debug/macho
FAIL: debug/pe
FAIL: encoding/ascii85
FAIL: encoding/asn1
FAIL: encoding/base32
FAIL: encoding/base64
FAIL: encoding/binary
FAIL: encoding/csv
FAIL: encoding/gob
FAIL: encoding/hex
FAIL: encoding/json
FAIL: encoding/pem
FAIL: encoding/xml
FAIL: exp/proxy
FAIL: exp/terminal
FAIL: html/template
FAIL: go/ast
FAIL: go/doc
FAIL: go/format
FAIL: go/parser
FAIL: go/printer
FAIL: go/scanner
FAIL: go/token
FAIL: hash/adler32
FAIL: hash/crc32
FAIL: hash/crc64
FAIL: hash/fnv
FAIL: image/color
FAIL: image/draw
FAIL: image/jpeg
FAIL: image/png
FAIL: index/suffixarray
FAIL: io/ioutil
FAIL: log/syslog
FAIL: math/big
FAIL: math/cmplx
FAIL: math/rand
FAIL: mime/multipart
FAIL: net/http
FAIL: net/http/cgi
FAIL: net/http/cookiejar
FAIL: net/http/httptest
FAIL: net/http/httputil
FAIL: net/mail
FAIL: net/rpc
FAIL: net/smtp
FAIL: net/textproto
FAIL: net/url
FAIL: net/rpc/jsonrpc
FAIL: old/regexp
FAIL: old/template
FAIL: os/exec
FAIL: os/signal
FAIL: os/user
FAIL: path/filepath
FAIL: regexp/syntax
FAIL: runtime/pprof
FAIL: sync/atomic
FAIL: text/scanner
FAIL: text/tabwriter
FAIL: text/template
FAIL: text/template/parse
FAIL: testing/quick
FAIL: unicode/utf16
FAIL: unicode/utf8
=== libgo Summary for unix/-m64 ===
# of expected passes 1
# of unexpected failures 121
=== libgo Summary ===
# of expected passes 110
# of unexpected failures 134
/var/gcc/regression/trunk/11-gcc-gas-gld/build/./gcc/gccgo version 4.9.0 20131122 (experimental) [trunk revision 205254] (GCC)
=== libgomp tests ===
Running target unix
FAIL: libgomp.c/pr58392.c execution test
FAIL: libgomp.graphite/bounds.c scan-tree-dump-times graphite "0 loops carried no dependency" 1
FAIL: libgomp.graphite/force-parallel-4.c execution test
FAIL: libgomp.graphite/force-parallel-4.c scan-tree-dump-times graphite "2 loops carried no dependency" 1
FAIL: libgomp.graphite/force-parallel-6.c scan-tree-dump-times graphite "1 loops carried no dependency" 1
FAIL: libgomp.graphite/pr41118.c scan-tree-dump-times optimized "loopfn" 0
=== libgomp Summary for unix ===
# of expected passes 2380
# of unexpected failures 6
# of unsupported tests 3
Running target unix/-m64
FAIL: libgomp.c/pr58392.c execution test
FAIL: libgomp.graphite/bounds.c scan-tree-dump-times graphite "0 loops carried no dependency" 1
FAIL: libgomp.graphite/force-parallel-4.c execution test
FAIL: libgomp.graphite/force-parallel-4.c scan-tree-dump-times graphite "2 loops carried no dependency" 1
FAIL: libgomp.graphite/force-parallel-6.c scan-tree-dump-times graphite "1 loops carried no dependency" 1
FAIL: libgomp.graphite/pr41118.c scan-tree-dump-times optimized "loopfn" 0
=== libgomp Summary for unix/-m64 ===
# of expected passes 2380
# of unexpected failures 6
# of unsupported tests 3
=== libgomp Summary ===
# of expected passes 4760
# of unexpected failures 12
# of unsupported tests 6
=== libitm tests ===
Running target unix
=== libitm Summary for unix ===
# of expected passes 26
# of expected failures 3
# of unsupported tests 1
Running target unix/-m64
=== libitm Summary for unix/-m64 ===
# of expected passes 26
# of expected failures 3
# of unsupported tests 1
=== libitm Summary ===
# of expected passes 52
# of expected failures 6
# of unsupported tests 2
=== libjava tests ===
Running target unix
FAIL: sourcelocation output - source compiled test
FAIL: sourcelocation -findirect-dispatch output - source compiled test
FAIL: sourcelocation -O3 output - source compiled test
FAIL: sourcelocation -O3 -findirect-dispatch output - source compiled test
=== libjava Summary for unix ===
# of expected passes 2582
# of unexpected failures 4
Running target unix/-m64
FAIL: sourcelocation output - source compiled test
FAIL: sourcelocation -findirect-dispatch output - source compiled test
FAIL: sourcelocation -O3 output - source compiled test
FAIL: sourcelocation -O3 -findirect-dispatch output - source compiled test
=== libjava Summary for unix/-m64 ===
# of expected passes 2582
# of unexpected failures 4
=== libjava Summary ===
# of expected passes 5164
# of unexpected failures 8
=== libstdc++ tests ===
Running target unix
=== libstdc++ Summary for unix ===
# of expected passes 8913
# of expected failures 40
# of unsupported tests 599
Running target unix/-m64
=== libstdc++ Summary for unix/-m64 ===
# of expected passes 8913
# of expected failures 40
# of unsupported tests 599
=== libstdc++ Summary ===
# of expected passes 17826
# of expected failures 80
# of unsupported tests 1198
Compiler version: 4.9.0 20131122 (experimental) [trunk revision 205254] (GCC)
Platform: sparc-sun-solaris2.11
configure flags: --prefix=/vol/gcc --target=sparc-sun-solaris2.11 --enable-objc-gc --enable-libmudflap --with-as=/vol/gcc/bin/gas-2.23.1 --with-gnu-as --with-ld=/vol/gcc/bin/gld-2.23.1 --with-gnu-ld --with-gmp-include=/vol/gcc/include --with-gmp-lib=/vol/gcc/lib --with-mpfr-include=/vol/gcc/include --with-mpfr-lib=/vol/gcc/lib --with-mpc-include=/vol/gcc/include --with-mpc-lib=/vol/gcc/lib --enable-languages=all,ada,obj-c++,go --with-isl-include=/vol/gcc/include --with-isl-lib=/vol/gcc/lib --with-cloog-include=/vol/gcc/include --with-cloog-lib=/vol/gcc/lib --enable-cloog-backend=isl
BOOT_CFLAGS=-g -O2