This is the mail archive of the
gcc-testresults@gcc.gnu.org
mailing list for the GCC project.
Results for 4.9.0 20131115 (experimental) [trunk revision 204842] (GCC) testsuite on sparc-sun-solaris2.9
- From: Rainer Orth <ro at CeBiTec dot Uni-Bielefeld dot DE>
- To: gcc-testresults at gcc dot gnu dot org
- Date: Mon, 18 Nov 2013 10:54:49 +0100 (MET)
- Subject: Results for 4.9.0 20131115 (experimental) [trunk revision 204842] (GCC) testsuite on sparc-sun-solaris2.9
- Authentication-results: sourceware.org; auth=none
LAST_UPDATED: Fri Nov 15 14:39:55 UTC 2013 (revision 204842)
=== acats tests ===
FAIL: c52102c
=== acats Summary ===
# of expected passes 2319
# of unexpected failures 1
Native configuration is sparc-sun-solaris2.9
=== g++ tests ===
Running target unix
WARNING: program timed out.
FAIL: tmpdir-g++.dg-struct-layout-1/t021 cp_compat_y_tst.o compile
UNRESOLVED: tmpdir-g++.dg-struct-layout-1/t021 cp_compat_x_tst.o-cp_compat_y_tst.o link
UNRESOLVED: tmpdir-g++.dg-struct-layout-1/t021 cp_compat_x_tst.o-cp_compat_y_tst.o execute
WARNING: program timed out.
FAIL: tmpdir-g++.dg-struct-layout-1/t022 cp_compat_y_tst.o compile
UNRESOLVED: tmpdir-g++.dg-struct-layout-1/t022 cp_compat_x_tst.o-cp_compat_y_tst.o link
UNRESOLVED: tmpdir-g++.dg-struct-layout-1/t022 cp_compat_x_tst.o-cp_compat_y_tst.o execute
FAIL: g++.dg/warn/Wunused-3.C -std=gnu++98 (test for excess errors)
FAIL: g++.dg/warn/Wunused-3.C -std=gnu++11 (test for excess errors)
WARNING: program timed out.
FAIL: g++.old-deja/g++.robertl/eb55.C -std=c++98 (test for errors, line 10)
FAIL: g++.old-deja/g++.robertl/eb55.C -std=c++98 (test for excess errors)
WARNING: program timed out.
FAIL: g++.old-deja/g++.robertl/eb55.C -std=c++11 (test for errors, line 10)
FAIL: g++.old-deja/g++.robertl/eb55.C -std=c++11 (test for excess errors)
=== g++ Summary for unix ===
# of expected passes 54249
# of unexpected failures 8
# of expected failures 294
# of unresolved testcases 4
# of unsupported tests 1133
Running target unix/-m64
WARNING: program timed out.
FAIL: g++.dg/cilk-plus/AN/postincr_test.cc -fcilkplus (test for excess errors)
WARNING: g++.dg/cilk-plus/AN/postincr_test.cc -fcilkplus compilation failed to produce executable
WARNING: program timed out.
FAIL: g++.dg/cilk-plus/AN/preincr_test.cc -fcilkplus (test for excess errors)
WARNING: program timed out.
FAIL: tmpdir-g++.dg-struct-layout-1/t030 cp_compat_y_tst.o compile
UNRESOLVED: tmpdir-g++.dg-struct-layout-1/t030 cp_compat_x_tst.o-cp_compat_y_tst.o link
UNRESOLVED: tmpdir-g++.dg-struct-layout-1/t030 cp_compat_x_tst.o-cp_compat_y_tst.o execute
WARNING: program timed out.
FAIL: g++.dg/cpp1y/udlit-userdef-string.C (test for excess errors)
WARNING: program timed out.
FAIL: g++.dg/eh/cleanup1.C -std=c++98 (test for excess errors)
WARNING: program timed out.
FAIL: g++.dg/eh/omit-frame-pointer.C -std=gnu++98 (test for excess errors)
WARNING: g++.dg/eh/omit-frame-pointer.C -std=gnu++98 compilation failed to produce executable
WARNING: program timed out.
FAIL: g++.dg/eh/omit-frame-pointer.C -std=gnu++11 (test for excess errors)
WARNING: g++.dg/eh/omit-frame-pointer.C -std=gnu++11 compilation failed to produce executable
FAIL: g++.dg/warn/Wunused-3.C -std=gnu++98 (test for excess errors)
FAIL: g++.dg/warn/Wunused-3.C -std=gnu++11 (test for excess errors)
WARNING: program timed out.
FAIL: g++.dg/lto/20080709 cp_lto_20080709_0.o-cp_lto_20080709_0.o link, -O0 -flto -flto-partition=none
UNRESOLVED: g++.dg/lto/20080709 cp_lto_20080709_0.o-cp_lto_20080709_0.o execute -O0 -flto -flto-partition=none
WARNING: program timed out.
FAIL: g++.dg/lto/20080709 cp_lto_20080709_0.o-cp_lto_20080709_0.o link, -O2 -flto -flto-partition=none
UNRESOLVED: g++.dg/lto/20080709 cp_lto_20080709_0.o-cp_lto_20080709_0.o execute -O2 -flto -flto-partition=none
WARNING: program timed out.
FAIL: g++.dg/torture/pr31863.C -O2 -flto (test for excess errors)
WARNING: program timed out.
FAIL: g++.dg/torture/pr33572.C -O2 -flto (test for excess errors)
WARNING: program timed out.
FAIL: g++.dg/torture/pr34099.C -O3 -fomit-frame-pointer (test for excess errors)
WARNING: program timed out.
FAIL: g++.dg/torture/pr34099.C -O3 -fomit-frame-pointer -funroll-loops (test for excess errors)
WARNING: g++.dg/torture/pr34099.C -O3 -fomit-frame-pointer -funroll-loops compilation failed to produce executable
WARNING: program timed out.
FAIL: g++.dg/torture/pr34099.C -O3 -fomit-frame-pointer -funroll-all-loops -finline-functions (test for excess errors)
WARNING: g++.dg/torture/pr34099.C -O3 -fomit-frame-pointer -funroll-all-loops -finline-functions compilation failed to produce executable
WARNING: program timed out.
FAIL: g++.dg/torture/pr34099.C -O3 -g (test for excess errors)
WARNING: program timed out.
FAIL: g++.dg/torture/pr34099.C -Os (test for excess errors)
WARNING: g++.dg/torture/pr34099.C -Os compilation failed to produce executable
WARNING: program timed out.
FAIL: g++.dg/torture/pr34099.C -O2 -flto -flto-partition=none (test for excess errors)
WARNING: g++.dg/torture/pr34099.C -O2 -flto -flto-partition=none compilation failed to produce executable
WARNING: program timed out.
FAIL: g++.dg/torture/pr34099.C -O2 -flto (test for excess errors)
WARNING: g++.dg/torture/pr34099.C -O2 -flto compilation failed to produce executable
WARNING: program timed out.
FAIL: g++.old-deja/g++.law/arg1.C -std=c++98 (test for warnings, line 12)
FAIL: g++.old-deja/g++.law/arg1.C -std=c++98 (test for warnings, line 13)
FAIL: g++.old-deja/g++.law/arg1.C -std=c++98 (test for warnings, line 18)
FAIL: g++.old-deja/g++.law/arg1.C -std=c++98 (test for warnings, line 19)
FAIL: g++.old-deja/g++.law/arg1.C -std=c++98 (test for errors, line 27)
FAIL: g++.old-deja/g++.law/arg1.C -std=c++98 candidate note (test for warnings, line 27)
FAIL: g++.old-deja/g++.law/arg1.C -std=c++98 (test for errors, line 29)
FAIL: g++.old-deja/g++.law/arg1.C -std=c++98 candidate note (test for warnings, line 29)
FAIL: g++.old-deja/g++.law/arg1.C -std=c++98 (test for excess errors)
WARNING: program timed out.
FAIL: g++.old-deja/g++.law/arg1.C -std=c++11 (test for warnings, line 12)
FAIL: g++.old-deja/g++.law/arg1.C -std=c++11 (test for warnings, line 13)
FAIL: g++.old-deja/g++.law/arg1.C -std=c++11 (test for warnings, line 18)
FAIL: g++.old-deja/g++.law/arg1.C -std=c++11 (test for warnings, line 19)
FAIL: g++.old-deja/g++.law/arg1.C -std=c++11 (test for errors, line 27)
FAIL: g++.old-deja/g++.law/arg1.C -std=c++11 candidate note (test for warnings, line 27)
FAIL: g++.old-deja/g++.law/arg1.C -std=c++11 (test for errors, line 29)
FAIL: g++.old-deja/g++.law/arg1.C -std=c++11 candidate note (test for warnings, line 29)
FAIL: g++.old-deja/g++.law/arg1.C -std=c++11 (test for excess errors)
WARNING: program timed out.
FAIL: g++.old-deja/g++.law/arg8.C -std=c++98 (test for excess errors)
WARNING: g++.old-deja/g++.law/arg8.C -std=c++98 compilation failed to produce executable
WARNING: program timed out.
FAIL: g++.old-deja/g++.law/arg8.C -std=c++11 (test for excess errors)
WARNING: g++.old-deja/g++.law/arg8.C -std=c++11 compilation failed to produce executable
WARNING: program timed out.
FAIL: g++.old-deja/g++.law/bad-error7.C -std=c++11 (test for excess errors)
WARNING: program timed out.
FAIL: g++.old-deja/g++.law/bit-fields2.C -std=c++11 (test for excess errors)
WARNING: program timed out.
FAIL: g++.old-deja/g++.law/code-gen5.C -std=c++98 (test for excess errors)
WARNING: g++.old-deja/g++.law/code-gen5.C -std=c++98 compilation failed to produce executable
WARNING: program timed out.
FAIL: g++.old-deja/g++.law/code-gen5.C -std=c++11 (test for excess errors)
WARNING: g++.old-deja/g++.law/code-gen5.C -std=c++11 compilation failed to produce executable
WARNING: program timed out.
FAIL: g++.old-deja/g++.law/ctors10.C -std=c++98 (test for errors, line 21)
FAIL: g++.old-deja/g++.law/ctors10.C -std=c++98 (test for excess errors)
WARNING: program timed out.
FAIL: g++.old-deja/g++.law/ctors10.C -std=c++11 (test for errors, line 21)
FAIL: g++.old-deja/g++.law/ctors10.C -std=c++11 (test for excess errors)
WARNING: program timed out.
FAIL: g++.old-deja/g++.law/ctors12.C -std=c++98 (test for excess errors)
WARNING: g++.old-deja/g++.law/ctors12.C -std=c++98 compilation failed to produce executable
WARNING: program timed out.
FAIL: g++.old-deja/g++.law/ctors12.C -std=c++11 (test for excess errors)
WARNING: g++.old-deja/g++.law/ctors12.C -std=c++11 compilation failed to produce executable
WARNING: program timed out.
FAIL: g++.old-deja/g++.robertl/eb21.C -std=c++11 (test for excess errors)
WARNING: g++.old-deja/g++.robertl/eb21.C -std=c++11 compilation failed to produce executable
WARNING: program timed out.
FAIL: g++.old-deja/g++.robertl/eb24.C -std=c++98 (test for excess errors)
=== g++ Summary for unix/-m64 ===
# of expected passes 55428
# of unexpected failures 52
# of expected failures 294
# of unresolved testcases 4
# of unsupported tests 1123
=== g++ Summary ===
# of expected passes 109677
# of unexpected failures 60
# of expected failures 588
# of unresolved testcases 8
# of unsupported tests 2256
/var/gcc/regression/trunk/9-gcc-gas/build/gcc/testsuite/g++/../../xg++ version 4.9.0 20131115 (experimental) [trunk revision 204842] (GCC)
=== gcc tests ===
Running target unix
FAIL: gcc.c-torture/compile/20050215-3.c -O3 -g (test for excess errors)
FAIL: gcc.c-torture/compile/limits-externdecl.c -O2 -flto -flto-partition=none (test for excess errors)
FAIL: gcc.c-torture/compile/limits-fndefn.c -O1 (test for excess errors)
FAIL: gcc.c-torture/compile/pr43188.c -O3 -fomit-frame-pointer (test for excess errors)
FAIL: gcc.c-torture/compile/pr43188.c -O2 -flto (test for excess errors)
WARNING: program timed out.
WARNING: program timed out.
WARNING: program timed out.
WARNING: program timed out.
WARNING: program timed out.
WARNING: program timed out.
FAIL: gcc.c-torture/execute/builtins/sprintf-chk.c compilation, -O2 -flto
UNRESOLVED: gcc.c-torture/execute/builtins/sprintf-chk.c execution, -O2 -flto
WARNING: program timed out.
FAIL: gcc.c-torture/execute/builtins/strcpy-2.c compilation, -O1
UNRESOLVED: gcc.c-torture/execute/builtins/strcpy-2.c execution, -O1
FAIL: gcc.c-torture/execute/20050218-1.c compilation, -O3 -g
UNRESOLVED: gcc.c-torture/execute/20050218-1.c execution, -O3 -g
FAIL: gcc.c-torture/execute/arith-rand.c compilation, -O1
UNRESOLVED: gcc.c-torture/execute/arith-rand.c execution, -O1
FAIL: gcc.c-torture/execute/vrp-1.c compilation, -O3 -fomit-frame-pointer
UNRESOLVED: gcc.c-torture/execute/vrp-1.c execution, -O3 -fomit-frame-pointer
WARNING: program timed out.
WARNING: program timed out.
WARNING: program timed out.
WARNING: program timed out.
FAIL: gcc.c-torture/unsorted/pp.c, -O3 -g
WARNING: program timed out.
FAIL: gcc.dg/atomic/c11-atomic-exec-2.c -O3 -fomit-frame-pointer -funroll-all-loops -finline-functions (test for excess errors)
WARNING: gcc.dg/atomic/c11-atomic-exec-2.c -O3 -fomit-frame-pointer -funroll-all-loops -finline-functions compilation failed to produce executable
WARNING: program timed out.
FAIL: gcc.dg/atomic/c11-atomic-exec-3.c -O3 -fomit-frame-pointer -funroll-all-loops -finline-functions (test for excess errors)
WARNING: gcc.dg/atomic/c11-atomic-exec-3.c -O3 -fomit-frame-pointer -funroll-all-loops -finline-functions compilation failed to produce executable
WARNING: program timed out.
FAIL: gcc.dg/atomic/c11-atomic-exec-3.c -O3 -g (test for excess errors)
WARNING: gcc.dg/atomic/c11-atomic-exec-3.c -O3 -g compilation failed to produce executable
WARNING: program timed out.
FAIL: tmpdir-gcc.dg-struct-layout-1/t022 c_compat_y_tst.o compile
UNRESOLVED: tmpdir-gcc.dg-struct-layout-1/t022 c_compat_x_tst.o-c_compat_y_tst.o link
UNRESOLVED: tmpdir-gcc.dg-struct-layout-1/t022 c_compat_x_tst.o-c_compat_y_tst.o execute
WARNING: program timed out.
FAIL: tmpdir-gcc.dg-struct-layout-1/t023 c_compat_x_tst.o compile
WARNING: program timed out.
FAIL: tmpdir-gcc.dg-struct-layout-1/t023 c_compat_y_tst.o compile
UNRESOLVED: tmpdir-gcc.dg-struct-layout-1/t023 c_compat_x_tst.o-c_compat_y_tst.o link
UNRESOLVED: tmpdir-gcc.dg-struct-layout-1/t023 c_compat_x_tst.o-c_compat_y_tst.o execute
WARNING: program timed out.
FAIL: tmpdir-gcc.dg-struct-layout-1/t024 c_compat_x_tst.o compile
WARNING: program timed out.
FAIL: tmpdir-gcc.dg-struct-layout-1/t024 c_compat_y_tst.o compile
UNRESOLVED: tmpdir-gcc.dg-struct-layout-1/t024 c_compat_x_tst.o-c_compat_y_tst.o link
UNRESOLVED: tmpdir-gcc.dg-struct-layout-1/t024 c_compat_x_tst.o-c_compat_y_tst.o execute
WARNING: program timed out.
FAIL: tmpdir-gcc.dg-struct-layout-1/t025 c_compat_y_tst.o compile
UNRESOLVED: tmpdir-gcc.dg-struct-layout-1/t025 c_compat_x_tst.o-c_compat_y_tst.o link
UNRESOLVED: tmpdir-gcc.dg-struct-layout-1/t025 c_compat_x_tst.o-c_compat_y_tst.o execute
WARNING: program timed out.
FAIL: tmpdir-gcc.dg-struct-layout-1/t026 c_compat_x_tst.o compile
WARNING: program timed out.
FAIL: tmpdir-gcc.dg-struct-layout-1/t026 c_compat_y_tst.o compile
UNRESOLVED: tmpdir-gcc.dg-struct-layout-1/t026 c_compat_x_tst.o-c_compat_y_tst.o link
UNRESOLVED: tmpdir-gcc.dg-struct-layout-1/t026 c_compat_x_tst.o-c_compat_y_tst.o execute
WARNING: program timed out.
FAIL: tmpdir-gcc.dg-struct-layout-1/t027 c_compat_x_tst.o compile
WARNING: program timed out.
FAIL: tmpdir-gcc.dg-struct-layout-1/t027 c_compat_y_tst.o compile
UNRESOLVED: tmpdir-gcc.dg-struct-layout-1/t027 c_compat_x_tst.o-c_compat_y_tst.o link
UNRESOLVED: tmpdir-gcc.dg-struct-layout-1/t027 c_compat_x_tst.o-c_compat_y_tst.o execute
WARNING: program timed out.
FAIL: tmpdir-gcc.dg-struct-layout-1/t028 c_compat_x_tst.o compile
WARNING: program timed out.
FAIL: tmpdir-gcc.dg-struct-layout-1/t028 c_compat_y_tst.o compile
UNRESOLVED: tmpdir-gcc.dg-struct-layout-1/t028 c_compat_x_tst.o-c_compat_y_tst.o link
UNRESOLVED: tmpdir-gcc.dg-struct-layout-1/t028 c_compat_x_tst.o-c_compat_y_tst.o execute
XPASS: gcc.dg/binop-xor1.c scan-tree-dump-times optimized "\\\\^" 1
WARNING: program timed out.
FAIL: gcc.dg/parm-impl-decl-2.c (test for errors, line 7)
FAIL: gcc.dg/parm-impl-decl-2.c (test for excess errors)
WARNING: program timed out.
FAIL: gcc.dg/pr18628.c (test for excess errors)
FAIL: gcc.dg/uninit-pred-8_b.c bogus warning (test for bogus messages, line 20)
FAIL: gcc.dg/uninit-pred-9_b.c bogus warning (test for bogus messages, line 24)
WARNING: program timed out.
FAIL: gcc.dg/lto/20090210 c_lto_20090210_0.o-c_lto_20090210_1.o link, -O2 -flto
UNRESOLVED: gcc.dg/lto/20090210 c_lto_20090210_0.o-c_lto_20090210_1.o execute -O2 -flto
FAIL: gcc.dg/simulate-thread/atomic-other-int.c -O0 -g thread simulation test
FAIL: gcc.dg/simulate-thread/atomic-other-int.c -O2 -g thread simulation test
FAIL: gcc.dg/simulate-thread/atomic-other-int.c -O3 -g thread simulation test
FAIL: gcc.dg/simulate-thread/speculative-store-4.c -O0 -g thread simulation test
FAIL: gcc.dg/simulate-thread/speculative-store-4.c -O2 -g thread simulation test
FAIL: gcc.dg/simulate-thread/speculative-store-4.c -O3 -g thread simulation test
FAIL: gcc.dg/simulate-thread/speculative-store.c -O0 -g thread simulation test
WARNING: program timed out.
FAIL: c-c++-common/torture/pr42834.c -O0 (test for excess errors)
WARNING: program timed out.
FAIL: gcc.dg/torture/pr28230.c -O2 -flto -flto-partition=none (test for excess errors)
WARNING: gcc.dg/torture/pr28230.c -O2 -flto -flto-partition=none compilation failed to produce executable
WARNING: program timed out.
FAIL: gcc.dg/torture/pr36373-4.c -O2 (test for excess errors)
WARNING: gcc.dg/torture/pr36373-4.c -O2 compilation failed to produce executable
WARNING: program timed out.
FAIL: gcc.dg/tree-ssa/ssa-ccp-29.c (test for excess errors)
UNRESOLVED: gcc.dg/tree-ssa/ssa-ccp-29.c scan-tree-dump ccp2 "return 0;"
FAIL: gcc.dg/vect/pr58508.c scan-tree-dump-times vect "hoist" 8
FAIL: gcc.dg/vect/vect-reduc-pattern-3.c scan-tree-dump-times vect "vectorized 1 loops" 1
FAIL: gcc.dg/vect/pr58508.c -flto scan-tree-dump-times vect "hoist" 8
FAIL: gcc.dg/vect/vect-reduc-pattern-3.c -flto scan-tree-dump-times vect "vectorized 1 loops" 1
WARNING: program timed out.
FAIL: gcc.dg/vect/bb-slp-9.c -flto (test for excess errors)
=== gcc Summary for unix ===
# of expected passes 87458
# of unexpected failures 48
# of unexpected successes 1
# of expected failures 318
# of unresolved testcases 21
# of unsupported tests 1846
Running target unix/-m64
FAIL: gcc.c-torture/compile/limits-externalid.c -O1 (test for excess errors)
FAIL: gcc.c-torture/compile/limits-externalid.c -O2 (test for excess errors)
FAIL: gcc.c-torture/compile/limits-externalid.c -O3 -fomit-frame-pointer (test for excess errors)
FAIL: gcc.c-torture/compile/limits-externalid.c -O3 -g (test for excess errors)
FAIL: gcc.c-torture/compile/limits-externalid.c -O2 -flto (test for excess errors)
FAIL: gcc.c-torture/compile/limits-externdecl.c -O0 (test for excess errors)
FAIL: gcc.c-torture/compile/limits-externdecl.c -O1 (test for excess errors)
FAIL: gcc.c-torture/compile/limits-externdecl.c -O2 (test for excess errors)
FAIL: gcc.c-torture/compile/limits-externdecl.c -O3 -fomit-frame-pointer (test for excess errors)
FAIL: gcc.c-torture/compile/limits-externdecl.c -O3 -g (test for excess errors)
FAIL: gcc.c-torture/compile/limits-externdecl.c -Os (test for excess errors)
FAIL: gcc.c-torture/compile/limits-externdecl.c -O2 -flto -flto-partition=none (test for excess errors)
FAIL: gcc.c-torture/compile/limits-externdecl.c -O2 -flto (test for excess errors)
WARNING: program timed out.
WARNING: program timed out.
WARNING: program timed out.
WARNING: program timed out.
WARNING: program timed out.
WARNING: program timed out.
WARNING: program timed out.
WARNING: program timed out.
WARNING: program timed out.
WARNING: program timed out.
WARNING: program timed out.
WARNING: program timed out.
WARNING: program timed out.
FAIL: gcc.c-torture/execute/20001228-1.c compilation, -Os
UNRESOLVED: gcc.c-torture/execute/20001228-1.c execution, -Os
FAIL: gcc.c-torture/execute/20001229-1.c compilation, -O2 -flto -flto-partition=none
UNRESOLVED: gcc.c-torture/execute/20001229-1.c execution, -O2 -flto -flto-partition=none
FAIL: gcc.c-torture/execute/930628-1.c compilation, -O2 -flto -flto-partition=none
UNRESOLVED: gcc.c-torture/execute/930628-1.c execution, -O2 -flto -flto-partition=none
FAIL: gcc.c-torture/execute/931004-4.c compilation, -O3 -g
UNRESOLVED: gcc.c-torture/execute/931004-4.c execution, -O3 -g
WARNING: program timed out.
WARNING: program timed out.
WARNING: program timed out.
WARNING: program timed out.
WARNING: program timed out.
FAIL: gcc.c-torture/unsorted/bf.c, -Og -g
WARNING: program timed out.
FAIL: gcc.c-torture/unsorted/bt.c, -O3 -fomit-frame-pointer
FAIL: gcc.dg/atomic/c11-atomic-exec-1.c -O0 execution test
FAIL: gcc.dg/atomic/c11-atomic-exec-1.c -O1 execution test
FAIL: gcc.dg/atomic/c11-atomic-exec-1.c -O2 execution test
FAIL: gcc.dg/atomic/c11-atomic-exec-1.c -O3 -fomit-frame-pointer execution test
FAIL: gcc.dg/atomic/c11-atomic-exec-1.c -O3 -fomit-frame-pointer -funroll-loops execution test
FAIL: gcc.dg/atomic/c11-atomic-exec-1.c -O3 -fomit-frame-pointer -funroll-all-loops -finline-functions execution test
FAIL: gcc.dg/atomic/c11-atomic-exec-1.c -O3 -g execution test
FAIL: gcc.dg/atomic/c11-atomic-exec-1.c -Os execution test
FAIL: gcc.dg/atomic/c11-atomic-exec-1.c -O2 -flto -flto-partition=none execution test
FAIL: gcc.dg/atomic/c11-atomic-exec-1.c -O2 -flto execution test
FAIL: gcc.dg/atomic/c11-atomic-exec-2.c -O0 execution test
FAIL: gcc.dg/atomic/c11-atomic-exec-2.c -O1 execution test
FAIL: gcc.dg/atomic/c11-atomic-exec-2.c -O2 execution test
FAIL: gcc.dg/atomic/c11-atomic-exec-2.c -O3 -fomit-frame-pointer execution test
FAIL: gcc.dg/atomic/c11-atomic-exec-2.c -O3 -fomit-frame-pointer -funroll-loops execution test
FAIL: gcc.dg/atomic/c11-atomic-exec-2.c -O3 -fomit-frame-pointer -funroll-all-loops -finline-functions execution test
FAIL: gcc.dg/atomic/c11-atomic-exec-2.c -O3 -g execution test
FAIL: gcc.dg/atomic/c11-atomic-exec-2.c -Os execution test
FAIL: gcc.dg/atomic/c11-atomic-exec-2.c -O2 -flto -flto-partition=none execution test
FAIL: gcc.dg/atomic/c11-atomic-exec-2.c -O2 -flto execution test
FAIL: gcc.dg/atomic/c11-atomic-exec-3.c -O0 execution test
FAIL: gcc.dg/atomic/c11-atomic-exec-3.c -O1 execution test
FAIL: gcc.dg/atomic/c11-atomic-exec-3.c -O2 execution test
FAIL: gcc.dg/atomic/c11-atomic-exec-3.c -O3 -fomit-frame-pointer execution test
FAIL: gcc.dg/atomic/c11-atomic-exec-3.c -O3 -fomit-frame-pointer -funroll-loops execution test
WARNING: program timed out.
FAIL: gcc.dg/atomic/c11-atomic-exec-3.c -O3 -fomit-frame-pointer -funroll-all-loops -finline-functions (test for excess errors)
WARNING: gcc.dg/atomic/c11-atomic-exec-3.c -O3 -fomit-frame-pointer -funroll-all-loops -finline-functions compilation failed to produce executable
FAIL: gcc.dg/atomic/c11-atomic-exec-3.c -O3 -g execution test
FAIL: gcc.dg/atomic/c11-atomic-exec-3.c -Os execution test
FAIL: gcc.dg/atomic/c11-atomic-exec-3.c -O2 -flto -flto-partition=none execution test
FAIL: gcc.dg/atomic/c11-atomic-exec-3.c -O2 -flto execution test
FAIL: gcc.dg/atomic/c11-atomic-exec-4.c -O0 execution test
FAIL: gcc.dg/atomic/c11-atomic-exec-4.c -O1 execution test
FAIL: gcc.dg/atomic/c11-atomic-exec-4.c -O2 execution test
FAIL: gcc.dg/atomic/c11-atomic-exec-4.c -O3 -fomit-frame-pointer execution test
FAIL: gcc.dg/atomic/c11-atomic-exec-4.c -O3 -fomit-frame-pointer -funroll-loops execution test
FAIL: gcc.dg/atomic/c11-atomic-exec-4.c -O3 -fomit-frame-pointer -funroll-all-loops -finline-functions execution test
FAIL: gcc.dg/atomic/c11-atomic-exec-4.c -O3 -g execution test
FAIL: gcc.dg/atomic/c11-atomic-exec-4.c -Os execution test
FAIL: gcc.dg/atomic/c11-atomic-exec-4.c -O2 -flto -flto-partition=none execution test
FAIL: gcc.dg/atomic/c11-atomic-exec-4.c -O2 -flto execution test
FAIL: gcc.dg/atomic/stdatomic-compare-exchange-1.c -O0 execution test
FAIL: gcc.dg/atomic/stdatomic-compare-exchange-1.c -O1 execution test
FAIL: gcc.dg/atomic/stdatomic-compare-exchange-1.c -O2 execution test
FAIL: gcc.dg/atomic/stdatomic-compare-exchange-1.c -O3 -fomit-frame-pointer execution test
FAIL: gcc.dg/atomic/stdatomic-compare-exchange-1.c -O3 -g execution test
FAIL: gcc.dg/atomic/stdatomic-compare-exchange-1.c -Os execution test
FAIL: gcc.dg/atomic/stdatomic-compare-exchange-1.c -O2 -flto -flto-partition=none execution test
FAIL: gcc.dg/atomic/stdatomic-compare-exchange-1.c -O2 -flto execution test
FAIL: gcc.dg/atomic/stdatomic-compare-exchange-2.c -O0 execution test
FAIL: gcc.dg/atomic/stdatomic-compare-exchange-2.c -O1 execution test
FAIL: gcc.dg/atomic/stdatomic-compare-exchange-2.c -O2 execution test
FAIL: gcc.dg/atomic/stdatomic-compare-exchange-2.c -O3 -fomit-frame-pointer execution test
FAIL: gcc.dg/atomic/stdatomic-compare-exchange-2.c -O3 -g execution test
FAIL: gcc.dg/atomic/stdatomic-compare-exchange-2.c -Os execution test
FAIL: gcc.dg/atomic/stdatomic-compare-exchange-2.c -O2 -flto -flto-partition=none execution test
FAIL: gcc.dg/atomic/stdatomic-compare-exchange-2.c -O2 -flto execution test
FAIL: gcc.dg/atomic/stdatomic-compare-exchange-3.c -O0 execution test
FAIL: gcc.dg/atomic/stdatomic-compare-exchange-3.c -O1 execution test
FAIL: gcc.dg/atomic/stdatomic-compare-exchange-3.c -O2 execution test
FAIL: gcc.dg/atomic/stdatomic-compare-exchange-3.c -O3 -fomit-frame-pointer execution test
FAIL: gcc.dg/atomic/stdatomic-compare-exchange-3.c -O3 -g execution test
FAIL: gcc.dg/atomic/stdatomic-compare-exchange-3.c -Os execution test
FAIL: gcc.dg/atomic/stdatomic-compare-exchange-3.c -O2 -flto -flto-partition=none execution test
FAIL: gcc.dg/atomic/stdatomic-compare-exchange-3.c -O2 -flto execution test
FAIL: gcc.dg/atomic/stdatomic-compare-exchange-4.c -O0 execution test
FAIL: gcc.dg/atomic/stdatomic-compare-exchange-4.c -O1 execution test
FAIL: gcc.dg/atomic/stdatomic-compare-exchange-4.c -O2 execution test
FAIL: gcc.dg/atomic/stdatomic-compare-exchange-4.c -O3 -fomit-frame-pointer execution test
FAIL: gcc.dg/atomic/stdatomic-compare-exchange-4.c -O3 -g execution test
FAIL: gcc.dg/atomic/stdatomic-compare-exchange-4.c -Os execution test
FAIL: gcc.dg/atomic/stdatomic-compare-exchange-4.c -O2 -flto -flto-partition=none execution test
FAIL: gcc.dg/atomic/stdatomic-compare-exchange-4.c -O2 -flto execution test
FAIL: gcc.dg/atomic/stdatomic-exchange-1.c -O0 execution test
FAIL: gcc.dg/atomic/stdatomic-exchange-1.c -O1 execution test
FAIL: gcc.dg/atomic/stdatomic-exchange-1.c -O2 execution test
FAIL: gcc.dg/atomic/stdatomic-exchange-1.c -O3 -fomit-frame-pointer execution test
FAIL: gcc.dg/atomic/stdatomic-exchange-1.c -O3 -g execution test
FAIL: gcc.dg/atomic/stdatomic-exchange-1.c -Os execution test
FAIL: gcc.dg/atomic/stdatomic-exchange-1.c -O2 -flto -flto-partition=none execution test
FAIL: gcc.dg/atomic/stdatomic-exchange-1.c -O2 -flto execution test
FAIL: gcc.dg/atomic/stdatomic-exchange-2.c -O0 execution test
FAIL: gcc.dg/atomic/stdatomic-exchange-2.c -O1 execution test
FAIL: gcc.dg/atomic/stdatomic-exchange-2.c -O2 execution test
FAIL: gcc.dg/atomic/stdatomic-exchange-2.c -O3 -fomit-frame-pointer execution test
FAIL: gcc.dg/atomic/stdatomic-exchange-2.c -O3 -g execution test
FAIL: gcc.dg/atomic/stdatomic-exchange-2.c -Os execution test
FAIL: gcc.dg/atomic/stdatomic-exchange-2.c -O2 -flto -flto-partition=none execution test
FAIL: gcc.dg/atomic/stdatomic-exchange-2.c -O2 -flto execution test
FAIL: gcc.dg/atomic/stdatomic-exchange-3.c -O0 execution test
FAIL: gcc.dg/atomic/stdatomic-exchange-3.c -O1 execution test
FAIL: gcc.dg/atomic/stdatomic-exchange-3.c -O2 execution test
FAIL: gcc.dg/atomic/stdatomic-exchange-3.c -O3 -fomit-frame-pointer execution test
FAIL: gcc.dg/atomic/stdatomic-exchange-3.c -O3 -g execution test
FAIL: gcc.dg/atomic/stdatomic-exchange-3.c -Os execution test
FAIL: gcc.dg/atomic/stdatomic-exchange-3.c -O2 -flto -flto-partition=none execution test
FAIL: gcc.dg/atomic/stdatomic-exchange-3.c -O2 -flto execution test
FAIL: gcc.dg/atomic/stdatomic-exchange-4.c -O0 execution test
FAIL: gcc.dg/atomic/stdatomic-exchange-4.c -O1 execution test
FAIL: gcc.dg/atomic/stdatomic-exchange-4.c -O2 execution test
FAIL: gcc.dg/atomic/stdatomic-exchange-4.c -O3 -fomit-frame-pointer execution test
FAIL: gcc.dg/atomic/stdatomic-exchange-4.c -O3 -g execution test
FAIL: gcc.dg/atomic/stdatomic-exchange-4.c -Os execution test
FAIL: gcc.dg/atomic/stdatomic-exchange-4.c -O2 -flto -flto-partition=none execution test
FAIL: gcc.dg/atomic/stdatomic-exchange-4.c -O2 -flto execution test
FAIL: gcc.dg/atomic/stdatomic-fence.c -O0 execution test
FAIL: gcc.dg/atomic/stdatomic-fence.c -O1 execution test
FAIL: gcc.dg/atomic/stdatomic-fence.c -O2 execution test
FAIL: gcc.dg/atomic/stdatomic-fence.c -O3 -fomit-frame-pointer execution test
FAIL: gcc.dg/atomic/stdatomic-fence.c -O3 -g execution test
FAIL: gcc.dg/atomic/stdatomic-fence.c -Os execution test
FAIL: gcc.dg/atomic/stdatomic-fence.c -O2 -flto -flto-partition=none execution test
FAIL: gcc.dg/atomic/stdatomic-fence.c -O2 -flto execution test
FAIL: gcc.dg/atomic/stdatomic-flag.c -O0 execution test
FAIL: gcc.dg/atomic/stdatomic-flag.c -O1 execution test
FAIL: gcc.dg/atomic/stdatomic-flag.c -O2 execution test
FAIL: gcc.dg/atomic/stdatomic-flag.c -O3 -fomit-frame-pointer execution test
FAIL: gcc.dg/atomic/stdatomic-flag.c -O3 -g execution test
FAIL: gcc.dg/atomic/stdatomic-flag.c -Os execution test
FAIL: gcc.dg/atomic/stdatomic-flag.c -O2 -flto -flto-partition=none execution test
FAIL: gcc.dg/atomic/stdatomic-flag.c -O2 -flto execution test
FAIL: gcc.dg/atomic/stdatomic-generic.c -O0 execution test
FAIL: gcc.dg/atomic/stdatomic-generic.c -O1 execution test
FAIL: gcc.dg/atomic/stdatomic-generic.c -O2 execution test
FAIL: gcc.dg/atomic/stdatomic-generic.c -O3 -fomit-frame-pointer execution test
FAIL: gcc.dg/atomic/stdatomic-generic.c -O3 -g execution test
FAIL: gcc.dg/atomic/stdatomic-generic.c -Os execution test
FAIL: gcc.dg/atomic/stdatomic-generic.c -O2 -flto -flto-partition=none execution test
FAIL: gcc.dg/atomic/stdatomic-generic.c -O2 -flto execution test
FAIL: gcc.dg/atomic/stdatomic-kill-dep.c -O0 execution test
FAIL: gcc.dg/atomic/stdatomic-kill-dep.c -O1 execution test
FAIL: gcc.dg/atomic/stdatomic-kill-dep.c -O2 execution test
FAIL: gcc.dg/atomic/stdatomic-kill-dep.c -O3 -fomit-frame-pointer execution test
FAIL: gcc.dg/atomic/stdatomic-kill-dep.c -O3 -g execution test
FAIL: gcc.dg/atomic/stdatomic-kill-dep.c -Os execution test
FAIL: gcc.dg/atomic/stdatomic-kill-dep.c -O2 -flto -flto-partition=none execution test
FAIL: gcc.dg/atomic/stdatomic-kill-dep.c -O2 -flto execution test
FAIL: gcc.dg/atomic/stdatomic-load-1.c -O0 execution test
FAIL: gcc.dg/atomic/stdatomic-load-1.c -O1 execution test
FAIL: gcc.dg/atomic/stdatomic-load-1.c -O2 execution test
FAIL: gcc.dg/atomic/stdatomic-load-1.c -O3 -fomit-frame-pointer execution test
FAIL: gcc.dg/atomic/stdatomic-load-1.c -O3 -g execution test
FAIL: gcc.dg/atomic/stdatomic-load-1.c -Os execution test
FAIL: gcc.dg/atomic/stdatomic-load-1.c -O2 -flto -flto-partition=none execution test
FAIL: gcc.dg/atomic/stdatomic-load-1.c -O2 -flto execution test
FAIL: gcc.dg/atomic/stdatomic-load-2.c -O0 execution test
FAIL: gcc.dg/atomic/stdatomic-load-2.c -O1 execution test
FAIL: gcc.dg/atomic/stdatomic-load-2.c -O2 execution test
FAIL: gcc.dg/atomic/stdatomic-load-2.c -O3 -fomit-frame-pointer execution test
FAIL: gcc.dg/atomic/stdatomic-load-2.c -O3 -g execution test
FAIL: gcc.dg/atomic/stdatomic-load-2.c -Os execution test
FAIL: gcc.dg/atomic/stdatomic-load-2.c -O2 -flto -flto-partition=none execution test
FAIL: gcc.dg/atomic/stdatomic-load-2.c -O2 -flto execution test
FAIL: gcc.dg/atomic/stdatomic-load-3.c -O0 execution test
FAIL: gcc.dg/atomic/stdatomic-load-3.c -O1 execution test
FAIL: gcc.dg/atomic/stdatomic-load-3.c -O2 execution test
FAIL: gcc.dg/atomic/stdatomic-load-3.c -O3 -fomit-frame-pointer execution test
FAIL: gcc.dg/atomic/stdatomic-load-3.c -O3 -g execution test
FAIL: gcc.dg/atomic/stdatomic-load-3.c -Os execution test
FAIL: gcc.dg/atomic/stdatomic-load-3.c -O2 -flto -flto-partition=none execution test
FAIL: gcc.dg/atomic/stdatomic-load-3.c -O2 -flto execution test
FAIL: gcc.dg/atomic/stdatomic-load-4.c -O0 execution test
FAIL: gcc.dg/atomic/stdatomic-load-4.c -O1 execution test
FAIL: gcc.dg/atomic/stdatomic-load-4.c -O2 execution test
FAIL: gcc.dg/atomic/stdatomic-load-4.c -O3 -fomit-frame-pointer execution test
FAIL: gcc.dg/atomic/stdatomic-load-4.c -O3 -g execution test
FAIL: gcc.dg/atomic/stdatomic-load-4.c -Os execution test
FAIL: gcc.dg/atomic/stdatomic-load-4.c -O2 -flto -flto-partition=none execution test
FAIL: gcc.dg/atomic/stdatomic-load-4.c -O2 -flto execution test
FAIL: gcc.dg/atomic/stdatomic-lockfree.c -O0 execution test
FAIL: gcc.dg/atomic/stdatomic-lockfree.c -O1 execution test
FAIL: gcc.dg/atomic/stdatomic-lockfree.c -O2 execution test
FAIL: gcc.dg/atomic/stdatomic-lockfree.c -O3 -fomit-frame-pointer execution test
FAIL: gcc.dg/atomic/stdatomic-lockfree.c -O3 -fomit-frame-pointer -funroll-loops execution test
FAIL: gcc.dg/atomic/stdatomic-lockfree.c -O3 -fomit-frame-pointer -funroll-all-loops -finline-functions execution test
FAIL: gcc.dg/atomic/stdatomic-lockfree.c -O3 -g execution test
FAIL: gcc.dg/atomic/stdatomic-lockfree.c -Os execution test
FAIL: gcc.dg/atomic/stdatomic-lockfree.c -O2 -flto -flto-partition=none execution test
FAIL: gcc.dg/atomic/stdatomic-lockfree.c -O2 -flto execution test
FAIL: gcc.dg/atomic/stdatomic-op-1.c -O0 execution test
FAIL: gcc.dg/atomic/stdatomic-op-1.c -O1 execution test
FAIL: gcc.dg/atomic/stdatomic-op-1.c -O2 execution test
FAIL: gcc.dg/atomic/stdatomic-op-1.c -O3 -fomit-frame-pointer execution test
FAIL: gcc.dg/atomic/stdatomic-op-1.c -O3 -g execution test
FAIL: gcc.dg/atomic/stdatomic-op-1.c -Os execution test
FAIL: gcc.dg/atomic/stdatomic-op-1.c -O2 -flto -flto-partition=none execution test
FAIL: gcc.dg/atomic/stdatomic-op-1.c -O2 -flto execution test
FAIL: gcc.dg/atomic/stdatomic-op-2.c -O0 execution test
FAIL: gcc.dg/atomic/stdatomic-op-2.c -O1 execution test
FAIL: gcc.dg/atomic/stdatomic-op-2.c -O2 execution test
FAIL: gcc.dg/atomic/stdatomic-op-2.c -O3 -fomit-frame-pointer execution test
FAIL: gcc.dg/atomic/stdatomic-op-2.c -O3 -g execution test
FAIL: gcc.dg/atomic/stdatomic-op-2.c -Os execution test
FAIL: gcc.dg/atomic/stdatomic-op-2.c -O2 -flto -flto-partition=none execution test
FAIL: gcc.dg/atomic/stdatomic-op-2.c -O2 -flto execution test
FAIL: gcc.dg/atomic/stdatomic-op-3.c -O0 execution test
FAIL: gcc.dg/atomic/stdatomic-op-3.c -O1 execution test
FAIL: gcc.dg/atomic/stdatomic-op-3.c -O2 execution test
FAIL: gcc.dg/atomic/stdatomic-op-3.c -O3 -fomit-frame-pointer execution test
FAIL: gcc.dg/atomic/stdatomic-op-3.c -O3 -g execution test
FAIL: gcc.dg/atomic/stdatomic-op-3.c -Os execution test
FAIL: gcc.dg/atomic/stdatomic-op-3.c -O2 -flto -flto-partition=none execution test
FAIL: gcc.dg/atomic/stdatomic-op-3.c -O2 -flto execution test
FAIL: gcc.dg/atomic/stdatomic-op-4.c -O0 execution test
FAIL: gcc.dg/atomic/stdatomic-op-4.c -O1 execution test
FAIL: gcc.dg/atomic/stdatomic-op-4.c -O2 execution test
FAIL: gcc.dg/atomic/stdatomic-op-4.c -O3 -fomit-frame-pointer execution test
FAIL: gcc.dg/atomic/stdatomic-op-4.c -O3 -g execution test
FAIL: gcc.dg/atomic/stdatomic-op-4.c -Os execution test
FAIL: gcc.dg/atomic/stdatomic-op-4.c -O2 -flto -flto-partition=none execution test
FAIL: gcc.dg/atomic/stdatomic-op-4.c -O2 -flto execution test
FAIL: gcc.dg/atomic/stdatomic-store-1.c -O0 execution test
FAIL: gcc.dg/atomic/stdatomic-store-1.c -O1 execution test
FAIL: gcc.dg/atomic/stdatomic-store-1.c -O2 execution test
FAIL: gcc.dg/atomic/stdatomic-store-1.c -O3 -fomit-frame-pointer execution test
FAIL: gcc.dg/atomic/stdatomic-store-1.c -O3 -g execution test
FAIL: gcc.dg/atomic/stdatomic-store-1.c -Os execution test
FAIL: gcc.dg/atomic/stdatomic-store-1.c -O2 -flto -flto-partition=none execution test
FAIL: gcc.dg/atomic/stdatomic-store-1.c -O2 -flto execution test
FAIL: gcc.dg/atomic/stdatomic-store-2.c -O0 execution test
FAIL: gcc.dg/atomic/stdatomic-store-2.c -O1 execution test
FAIL: gcc.dg/atomic/stdatomic-store-2.c -O2 execution test
FAIL: gcc.dg/atomic/stdatomic-store-2.c -O3 -fomit-frame-pointer execution test
FAIL: gcc.dg/atomic/stdatomic-store-2.c -O3 -g execution test
FAIL: gcc.dg/atomic/stdatomic-store-2.c -Os execution test
FAIL: gcc.dg/atomic/stdatomic-store-2.c -O2 -flto -flto-partition=none execution test
FAIL: gcc.dg/atomic/stdatomic-store-2.c -O2 -flto execution test
FAIL: gcc.dg/atomic/stdatomic-store-3.c -O0 execution test
FAIL: gcc.dg/atomic/stdatomic-store-3.c -O1 execution test
FAIL: gcc.dg/atomic/stdatomic-store-3.c -O2 execution test
FAIL: gcc.dg/atomic/stdatomic-store-3.c -O3 -fomit-frame-pointer execution test
FAIL: gcc.dg/atomic/stdatomic-store-3.c -O3 -g execution test
FAIL: gcc.dg/atomic/stdatomic-store-3.c -Os execution test
FAIL: gcc.dg/atomic/stdatomic-store-3.c -O2 -flto -flto-partition=none execution test
FAIL: gcc.dg/atomic/stdatomic-store-3.c -O2 -flto execution test
FAIL: gcc.dg/atomic/stdatomic-store-4.c -O0 execution test
FAIL: gcc.dg/atomic/stdatomic-store-4.c -O1 execution test
FAIL: gcc.dg/atomic/stdatomic-store-4.c -O2 execution test
FAIL: gcc.dg/atomic/stdatomic-store-4.c -O3 -fomit-frame-pointer execution test
FAIL: gcc.dg/atomic/stdatomic-store-4.c -O3 -g execution test
FAIL: gcc.dg/atomic/stdatomic-store-4.c -Os execution test
FAIL: gcc.dg/atomic/stdatomic-store-4.c -O2 -flto -flto-partition=none execution test
FAIL: gcc.dg/atomic/stdatomic-store-4.c -O2 -flto execution test
FAIL: gcc.dg/atomic/stdatomic-vm.c -O0 execution test
FAIL: gcc.dg/atomic/stdatomic-vm.c -O1 execution test
FAIL: gcc.dg/atomic/stdatomic-vm.c -O2 execution test
FAIL: gcc.dg/atomic/stdatomic-vm.c -O3 -fomit-frame-pointer execution test
FAIL: gcc.dg/atomic/stdatomic-vm.c -O3 -g execution test
FAIL: gcc.dg/atomic/stdatomic-vm.c -Os execution test
FAIL: gcc.dg/atomic/stdatomic-vm.c -O2 -flto -flto-partition=none execution test
FAIL: gcc.dg/atomic/stdatomic-vm.c -O2 -flto execution test
XPASS: gcc.dg/binop-xor1.c scan-tree-dump-times optimized "\\\\^" 1
FAIL: gcc.dg/uninit-pred-8_b.c bogus warning (test for bogus messages, line 20)
FAIL: gcc.dg/uninit-pred-9_b.c bogus warning (test for bogus messages, line 24)
WARNING: program timed out.
FAIL: c-c++-common/torture/complex-sign-mixed-mul.c -O0 (test for excess errors)
WARNING: c-c++-common/torture/complex-sign-mixed-mul.c -O0 compilation failed to produce executable
FAIL: gcc.dg/vect/pr58508.c scan-tree-dump-times vect "hoist" 8
FAIL: gcc.dg/vect/vect-reduc-pattern-3.c scan-tree-dump-times vect "vectorized 1 loops" 1
FAIL: gcc.dg/vect/pr58508.c -flto scan-tree-dump-times vect "hoist" 8
FAIL: gcc.dg/vect/vect-reduc-pattern-3.c -flto scan-tree-dump-times vect "vectorized 1 loops" 1
=== gcc Summary for unix/-m64 ===
# of expected passes 88006
# of unexpected failures 276
# of unexpected successes 1
# of expected failures 307
# of unresolved testcases 4
# of unsupported tests 1796
=== gcc Summary ===
# of expected passes 175464
# of unexpected failures 324
# of unexpected successes 2
# of expected failures 625
# of unresolved testcases 25
# of unsupported tests 3642
/var/gcc/regression/trunk/9-gcc-gas/build/gcc/xgcc version 4.9.0 20131115 (experimental) [trunk revision 204842] (GCC)
=== gfortran tests ===
Running target unix
FAIL: gfortran.dg/class_48.f90 -O2 (test for excess errors)
FAIL: gfortran.dg/class_48.f90 -Os (test for excess errors)
FAIL: gfortran.dg/minlocval_3.f90 -O3 -fomit-frame-pointer -funroll-loops (test for excess errors)
WARNING: gfortran.dg/minlocval_3.f90 -O3 -fomit-frame-pointer -funroll-loops compilation failed to produce executable
FAIL: gfortran.dg/minlocval_3.f90 -O3 -fomit-frame-pointer -funroll-all-loops -finline-functions (test for excess errors)
WARNING: gfortran.dg/minlocval_3.f90 -O3 -fomit-frame-pointer -funroll-all-loops -finline-functions compilation failed to produce executable
FAIL: gfortran.dg/minlocval_3.f90 -O3 -g (test for excess errors)
WARNING: gfortran.dg/minlocval_3.f90 -O3 -g compilation failed to produce executable
FAIL: gfortran.dg/minlocval_3.f90 -Os (test for excess errors)
WARNING: gfortran.dg/minlocval_3.f90 -Os compilation failed to produce executable
FAIL: gfortran.dg/minlocval_4.f90 -O3 -fomit-frame-pointer (test for excess errors)
FAIL: gfortran.dg/round_4.f90 -O0 (test for excess errors)
WARNING: gfortran.dg/round_4.f90 -O0 compilation failed to produce executable
FAIL: gfortran.dg/round_4.f90 -O1 (test for excess errors)
WARNING: gfortran.dg/round_4.f90 -O1 compilation failed to produce executable
FAIL: gfortran.dg/round_4.f90 -O2 (test for excess errors)
WARNING: gfortran.dg/round_4.f90 -O2 compilation failed to produce executable
FAIL: gfortran.dg/round_4.f90 -O3 -fomit-frame-pointer (test for excess errors)
WARNING: gfortran.dg/round_4.f90 -O3 -fomit-frame-pointer compilation failed to produce executable
FAIL: gfortran.dg/round_4.f90 -O3 -fomit-frame-pointer -funroll-loops (test for excess errors)
WARNING: gfortran.dg/round_4.f90 -O3 -fomit-frame-pointer -funroll-loops compilation failed to produce executable
FAIL: gfortran.dg/round_4.f90 -O3 -fomit-frame-pointer -funroll-all-loops -finline-functions (test for excess errors)
WARNING: gfortran.dg/round_4.f90 -O3 -fomit-frame-pointer -funroll-all-loops -finline-functions compilation failed to produce executable
FAIL: gfortran.dg/round_4.f90 -O3 -g (test for excess errors)
WARNING: gfortran.dg/round_4.f90 -O3 -g compilation failed to produce executable
FAIL: gfortran.dg/round_4.f90 -Os (test for excess errors)
WARNING: gfortran.dg/round_4.f90 -Os compilation failed to produce executable
FAIL: gfortran.dg/write_back.f -O2 (test for excess errors)
WARNING: program timed out.
WARNING: program timed out.
WARNING: program timed out.
WARNING: program timed out.
WARNING: program timed out.
WARNING: program timed out.
FAIL: gfortran.dg/lto/pr45586-2 f_lto_pr45586-2_0.o-f_lto_pr45586-2_0.o link, -O0 -flto -flto-partition=none (internal compiler error)
UNRESOLVED: gfortran.dg/lto/pr45586-2 f_lto_pr45586-2_0.o-f_lto_pr45586-2_0.o execute -O0 -flto -flto-partition=none
FAIL: gfortran.dg/lto/pr45586-2 f_lto_pr45586-2_0.o-f_lto_pr45586-2_0.o link, -O0 -flto -flto-partition=1to1 (internal compiler error)
UNRESOLVED: gfortran.dg/lto/pr45586-2 f_lto_pr45586-2_0.o-f_lto_pr45586-2_0.o execute -O0 -flto -flto-partition=1to1
FAIL: gfortran.dg/lto/pr45586-2 f_lto_pr45586-2_0.o-f_lto_pr45586-2_0.o link, -O0 -flto (internal compiler error)
UNRESOLVED: gfortran.dg/lto/pr45586-2 f_lto_pr45586-2_0.o-f_lto_pr45586-2_0.o execute -O0 -flto
FAIL: gfortran.dg/lto/pr45586 f_lto_pr45586_0.o-f_lto_pr45586_0.o link, -O0 -flto -flto-partition=none (internal compiler error)
UNRESOLVED: gfortran.dg/lto/pr45586 f_lto_pr45586_0.o-f_lto_pr45586_0.o execute -O0 -flto -flto-partition=none
FAIL: gfortran.dg/lto/pr45586 f_lto_pr45586_0.o-f_lto_pr45586_0.o link, -O0 -flto -flto-partition=1to1 (internal compiler error)
UNRESOLVED: gfortran.dg/lto/pr45586 f_lto_pr45586_0.o-f_lto_pr45586_0.o execute -O0 -flto -flto-partition=1to1
FAIL: gfortran.dg/lto/pr45586 f_lto_pr45586_0.o-f_lto_pr45586_0.o link, -O0 -flto (internal compiler error)
UNRESOLVED: gfortran.dg/lto/pr45586 f_lto_pr45586_0.o-f_lto_pr45586_0.o execute -O0 -flto
FAIL: gfortran.fortran-torture/execute/pr32604.f90 execution, -O2 -fbounds-check
=== gfortran Summary for unix ===
# of expected passes 44361
# of unexpected failures 23
# of expected failures 54
# of unresolved testcases 6
# of unsupported tests 434
Running target unix/-m64
FAIL: gfortran.dg/erf_2.F90 -O3 -g (test for excess errors)
WARNING: gfortran.dg/erf_2.F90 -O3 -g compilation failed to produce executable
FAIL: gfortran.dg/intrinsic_spread_3.f90 -O0 (test for excess errors)
WARNING: gfortran.dg/intrinsic_spread_3.f90 -O0 compilation failed to produce executable
FAIL: gfortran.dg/pointer_intent_1.f90 -Os (test for excess errors)
FAIL: gfortran.dg/round_4.f90 -O0 (test for excess errors)
WARNING: gfortran.dg/round_4.f90 -O0 compilation failed to produce executable
FAIL: gfortran.dg/round_4.f90 -O1 (test for excess errors)
WARNING: gfortran.dg/round_4.f90 -O1 compilation failed to produce executable
FAIL: gfortran.dg/round_4.f90 -O2 (test for excess errors)
WARNING: gfortran.dg/round_4.f90 -O2 compilation failed to produce executable
FAIL: gfortran.dg/round_4.f90 -O3 -fomit-frame-pointer (test for excess errors)
WARNING: gfortran.dg/round_4.f90 -O3 -fomit-frame-pointer compilation failed to produce executable
FAIL: gfortran.dg/round_4.f90 -O3 -fomit-frame-pointer -funroll-loops (test for excess errors)
WARNING: gfortran.dg/round_4.f90 -O3 -fomit-frame-pointer -funroll-loops compilation failed to produce executable
FAIL: gfortran.dg/round_4.f90 -O3 -fomit-frame-pointer -funroll-all-loops -finline-functions (test for excess errors)
WARNING: gfortran.dg/round_4.f90 -O3 -fomit-frame-pointer -funroll-all-loops -finline-functions compilation failed to produce executable
FAIL: gfortran.dg/round_4.f90 -O3 -g (test for excess errors)
WARNING: gfortran.dg/round_4.f90 -O3 -g compilation failed to produce executable
FAIL: gfortran.dg/round_4.f90 -Os (test for excess errors)
WARNING: gfortran.dg/round_4.f90 -Os compilation failed to produce executable
WARNING: program timed out.
WARNING: program timed out.
WARNING: program timed out.
WARNING: program timed out.
FAIL: gfortran.dg/lto/pr45586-2 f_lto_pr45586-2_0.o-f_lto_pr45586-2_0.o link, -O0 -flto -flto-partition=none (internal compiler error)
UNRESOLVED: gfortran.dg/lto/pr45586-2 f_lto_pr45586-2_0.o-f_lto_pr45586-2_0.o execute -O0 -flto -flto-partition=none
FAIL: gfortran.dg/lto/pr45586-2 f_lto_pr45586-2_0.o-f_lto_pr45586-2_0.o link, -O0 -flto -flto-partition=1to1 (internal compiler error)
UNRESOLVED: gfortran.dg/lto/pr45586-2 f_lto_pr45586-2_0.o-f_lto_pr45586-2_0.o execute -O0 -flto -flto-partition=1to1
FAIL: gfortran.dg/lto/pr45586-2 f_lto_pr45586-2_0.o-f_lto_pr45586-2_0.o link, -O0 -flto (internal compiler error)
UNRESOLVED: gfortran.dg/lto/pr45586-2 f_lto_pr45586-2_0.o-f_lto_pr45586-2_0.o execute -O0 -flto
FAIL: gfortran.dg/lto/pr45586 f_lto_pr45586_0.o-f_lto_pr45586_0.o link, -O0 -flto -flto-partition=none (internal compiler error)
UNRESOLVED: gfortran.dg/lto/pr45586 f_lto_pr45586_0.o-f_lto_pr45586_0.o execute -O0 -flto -flto-partition=none
FAIL: gfortran.dg/lto/pr45586 f_lto_pr45586_0.o-f_lto_pr45586_0.o link, -O0 -flto -flto-partition=1to1 (internal compiler error)
UNRESOLVED: gfortran.dg/lto/pr45586 f_lto_pr45586_0.o-f_lto_pr45586_0.o execute -O0 -flto -flto-partition=1to1
FAIL: gfortran.dg/lto/pr45586 f_lto_pr45586_0.o-f_lto_pr45586_0.o link, -O0 -flto (internal compiler error)
UNRESOLVED: gfortran.dg/lto/pr45586 f_lto_pr45586_0.o-f_lto_pr45586_0.o execute -O0 -flto
=== gfortran Summary for unix/-m64 ===
# of expected passes 44648
# of unexpected failures 17
# of expected failures 54
# of unresolved testcases 6
# of unsupported tests 297
=== gfortran Summary ===
# of expected passes 89009
# of unexpected failures 40
# of expected failures 108
# of unresolved testcases 12
# of unsupported tests 731
/var/gcc/regression/trunk/9-gcc-gas/build/gcc/testsuite/gfortran/../../gfortran version 4.9.0 20131115 (experimental) [trunk revision 204842] (GCC)
=== gnat tests ===
Running target unix
=== gnat Summary for unix ===
# of expected passes 1186
# of expected failures 18
# of unsupported tests 13
Running target unix/-m64
=== gnat Summary for unix/-m64 ===
# of expected passes 1186
# of expected failures 18
# of unsupported tests 13
=== gnat Summary ===
# of expected passes 2372
# of expected failures 36
# of unsupported tests 26
/var/gcc/regression/trunk/9-gcc-gas/build/gcc/gnatmake version 4.9.0 20131115 (experimental) [trunk revision 204842]
=== go tests ===
Running target unix
FAIL: ./64bit-out.go compilation, -O0 -g -fno-var-tracking-assignments
FAIL: ./index0-out.go compilation, -O0 -g -fno-var-tracking-assignments
FAIL: ./rotate0-out.go compilation, -O0 -g -fno-var-tracking-assignments
FAIL: ./rotate1-out.go compilation, -O0 -g -fno-var-tracking-assignments
FAIL: ./rotate2-out.go compilation, -O0 -g -fno-var-tracking-assignments
FAIL: ./rotate3-out.go compilation, -O0 -g -fno-var-tracking-assignments
FAIL: go.test/test/chan/doubleselect.go execution, -O2 -g
FAIL: go.test/test/fixedbugs/bug370.go execution, -O2 -g
FAIL: go.test/test/mallocfin.go execution, -O2 -g
WARNING: program timed out.
WARNING: program timed out.
WARNING: program timed out.
WARNING: program timed out.
WARNING: program timed out.
WARNING: program timed out.
=== go Summary for unix ===
# of expected passes 7231
# of unexpected failures 9
# of expected failures 1
# of untested testcases 12
# of unsupported tests 2
Running target unix/-m64
FAIL: go.go-torture/execute/go-1.go execution, -O2 -fomit-frame-pointer -finline-functions -funroll-loops
FAIL: go.go-torture/execute/select-1.go execution, -O2 -fomit-frame-pointer -finline-functions -funroll-loops
FAIL: go.go-torture/execute/select-1.go execution, -O3 -g
FAIL: go.test/test/235.go execution, -O2 -g
FAIL: go.test/test/64bit.go execution
FAIL: go.test/test/append.go execution, -O2 -g
FAIL: go.test/test/blank.go execution, -O2 -g
FAIL: go.test/test/bom.go execution
FAIL: go.test/test/chan/doubleselect.go execution, -O2 -g
FAIL: go.test/test/chan/fifo.go execution, -O2 -g
FAIL: go.test/test/chan/goroutines.go execution, -O2 -g
FAIL: go.test/test/chan/nonblock.go execution, -O2 -g
FAIL: go.test/test/chan/powser1.go execution, -O2 -g
FAIL: go.test/test/chan/powser2.go execution, -O2 -g
FAIL: go.test/test/chan/select3.go execution, -O2 -g
FAIL: go.test/test/chan/select5.go execution
FAIL: go.test/test/chan/select6.go execution, -O2 -g
FAIL: go.test/test/chan/select7.go execution, -O2 -g
FAIL: go.test/test/chan/sieve1.go execution, -O2 -g
FAIL: go.test/test/chan/sieve2.go execution, -O2 -g
FAIL: go.test/test/closedchan.go execution, -O2 -g
FAIL: go.test/test/cmp.go execution, -O2 -g
FAIL: go.test/test/cmplxdivide.go
FAIL: go.test/test/const3.go execution, -O2 -g
FAIL: go.test/test/convT2X.go execution, -O2 -g
FAIL: go.test/test/copy.go execution, -O2 -g
FAIL: go.test/test/crlf.go execution
FAIL: go.test/test/defer.go execution, -O2 -g
FAIL: go.test/test/deferprint.go execution
FAIL: go.test/test/env.go execution, -O2 -g
FAIL: go.test/test/escape.go execution, -O2 -g
FAIL: go.test/test/fixedbugs/bug027.go execution, -O2 -g
FAIL: go.test/test/fixedbugs/bug070.go execution, -O2 -g
FAIL: go.test/test/fixedbugs/bug120.go execution, -O2 -g
FAIL: go.test/test/fixedbugs/bug130.go execution, -O2 -g
FAIL: go.test/test/fixedbugs/bug147.go execution, -O2 -g
FAIL: go.test/test/fixedbugs/bug154.go execution, -O2 -g
FAIL: go.test/test/fixedbugs/bug184.go execution, -O2 -g
FAIL: go.test/test/fixedbugs/bug206.go execution
FAIL: go.test/test/fixedbugs/bug207.go execution, -O2 -g
FAIL: go.test/test/fixedbugs/bug248.go
FAIL: go.test/test/fixedbugs/bug257.go execution, -O2 -g
FAIL: go.test/test/fixedbugs/bug260.go execution, -O2 -g
FAIL: go.test/test/fixedbugs/bug265.go execution, -O2 -g
FAIL: go.test/test/fixedbugs/bug271.go execution, -O2 -g
FAIL: go.test/test/fixedbugs/bug295.go execution, -O2 -g
FAIL: go.test/test/fixedbugs/bug303.go execution, -O2 -g
FAIL: go.test/test/fixedbugs/bug320.go execution, -O2 -g
FAIL: go.test/test/fixedbugs/bug346.go execution, -O2 -g
FAIL: go.test/test/fixedbugs/bug347.go execution, -O0 -g
FAIL: go.test/test/fixedbugs/bug348.go execution, -O0 -g
FAIL: go.test/test/fixedbugs/bug364.go execution, -O2 -g
FAIL: go.test/test/fixedbugs/bug369.go
FAIL: go.test/test/fixedbugs/bug370.go execution, -O2 -g
FAIL: go.test/test/fixedbugs/bug402.go execution, -O2 -g
FAIL: go.test/test/fixedbugs/bug414.dir/prog.go execution, -O2 -g
FAIL: go.test/test/fixedbugs/bug447.go execution
FAIL: go.test/test/fixedbugs/bug449.go execution
FAIL: go.test/test/fixedbugs/issue4085b.go execution, -O2 -g
FAIL: go.test/test/fixedbugs/issue4316.go execution, -O2 -g
FAIL: go.test/test/fixedbugs/issue4348.go -O (test for excess errors)
FAIL: go.test/test/fixedbugs/issue4562.go execution, -O2 -g
FAIL: go.test/test/fixedbugs/issue4618.go execution, -O2 -g
FAIL: go.test/test/fixedbugs/issue4667.go execution, -O2 -g
FAIL: go.test/test/fixedbugs/issue4909b.go execution
FAIL: go.test/test/fixedbugs/issue5162.go execution
FAIL: go.test/test/fixedbugs/issue5291.dir/prog.go execution, -O2 -g
FAIL: go.test/test/gc.go execution, -O2 -g
FAIL: go.test/test/gc1.go execution, -O2 -g
FAIL: go.test/test/gc2.go execution, -O2 -g
FAIL: go.test/test/goprint.go execution
FAIL: go.test/test/index0.go execution
FAIL: go.test/test/index1.go execution
FAIL: go.test/test/index2.go execution
FAIL: go.test/test/initialize.go execution, -O2 -g
FAIL: go.test/test/ken/chan.go execution, -O2 -g
FAIL: go.test/test/ken/chan1.go execution, -O2 -g
FAIL: go.test/test/ken/divconst.go execution, -O2 -g
FAIL: go.test/test/ken/modconst.go execution, -O2 -g
FAIL: go.test/test/ken/rob2.go execution, -O2 -g
FAIL: go.test/test/mallocfin.go execution, -O2 -g
FAIL: go.test/test/map.go execution, -O2 -g
FAIL: go.test/test/mapnan.go execution, -O2 -g
FAIL: go.test/test/nil.go execution, -O2 -g
FAIL: go.test/test/nul1.go execution
FAIL: go.test/test/peano.go execution, -O2 -g
FAIL: go.test/test/range.go execution, -O2 -g
FAIL: go.test/test/recover.go execution, -O2 -g
FAIL: go.test/test/recover2.go execution, -O2 -g
FAIL: go.test/test/recover3.go execution, -O2 -g
FAIL: go.test/test/reorder.go execution, -O2 -g
FAIL: go.test/test/rotate0.go execution
FAIL: go.test/test/rotate1.go execution
FAIL: go.test/test/rotate2.go execution
FAIL: go.test/test/rotate3.go execution
FAIL: go.test/test/stringrange.go execution, -O2 -g
FAIL: go.test/test/struct0.go execution, -O2 -g
FAIL: go.test/test/typeswitch1.go execution, -O2 -g
FAIL: go.test/test/zerodivide.go execution, -O2 -g
=== go Summary for unix/-m64 ===
# of expected passes 2909
# of unexpected failures 99
# of expected failures 1
# of untested testcases 9
# of unsupported tests 2
=== go Summary ===
# of expected passes 10140
# of unexpected failures 108
# of expected failures 2
# of untested testcases 21
# of unsupported tests 4
/var/gcc/regression/trunk/9-gcc-gas/build/gcc/testsuite/go/../../gccgo version 4.9.0 20131115 (experimental) [trunk revision 204842] (GCC)
=== obj-c++ tests ===
Running target unix
=== obj-c++ Summary for unix ===
# of expected passes 1449
# of expected failures 2
# of unsupported tests 86
Running target unix/-m64
=== obj-c++ Summary for unix/-m64 ===
# of expected passes 1441
# of expected failures 10
# of unsupported tests 86
=== obj-c++ Summary ===
# of expected passes 2890
# of expected failures 12
# of unsupported tests 172
/var/gcc/regression/trunk/9-gcc-gas/build/gcc/testsuite/obj-c++/../../xg++ version 4.9.0 20131115 (experimental) [trunk revision 204842] (GCC)
=== objc tests ===
Running target unix
=== objc Summary for unix ===
# of expected passes 2994
# of unsupported tests 74
Running target unix/-m64
=== objc Summary for unix/-m64 ===
# of expected passes 2994
# of unsupported tests 74
=== objc Summary ===
# of expected passes 5988
# of unsupported tests 148
/var/gcc/regression/trunk/9-gcc-gas/build/gcc/xgcc version 4.9.0 20131115 (experimental) [trunk revision 204842] (GCC)
=== boehm-gc tests ===
Running target unix
=== boehm-gc Summary for unix ===
# of expected passes 12
# of unsupported tests 1
Running target unix/-m64
=== boehm-gc Summary for unix/-m64 ===
# of expected passes 12
# of unsupported tests 1
=== boehm-gc Summary ===
# of expected passes 24
# of unsupported tests 2
=== libatomic tests ===
Running target unix
=== libatomic Summary for unix ===
# of expected passes 34
# of unsupported tests 10
Running target unix/-m64
=== libatomic Summary for unix/-m64 ===
# of expected passes 44
# of unsupported tests 5
=== libatomic Summary ===
# of expected passes 78
# of unsupported tests 15
=== libffi tests ===
Running target unix
=== libffi Summary for unix ===
# of expected passes 1819
# of unsupported tests 55
Running target unix/-m64
=== libffi Summary for unix/-m64 ===
# of expected passes 1819
# of unsupported tests 55
=== libffi Summary ===
# of expected passes 3638
# of unsupported tests 110
=== libgo tests ===
Running target unix
FAIL: net
FAIL: runtime
FAIL: sync
FAIL: time
FAIL: database/sql
FAIL: log/syslog
FAIL: net/http
FAIL: os/signal
FAIL: os/user
FAIL: runtime/pprof
FAIL: sync/atomic
FAIL: text/template
FAIL: testing/quick
=== libgo Summary for unix ===
# of expected passes 109
# of unexpected failures 13
Running target unix/-m64
FAIL: bufio
FAIL: bytes
FAIL: errors
FAIL: expvar
FAIL: flag
FAIL: fmt
FAIL: html
FAIL: image
FAIL: io
FAIL: log
FAIL: math
FAIL: mime
FAIL: net
FAIL: os
FAIL: path
FAIL: reflect
FAIL: regexp
FAIL: runtime
FAIL: sort
FAIL: strconv
FAIL: strings
FAIL: sync
FAIL: syscall
FAIL: time
FAIL: unicode
FAIL: archive/tar
FAIL: archive/zip
FAIL: compress/bzip2
FAIL: compress/flate
FAIL: compress/gzip
FAIL: compress/lzw
FAIL: compress/zlib
FAIL: container/heap
FAIL: container/list
FAIL: container/ring
FAIL: crypto/aes
FAIL: crypto/cipher
FAIL: crypto/des
FAIL: crypto/dsa
FAIL: crypto/ecdsa
FAIL: crypto/elliptic
FAIL: crypto/hmac
FAIL: crypto/md5
FAIL: crypto/rand
FAIL: crypto/rc4
FAIL: crypto/rsa
FAIL: crypto/sha1
FAIL: crypto/sha256
FAIL: crypto/sha512
FAIL: crypto/subtle
FAIL: crypto/tls
FAIL: crypto/x509
FAIL: database/sql
FAIL: database/sql/driver
FAIL: debug/dwarf
FAIL: debug/elf
FAIL: debug/macho
FAIL: debug/pe
FAIL: encoding/ascii85
FAIL: encoding/asn1
FAIL: encoding/base32
FAIL: encoding/base64
FAIL: encoding/binary
FAIL: encoding/csv
FAIL: encoding/gob
FAIL: encoding/hex
FAIL: encoding/json
FAIL: encoding/pem
FAIL: encoding/xml
FAIL: exp/proxy
FAIL: exp/terminal
FAIL: html/template
FAIL: go/ast
FAIL: go/doc
FAIL: go/format
FAIL: go/parser
FAIL: go/printer
FAIL: go/scanner
FAIL: go/token
FAIL: hash/adler32
FAIL: hash/crc32
FAIL: hash/crc64
FAIL: hash/fnv
FAIL: image/color
FAIL: image/draw
FAIL: image/jpeg
FAIL: image/png
FAIL: index/suffixarray
FAIL: io/ioutil
FAIL: log/syslog
FAIL: math/big
FAIL: math/cmplx
FAIL: math/rand
FAIL: mime/multipart
FAIL: net/http
FAIL: net/http/cgi
FAIL: net/http/cookiejar
FAIL: net/http/fcgi
FAIL: net/http/httptest
FAIL: net/http/httputil
FAIL: net/mail
FAIL: net/rpc
FAIL: net/smtp
FAIL: net/textproto
FAIL: net/url
FAIL: net/rpc/jsonrpc
FAIL: old/regexp
FAIL: old/template
FAIL: os/exec
FAIL: os/signal
FAIL: os/user
FAIL: path/filepath
FAIL: regexp/syntax
FAIL: runtime/pprof
FAIL: sync/atomic
FAIL: text/scanner
FAIL: text/tabwriter
FAIL: text/template
FAIL: text/template/parse
FAIL: testing/quick
FAIL: unicode/utf16
FAIL: unicode/utf8
=== libgo Summary for unix/-m64 ===
# of unexpected failures 122
=== libgo Summary ===
# of expected passes 109
# of unexpected failures 135
=== libgomp tests ===
Running target unix
FAIL: libgomp.graphite/bounds.c scan-tree-dump-times graphite "0 loops carried no dependency" 1
FAIL: libgomp.graphite/force-parallel-4.c execution test
FAIL: libgomp.graphite/force-parallel-4.c scan-tree-dump-times graphite "2 loops carried no dependency" 1
FAIL: libgomp.graphite/force-parallel-6.c scan-tree-dump-times graphite "1 loops carried no dependency" 1
FAIL: libgomp.graphite/pr41118.c scan-tree-dump-times optimized "loopfn" 0
=== libgomp Summary for unix ===
# of expected passes 2381
# of unexpected failures 5
# of unsupported tests 3
Running target unix/-m64
WARNING: program timed out.
FAIL: libgomp.c/for-3.c (test for excess errors)
WARNING: libgomp.c/for-3.c compilation failed to produce executable
WARNING: program timed out.
FAIL: libgomp.fortran/vla7.f90 -O2 (test for excess errors)
FAIL: libgomp.graphite/bounds.c scan-tree-dump-times graphite "0 loops carried no dependency" 1
FAIL: libgomp.graphite/force-parallel-4.c execution test
FAIL: libgomp.graphite/force-parallel-4.c scan-tree-dump-times graphite "2 loops carried no dependency" 1
FAIL: libgomp.graphite/force-parallel-6.c scan-tree-dump-times graphite "1 loops carried no dependency" 1
FAIL: libgomp.graphite/pr41118.c scan-tree-dump-times optimized "loopfn" 0
=== libgomp Summary for unix/-m64 ===
# of expected passes 2378
# of unexpected failures 7
# of unsupported tests 3
=== libgomp Summary ===
# of expected passes 4759
# of unexpected failures 12
# of unsupported tests 6
=== libitm tests ===
Running target unix
=== libitm Summary for unix ===
# of expected passes 26
# of expected failures 3
# of unsupported tests 1
Running target unix/-m64
=== libitm Summary for unix/-m64 ===
# of expected passes 26
# of expected failures 3
# of unsupported tests 1
=== libitm Summary ===
# of expected passes 52
# of expected failures 6
# of unsupported tests 2
=== libjava tests ===
Running target unix
FAIL: sourcelocation output - source compiled test
FAIL: sourcelocation -findirect-dispatch output - source compiled test
FAIL: sourcelocation -O3 output - source compiled test
FAIL: sourcelocation -O3 -findirect-dispatch output - source compiled test
=== libjava Summary for unix ===
# of expected passes 2582
# of unexpected failures 4
Running target unix/-m64
FAIL: sourcelocation output - source compiled test
FAIL: sourcelocation -findirect-dispatch output - source compiled test
FAIL: sourcelocation -O3 output - source compiled test
FAIL: sourcelocation -O3 -findirect-dispatch output - source compiled test
=== libjava Summary for unix/-m64 ===
# of expected passes 2582
# of unexpected failures 4
=== libjava Summary ===
# of expected passes 5164
# of unexpected failures 8
=== libstdc++ tests ===
Running target unix
FAIL: 20_util/unique_ptr/cons/auto_ptr.cc (test for excess errors)
WARNING: 20_util/unique_ptr/cons/auto_ptr.cc compilation failed to produce executable
FAIL: 23_containers/forward_list/requirements/exception/propagation_consistent.cc (test for excess errors)
WARNING: 23_containers/forward_list/requirements/exception/propagation_consistent.cc compilation failed to produce executable
FAIL: 23_containers/multiset/requirements/typedefs.cc (test for excess errors)
FAIL: 23_containers/unordered_multiset/requirements/exception/generation_prohibited.cc (test for excess errors)
WARNING: 23_containers/unordered_multiset/requirements/exception/generation_prohibited.cc compilation failed to produce executable
FAIL: 23_containers/unordered_multiset/requirements/exception/propagation_consistent.cc (test for excess errors)
WARNING: 23_containers/unordered_multiset/requirements/exception/propagation_consistent.cc compilation failed to produce executable
FAIL: 23_containers/vector/allocator/copy_assign.cc (test for excess errors)
WARNING: 23_containers/vector/allocator/copy_assign.cc compilation failed to produce executable
FAIL: 23_containers/vector/allocator/ext_ptr.cc (test for excess errors)
WARNING: 23_containers/vector/allocator/ext_ptr.cc compilation failed to produce executable
FAIL: 23_containers/vector/allocator/minimal.cc (test for excess errors)
WARNING: 23_containers/vector/allocator/minimal.cc compilation failed to produce executable
FAIL: 23_containers/vector/allocator/swap.cc (test for excess errors)
WARNING: 23_containers/vector/allocator/swap.cc compilation failed to produce executable
FAIL: 23_containers/vector/bool/modifiers/erase/54577.cc (test for excess errors)
FAIL: 26_numerics/random/subtract_with_carry_engine/requirements/constexpr_functions.cc (test for excess errors)
FAIL: 28_regex/algorithms/regex_match/ecma/char/58576.cc (test for excess errors)
WARNING: 28_regex/algorithms/regex_match/ecma/char/58576.cc compilation failed to produce executable
FAIL: 28_regex/algorithms/regex_match/ecma/char/anymatcher.cc (test for excess errors)
WARNING: 28_regex/algorithms/regex_match/ecma/char/anymatcher.cc compilation failed to produce executable
FAIL: 28_regex/algorithms/regex_match/ecma/char/backref.cc (test for excess errors)
WARNING: 28_regex/algorithms/regex_match/ecma/char/backref.cc compilation failed to produce executable
FAIL: 28_regex/algorithms/regex_match/ecma/char/empty_range.cc (test for excess errors)
WARNING: 28_regex/algorithms/regex_match/ecma/char/empty_range.cc compilation failed to produce executable
FAIL: 28_regex/algorithms/regex_match/ecma/char/emptygroup.cc (test for excess errors)
WARNING: 28_regex/algorithms/regex_match/ecma/char/emptygroup.cc compilation failed to produce executable
FAIL: 28_regex/algorithms/regex_match/ecma/char/hex.cc (test for excess errors)
WARNING: 28_regex/algorithms/regex_match/ecma/char/hex.cc compilation failed to produce executable
FAIL: 28_regex/algorithms/regex_match/ecma/char/quoted_char.cc (test for excess errors)
WARNING: 28_regex/algorithms/regex_match/ecma/char/quoted_char.cc compilation failed to produce executable
FAIL: 28_regex/algorithms/regex_match/ecma/char/ungreedy.cc (test for excess errors)
WARNING: 28_regex/algorithms/regex_match/ecma/char/ungreedy.cc compilation failed to produce executable
FAIL: 28_regex/algorithms/regex_match/ecma/wchar_t/anymatcher.cc (test for excess errors)
WARNING: 28_regex/algorithms/regex_match/ecma/wchar_t/anymatcher.cc compilation failed to produce executable
FAIL: 28_regex/basic_regex/assign/char/range.cc (test for excess errors)
FAIL: 28_regex/basic_regex/ctors/basic/string_range_01_02_03.cc (test for excess errors)
WARNING: 28_regex/basic_regex/ctors/basic/string_range_01_02_03.cc compilation failed to produce executable
FAIL: 28_regex/basic_regex/ctors/char/cstring.cc (test for excess errors)
FAIL: 28_regex/basic_regex/ctors/wchar_t/default.cc (test for excess errors)
FAIL: 28_regex/basic_regex/ctors/wchar_t/range.cc (test for excess errors)
FAIL: ext/pb_ds/regression/trie_set_rand.cc (test for excess errors)
WARNING: ext/pb_ds/regression/trie_set_rand.cc compilation failed to produce executable
FAIL: ext/throw_allocator/deallocate_local.cc (test for excess errors)
WARNING: ext/throw_allocator/deallocate_local.cc compilation failed to produce executable
FAIL: ext/throw_allocator/variadic_construct.cc (test for excess errors)
WARNING: ext/throw_allocator/variadic_construct.cc compilation failed to produce executable
FAIL: ext/throw_value/cons.cc (test for excess errors)
WARNING: ext/throw_value/cons.cc compilation failed to produce executable
FAIL: ext/vstring/modifiers/pop_back/wchar_t/1.cc (test for excess errors)
WARNING: ext/vstring/modifiers/pop_back/wchar_t/1.cc compilation failed to produce executable
FAIL: ext/vstring/modifiers/replace/char/const_iterator.cc (test for excess errors)
FAIL: ext/vstring/range_access.cc (test for excess errors)
WARNING: program timed out.
WARNING: program timed out.
WARNING: program timed out.
WARNING: program timed out.
WARNING: program timed out.
WARNING: program timed out.
WARNING: program timed out.
WARNING: program timed out.
WARNING: program timed out.
WARNING: program timed out.
WARNING: program timed out.
WARNING: program timed out.
WARNING: program timed out.
WARNING: program timed out.
WARNING: program timed out.
WARNING: program timed out.
WARNING: program timed out.
WARNING: program timed out.
WARNING: program timed out.
WARNING: program timed out.
WARNING: program timed out.
WARNING: program timed out.
WARNING: program timed out.
WARNING: program timed out.
WARNING: program timed out.
WARNING: program timed out.
WARNING: program timed out.
WARNING: program timed out.
WARNING: program timed out.
WARNING: program timed out.
WARNING: program timed out.
WARNING: program timed out.
WARNING: program timed out.
=== libstdc++ Summary for unix ===
# of expected passes 7983
# of unexpected failures 32
# of expected failures 42
# of unsupported tests 931
Running target unix/-m64
FAIL: 23_containers/deque/debug/invalidation/3.cc (test for excess errors)
WARNING: 23_containers/deque/debug/invalidation/3.cc compilation failed to produce executable
FAIL: 23_containers/deque/debug/invalidation/4.cc (test for excess errors)
WARNING: 23_containers/deque/debug/invalidation/4.cc compilation failed to produce executable
FAIL: 23_containers/deque/modifiers/erase/2.cc (test for excess errors)
WARNING: 23_containers/deque/modifiers/erase/2.cc compilation failed to produce executable
FAIL: 23_containers/deque/modifiers/erase/50529.cc (test for excess errors)
WARNING: 23_containers/deque/modifiers/erase/50529.cc compilation failed to produce executable
FAIL: 23_containers/deque/modifiers/erase/moveable.cc (test for excess errors)
WARNING: 23_containers/deque/modifiers/erase/moveable.cc compilation failed to produce executable
FAIL: 23_containers/deque/modifiers/insert/const_iterator.cc (test for excess errors)
FAIL: 23_containers/deque/modifiers/moveable.cc (test for excess errors)
WARNING: 23_containers/deque/modifiers/moveable.cc compilation failed to produce executable
FAIL: 23_containers/multiset/modifiers/insert/3.cc (test for excess errors)
WARNING: 23_containers/multiset/modifiers/insert/3.cc compilation failed to produce executable
FAIL: 23_containers/unordered_map/operators/1.cc (test for excess errors)
WARNING: 23_containers/unordered_map/operators/1.cc compilation failed to produce executable
FAIL: 23_containers/unordered_multimap/insert/multimap_single_move-2.cc (test for excess errors)
WARNING: 23_containers/unordered_multimap/insert/multimap_single_move-2.cc compilation failed to produce executable
FAIL: 25_algorithms/copy/streambuf_iterators/wchar_t/3.cc (test for excess errors)
WARNING: 25_algorithms/copy/streambuf_iterators/wchar_t/3.cc compilation failed to produce executable
FAIL: 25_algorithms/copy_backward/move_iterators/1.cc (test for excess errors)
WARNING: 25_algorithms/copy_backward/move_iterators/1.cc compilation failed to produce executable
FAIL: 25_algorithms/copy_if/requirements/explicit_instantiation/pod.cc (test for excess errors)
FAIL: 25_algorithms/copy_n/1.cc (test for excess errors)
WARNING: 25_algorithms/copy_n/1.cc compilation failed to produce executable
FAIL: 25_algorithms/copy_n/2.cc (test for excess errors)
WARNING: 25_algorithms/copy_n/2.cc compilation failed to produce executable
FAIL: 25_algorithms/copy_n/3.cc (test for excess errors)
WARNING: 25_algorithms/copy_n/3.cc compilation failed to produce executable
FAIL: 25_algorithms/copy_n/4.cc (test for excess errors)
WARNING: 25_algorithms/copy_n/4.cc compilation failed to produce executable
FAIL: 25_algorithms/copy_n/50119.cc (test for excess errors)
WARNING: 25_algorithms/copy_n/50119.cc compilation failed to produce executable
FAIL: 25_algorithms/stable_partition/moveable.cc (test for excess errors)
WARNING: 25_algorithms/stable_partition/moveable.cc compilation failed to produce executable
FAIL: 27_io/basic_fstream/cons/char/1.cc (test for excess errors)
FAIL: 27_io/basic_ostream/inserters_other/wchar_t/error_code.cc (test for excess errors)
WARNING: 27_io/basic_ostream/inserters_other/wchar_t/error_code.cc compilation failed to produce executable
ERROR: could not compile testsuite_abi.cc
FAIL: ext/pb_ds/regression/tree_set_rand.cc (test for excess errors)
WARNING: ext/pb_ds/regression/tree_set_rand.cc compilation failed to produce executable
WARNING: program timed out.
WARNING: program timed out.
WARNING: program timed out.
WARNING: program timed out.
WARNING: program timed out.
WARNING: program timed out.
WARNING: program timed out.
WARNING: program timed out.
WARNING: program timed out.
WARNING: program timed out.
WARNING: program timed out.
WARNING: program timed out.
WARNING: program timed out.
WARNING: program timed out.
WARNING: program timed out.
WARNING: program timed out.
WARNING: program timed out.
WARNING: program timed out.
WARNING: program timed out.
WARNING: program timed out.
WARNING: program timed out.
WARNING: program timed out.
WARNING: program timed out.
WARNING: program timed out.
ERROR: tcl error sourcing /vol/gcc/src/hg/trunk/local/libstdc++-v3/testsuite/libstdc++-dg/conformance.exp.
FAIL: tr1/6_containers/unordered_multiset/swap/2.cc (test for excess errors)
WARNING: tr1/6_containers/unordered_multiset/swap/2.cc compilation failed to produce executable
=== libstdc++ Summary for unix/-m64 ===
# of expected passes 7993
# of unexpected failures 24
# of expected failures 42
# of unsupported tests 931
=== libstdc++ Summary ===
# of expected passes 15976
# of unexpected failures 56
# of expected failures 84
# of unsupported tests 1862
Compiler version: 4.9.0 20131115 (experimental) [trunk revision 204842] (GCC)
Platform: sparc-sun-solaris2.9
configure flags: --prefix=/vol/gcc --target=sparc-sun-solaris2.9 --enable-obsolete --enable-objc-gc --with-as=/vol/gcc/bin/gas-2.23.1 --with-gnu-as --with-gmp-include=/vol/gcc/include --with-gmp-lib=/vol/gcc/lib --with-mpfr-include=/vol/gcc/include --with-mpfr-lib=/vol/gcc/lib --with-mpc-include=/vol/gcc/include --with-mpc-lib=/vol/gcc/lib --enable-languages=all,ada,obj-c++,go --with-isl-include=/vol/gcc/include --with-isl-lib=/vol/gcc/lib --with-cloog-include=/vol/gcc/include --with-cloog-lib=/vol/gcc/lib --enable-cloog-backend=isl
BOOT_CFLAGS=-g -O2