This is the mail archive of the
gcc-testresults@gcc.gnu.org
mailing list for the GCC project.
Results for 4.8.3 20131115 (prerelease) [gcc-4_8-branch revision 204832] (GCC) testsuite on sparc-sun-solaris2.9
- From: Rainer Orth <ro at CeBiTec dot Uni-Bielefeld dot DE>
- To: gcc-testresults at gcc dot gnu dot org
- Date: Mon, 18 Nov 2013 10:54:49 +0100 (MET)
- Subject: Results for 4.8.3 20131115 (prerelease) [gcc-4_8-branch revision 204832] (GCC) testsuite on sparc-sun-solaris2.9
- Authentication-results: sourceware.org; auth=none
LAST_UPDATED: Fri Nov 15 14:41:03 UTC 2013 (revision 204832)
=== acats tests ===
=== acats Summary ===
# of expected passes 2320
# of unexpected failures 0
Native configuration is sparc-sun-solaris2.9
=== g++ tests ===
Running target unix
WARNING: program timed out.
FAIL: g++.dg/gcov/gcov-12.C -std=gnu++98 (test for excess errors)
WARNING: program timed out.
FAIL: g++.dg/gcov/gcov-14.C -std=gnu++98 (test for excess errors)
WARNING: g++.dg/gcov/gcov-14.C -std=gnu++98 compilation failed to produce executable
FAIL: g++.dg/gcov/gcov-14.C -std=gnu++98 gcov failed: gcov-14.C.gov does not exist
FAIL: g++.dg/lto/20091219 cp_lto_20091219_0.o-cp_lto_20091219_0.o link, -O3 -flto
UNRESOLVED: g++.dg/lto/20091219 cp_lto_20091219_0.o-cp_lto_20091219_0.o execute -O3 -flto
WARNING: program timed out.
FAIL: g++.dg/torture/covariant-1.C -O2 -flto (test for excess errors)
FAIL: g++.dg/torture/pr31863.C -O2 -flto (test for excess errors)
=== g++ Summary for unix ===
# of expected passes 49824
# of unexpected failures 6
# of expected failures 292
# of unresolved testcases 1
# of unsupported tests 1138
Running target unix/-m64
WARNING: program timed out.
WARNING: program timed out.
FAIL: g++.dg/abi/align1.C -std=c++98 (test for excess errors)
FAIL: g++.dg/lto/20091219 cp_lto_20091219_0.o-cp_lto_20091219_0.o link, -O3 -flto
UNRESOLVED: g++.dg/lto/20091219 cp_lto_20091219_0.o-cp_lto_20091219_0.o execute -O3 -flto
WARNING: program timed out.
FAIL: g++.dg/torture/pr31863.C -O2 -flto -flto-partition=none (test for excess errors)
FAIL: g++.dg/torture/pr31863.C -O2 -flto (test for excess errors)
WARNING: program timed out.
FAIL: g++.old-deja/g++.ext/attrib5.C -std=c++11 (test for excess errors)
=== g++ Summary for unix/-m64 ===
# of expected passes 50986
# of unexpected failures 5
# of expected failures 290
# of unresolved testcases 1
# of unsupported tests 1165
=== g++ Summary ===
# of expected passes 100810
# of unexpected failures 11
# of expected failures 582
# of unresolved testcases 2
# of unsupported tests 2303
/var/gcc/regression/gcc-4.8-branch/9-gcc/build/gcc/testsuite/g++/../../xg++ version 4.8.3 20131115 (prerelease) [gcc-4_8-branch revision 204832] (GCC)
=== gcc tests ===
Running target unix
FAIL: gcc.c-torture/compile/pr46534.c -O0 (test for excess errors)
WARNING: program timed out.
FAIL: gcc.c-torture/execute/20021011-1.c compilation, -O2 -flto -flto-partition=none
UNRESOLVED: gcc.c-torture/execute/20021011-1.c execution, -O2 -flto -flto-partition=none
FAIL: gcc.c-torture/execute/gofast.c compilation, -O0
UNRESOLVED: gcc.c-torture/execute/gofast.c execution, -O0
WARNING: program timed out.
WARNING: program timed out.
WARNING: program timed out.
FAIL: gcc.dg/pr43280.c (test for excess errors)
WARNING: program timed out.
FAIL: gcc.dg/lto/20090312 c_lto_20090312_0.o-c_lto_20090312_1.o link, -O0 -flto -flto-partition=1to1
UNRESOLVED: gcc.dg/lto/20090312 c_lto_20090312_0.o-c_lto_20090312_1.o execute -O0 -flto -flto-partition=1to1
WARNING: program timed out.
FAIL: gcc.dg/lto/20090312 c_lto_20090312_0.o-c_lto_20090312_1.o link, -O0 -flto
UNRESOLVED: gcc.dg/lto/20090312 c_lto_20090312_0.o-c_lto_20090312_1.o execute -O0 -flto
FAIL: gcc.dg/simulate-thread/atomic-other-int.c -O0 -g thread simulation test
FAIL: gcc.dg/simulate-thread/atomic-other-int.c -O2 -g thread simulation test
FAIL: gcc.dg/simulate-thread/atomic-other-int.c -O3 -g thread simulation test
FAIL: gcc.dg/simulate-thread/speculative-store-4.c -O0 -g thread simulation test
FAIL: gcc.dg/simulate-thread/speculative-store-4.c -O2 -g thread simulation test
FAIL: gcc.dg/simulate-thread/speculative-store-4.c -O3 -g thread simulation test
FAIL: gcc.dg/simulate-thread/speculative-store.c -O0 -g thread simulation test
WARNING: program timed out.
FAIL: gcc.dg/torture/builtin-math-6.c -O2 (test for excess errors)
WARNING: program timed out.
FAIL: gcc.dg/torture/stackalign/nested-3.c -O3 -fomit-frame-pointer -fpic (test for excess errors)
WARNING: program timed out.
FAIL: gcc.dg/vect/vect-double-reduc-7.c (test for excess errors)
=== gcc Summary for unix ===
# of expected passes 83095
# of unexpected failures 16
# of expected failures 326
# of unresolved testcases 4
# of unsupported tests 1741
Running target unix/-m64
FAIL: gcc.c-torture/compile/limits-externalid.c -O1 (test for excess errors)
WARNING: program timed out.
FAIL: gcc.c-torture/execute/20000403-1.c compilation, -O3 -fomit-frame-pointer
UNRESOLVED: gcc.c-torture/execute/20000403-1.c execution, -O3 -fomit-frame-pointer
FAIL: gcc.c-torture/execute/931017-1.c compilation, -O3 -fomit-frame-pointer -funroll-loops
UNRESOLVED: gcc.c-torture/execute/931017-1.c execution, -O3 -fomit-frame-pointer -funroll-loops
WARNING: program timed out.
WARNING: program timed out.
WARNING: program timed out.
FAIL: gcc.dg/debug/pr36690-1.c -gstabs+ -O (test for excess errors)
WARNING: program timed out.
FAIL: gcc.dg/vect/slp-14.c (test for excess errors)
=== gcc Summary for unix/-m64 ===
# of expected passes 83843
# of unexpected failures 5
# of expected failures 315
# of unresolved testcases 2
# of unsupported tests 1693
=== gcc Summary ===
# of expected passes 166938
# of unexpected failures 21
# of expected failures 641
# of unresolved testcases 6
# of unsupported tests 3434
/var/gcc/regression/gcc-4.8-branch/9-gcc/build/gcc/xgcc version 4.8.3 20131115 (prerelease) [gcc-4_8-branch revision 204832] (GCC)
=== gfortran tests ===
Running target unix
FAIL: gfortran.dg/assign_2.f90 -O3 -fomit-frame-pointer (test for excess errors)
FAIL: gfortran.dg/backslash_3.f -O3 -fomit-frame-pointer -funroll-loops (test for excess errors)
WARNING: gfortran.dg/backslash_3.f -O3 -fomit-frame-pointer -funroll-loops compilation failed to produce executable
FAIL: gfortran.dg/class_allocate_5.f90 -O3 -fomit-frame-pointer (test for excess errors)
FAIL: gfortran.dg/inquire_10.f90 -O0 (test for excess errors)
FAIL: gfortran.dg/trim_optimize_6.f90 -O3 -fomit-frame-pointer -funroll-all-loops -finline-functions (test for excess errors)
WARNING: program timed out.
WARNING: program timed out.
WARNING: program timed out.
WARNING: program timed out.
WARNING: program timed out.
WARNING: program timed out.
=== gfortran Summary for unix ===
# of expected passes 42998
# of unexpected failures 5
# of expected failures 58
# of unsupported tests 411
Running target unix/-m64
FAIL: gfortran.dg/array_constructor_type_4.f03 -O1 (test for excess errors)
FAIL: gfortran.dg/coarray_16.f90 -O1 (test for excess errors)
FAIL: gfortran.dg/eor_1.f90 -Os (test for excess errors)
FAIL: gfortran.dg/integer_exponentiation_5.F90 -Os (test for excess errors)
FAIL: gfortran.dg/pointer_remapping_6.f08 -O3 -fomit-frame-pointer (test for excess errors)
WARNING: program timed out.
WARNING: program timed out.
WARNING: program timed out.
WARNING: program timed out.
WARNING: program timed out.
WARNING: program timed out.
=== gfortran Summary for unix/-m64 ===
# of expected passes 43277
# of unexpected failures 5
# of expected failures 58
# of unsupported tests 275
=== gfortran Summary ===
# of expected passes 86275
# of unexpected failures 10
# of expected failures 116
# of unsupported tests 686
/var/gcc/regression/gcc-4.8-branch/9-gcc/build/gcc/testsuite/gfortran/../../gfortran version 4.8.3 20131115 (prerelease) [gcc-4_8-branch revision 204832] (GCC)
=== gnat tests ===
Running target unix
WARNING: program timed out.
FAIL: gnat.dg/aliasing3.adb (test for excess errors)
WARNING: program timed out.
FAIL: gnat.dg/aliasing3_pkg.adb (test for excess errors)
=== gnat Summary for unix ===
# of expected passes 1152
# of unexpected failures 2
# of expected failures 17
# of unsupported tests 13
Running target unix/-m64
=== gnat Summary for unix/-m64 ===
# of expected passes 1154
# of expected failures 17
# of unsupported tests 13
=== gnat Summary ===
# of expected passes 2306
# of unexpected failures 2
# of expected failures 34
# of unsupported tests 26
/var/gcc/regression/gcc-4.8-branch/9-gcc/build/gcc/gnatmake version 4.8.3 20131115 (prerelease) [gcc-4_8-branch revision 204832]
=== go tests ===
Running target unix
WARNING: program timed out.
=== go Summary for unix ===
# of expected passes 5177
# of expected failures 1
# of untested testcases 6
Running target unix/-m64
FAIL: go.test/test/cmplxdivide.go
WARNING: program timed out.
=== go Summary for unix/-m64 ===
# of expected passes 5056
# of unexpected failures 1
# of expected failures 1
# of untested testcases 6
=== go Summary ===
# of expected passes 10233
# of unexpected failures 1
# of expected failures 2
# of untested testcases 12
/var/gcc/regression/gcc-4.8-branch/9-gcc/build/gcc/testsuite/go/../../gccgo version 4.8.3 20131115 (prerelease) [gcc-4_8-branch revision 204832] (GCC)
=== obj-c++ tests ===
Running target unix
WARNING: program timed out.
FAIL: obj-c++.dg/gnu-api-2-objc.mm -fgnu-runtime (test for excess errors)
=== obj-c++ Summary for unix ===
# of expected passes 1449
# of unexpected failures 1
# of expected failures 2
# of unsupported tests 86
Running target unix/-m64
=== obj-c++ Summary for unix/-m64 ===
# of expected passes 1442
# of expected failures 10
# of unsupported tests 86
=== obj-c++ Summary ===
# of expected passes 2891
# of unexpected failures 1
# of expected failures 12
# of unsupported tests 172
/var/gcc/regression/gcc-4.8-branch/9-gcc/build/gcc/testsuite/obj-c++/../../xg++ version 4.8.3 20131115 (prerelease) [gcc-4_8-branch revision 204832] (GCC)
=== objc tests ===
Running target unix
=== objc Summary for unix ===
# of expected passes 2994
# of unsupported tests 74
Running target unix/-m64
WARNING: program timed out.
FAIL: objc/execute/trivial.m compilation, -O2 -fgnu-runtime
UNRESOLVED: objc/execute/trivial.m execution, -O2 -fgnu-runtime
=== objc Summary for unix/-m64 ===
# of expected passes 2992
# of unexpected failures 1
# of unresolved testcases 1
# of unsupported tests 74
=== objc Summary ===
# of expected passes 5986
# of unexpected failures 1
# of unresolved testcases 1
# of unsupported tests 148
/var/gcc/regression/gcc-4.8-branch/9-gcc/build/gcc/xgcc version 4.8.3 20131115 (prerelease) [gcc-4_8-branch revision 204832] (GCC)
=== boehm-gc tests ===
Running target unix
=== boehm-gc Summary for unix ===
# of expected passes 12
# of unsupported tests 1
Running target unix/-m64
=== boehm-gc Summary for unix/-m64 ===
# of expected passes 12
# of unsupported tests 1
=== boehm-gc Summary ===
# of expected passes 24
# of unsupported tests 2
=== libatomic tests ===
Running target unix
=== libatomic Summary for unix ===
# of expected passes 34
# of unsupported tests 10
Running target unix/-m64
=== libatomic Summary for unix/-m64 ===
# of expected passes 44
# of unsupported tests 5
=== libatomic Summary ===
# of expected passes 78
# of unsupported tests 15
=== libffi tests ===
Running target unix
=== libffi Summary for unix ===
# of expected passes 1819
# of unsupported tests 55
Running target unix/-m64
=== libffi Summary for unix/-m64 ===
# of expected passes 1819
# of unsupported tests 55
=== libffi Summary ===
# of expected passes 3638
# of unsupported tests 110
=== libgo tests ===
Running target unix
FAIL: runtime
FAIL: log/syslog
FAIL: text/template
FAIL: testing/quick
=== libgo Summary for unix ===
# of expected passes 118
# of unexpected failures 4
Running target unix/-m64
FAIL: bufio
FAIL: bytes
FAIL: errors
FAIL: expvar
FAIL: flag
FAIL: fmt
FAIL: html
FAIL: image
FAIL: io
FAIL: log
FAIL: math
FAIL: mime
FAIL: net
FAIL: os
FAIL: strconv
FAIL: strings
FAIL: syscall
FAIL: compress/gzip
FAIL: compress/lzw
FAIL: compress/zlib
FAIL: container/heap
FAIL: container/list
FAIL: log/syslog
FAIL: net/http
FAIL: net/http/cgi
FAIL: net/http/httptest
FAIL: net/http/httputil
FAIL: net/rpc
FAIL: net/smtp
FAIL: os/exec
=== libgo Summary for unix/-m64 ===
# of expected passes 92
# of unexpected failures 30
=== libgo Summary ===
# of expected passes 210
# of unexpected failures 34
=== libgomp tests ===
Running target unix
WARNING: program timed out.
FAIL: libgomp.fortran/pr25162.f -O3 -g (test for excess errors)
=== libgomp Summary for unix ===
# of expected passes 3049
# of unexpected failures 1
# of unsupported tests 3
Running target unix/-m64
WARNING: program timed out.
FAIL: libgomp.fortran/omp_parse1.f90 -O0 (test for excess errors)
=== libgomp Summary for unix/-m64 ===
# of expected passes 3049
# of unexpected failures 1
# of unsupported tests 3
=== libgomp Summary ===
# of expected passes 6098
# of unexpected failures 2
# of unsupported tests 6
=== libitm tests ===
Running target unix
=== libitm Summary for unix ===
# of expected passes 26
# of expected failures 3
# of unsupported tests 1
Running target unix/-m64
=== libitm Summary for unix/-m64 ===
# of expected passes 26
# of expected failures 3
# of unsupported tests 1
=== libitm Summary ===
# of expected passes 52
# of expected failures 6
# of unsupported tests 2
=== libjava tests ===
Running target unix
FAIL: InvokeInterface execution - source compiled test
FAIL: InvokeInterface -O3 execution - source compiled test
FAIL: sourcelocation output - source compiled test
FAIL: sourcelocation -findirect-dispatch output - source compiled test
FAIL: sourcelocation -O3 output - source compiled test
FAIL: sourcelocation -O3 -findirect-dispatch output - source compiled test
=== libjava Summary for unix ===
# of expected passes 2578
# of unexpected failures 6
# of untested testcases 2
Running target unix/-m64
FAIL: InvokeInterface execution - source compiled test
FAIL: InvokeInterface -O3 execution - source compiled test
WARNING: program timed out.
FAIL: PR27908 -findirect-dispatch compilation from source
FAIL: sourcelocation output - source compiled test
FAIL: sourcelocation -findirect-dispatch output - source compiled test
FAIL: sourcelocation -O3 output - source compiled test
FAIL: sourcelocation -O3 -findirect-dispatch output - source compiled test
=== libjava Summary for unix/-m64 ===
# of expected passes 2575
# of unexpected failures 7
# of untested testcases 4
=== libjava Summary ===
# of expected passes 5153
# of unexpected failures 13
# of untested testcases 6
=== libstdc++ tests ===
Running target unix
FAIL: 26_numerics/complex/inserters_extractors/char/1.cc (test for excess errors)
WARNING: 26_numerics/complex/inserters_extractors/char/1.cc compilation failed to produce executable
WARNING: program timed out.
=== libstdc++ Summary for unix ===
# of expected passes 7685
# of unexpected failures 1
# of expected failures 47
# of unsupported tests 898
Running target unix/-m64
=== libstdc++ Summary for unix/-m64 ===
# of expected passes 7687
# of expected failures 47
# of unsupported tests 898
=== libstdc++ Summary ===
# of expected passes 15372
# of unexpected failures 1
# of expected failures 94
# of unsupported tests 1796
Compiler version: 4.8.3 20131115 (prerelease) [gcc-4_8-branch revision 204832] (GCC)
Platform: sparc-sun-solaris2.9
configure flags: --prefix=/vol/gcc --target=sparc-sun-solaris2.9 --enable-objc-gc --with-gmp-include=/vol/gcc/include --with-gmp-lib=/vol/gcc/lib --with-mpfr-include=/vol/gcc/include --with-mpfr-lib=/vol/gcc/lib --with-mpc-include=/vol/gcc/include --with-mpc-lib=/vol/gcc/lib --enable-languages=all,ada,obj-c++,go --with-isl-include=/vol/gcc/include --with-isl-lib=/vol/gcc/lib --with-cloog-include=/vol/gcc/include --with-cloog-lib=/vol/gcc/lib --enable-cloog-backend=isl
BOOT_CFLAGS=-g -O2