This is the mail archive of the
gcc-testresults@gcc.gnu.org
mailing list for the GCC project.
Results for 4.7.4 20131108 (prerelease) [gcc-4_7-branch revision 204552] (GCC) testsuite on sparc-sun-solaris2.8
- From: Rainer Orth <ro at CeBiTec dot Uni-Bielefeld dot DE>
- To: gcc-testresults at gcc dot gnu dot org
- Date: Mon, 11 Nov 2013 13:04:45 +0100 (MET)
- Subject: Results for 4.7.4 20131108 (prerelease) [gcc-4_7-branch revision 204552] (GCC) testsuite on sparc-sun-solaris2.8
- Authentication-results: sourceware.org; auth=none
LAST_UPDATED: Fri Nov 8 11:05:18 UTC 2013 (revision 204552)
=== acats tests ===
=== acats Summary ===
# of expected passes 2320
# of unexpected failures 0
Native configuration is sparc-sun-solaris2.8
=== g++ tests ===
Running target unix
WARNING: program timed out.
FAIL: g++.dg/ext/attr-alias-1.C -std=c++98 (test for excess errors)
WARNING: program timed out.
FAIL: g++.dg/other/offsetof2.C -std=gnu++11 (test for excess errors)
WARNING: program timed out.
FAIL: g++.dg/lto/20080908-3 cp_lto_20080908-3_0.o-cp_lto_20080908-3_0.o link, -O0 -flto -flto-partition=1to1
UNRESOLVED: g++.dg/lto/20080908-3 cp_lto_20080908-3_0.o-cp_lto_20080908-3_0.o execute -O0 -flto -flto-partition=1to1
WARNING: program timed out.
FAIL: g++.dg/lto/20081022 cp_lto_20081022_0.o-cp_lto_20081022_1.o link, -O2 -flto
UNRESOLVED: g++.dg/lto/20081022 cp_lto_20081022_0.o-cp_lto_20081022_1.o execute -O2 -flto
WARNING: program timed out.
FAIL: c-c++-common/torture/complex-sign-mul.c -O2 -flto (test for excess errors)
FAIL: g++.dg/torture/pr31863.C -O2 -flto (test for excess errors)
WARNING: program timed out.
FAIL: g++.dg/torture/pr48695.C -O3 -fomit-frame-pointer (test for excess errors)
WARNING: program timed out.
FAIL: g++.dg/torture/pr48695.C -O2 -flto -flto-partition=none (test for excess errors)
WARNING: program timed out.
FAIL: g++.old-deja/g++.other/cvqual1.C -std=c++11 (test for excess errors)
=== g++ Summary for unix ===
# of expected passes 46471
# of unexpected failures 9
# of expected failures 290
# of unresolved testcases 2
# of unsupported tests 860
Running target unix/-m64
WARNING: program timed out.
FAIL: g++.dg/debug/debug4.C -gstabs -O2 (test for excess errors)
FAIL: g++.dg/cpp0x/nullptr28.C -std=c++11 execution test
WARNING: program timed out.
FAIL: g++.dg/cpp0x/overload.C (test for excess errors)
WARNING: program timed out.
FAIL: g++.dg/torture/pr31863.C -O2 -flto (test for excess errors)
WARNING: program timed out.
FAIL: g++.old-deja/g++.jason/conversion7.C -std=c++11 (test for excess errors)
WARNING: program timed out.
FAIL: g++.old-deja/g++.mike/dyncast1.C -std=gnu++11 (test for excess errors)
=== g++ Summary for unix/-m64 ===
# of expected passes 47713
# of unexpected failures 6
# of expected failures 290
# of unsupported tests 853
=== g++ Summary ===
# of expected passes 94184
# of unexpected failures 15
# of expected failures 580
# of unresolved testcases 2
# of unsupported tests 1713
/var/gcc/regression/gcc-4.7-branch/8-gcc/build/gcc/testsuite/g++/../../g++ version 4.7.4 20131108 (prerelease) [gcc-4_7-branch revision 204552] (GCC)
=== gcc tests ===
Running target unix
FAIL: gcc.c-torture/compile/920501-23.c -O1 (test for excess errors)
FAIL: gcc.c-torture/compile/920529-1.c -O3 -g (test for excess errors)
FAIL: gcc.c-torture/compile/complex-4.c -Os (test for excess errors)
FAIL: gcc.c-torture/compile/pr50565-1.c -O2 -flto (test for excess errors)
WARNING: program timed out.
WARNING: program timed out.
WARNING: program timed out.
WARNING: program timed out.
WARNING: program timed out.
FAIL: gcc.c-torture/execute/builtins/snprintf-chk.c compilation, -O2 -flto -flto-partition=none
UNRESOLVED: gcc.c-torture/execute/builtins/snprintf-chk.c execution, -O2 -flto -flto-partition=none
FAIL: gcc.c-torture/execute/20000227-1.c compilation, -O2 -flto -flto-partition=none
UNRESOLVED: gcc.c-torture/execute/20000227-1.c execution, -O2 -flto -flto-partition=none
FAIL: gcc.c-torture/execute/20020611-1.c compilation, -Os
UNRESOLVED: gcc.c-torture/execute/20020611-1.c execution, -Os
FAIL: gcc.c-torture/execute/20020614-1.c compilation, -O1
UNRESOLVED: gcc.c-torture/execute/20020614-1.c execution, -O1
FAIL: gcc.c-torture/execute/20020805-1.c compilation, -O1
UNRESOLVED: gcc.c-torture/execute/20020805-1.c execution, -O1
FAIL: gcc.c-torture/execute/950605-1.c compilation, -O3 -fomit-frame-pointer
UNRESOLVED: gcc.c-torture/execute/950605-1.c execution, -O3 -fomit-frame-pointer
FAIL: gcc.c-torture/execute/950628-1.c compilation, -O2
UNRESOLVED: gcc.c-torture/execute/950628-1.c execution, -O2
FAIL: gcc.c-torture/execute/pr34154.c compilation, -O2
UNRESOLVED: gcc.c-torture/execute/pr34154.c execution, -O2
FAIL: gcc.c-torture/execute/pr34154.c compilation, -O2 -flto
UNRESOLVED: gcc.c-torture/execute/pr34154.c execution, -O2 -flto
FAIL: gcc.c-torture/execute/va-arg-2.c compilation, -O0
UNRESOLVED: gcc.c-torture/execute/va-arg-2.c execution, -O0
WARNING: program timed out.
WARNING: program timed out.
WARNING: program timed out.
WARNING: program timed out.
WARNING: program timed out.
WARNING: program timed out.
WARNING: program timed out.
WARNING: program timed out.
WARNING: program timed out.
WARNING: program timed out.
FAIL: gcc.dg/lto/20091006-2 c_lto_20091006-2_0.o-c_lto_20091006-2_2.o link, -O0 -flto -flto-partition=1to1
UNRESOLVED: gcc.dg/lto/20091006-2 c_lto_20091006-2_0.o-c_lto_20091006-2_2.o execute -O0 -flto -flto-partition=1to1
WARNING: program timed out.
FAIL: gcc.dg/lto/20091020-2 c_lto_20091020-2_0.o-c_lto_20091020-2_1.o link, -fPIC -r -nostdlib -flto
UNRESOLVED: gcc.dg/lto/20091020-2 c_lto_20091020-2_0.o-c_lto_20091020-2_1.o execute -fPIC -r -nostdlib -flto
FAIL: gcc.dg/simulate-thread/atomic-other-int.c -O2 -g thread simulation test
FAIL: gcc.dg/simulate-thread/atomic-other-int.c -O3 -g thread simulation test
FAIL: gcc.dg/simulate-thread/atomic-other-short.c -O2 -g thread simulation test
FAIL: gcc.dg/simulate-thread/atomic-other-short.c -O3 -g thread simulation test
FAIL: gcc.dg/simulate-thread/speculative-store.c -O0 -g thread simulation test
WARNING: program timed out.
FAIL: gcc.dg/torture/pr33560.c -O0 (test for excess errors)
WARNING: gcc.dg/torture/pr33560.c -O0 compilation failed to produce executable
WARNING: program timed out.
FAIL: gcc.dg/torture/pr51528.c -O0 (test for excess errors)
WARNING: program timed out.
FAIL: gcc.dg/vect/vect-strided-u8-i8-gap4.c -flto (test for excess errors)
=== gcc Summary for unix ===
# of expected passes 75950
# of unexpected failures 24
# of expected failures 318
# of unresolved testcases 12
# of unsupported tests 1657
Running target unix/-m64
FAIL: gcc.c-torture/compile/limits-structnest.c -O3 -g (test for excess errors)
WARNING: program timed out.
FAIL: gcc.c-torture/execute/20000314-3.c compilation, -O2 -flto
UNRESOLVED: gcc.c-torture/execute/20000314-3.c execution, -O2 -flto
FAIL: gcc.c-torture/execute/930111-1.c compilation, -O2 -flto -flto-partition=none
UNRESOLVED: gcc.c-torture/execute/930111-1.c execution, -O2 -flto -flto-partition=none
WARNING: program timed out.
WARNING: program timed out.
WARNING: program timed out.
FAIL: tmpdir-gcc.dg-struct-layout-1/t025 c_compat_x_tst.o compile
UNRESOLVED: tmpdir-gcc.dg-struct-layout-1/t025 c_compat_x_tst.o-c_compat_y_tst.o link
UNRESOLVED: tmpdir-gcc.dg-struct-layout-1/t025 c_compat_x_tst.o-c_compat_y_tst.o execute
WARNING: program timed out.
FAIL: gcc.dg/debug/pr29609-1.c -gstabs1 -O (test for excess errors)
WARNING: program timed out.
FAIL: gcc.dg/lto/20090213 c_lto_20090213_0.o-c_lto_20090213_1.o link, -O0 -flto
UNRESOLVED: gcc.dg/lto/20090213 c_lto_20090213_0.o-c_lto_20090213_1.o execute -O0 -flto
=== gcc Summary for unix/-m64 ===
# of expected passes 76649
# of unexpected failures 6
# of expected failures 305
# of unresolved testcases 5
# of unsupported tests 1641
=== gcc Summary ===
# of expected passes 152599
# of unexpected failures 30
# of expected failures 623
# of unresolved testcases 17
# of unsupported tests 3298
/var/gcc/regression/gcc-4.7-branch/8-gcc/build/gcc/xgcc version 4.7.4 20131108 (prerelease) [gcc-4_7-branch revision 204552] (GCC)
=== gfortran tests ===
Running target unix
FAIL: gfortran.dg/cshift_bounds_4.f90 -O0 (test for excess errors)
FAIL: gfortran.dg/cshift_bounds_4.f90 -O3 -g (test for excess errors)
FAIL: gfortran.dg/direct_io_7.f90 -O3 -fomit-frame-pointer -funroll-loops (test for excess errors)
FAIL: gfortran.dg/direct_io_8.f90 -O0 (test for excess errors)
WARNING: gfortran.dg/direct_io_8.f90 -O0 compilation failed to produce executable
FAIL: gfortran.dg/host_assoc_function_9.f90 -O0 (test for excess errors)
FAIL: gfortran.dg/host_assoc_function_9.f90 -O3 -fomit-frame-pointer -funroll-loops (test for excess errors)
FAIL: gfortran.dg/inline_sum_2.f90 -O3 -fomit-frame-pointer -funroll-all-loops -finline-functions (test for excess errors)
WARNING: gfortran.dg/inline_sum_2.f90 -O3 -fomit-frame-pointer -funroll-all-loops -finline-functions compilation failed to produce executable
FAIL: gfortran.dg/missing_optional_dummy_1.f90 -O3 -fomit-frame-pointer (test for excess errors)
FAIL: gfortran.dg/missing_optional_dummy_6.f90 -O0 (test for excess errors)
FAIL: gfortran.dg/namelist_69.f90 -Os (test for excess errors)
FAIL: gfortran.dg/pr44592.f90 -O3 -g (test for excess errors)
FAIL: gfortran.dg/pr45308.f03 -O3 -g (test for excess errors)
FAIL: gfortran.dg/stfunc_1.f90 -O3 -fomit-frame-pointer -funroll-loops (test for excess errors)
WARNING: program timed out.
WARNING: program timed out.
WARNING: program timed out.
WARNING: program timed out.
WARNING: program timed out.
WARNING: program timed out.
WARNING: program timed out.
WARNING: program timed out.
WARNING: program timed out.
WARNING: program timed out.
WARNING: program timed out.
WARNING: program timed out.
WARNING: program timed out.
WARNING: program timed out.
WARNING: program timed out.
WARNING: program timed out.
WARNING: program timed out.
FAIL: gfortran.fortran-torture/execute/strlen.f90 compilation, -O2 -fomit-frame-pointer -finline-functions -funroll-loops
=== gfortran Summary for unix ===
# of expected passes 40517
# of unexpected failures 14
# of expected failures 44
# of untested testcases 1
# of unsupported tests 406
Running target unix/-m64
FAIL: gfortran.dg/convert_implied_open.f90 -O0 (test for excess errors)
FAIL: gfortran.dg/der_array_1.f90 -O3 -g (test for excess errors)
FAIL: gfortran.dg/mclock.f90 -O3 -fomit-frame-pointer -funroll-loops (test for excess errors)
FAIL: gfortran.dg/read_bad_advance.f90 -Os (test for excess errors)
FAIL: gfortran.dg/streamio_2.f90 -O3 -fomit-frame-pointer -funroll-all-loops -finline-functions (test for excess errors)
WARNING: program timed out.
WARNING: program timed out.
WARNING: program timed out.
WARNING: program timed out.
WARNING: program timed out.
WARNING: program timed out.
=== gfortran Summary for unix/-m64 ===
# of expected passes 40808
# of unexpected failures 5
# of expected failures 44
# of unsupported tests 269
=== gfortran Summary ===
# of expected passes 81325
# of unexpected failures 19
# of expected failures 88
# of untested testcases 1
# of unsupported tests 675
/var/gcc/regression/gcc-4.7-branch/8-gcc/build/gcc/testsuite/gfortran/../../gfortran version 4.7.4 20131108 (prerelease) [gcc-4_7-branch revision 204552] (GCC)
=== gnat tests ===
Running target unix
=== gnat Summary for unix ===
# of expected passes 1109
# of expected failures 14
# of unsupported tests 13
Running target unix/-m64
WARNING: program timed out.
FAIL: gnat.dg/biased_uc.adb (test for excess errors)
WARNING: gnat.dg/biased_uc.adb compilation failed to produce executable
=== gnat Summary for unix/-m64 ===
# of expected passes 1107
# of unexpected failures 1
# of expected failures 14
# of unsupported tests 13
=== gnat Summary ===
# of expected passes 2216
# of unexpected failures 1
# of expected failures 28
# of unsupported tests 26
/var/gcc/regression/gcc-4.7-branch/8-gcc/build/gcc/gnatmake version 4.7.4 20131108 (prerelease) [gcc-4_7-branch revision 204552]
=== go tests ===
Running target unix
=== go Summary for unix ===
# of expected passes 3288
# of expected failures 4
# of untested testcases 7
Running target unix/-m64
=== go Summary for unix/-m64 ===
# of expected passes 3288
# of expected failures 4
# of untested testcases 7
=== go Summary ===
# of expected passes 6576
# of expected failures 8
# of untested testcases 14
/var/gcc/regression/gcc-4.7-branch/8-gcc/build/gcc/testsuite/go/../../gccgo version 4.7.4 20131108 (prerelease) [gcc-4_7-branch revision 204552] (GCC)
=== obj-c++ tests ===
Running target unix
=== obj-c++ Summary for unix ===
# of expected passes 1450
# of expected failures 2
# of unsupported tests 86
Running target unix/-m64
=== obj-c++ Summary for unix/-m64 ===
# of expected passes 1442
# of expected failures 10
# of unsupported tests 86
=== obj-c++ Summary ===
# of expected passes 2892
# of expected failures 12
# of unsupported tests 172
/var/gcc/regression/gcc-4.7-branch/8-gcc/build/gcc/testsuite/obj-c++/../../g++ version 4.7.4 20131108 (prerelease) [gcc-4_7-branch revision 204552] (GCC)
=== objc tests ===
Running target unix
=== objc Summary for unix ===
# of expected passes 2994
# of unsupported tests 74
Running target unix/-m64
WARNING: program timed out.
FAIL: objc/execute/bf-3.m compilation, -Os -fgnu-runtime
UNRESOLVED: objc/execute/bf-3.m execution, -Os -fgnu-runtime
=== objc Summary for unix/-m64 ===
# of expected passes 2992
# of unexpected failures 1
# of unresolved testcases 1
# of unsupported tests 74
=== objc Summary ===
# of expected passes 5986
# of unexpected failures 1
# of unresolved testcases 1
# of unsupported tests 148
/var/gcc/regression/gcc-4.7-branch/8-gcc/build/gcc/xgcc version 4.7.4 20131108 (prerelease) [gcc-4_7-branch revision 204552] (GCC)
=== boehm-gc tests ===
Running target unix
=== boehm-gc Summary for unix ===
# of expected passes 12
# of unsupported tests 1
Running target unix/-m64
=== boehm-gc Summary for unix/-m64 ===
# of expected passes 12
# of unsupported tests 1
=== boehm-gc Summary ===
# of expected passes 24
# of unsupported tests 2
=== libffi tests ===
Running target unix
=== libffi Summary for unix ===
# of expected passes 1634
# of expected failures 10
# of unsupported tests 55
Running target unix/-m64
=== libffi Summary for unix/-m64 ===
# of expected passes 1634
# of expected failures 10
# of unsupported tests 55
=== libffi Summary ===
# of expected passes 3268
# of expected failures 20
# of unsupported tests 110
=== libgo tests ===
Running target unix
FAIL: runtime/pprof
=== libgo Summary for unix ===
# of expected passes 123
# of unexpected failures 1
Running target unix/-m64
FAIL: runtime/pprof
=== libgo Summary for unix/-m64 ===
# of expected passes 123
# of unexpected failures 1
=== libgo Summary ===
# of expected passes 246
# of unexpected failures 2
=== libgomp tests ===
Running target unix
WARNING: program timed out.
FAIL: libgomp.fortran/allocatable6.f90 -O3 -fomit-frame-pointer (test for excess errors)
WARNING: program timed out.
FAIL: libgomp.fortran/vla4.f90 -O3 -fomit-frame-pointer -funroll-all-loops -finline-functions (test for excess errors)
WARNING: libgomp.fortran/vla4.f90 -O3 -fomit-frame-pointer -funroll-all-loops -finline-functions compilation failed to produce executable
WARNING: program timed out.
FAIL: libgomp.fortran/vla4.f90 -Os (test for excess errors)
WARNING: program timed out.
FAIL: libgomp.fortran/vla5.f90 -O3 -fomit-frame-pointer -funroll-loops (test for excess errors)
=== libgomp Summary for unix ===
# of expected passes 2935
# of unexpected failures 4
# of unsupported tests 3
Running target unix/-m64
WARNING: program timed out.
FAIL: libgomp.fortran/vla4.f90 -O3 -fomit-frame-pointer -funroll-all-loops -finline-functions (test for excess errors)
WARNING: libgomp.fortran/vla4.f90 -O3 -fomit-frame-pointer -funroll-all-loops -finline-functions compilation failed to produce executable
=== libgomp Summary for unix/-m64 ===
# of expected passes 2938
# of unexpected failures 1
# of unsupported tests 3
=== libgomp Summary ===
# of expected passes 5873
# of unexpected failures 5
# of unsupported tests 6
=== libitm tests ===
Running target unix
=== libitm Summary for unix ===
# of expected passes 26
# of expected failures 3
# of unsupported tests 1
Running target unix/-m64
=== libitm Summary for unix/-m64 ===
# of expected passes 26
# of expected failures 3
# of unsupported tests 1
=== libitm Summary ===
# of expected passes 52
# of expected failures 6
# of unsupported tests 2
=== libjava tests ===
Running target unix
FAIL: InvokeInterface execution - source compiled test
FAIL: InvokeInterface -O3 execution - source compiled test
WARNING: program timed out.
FAIL: err12 -O3 compilation from source
WARNING: program timed out.
FAIL: err13 -findirect-dispatch compilation from source
WARNING: program timed out.
FAIL: err3 -findirect-dispatch compilation from source
=== libjava Summary for unix ===
# of expected passes 2561
# of unexpected failures 5
# of untested testcases 8
Running target unix/-m64
FAIL: InvokeInterface execution - source compiled test
FAIL: InvokeInterface -O3 execution - source compiled test
WARNING: program timed out.
FAIL: StringBuffer_1 compilation from source
WARNING: program timed out.
FAIL: err13 compilation from source
=== libjava Summary for unix/-m64 ===
# of expected passes 2564
# of unexpected failures 4
# of untested testcases 6
=== libjava Summary ===
# of expected passes 5125
# of unexpected failures 9
# of untested testcases 14
=== libstdc++ tests ===
Running target unix
FAIL: 28_regex/match_results/ctors/wchar_t/default.cc (test for excess errors)
FAIL: ext/type_traits/remove_unsigned.cc (test for excess errors)
FAIL: ext/vstring/capacity/shrink_to_fit.cc (test for excess errors)
FAIL: ext/vstring/requirements/exception/basic.cc (test for excess errors)
WARNING: program timed out.
WARNING: program timed out.
WARNING: program timed out.
WARNING: program timed out.
=== libstdc++ Summary for unix ===
# of expected passes 7382
# of unexpected failures 4
# of expected failures 47
# of unsupported tests 812
Running target unix/-m64
FAIL: 20_util/shared_ptr/cons/unique_ptr_deleter_ref_2.cc (test for excess errors)
FAIL: 25_algorithms/min/4.cc (test for excess errors)
FAIL: 25_algorithms/minmax/1.cc (test for excess errors)
FAIL: 27_io/basic_filebuf/seekoff/45628-2.cc (test for excess errors)
FAIL: 27_io/basic_filebuf/seekoff/char/1-io.cc (test for excess errors)
ERROR: could not compile testsuite_abi.cc
WARNING: program timed out.
WARNING: program timed out.
WARNING: program timed out.
WARNING: program timed out.
WARNING: program timed out.
WARNING: program timed out.
WARNING: program timed out.
WARNING: program timed out.
ERROR: tcl error sourcing /vol/gcc/src/hg/gcc-4.7-branch/local/libstdc++-v3/testsuite/libstdc++-dg/conformance.exp.
FAIL: tr1/6_containers/array/capacity/max_size.cc (test for excess errors)
FAIL: tr1/6_containers/array/comparison_operators/less.cc (test for excess errors)
WARNING: tr1/6_containers/array/comparison_operators/less.cc compilation failed to produce executable
=== libstdc++ Summary for unix/-m64 ===
# of expected passes 7378
# of unexpected failures 7
# of expected failures 47
# of unsupported tests 812
=== libstdc++ Summary ===
# of expected passes 14760
# of unexpected failures 11
# of expected failures 94
# of unsupported tests 1624
Compiler version: 4.7.4 20131108 (prerelease) [gcc-4_7-branch revision 204552] (GCC)
Platform: sparc-sun-solaris2.8
configure flags: --prefix=/vol/gcc --target=sparc-sun-solaris2.8 --enable-obsolete --enable-objc-gc --disable-libcilkrts --with-gmp-include=/vol/gcc/include --with-gmp-lib=/vol/gcc/lib --with-mpfr-include=/vol/gcc/include --with-mpfr-lib=/vol/gcc/lib --with-mpc-include=/vol/gcc/include --with-mpc-lib=/vol/gcc/lib --enable-languages=all,ada,obj-c++,go --without-ppl --without-isl --without-cloog
BOOT_CFLAGS=-g -O2