This is the mail archive of the
gcc-testresults@gcc.gnu.org
mailing list for the GCC project.
Results for 4.8.2 20131015 (prerelease) (GCC) testsuite on armv7l-unknown-linux-gnueabihf
- From: Robert Nelson <robertcnelson at gmail dot com>
- To: gcc-testresults at gcc dot gnu dot org
- Date: Wed, 06 Nov 2013 16:52:16 -0600
- Subject: Results for 4.8.2 20131015 (prerelease) (GCC) testsuite on armv7l-unknown-linux-gnueabihf
- Authentication-results: sourceware.org; auth=none
Native configuration is armv7l-unknown-linux-gnueabihf
=== libatomic tests ===
Running target unix
=== libatomic Summary ===
# of expected passes 44
# of unsupported tests 5
=== libgomp tests ===
Running target unix
WARNING: program timed out.
FAIL: libgomp.graphite/force-parallel-6.c execution test
WARNING: program timed out.
FAIL: libgomp.graphite/force-parallel-7.c execution test
=== libgomp Summary ===
# of expected passes 1362
# of unexpected failures 2
# of unsupported tests 1
=== libitm tests ===
Running target unix
=== libitm Summary ===
# of expected passes 26
# of expected failures 3
# of unsupported tests 1
=== libmudflap tests ===
Running target unix
FAIL: libmudflap.c++/pass41-frag.cxx (-static) execution test
FAIL: libmudflap.c++/pass41-frag.cxx ( -O) execution test
FAIL: libmudflap.c++/pass41-frag.cxx (-O2) execution test
FAIL: libmudflap.c++/pass41-frag.cxx (-O3) execution test
WARNING: program timed out.
FAIL: libmudflap.cth/pass37-frag.c (-O0) (test for excess errors)
WARNING: libmudflap.cth/pass37-frag.c (-O0) compilation failed to produce executable
WARNING: program timed out.
FAIL: libmudflap.cth/pass39-frag.c (-O0) (test for excess errors)
WARNING: libmudflap.cth/pass39-frag.c (-O0) compilation failed to produce executable
WARNING: program timed out.
FAIL: libmudflap.cth/pass40-frag.c (-O0) execution test
FAIL: libmudflap.cth/pass40-frag.c (-O0) output pattern test
WARNING: program timed out.
FAIL: libmudflap.cth/pass37-frag.c (-static -DSTATIC) (test for excess errors)
WARNING: libmudflap.cth/pass37-frag.c (-static -DSTATIC) compilation failed to produce executable
WARNING: program timed out.
FAIL: libmudflap.cth/pass39-frag.c (-static -DSTATIC) (test for excess errors)
WARNING: libmudflap.cth/pass39-frag.c (-static -DSTATIC) compilation failed to produce executable
WARNING: program timed out.
FAIL: libmudflap.cth/pass40-frag.c (-static -DSTATIC) (test for excess errors)
FAIL: libmudflap.cth/pass40-frag.c (-static -DSTATIC) execution test
FAIL: libmudflap.cth/pass40-frag.c (-static -DSTATIC) output pattern test
WARNING: program timed out.
FAIL: libmudflap.cth/pass37-frag.c (-O2) (test for excess errors)
WARNING: libmudflap.cth/pass37-frag.c (-O2) compilation failed to produce executable
WARNING: program timed out.
FAIL: libmudflap.cth/pass39-frag.c (-O2) (test for excess errors)
WARNING: libmudflap.cth/pass39-frag.c (-O2) compilation failed to produce executable
WARNING: program timed out.
FAIL: libmudflap.cth/pass40-frag.c (-O2) execution test
FAIL: libmudflap.cth/pass40-frag.c (-O2) output pattern test
WARNING: program timed out.
FAIL: libmudflap.cth/pass37-frag.c (-O3) (test for excess errors)
WARNING: libmudflap.cth/pass37-frag.c (-O3) compilation failed to produce executable
WARNING: program timed out.
FAIL: libmudflap.cth/pass39-frag.c (-O3) (test for excess errors)
WARNING: libmudflap.cth/pass39-frag.c (-O3) compilation failed to produce executable
WARNING: program timed out.
FAIL: libmudflap.cth/pass40-frag.c (-O3) execution test
FAIL: libmudflap.cth/pass40-frag.c (-O3) output pattern test
=== libmudflap Summary ===
# of expected passes 1565
# of unexpected failures 21
=== libstdc++ tests ===
Running target unix
WARNING: program timed out.
ERROR: tcl error sourcing /opt/gcc/libstdc++-v3/testsuite/libstdc++-abi/abi.exp.
ERROR: could not compile testsuite_abi.cc
WARNING: program timed out.
ERROR: tcl error sourcing /opt/gcc/libstdc++-v3/testsuite/libstdc++-dg/conformance.exp.
ERROR: could not compile testsuite_abi.cc
WARNING: program timed out.
ERROR: tcl error sourcing /opt/gcc/libstdc++-v3/testsuite/libstdc++-prettyprinters/prettyprinters.exp.
ERROR: could not compile testsuite_abi.cc
=== libstdc++ Summary ===
=== gcc tests ===
Running target unix
WARNING: program timed out.
FAIL: gcc.c-torture/compile/20001226-1.c -O2 (test for excess errors)
WARNING: program timed out.
FAIL: gcc.c-torture/compile/20001226-1.c -O3 -fomit-frame-pointer (test for excess errors)
WARNING: program timed out.
FAIL: gcc.c-torture/compile/20001226-1.c -O3 -g (test for excess errors)
WARNING: program timed out.
FAIL: gcc.c-torture/compile/20001226-1.c -Os (test for excess errors)
WARNING: program timed out.
FAIL: gcc.c-torture/compile/20001226-1.c -O2 -flto -fno-use-linker-plugin -flto-partition=none (test for excess errors)
WARNING: program timed out.
FAIL: gcc.c-torture/compile/limits-externalid.c -O3 -g (test for excess errors)
WARNING: program timed out.
FAIL: gcc.c-torture/compile/limits-externalid.c -O2 -flto -fno-use-linker-plugin -flto-partition=none (test for excess errors)
WARNING: program timed out.
FAIL: gcc.c-torture/compile/limits-externalid.c -O2 -flto -fuse-linker-plugin -fno-fat-lto-objects (test for excess errors)
WARNING: program timed out.
FAIL: gcc.c-torture/compile/limits-externdecl.c -O0 (test for excess errors)
WARNING: program timed out.
FAIL: gcc.c-torture/compile/limits-externdecl.c -O1 (test for excess errors)
WARNING: program timed out.
FAIL: gcc.c-torture/compile/limits-externdecl.c -O2 (test for excess errors)
WARNING: program timed out.
FAIL: gcc.c-torture/compile/limits-externdecl.c -O3 -fomit-frame-pointer (test for excess errors)
WARNING: program timed out.
FAIL: gcc.c-torture/compile/limits-externdecl.c -O3 -g (test for excess errors)
WARNING: program timed out.
FAIL: gcc.c-torture/compile/limits-externdecl.c -Os (test for excess errors)
WARNING: program timed out.
FAIL: gcc.c-torture/compile/limits-externdecl.c -O2 -flto -fno-use-linker-plugin -flto-partition=none (test for excess errors)
WARNING: program timed out.
FAIL: gcc.c-torture/compile/limits-externdecl.c -O2 -flto -fuse-linker-plugin -fno-fat-lto-objects (test for excess errors)
WARNING: program timed out.
FAIL: gcc.c-torture/compile/limits-structnest.c -O2 (test for excess errors)
WARNING: program timed out.
FAIL: gcc.c-torture/compile/limits-structnest.c -O3 -fomit-frame-pointer (test for excess errors)
WARNING: program timed out.
FAIL: gcc.c-torture/compile/limits-structnest.c -O3 -g (test for excess errors)
WARNING: program timed out.
FAIL: gcc.c-torture/compile/limits-structnest.c -Os (test for excess errors)
WARNING: program timed out.
FAIL: gcc.c-torture/compile/limits-structnest.c -O2 -flto -fno-use-linker-plugin -flto-partition=none (test for excess errors)
WARNING: program timed out.
FAIL: gcc.c-torture/compile/pr46534.c -O0 (test for excess errors)
WARNING: program timed out.
FAIL: gcc.c-torture/compile/pr46534.c -O1 (test for excess errors)
WARNING: program timed out.
FAIL: gcc.c-torture/compile/pr46534.c -O2 (test for excess errors)
WARNING: program timed out.
FAIL: gcc.c-torture/compile/pr46534.c -O3 -fomit-frame-pointer (test for excess errors)
WARNING: program timed out.
FAIL: gcc.c-torture/compile/pr46534.c -O3 -g (test for excess errors)
WARNING: program timed out.
FAIL: gcc.c-torture/compile/pr46534.c -Os (test for excess errors)
WARNING: program timed out.
FAIL: gcc.c-torture/compile/pr46534.c -O2 -flto -fno-use-linker-plugin -flto-partition=none (test for excess errors)
WARNING: program timed out.
FAIL: gcc.c-torture/execute/builtins/memset-chk.c compilation, -O3 -fomit-frame-pointer
UNRESOLVED: gcc.c-torture/execute/builtins/memset-chk.c execution, -O3 -fomit-frame-pointer
WARNING: program timed out.
FAIL: gcc.c-torture/execute/builtins/memset-chk.c compilation, -O3 -fomit-frame-pointer -funroll-loops
UNRESOLVED: gcc.c-torture/execute/builtins/memset-chk.c execution, -O3 -fomit-frame-pointer -funroll-loops
WARNING: program timed out.
FAIL: gcc.c-torture/execute/builtins/memset-chk.c compilation, -O3 -fomit-frame-pointer -funroll-all-loops -finline-functions
UNRESOLVED: gcc.c-torture/execute/builtins/memset-chk.c execution, -O3 -fomit-frame-pointer -funroll-all-loops -finline-functions
WARNING: program timed out.
FAIL: gcc.c-torture/execute/builtins/memset-chk.c compilation, -O3 -g
UNRESOLVED: gcc.c-torture/execute/builtins/memset-chk.c execution, -O3 -g
WARNING: program timed out.
FAIL: gcc.c-torture/execute/builtins/stpncpy-chk.c compilation, -O3 -fomit-frame-pointer -funroll-all-loops -finline-functions
UNRESOLVED: gcc.c-torture/execute/builtins/stpncpy-chk.c execution, -O3 -fomit-frame-pointer -funroll-all-loops -finline-functions
WARNING: program timed out.
FAIL: gcc.c-torture/execute/20040709-1.c compilation, -O2 -flto -fno-use-linker-plugin -flto-partition=none
UNRESOLVED: gcc.c-torture/execute/20040709-1.c execution, -O2 -flto -fno-use-linker-plugin -flto-partition=none
WARNING: program timed out.
FAIL: gcc.c-torture/execute/20040709-2.c compilation, -O2 -flto -fno-use-linker-plugin -flto-partition=none
UNRESOLVED: gcc.c-torture/execute/20040709-2.c execution, -O2 -flto -fno-use-linker-plugin -flto-partition=none
WARNING: program timed out.
FAIL: tmpdir-gcc.dg-struct-layout-1/t001 c_compat_y_tst.o compile
UNRESOLVED: tmpdir-gcc.dg-struct-layout-1/t001 c_compat_x_tst.o-c_compat_y_tst.o link
UNRESOLVED: tmpdir-gcc.dg-struct-layout-1/t001 c_compat_x_tst.o-c_compat_y_tst.o execute
WARNING: program timed out.
FAIL: tmpdir-gcc.dg-struct-layout-1/t002 c_compat_x_tst.o compile
WARNING: program timed out.
FAIL: tmpdir-gcc.dg-struct-layout-1/t002 c_compat_y_tst.o compile
UNRESOLVED: tmpdir-gcc.dg-struct-layout-1/t002 c_compat_x_tst.o-c_compat_y_tst.o link
UNRESOLVED: tmpdir-gcc.dg-struct-layout-1/t002 c_compat_x_tst.o-c_compat_y_tst.o execute
WARNING: program timed out.
FAIL: tmpdir-gcc.dg-struct-layout-1/t003 c_compat_x_tst.o compile
WARNING: program timed out.
FAIL: tmpdir-gcc.dg-struct-layout-1/t003 c_compat_y_tst.o compile
UNRESOLVED: tmpdir-gcc.dg-struct-layout-1/t003 c_compat_x_tst.o-c_compat_y_tst.o link
UNRESOLVED: tmpdir-gcc.dg-struct-layout-1/t003 c_compat_x_tst.o-c_compat_y_tst.o execute
WARNING: program timed out.
FAIL: tmpdir-gcc.dg-struct-layout-1/t004 c_compat_y_tst.o compile
UNRESOLVED: tmpdir-gcc.dg-struct-layout-1/t004 c_compat_x_tst.o-c_compat_y_tst.o link
UNRESOLVED: tmpdir-gcc.dg-struct-layout-1/t004 c_compat_x_tst.o-c_compat_y_tst.o execute
WARNING: program timed out.
FAIL: tmpdir-gcc.dg-struct-layout-1/t005 c_compat_y_tst.o compile
UNRESOLVED: tmpdir-gcc.dg-struct-layout-1/t005 c_compat_x_tst.o-c_compat_y_tst.o link
UNRESOLVED: tmpdir-gcc.dg-struct-layout-1/t005 c_compat_x_tst.o-c_compat_y_tst.o execute
WARNING: program timed out.
FAIL: tmpdir-gcc.dg-struct-layout-1/t006 c_compat_y_tst.o compile
UNRESOLVED: tmpdir-gcc.dg-struct-layout-1/t006 c_compat_x_tst.o-c_compat_y_tst.o link
UNRESOLVED: tmpdir-gcc.dg-struct-layout-1/t006 c_compat_x_tst.o-c_compat_y_tst.o execute
WARNING: program timed out.
FAIL: tmpdir-gcc.dg-struct-layout-1/t007 c_compat_y_tst.o compile
UNRESOLVED: tmpdir-gcc.dg-struct-layout-1/t007 c_compat_x_tst.o-c_compat_y_tst.o link
UNRESOLVED: tmpdir-gcc.dg-struct-layout-1/t007 c_compat_x_tst.o-c_compat_y_tst.o execute
WARNING: program timed out.
FAIL: tmpdir-gcc.dg-struct-layout-1/t020 c_compat_y_tst.o compile
UNRESOLVED: tmpdir-gcc.dg-struct-layout-1/t020 c_compat_x_tst.o-c_compat_y_tst.o link
UNRESOLVED: tmpdir-gcc.dg-struct-layout-1/t020 c_compat_x_tst.o-c_compat_y_tst.o execute
WARNING: program timed out.
FAIL: tmpdir-gcc.dg-struct-layout-1/t021 c_compat_y_tst.o compile
UNRESOLVED: tmpdir-gcc.dg-struct-layout-1/t021 c_compat_x_tst.o-c_compat_y_tst.o link
UNRESOLVED: tmpdir-gcc.dg-struct-layout-1/t021 c_compat_x_tst.o-c_compat_y_tst.o execute
WARNING: program timed out.
FAIL: tmpdir-gcc.dg-struct-layout-1/t022 c_compat_y_tst.o compile
UNRESOLVED: tmpdir-gcc.dg-struct-layout-1/t022 c_compat_x_tst.o-c_compat_y_tst.o link
UNRESOLVED: tmpdir-gcc.dg-struct-layout-1/t022 c_compat_x_tst.o-c_compat_y_tst.o execute
WARNING: program timed out.
FAIL: tmpdir-gcc.dg-struct-layout-1/t023 c_compat_y_tst.o compile
UNRESOLVED: tmpdir-gcc.dg-struct-layout-1/t023 c_compat_x_tst.o-c_compat_y_tst.o link
UNRESOLVED: tmpdir-gcc.dg-struct-layout-1/t023 c_compat_x_tst.o-c_compat_y_tst.o execute
WARNING: program timed out.
FAIL: tmpdir-gcc.dg-struct-layout-1/t024 c_compat_x_tst.o compile
WARNING: program timed out.
FAIL: tmpdir-gcc.dg-struct-layout-1/t024 c_compat_y_tst.o compile
UNRESOLVED: tmpdir-gcc.dg-struct-layout-1/t024 c_compat_x_tst.o-c_compat_y_tst.o link
UNRESOLVED: tmpdir-gcc.dg-struct-layout-1/t024 c_compat_x_tst.o-c_compat_y_tst.o execute
WARNING: program timed out.
FAIL: tmpdir-gcc.dg-struct-layout-1/t025 c_compat_x_tst.o compile
WARNING: program timed out.
FAIL: tmpdir-gcc.dg-struct-layout-1/t025 c_compat_y_tst.o compile
UNRESOLVED: tmpdir-gcc.dg-struct-layout-1/t025 c_compat_x_tst.o-c_compat_y_tst.o link
UNRESOLVED: tmpdir-gcc.dg-struct-layout-1/t025 c_compat_x_tst.o-c_compat_y_tst.o execute
WARNING: program timed out.
FAIL: tmpdir-gcc.dg-struct-layout-1/t026 c_compat_x_tst.o compile
WARNING: program timed out.
FAIL: tmpdir-gcc.dg-struct-layout-1/t026 c_compat_y_tst.o compile
UNRESOLVED: tmpdir-gcc.dg-struct-layout-1/t026 c_compat_x_tst.o-c_compat_y_tst.o link
UNRESOLVED: tmpdir-gcc.dg-struct-layout-1/t026 c_compat_x_tst.o-c_compat_y_tst.o execute
WARNING: program timed out.
FAIL: tmpdir-gcc.dg-struct-layout-1/t027 c_compat_x_tst.o compile
WARNING: program timed out.
FAIL: tmpdir-gcc.dg-struct-layout-1/t027 c_compat_y_tst.o compile
UNRESOLVED: tmpdir-gcc.dg-struct-layout-1/t027 c_compat_x_tst.o-c_compat_y_tst.o link
UNRESOLVED: tmpdir-gcc.dg-struct-layout-1/t027 c_compat_x_tst.o-c_compat_y_tst.o execute
WARNING: program timed out.
FAIL: tmpdir-gcc.dg-struct-layout-1/t028 c_compat_x_tst.o compile
WARNING: program timed out.
FAIL: tmpdir-gcc.dg-struct-layout-1/t028 c_compat_y_tst.o compile
UNRESOLVED: tmpdir-gcc.dg-struct-layout-1/t028 c_compat_x_tst.o-c_compat_y_tst.o link
UNRESOLVED: tmpdir-gcc.dg-struct-layout-1/t028 c_compat_x_tst.o-c_compat_y_tst.o execute
WARNING: program timed out.
FAIL: gcc.dg/20020425-1.c (test for excess errors)
WARNING: program timed out.
FAIL: gcc.dg/binary-constants-1.c (test for excess errors)
FAIL: gcc.dg/builtin-apply2.c execution test
WARNING: program timed out.
FAIL: gcc.dg/c99-intconst-1.c (test for excess errors)
FAIL: gcc.dg/fshort-wchar.c (test for excess errors)
WARNING: program timed out.
FAIL: gcc.dg/pr48141.c (test for excess errors)
WARNING: program timed out.
FAIL: gcc.dg/struct-by-value-1.c (test for excess errors)
UNRESOLVED: gcc.dg/struct-by-value-1.c compilation failed to produce executable
WARNING: program timed out.
FAIL: gcc.dg/graphite/interchange-8.c (test for excess errors)
UNRESOLVED: gcc.dg/graphite/interchange-8.c compilation failed to produce executable
FAIL: gcc.dg/graphite/interchange-8.c scan-tree-dump-times graphite "will be interchanged" 2
WARNING: program timed out.
FAIL: gcc.dg/tls/pr42894.c (test for excess errors)
FAIL: gcc.dg/torture/arm-fp16-ops-5.c -O0 (test for excess errors)
UNRESOLVED: gcc.dg/torture/arm-fp16-ops-5.c -O0 scan-assembler-not \\tbl\\t__.*hf2
UNRESOLVED: gcc.dg/torture/arm-fp16-ops-5.c -O0 scan-assembler-not \\tbl\\t__.*hf3
UNRESOLVED: gcc.dg/torture/arm-fp16-ops-5.c -O0 scan-assembler-not \\tbl\\t__gnu_h[a-z]*_ieee
UNRESOLVED: gcc.dg/torture/arm-fp16-ops-5.c -O0 scan-assembler-not \\tbl\\t__gnu_h2f_ieee
UNRESOLVED: gcc.dg/torture/arm-fp16-ops-5.c -O0 scan-assembler-not \\tbl\\t__gnu_f2h_ieee
FAIL: gcc.dg/torture/arm-fp16-ops-5.c -O1 (test for excess errors)
UNRESOLVED: gcc.dg/torture/arm-fp16-ops-5.c -O1 scan-assembler-not \\tbl\\t__.*hf2
UNRESOLVED: gcc.dg/torture/arm-fp16-ops-5.c -O1 scan-assembler-not \\tbl\\t__.*hf3
UNRESOLVED: gcc.dg/torture/arm-fp16-ops-5.c -O1 scan-assembler-not \\tbl\\t__gnu_h[a-z]*_ieee
UNRESOLVED: gcc.dg/torture/arm-fp16-ops-5.c -O1 scan-assembler-not \\tbl\\t__gnu_h2f_ieee
UNRESOLVED: gcc.dg/torture/arm-fp16-ops-5.c -O1 scan-assembler-not \\tbl\\t__gnu_f2h_ieee
FAIL: gcc.dg/torture/arm-fp16-ops-5.c -O2 (test for excess errors)
UNRESOLVED: gcc.dg/torture/arm-fp16-ops-5.c -O2 scan-assembler-not \\tbl\\t__.*hf2
UNRESOLVED: gcc.dg/torture/arm-fp16-ops-5.c -O2 scan-assembler-not \\tbl\\t__.*hf3
UNRESOLVED: gcc.dg/torture/arm-fp16-ops-5.c -O2 scan-assembler-not \\tbl\\t__gnu_h[a-z]*_ieee
UNRESOLVED: gcc.dg/torture/arm-fp16-ops-5.c -O2 scan-assembler-not \\tbl\\t__gnu_h2f_ieee
UNRESOLVED: gcc.dg/torture/arm-fp16-ops-5.c -O2 scan-assembler-not \\tbl\\t__gnu_f2h_ieee
FAIL: gcc.dg/torture/arm-fp16-ops-5.c -O3 -fomit-frame-pointer (test for excess errors)
UNRESOLVED: gcc.dg/torture/arm-fp16-ops-5.c -O3 -fomit-frame-pointer scan-assembler-not \\tbl\\t__.*hf2
UNRESOLVED: gcc.dg/torture/arm-fp16-ops-5.c -O3 -fomit-frame-pointer scan-assembler-not \\tbl\\t__.*hf3
UNRESOLVED: gcc.dg/torture/arm-fp16-ops-5.c -O3 -fomit-frame-pointer scan-assembler-not \\tbl\\t__gnu_h[a-z]*_ieee
UNRESOLVED: gcc.dg/torture/arm-fp16-ops-5.c -O3 -fomit-frame-pointer scan-assembler-not \\tbl\\t__gnu_h2f_ieee
UNRESOLVED: gcc.dg/torture/arm-fp16-ops-5.c -O3 -fomit-frame-pointer scan-assembler-not \\tbl\\t__gnu_f2h_ieee
FAIL: gcc.dg/torture/arm-fp16-ops-5.c -O3 -g (test for excess errors)
UNRESOLVED: gcc.dg/torture/arm-fp16-ops-5.c -O3 -g scan-assembler-not \\tbl\\t__.*hf2
UNRESOLVED: gcc.dg/torture/arm-fp16-ops-5.c -O3 -g scan-assembler-not \\tbl\\t__.*hf3
UNRESOLVED: gcc.dg/torture/arm-fp16-ops-5.c -O3 -g scan-assembler-not \\tbl\\t__gnu_h[a-z]*_ieee
UNRESOLVED: gcc.dg/torture/arm-fp16-ops-5.c -O3 -g scan-assembler-not \\tbl\\t__gnu_h2f_ieee
UNRESOLVED: gcc.dg/torture/arm-fp16-ops-5.c -O3 -g scan-assembler-not \\tbl\\t__gnu_f2h_ieee
FAIL: gcc.dg/torture/arm-fp16-ops-5.c -Os (test for excess errors)
UNRESOLVED: gcc.dg/torture/arm-fp16-ops-5.c -Os scan-assembler-not \\tbl\\t__.*hf2
UNRESOLVED: gcc.dg/torture/arm-fp16-ops-5.c -Os scan-assembler-not \\tbl\\t__.*hf3
UNRESOLVED: gcc.dg/torture/arm-fp16-ops-5.c -Os scan-assembler-not \\tbl\\t__gnu_h[a-z]*_ieee
UNRESOLVED: gcc.dg/torture/arm-fp16-ops-5.c -Os scan-assembler-not \\tbl\\t__gnu_h2f_ieee
UNRESOLVED: gcc.dg/torture/arm-fp16-ops-5.c -Os scan-assembler-not \\tbl\\t__gnu_f2h_ieee
FAIL: gcc.dg/torture/arm-fp16-ops-5.c -O2 -flto -fno-use-linker-plugin -flto-partition=none (test for excess errors)
UNRESOLVED: gcc.dg/torture/arm-fp16-ops-5.c -O2 -flto -fno-use-linker-plugin -flto-partition=none scan-assembler-not \\tbl\\t__.*hf2
UNRESOLVED: gcc.dg/torture/arm-fp16-ops-5.c -O2 -flto -fno-use-linker-plugin -flto-partition=none scan-assembler-not \\tbl\\t__.*hf3
UNRESOLVED: gcc.dg/torture/arm-fp16-ops-5.c -O2 -flto -fno-use-linker-plugin -flto-partition=none scan-assembler-not \\tbl\\t__gnu_h[a-z]*_ieee
UNRESOLVED: gcc.dg/torture/arm-fp16-ops-5.c -O2 -flto -fno-use-linker-plugin -flto-partition=none scan-assembler-not \\tbl\\t__gnu_h2f_ieee
UNRESOLVED: gcc.dg/torture/arm-fp16-ops-5.c -O2 -flto -fno-use-linker-plugin -flto-partition=none scan-assembler-not \\tbl\\t__gnu_f2h_ieee
FAIL: gcc.dg/torture/arm-fp16-ops-5.c -O2 -flto -fuse-linker-plugin -fno-fat-lto-objects (test for excess errors)
UNRESOLVED: gcc.dg/torture/arm-fp16-ops-5.c -O2 -flto -fuse-linker-plugin -fno-fat-lto-objects scan-assembler-not \\tbl\\t__.*hf2
UNRESOLVED: gcc.dg/torture/arm-fp16-ops-5.c -O2 -flto -fuse-linker-plugin -fno-fat-lto-objects scan-assembler-not \\tbl\\t__.*hf3
UNRESOLVED: gcc.dg/torture/arm-fp16-ops-5.c -O2 -flto -fuse-linker-plugin -fno-fat-lto-objects scan-assembler-not \\tbl\\t__gnu_h[a-z]*_ieee
UNRESOLVED: gcc.dg/torture/arm-fp16-ops-5.c -O2 -flto -fuse-linker-plugin -fno-fat-lto-objects scan-assembler-not \\tbl\\t__gnu_h2f_ieee
UNRESOLVED: gcc.dg/torture/arm-fp16-ops-5.c -O2 -flto -fuse-linker-plugin -fno-fat-lto-objects scan-assembler-not \\tbl\\t__gnu_f2h_ieee
FAIL: gcc.dg/torture/arm-fp16-ops-6.c -O0 (test for excess errors)
UNRESOLVED: gcc.dg/torture/arm-fp16-ops-6.c -O0 scan-assembler-not \\tbl\\t__.*hf2
UNRESOLVED: gcc.dg/torture/arm-fp16-ops-6.c -O0 scan-assembler-not \\tbl\\t__.*hf3
UNRESOLVED: gcc.dg/torture/arm-fp16-ops-6.c -O0 scan-assembler-not \\tbl\\t__gnu_h[a-z]*_ieee
UNRESOLVED: gcc.dg/torture/arm-fp16-ops-6.c -O0 scan-assembler-not \\tbl\\t__gnu_h2f_ieee
UNRESOLVED: gcc.dg/torture/arm-fp16-ops-6.c -O0 scan-assembler-not \\tbl\\t__gnu_f2h_ieee
FAIL: gcc.dg/torture/arm-fp16-ops-6.c -O1 (test for excess errors)
UNRESOLVED: gcc.dg/torture/arm-fp16-ops-6.c -O1 scan-assembler-not \\tbl\\t__.*hf2
UNRESOLVED: gcc.dg/torture/arm-fp16-ops-6.c -O1 scan-assembler-not \\tbl\\t__.*hf3
UNRESOLVED: gcc.dg/torture/arm-fp16-ops-6.c -O1 scan-assembler-not \\tbl\\t__gnu_h[a-z]*_ieee
UNRESOLVED: gcc.dg/torture/arm-fp16-ops-6.c -O1 scan-assembler-not \\tbl\\t__gnu_h2f_ieee
UNRESOLVED: gcc.dg/torture/arm-fp16-ops-6.c -O1 scan-assembler-not \\tbl\\t__gnu_f2h_ieee
FAIL: gcc.dg/torture/arm-fp16-ops-6.c -O2 (test for excess errors)
UNRESOLVED: gcc.dg/torture/arm-fp16-ops-6.c -O2 scan-assembler-not \\tbl\\t__.*hf2
UNRESOLVED: gcc.dg/torture/arm-fp16-ops-6.c -O2 scan-assembler-not \\tbl\\t__.*hf3
UNRESOLVED: gcc.dg/torture/arm-fp16-ops-6.c -O2 scan-assembler-not \\tbl\\t__gnu_h[a-z]*_ieee
UNRESOLVED: gcc.dg/torture/arm-fp16-ops-6.c -O2 scan-assembler-not \\tbl\\t__gnu_h2f_ieee
UNRESOLVED: gcc.dg/torture/arm-fp16-ops-6.c -O2 scan-assembler-not \\tbl\\t__gnu_f2h_ieee
FAIL: gcc.dg/torture/arm-fp16-ops-6.c -O3 -fomit-frame-pointer (test for excess errors)
UNRESOLVED: gcc.dg/torture/arm-fp16-ops-6.c -O3 -fomit-frame-pointer scan-assembler-not \\tbl\\t__.*hf2
UNRESOLVED: gcc.dg/torture/arm-fp16-ops-6.c -O3 -fomit-frame-pointer scan-assembler-not \\tbl\\t__.*hf3
UNRESOLVED: gcc.dg/torture/arm-fp16-ops-6.c -O3 -fomit-frame-pointer scan-assembler-not \\tbl\\t__gnu_h[a-z]*_ieee
UNRESOLVED: gcc.dg/torture/arm-fp16-ops-6.c -O3 -fomit-frame-pointer scan-assembler-not \\tbl\\t__gnu_h2f_ieee
UNRESOLVED: gcc.dg/torture/arm-fp16-ops-6.c -O3 -fomit-frame-pointer scan-assembler-not \\tbl\\t__gnu_f2h_ieee
FAIL: gcc.dg/torture/arm-fp16-ops-6.c -O3 -g (test for excess errors)
UNRESOLVED: gcc.dg/torture/arm-fp16-ops-6.c -O3 -g scan-assembler-not \\tbl\\t__.*hf2
UNRESOLVED: gcc.dg/torture/arm-fp16-ops-6.c -O3 -g scan-assembler-not \\tbl\\t__.*hf3
UNRESOLVED: gcc.dg/torture/arm-fp16-ops-6.c -O3 -g scan-assembler-not \\tbl\\t__gnu_h[a-z]*_ieee
UNRESOLVED: gcc.dg/torture/arm-fp16-ops-6.c -O3 -g scan-assembler-not \\tbl\\t__gnu_h2f_ieee
UNRESOLVED: gcc.dg/torture/arm-fp16-ops-6.c -O3 -g scan-assembler-not \\tbl\\t__gnu_f2h_ieee
FAIL: gcc.dg/torture/arm-fp16-ops-6.c -Os (test for excess errors)
UNRESOLVED: gcc.dg/torture/arm-fp16-ops-6.c -Os scan-assembler-not \\tbl\\t__.*hf2
UNRESOLVED: gcc.dg/torture/arm-fp16-ops-6.c -Os scan-assembler-not \\tbl\\t__.*hf3
UNRESOLVED: gcc.dg/torture/arm-fp16-ops-6.c -Os scan-assembler-not \\tbl\\t__gnu_h[a-z]*_ieee
UNRESOLVED: gcc.dg/torture/arm-fp16-ops-6.c -Os scan-assembler-not \\tbl\\t__gnu_h2f_ieee
UNRESOLVED: gcc.dg/torture/arm-fp16-ops-6.c -Os scan-assembler-not \\tbl\\t__gnu_f2h_ieee
FAIL: gcc.dg/torture/arm-fp16-ops-6.c -O2 -flto -fno-use-linker-plugin -flto-partition=none (test for excess errors)
UNRESOLVED: gcc.dg/torture/arm-fp16-ops-6.c -O2 -flto -fno-use-linker-plugin -flto-partition=none scan-assembler-not \\tbl\\t__.*hf2
UNRESOLVED: gcc.dg/torture/arm-fp16-ops-6.c -O2 -flto -fno-use-linker-plugin -flto-partition=none scan-assembler-not \\tbl\\t__.*hf3
UNRESOLVED: gcc.dg/torture/arm-fp16-ops-6.c -O2 -flto -fno-use-linker-plugin -flto-partition=none scan-assembler-not \\tbl\\t__gnu_h[a-z]*_ieee
UNRESOLVED: gcc.dg/torture/arm-fp16-ops-6.c -O2 -flto -fno-use-linker-plugin -flto-partition=none scan-assembler-not \\tbl\\t__gnu_h2f_ieee
UNRESOLVED: gcc.dg/torture/arm-fp16-ops-6.c -O2 -flto -fno-use-linker-plugin -flto-partition=none scan-assembler-not \\tbl\\t__gnu_f2h_ieee
FAIL: gcc.dg/torture/arm-fp16-ops-6.c -O2 -flto -fuse-linker-plugin -fno-fat-lto-objects (test for excess errors)
UNRESOLVED: gcc.dg/torture/arm-fp16-ops-6.c -O2 -flto -fuse-linker-plugin -fno-fat-lto-objects scan-assembler-not \\tbl\\t__.*hf2
UNRESOLVED: gcc.dg/torture/arm-fp16-ops-6.c -O2 -flto -fuse-linker-plugin -fno-fat-lto-objects scan-assembler-not \\tbl\\t__.*hf3
UNRESOLVED: gcc.dg/torture/arm-fp16-ops-6.c -O2 -flto -fuse-linker-plugin -fno-fat-lto-objects scan-assembler-not \\tbl\\t__gnu_h[a-z]*_ieee
UNRESOLVED: gcc.dg/torture/arm-fp16-ops-6.c -O2 -flto -fuse-linker-plugin -fno-fat-lto-objects scan-assembler-not \\tbl\\t__gnu_h2f_ieee
UNRESOLVED: gcc.dg/torture/arm-fp16-ops-6.c -O2 -flto -fuse-linker-plugin -fno-fat-lto-objects scan-assembler-not \\tbl\\t__gnu_f2h_ieee
FAIL: gcc.dg/tree-ssa/pr42585.c scan-tree-dump-times optimized "struct _fat_ptr _ans" 0
FAIL: gcc.dg/tree-ssa/pr42585.c scan-tree-dump-times optimized "struct _fat_ptr _T2" 0
FAIL: gcc.dg/tree-ssa/pr43491.c scan-tree-dump-times pre "Eliminated: 3" 1
FAIL: gcc.dg/tree-ssa/sra-12.c scan-tree-dump-times release_ssa "l;" 0
WARNING: program timed out.
FAIL: gcc.target/arm/cmp-1.c (test for excess errors)
UNRESOLVED: gcc.target/arm/cmp-1.c scan-assembler-not \\tbl\\t
UNRESOLVED: gcc.target/arm/cmp-1.c scan-assembler-not __aeabi
WARNING: program timed out.
FAIL: gcc.target/arm/cmp-2.c (test for excess errors)
UNRESOLVED: gcc.target/arm/cmp-2.c scan-assembler-not \\tbl\\t
UNRESOLVED: gcc.target/arm/cmp-2.c scan-assembler-not __aeabi
FAIL: gcc.target/arm/thumb-ltu.c (test for excess errors)
UNRESOLVED: gcc.target/arm/thumb-ltu.c scan-assembler-not uxtb
FAIL: gcc.target/arm/unsigned-extend-1.c scan-assembler-not uxtb
FAIL: gcc.target/arm/volatile-bitfields-1.c scan-assembler ldrb[\\\\t ]+[^\\n]*,[\\\\t ]*\\\\[[^\\n]*\\\\]
FAIL: gcc.target/arm/neon/vrndaf32.c (test for excess errors)
UNRESOLVED: gcc.target/arm/neon/vrndaf32.c scan-assembler vrinta.f32[ \\t]+[dD][0-9]+, [dD][0-9]+!?([ \\t]+@[a-zA-Z0-9 ]+)?\\n
FAIL: gcc.target/arm/neon/vrndf32.c (test for excess errors)
UNRESOLVED: gcc.target/arm/neon/vrndf32.c scan-assembler vrintz.f32[ \\t]+[dD][0-9]+, [dD][0-9]+!?([ \\t]+@[a-zA-Z0-9 ]+)?\\n
FAIL: gcc.target/arm/neon/vrndmf32.c (test for excess errors)
UNRESOLVED: gcc.target/arm/neon/vrndmf32.c scan-assembler vrintm.f32[ \\t]+[dD][0-9]+, [dD][0-9]+!?([ \\t]+@[a-zA-Z0-9 ]+)?\\n
FAIL: gcc.target/arm/neon/vrndnf32.c (test for excess errors)
UNRESOLVED: gcc.target/arm/neon/vrndnf32.c scan-assembler vrintn.f32[ \\t]+[dD][0-9]+, [dD][0-9]+!?([ \\t]+@[a-zA-Z0-9 ]+)?\\n
FAIL: gcc.target/arm/neon/vrndpf32.c (test for excess errors)
UNRESOLVED: gcc.target/arm/neon/vrndpf32.c scan-assembler vrintp.f32[ \\t]+[dD][0-9]+, [dD][0-9]+!?([ \\t]+@[a-zA-Z0-9 ]+)?\\n
FAIL: gcc.target/arm/neon/vrndqaf32.c (test for excess errors)
UNRESOLVED: gcc.target/arm/neon/vrndqaf32.c scan-assembler vrinta.f32[ \\t]+[qQ][0-9]+, [qQ][0-9]+!?([ \\t]+@[a-zA-Z0-9 ]+)?\\n
FAIL: gcc.target/arm/neon/vrndqf32.c (test for excess errors)
UNRESOLVED: gcc.target/arm/neon/vrndqf32.c scan-assembler vrintz.f32[ \\t]+[qQ][0-9]+, [qQ][0-9]+!?([ \\t]+@[a-zA-Z0-9 ]+)?\\n
FAIL: gcc.target/arm/neon/vrndqmf32.c (test for excess errors)
UNRESOLVED: gcc.target/arm/neon/vrndqmf32.c scan-assembler vrintm.f32[ \\t]+[qQ][0-9]+, [qQ][0-9]+!?([ \\t]+@[a-zA-Z0-9 ]+)?\\n
FAIL: gcc.target/arm/neon/vrndqnf32.c (test for excess errors)
UNRESOLVED: gcc.target/arm/neon/vrndqnf32.c scan-assembler vrintn.f32[ \\t]+[qQ][0-9]+, [qQ][0-9]+!?([ \\t]+@[a-zA-Z0-9 ]+)?\\n
FAIL: gcc.target/arm/neon/vrndqpf32.c (test for excess errors)
UNRESOLVED: gcc.target/arm/neon/vrndqpf32.c scan-assembler vrintp.f32[ \\t]+[qQ][0-9]+, [qQ][0-9]+!?([ \\t]+@[a-zA-Z0-9 ]+)?\\n
=== gcc Summary ===
# of expected passes 90268
# of unexpected failures 103
# of expected failures 264
# of unresolved testcases 136
# of unsupported tests 1241
/opt/gcc-build/gcc/xgcc version 4.8.2 20131015 (prerelease) (GCC)
=== g++ tests ===
Running target unix
WARNING: program timed out.
FAIL: tmpdir-g++.dg-struct-layout-1/t001 cp_compat_x_tst.o compile
WARNING: program timed out.
FAIL: tmpdir-g++.dg-struct-layout-1/t001 cp_compat_y_tst.o compile
UNRESOLVED: tmpdir-g++.dg-struct-layout-1/t001 cp_compat_x_tst.o-cp_compat_y_tst.o link
UNRESOLVED: tmpdir-g++.dg-struct-layout-1/t001 cp_compat_x_tst.o-cp_compat_y_tst.o execute
WARNING: program timed out.
FAIL: tmpdir-g++.dg-struct-layout-1/t002 cp_compat_x_tst.o compile
WARNING: program timed out.
FAIL: tmpdir-g++.dg-struct-layout-1/t002 cp_compat_y_tst.o compile
UNRESOLVED: tmpdir-g++.dg-struct-layout-1/t002 cp_compat_x_tst.o-cp_compat_y_tst.o link
UNRESOLVED: tmpdir-g++.dg-struct-layout-1/t002 cp_compat_x_tst.o-cp_compat_y_tst.o execute
WARNING: program timed out.
FAIL: tmpdir-g++.dg-struct-layout-1/t003 cp_compat_x_tst.o compile
WARNING: program timed out.
FAIL: tmpdir-g++.dg-struct-layout-1/t003 cp_compat_y_tst.o compile
UNRESOLVED: tmpdir-g++.dg-struct-layout-1/t003 cp_compat_x_tst.o-cp_compat_y_tst.o link
UNRESOLVED: tmpdir-g++.dg-struct-layout-1/t003 cp_compat_x_tst.o-cp_compat_y_tst.o execute
WARNING: program timed out.
FAIL: tmpdir-g++.dg-struct-layout-1/t004 cp_compat_y_tst.o compile
UNRESOLVED: tmpdir-g++.dg-struct-layout-1/t004 cp_compat_x_tst.o-cp_compat_y_tst.o link
UNRESOLVED: tmpdir-g++.dg-struct-layout-1/t004 cp_compat_x_tst.o-cp_compat_y_tst.o execute
WARNING: program timed out.
FAIL: tmpdir-g++.dg-struct-layout-1/t005 cp_compat_y_tst.o compile
UNRESOLVED: tmpdir-g++.dg-struct-layout-1/t005 cp_compat_x_tst.o-cp_compat_y_tst.o link
UNRESOLVED: tmpdir-g++.dg-struct-layout-1/t005 cp_compat_x_tst.o-cp_compat_y_tst.o execute
WARNING: program timed out.
FAIL: tmpdir-g++.dg-struct-layout-1/t006 cp_compat_y_tst.o compile
UNRESOLVED: tmpdir-g++.dg-struct-layout-1/t006 cp_compat_x_tst.o-cp_compat_y_tst.o link
UNRESOLVED: tmpdir-g++.dg-struct-layout-1/t006 cp_compat_x_tst.o-cp_compat_y_tst.o execute
WARNING: program timed out.
FAIL: tmpdir-g++.dg-struct-layout-1/t007 cp_compat_y_tst.o compile
UNRESOLVED: tmpdir-g++.dg-struct-layout-1/t007 cp_compat_x_tst.o-cp_compat_y_tst.o link
UNRESOLVED: tmpdir-g++.dg-struct-layout-1/t007 cp_compat_x_tst.o-cp_compat_y_tst.o execute
WARNING: program timed out.
FAIL: tmpdir-g++.dg-struct-layout-1/t020 cp_compat_y_tst.o compile
UNRESOLVED: tmpdir-g++.dg-struct-layout-1/t020 cp_compat_x_tst.o-cp_compat_y_tst.o link
UNRESOLVED: tmpdir-g++.dg-struct-layout-1/t020 cp_compat_x_tst.o-cp_compat_y_tst.o execute
WARNING: program timed out.
FAIL: tmpdir-g++.dg-struct-layout-1/t021 cp_compat_y_tst.o compile
UNRESOLVED: tmpdir-g++.dg-struct-layout-1/t021 cp_compat_x_tst.o-cp_compat_y_tst.o link
UNRESOLVED: tmpdir-g++.dg-struct-layout-1/t021 cp_compat_x_tst.o-cp_compat_y_tst.o execute
WARNING: program timed out.
FAIL: tmpdir-g++.dg-struct-layout-1/t022 cp_compat_y_tst.o compile
UNRESOLVED: tmpdir-g++.dg-struct-layout-1/t022 cp_compat_x_tst.o-cp_compat_y_tst.o link
UNRESOLVED: tmpdir-g++.dg-struct-layout-1/t022 cp_compat_x_tst.o-cp_compat_y_tst.o execute
WARNING: program timed out.
FAIL: tmpdir-g++.dg-struct-layout-1/t023 cp_compat_y_tst.o compile
UNRESOLVED: tmpdir-g++.dg-struct-layout-1/t023 cp_compat_x_tst.o-cp_compat_y_tst.o link
UNRESOLVED: tmpdir-g++.dg-struct-layout-1/t023 cp_compat_x_tst.o-cp_compat_y_tst.o execute
WARNING: program timed out.
FAIL: tmpdir-g++.dg-struct-layout-1/t024 cp_compat_x_tst.o compile
WARNING: program timed out.
FAIL: tmpdir-g++.dg-struct-layout-1/t024 cp_compat_y_tst.o compile
UNRESOLVED: tmpdir-g++.dg-struct-layout-1/t024 cp_compat_x_tst.o-cp_compat_y_tst.o link
UNRESOLVED: tmpdir-g++.dg-struct-layout-1/t024 cp_compat_x_tst.o-cp_compat_y_tst.o execute
WARNING: program timed out.
FAIL: tmpdir-g++.dg-struct-layout-1/t025 cp_compat_x_tst.o compile
WARNING: program timed out.
FAIL: tmpdir-g++.dg-struct-layout-1/t025 cp_compat_y_tst.o compile
UNRESOLVED: tmpdir-g++.dg-struct-layout-1/t025 cp_compat_x_tst.o-cp_compat_y_tst.o link
UNRESOLVED: tmpdir-g++.dg-struct-layout-1/t025 cp_compat_x_tst.o-cp_compat_y_tst.o execute
WARNING: program timed out.
FAIL: tmpdir-g++.dg-struct-layout-1/t026 cp_compat_x_tst.o compile
WARNING: program timed out.
FAIL: tmpdir-g++.dg-struct-layout-1/t026 cp_compat_y_tst.o compile
UNRESOLVED: tmpdir-g++.dg-struct-layout-1/t026 cp_compat_x_tst.o-cp_compat_y_tst.o link
UNRESOLVED: tmpdir-g++.dg-struct-layout-1/t026 cp_compat_x_tst.o-cp_compat_y_tst.o execute
WARNING: program timed out.
FAIL: tmpdir-g++.dg-struct-layout-1/t027 cp_compat_x_tst.o compile
WARNING: program timed out.
FAIL: tmpdir-g++.dg-struct-layout-1/t027 cp_compat_y_tst.o compile
UNRESOLVED: tmpdir-g++.dg-struct-layout-1/t027 cp_compat_x_tst.o-cp_compat_y_tst.o link
UNRESOLVED: tmpdir-g++.dg-struct-layout-1/t027 cp_compat_x_tst.o-cp_compat_y_tst.o execute
WARNING: program timed out.
FAIL: tmpdir-g++.dg-struct-layout-1/t028 cp_compat_y_tst.o compile
UNRESOLVED: tmpdir-g++.dg-struct-layout-1/t028 cp_compat_x_tst.o-cp_compat_y_tst.o link
UNRESOLVED: tmpdir-g++.dg-struct-layout-1/t028 cp_compat_x_tst.o-cp_compat_y_tst.o execute
WARNING: program timed out.
FAIL: tmpdir-g++.dg-struct-layout-1/t029 cp_compat_y_tst.o compile
UNRESOLVED: tmpdir-g++.dg-struct-layout-1/t029 cp_compat_x_tst.o-cp_compat_y_tst.o link
UNRESOLVED: tmpdir-g++.dg-struct-layout-1/t029 cp_compat_x_tst.o-cp_compat_y_tst.o execute
WARNING: program timed out.
FAIL: tmpdir-g++.dg-struct-layout-1/t030 cp_compat_y_tst.o compile
UNRESOLVED: tmpdir-g++.dg-struct-layout-1/t030 cp_compat_x_tst.o-cp_compat_y_tst.o link
UNRESOLVED: tmpdir-g++.dg-struct-layout-1/t030 cp_compat_x_tst.o-cp_compat_y_tst.o execute
WARNING: program timed out.
FAIL: g++.dg/eh/cleanup1.C -std=c++98 (test for excess errors)
WARNING: program timed out.
FAIL: g++.dg/eh/cleanup1.C -std=c++11 (test for excess errors)
FAIL: g++.dg/ext/arm-fp16/arm-fp16-ops-5.C -std=gnu++98 (test for excess errors)
UNRESOLVED: g++.dg/ext/arm-fp16/arm-fp16-ops-5.C -std=gnu++98 scan-assembler-not \\tbl\\t__.*hf2
UNRESOLVED: g++.dg/ext/arm-fp16/arm-fp16-ops-5.C -std=gnu++98 scan-assembler-not \\tbl\\t__.*hf3
UNRESOLVED: g++.dg/ext/arm-fp16/arm-fp16-ops-5.C -std=gnu++98 scan-assembler-not \\tbl\\t__gnu_h[a-z]*_ieee
UNRESOLVED: g++.dg/ext/arm-fp16/arm-fp16-ops-5.C -std=gnu++98 scan-assembler-not \\tbl\\t__gnu_h2f_ieee
UNRESOLVED: g++.dg/ext/arm-fp16/arm-fp16-ops-5.C -std=gnu++98 scan-assembler-not \\tbl\\t__gnu_f2h_ieee
FAIL: g++.dg/ext/arm-fp16/arm-fp16-ops-5.C -std=gnu++11 (test for excess errors)
UNRESOLVED: g++.dg/ext/arm-fp16/arm-fp16-ops-5.C -std=gnu++11 scan-assembler-not \\tbl\\t__.*hf2
UNRESOLVED: g++.dg/ext/arm-fp16/arm-fp16-ops-5.C -std=gnu++11 scan-assembler-not \\tbl\\t__.*hf3
UNRESOLVED: g++.dg/ext/arm-fp16/arm-fp16-ops-5.C -std=gnu++11 scan-assembler-not \\tbl\\t__gnu_h[a-z]*_ieee
UNRESOLVED: g++.dg/ext/arm-fp16/arm-fp16-ops-5.C -std=gnu++11 scan-assembler-not \\tbl\\t__gnu_h2f_ieee
UNRESOLVED: g++.dg/ext/arm-fp16/arm-fp16-ops-5.C -std=gnu++11 scan-assembler-not \\tbl\\t__gnu_f2h_ieee
FAIL: g++.dg/ext/arm-fp16/arm-fp16-ops-6.C -std=gnu++98 (test for excess errors)
UNRESOLVED: g++.dg/ext/arm-fp16/arm-fp16-ops-6.C -std=gnu++98 scan-assembler-not \\tbl\\t__.*hf2
UNRESOLVED: g++.dg/ext/arm-fp16/arm-fp16-ops-6.C -std=gnu++98 scan-assembler-not \\tbl\\t__.*hf3
UNRESOLVED: g++.dg/ext/arm-fp16/arm-fp16-ops-6.C -std=gnu++98 scan-assembler-not \\tbl\\t__gnu_h[a-z]*_ieee
UNRESOLVED: g++.dg/ext/arm-fp16/arm-fp16-ops-6.C -std=gnu++98 scan-assembler-not \\tbl\\t__gnu_h2f_ieee
UNRESOLVED: g++.dg/ext/arm-fp16/arm-fp16-ops-6.C -std=gnu++98 scan-assembler-not \\tbl\\t__gnu_f2h_ieee
FAIL: g++.dg/ext/arm-fp16/arm-fp16-ops-6.C -std=gnu++11 (test for excess errors)
UNRESOLVED: g++.dg/ext/arm-fp16/arm-fp16-ops-6.C -std=gnu++11 scan-assembler-not \\tbl\\t__.*hf2
UNRESOLVED: g++.dg/ext/arm-fp16/arm-fp16-ops-6.C -std=gnu++11 scan-assembler-not \\tbl\\t__.*hf3
UNRESOLVED: g++.dg/ext/arm-fp16/arm-fp16-ops-6.C -std=gnu++11 scan-assembler-not \\tbl\\t__gnu_h[a-z]*_ieee
UNRESOLVED: g++.dg/ext/arm-fp16/arm-fp16-ops-6.C -std=gnu++11 scan-assembler-not \\tbl\\t__gnu_h2f_ieee
UNRESOLVED: g++.dg/ext/arm-fp16/arm-fp16-ops-6.C -std=gnu++11 scan-assembler-not \\tbl\\t__gnu_f2h_ieee
WARNING: program timed out.
FAIL: g++.dg/parse/limits-initializer1.C -std=gnu++98 (test for errors, line 36)
FAIL: g++.dg/parse/limits-initializer1.C -std=gnu++98 (test for excess errors)
WARNING: program timed out.
FAIL: g++.dg/parse/limits-initializer1.C -std=gnu++11 (test for errors, line 36)
FAIL: g++.dg/parse/limits-initializer1.C -std=gnu++11 (test for excess errors)
WARNING: program timed out.
WARNING: program timed out.
FAIL: g++.dg/torture/pr31863.C -O3 -fomit-frame-pointer (test for excess errors)
WARNING: program timed out.
FAIL: g++.dg/torture/pr31863.C -O3 -g (test for excess errors)
WARNING: program timed out.
FAIL: g++.dg/torture/pr31863.C -Os (test for excess errors)
WARNING: program timed out.
FAIL: g++.dg/torture/pr31863.C -O2 -flto -fno-use-linker-plugin -flto-partition=none (test for excess errors)
=== g++ Summary ===
# of expected passes 50398
# of unexpected failures 39
# of expected failures 291
# of unresolved testcases 56
# of unsupported tests 913
/opt/gcc-build/gcc/testsuite/g++/../../xg++ version 4.8.2 20131015 (prerelease) (GCC)
Compiler version: 4.8.2 20131015 (prerelease) (GCC)
Platform: armv7l-unknown-linux-gnueabihf
configure flags: --enable-languages=c,c++ --with-cpu=cortex-a8 --with-fpu=vfpv3 --with-float=hard
Build Logs: http://rcn-ee.homeip.net:81/dl/gcc/archive/20131015-23:48-git6302a59-gcc-4_8-branch-omap3-beagle-xm-512mb-0/