This is the mail archive of the gcc-testresults@gcc.gnu.org mailing list for the GCC project.


Index Nav: [Date Index] [Subject Index] [Author Index] [Thread Index]
Message Nav: [Date Prev] [Date Next] [Thread Prev] [Thread Next]
Other format: [Raw text]

Results for 4.8.2 (GCC) testsuite on x86_64-unknown-linux-gnu


Native configuration is x86_64-unknown-linux-gnu

		=== gcc tests ===


Running target unix

		=== gcc Summary ===

# of expected passes		93489
# of expected failures		261
# of unsupported tests		1579
/home/ran/dev/gcc_4_8_2_build/gcc/xgcc  version 4.8.2 (GCC) 

		=== g++ tests ===


Running target unix

		=== g++ Summary ===

# of expected passes		54176
# of expected failures		290
# of unsupported tests		892
/home/ran/dev/gcc_4_8_2_build/gcc/testsuite/g++/../../xg++  version 4.8.2 (GCC) 

		=== libatomic tests ===


Running target unix

		=== libatomic Summary ===

# of expected passes		54
		=== libgomp tests ===


Running target unix

		=== libgomp Summary ===

# of expected passes		1317
		=== libitm tests ===


Running target unix

		=== libitm Summary ===

# of expected passes		26
# of expected failures		3
# of unsupported tests		1
		=== libmudflap tests ===


Running target unix
FAIL: libmudflap.c++/pass41-frag.cxx ( -O) execution test
FAIL: libmudflap.c++/pass41-frag.cxx (-O2) execution test
FAIL: libmudflap.c++/pass41-frag.cxx (-O3) execution test

		=== libmudflap Summary ===

# of expected passes		1433
# of unexpected failures	3
		=== libstdc++ tests ===


Running target unix

		=== libstdc++ Summary ===

# of expected passes		9250
# of expected failures		45
# of unsupported tests		215

Compiler version: 4.8.2 (GCC) 
Platform: x86_64-unknown-linux-gnu
configure flags: --enable-languages=c,c++


Index Nav: [Date Index] [Subject Index] [Author Index] [Thread Index]
Message Nav: [Date Prev] [Date Next] [Thread Prev] [Thread Next]